[INFO] cloning repository https://github.com/adumbidiot/shift-client-rs
[INFO] running `Command { std: "git" "-c" "credential.helper=" "-c" "credential.helper=/workspace/cargo-home/bin/git-credential-null" "clone" "--bare" "https://github.com/adumbidiot/shift-client-rs" "/workspace/cache/git-repos/https%3A%2F%2Fgithub.com%2Fadumbidiot%2Fshift-client-rs", kill_on_drop: false }`
[INFO] [stderr] Cloning into bare repository '/workspace/cache/git-repos/https%3A%2F%2Fgithub.com%2Fadumbidiot%2Fshift-client-rs'...
[INFO] running `Command { std: "git" "rev-parse" "HEAD", kill_on_drop: false }`
[INFO] [stdout] d1fadd8b72b5712d92f3c881e4730fb74ad7eb78
[INFO] testing adumbidiot/shift-client-rs against beta-2023-04-20 for beta-1.70-1
[INFO] running `Command { std: "git" "clone" "/workspace/cache/git-repos/https%3A%2F%2Fgithub.com%2Fadumbidiot%2Fshift-client-rs" "/workspace/builds/worker-5-tc2/source", kill_on_drop: false }`
[INFO] [stderr] Cloning into '/workspace/builds/worker-5-tc2/source'...
[INFO] [stderr] done.
[INFO] validating manifest of git repo https://github.com/adumbidiot/shift-client-rs on toolchain beta-2023-04-20
[INFO] running `Command { std: CARGO_HOME="/workspace/cargo-home" RUSTUP_HOME="/workspace/rustup-home" "/workspace/cargo-home/bin/cargo" "+beta-2023-04-20" "metadata" "--manifest-path" "Cargo.toml" "--no-deps", kill_on_drop: false }`
[INFO] started tweaking git repo https://github.com/adumbidiot/shift-client-rs
[INFO] finished tweaking git repo https://github.com/adumbidiot/shift-client-rs
[INFO] tweaked toml for git repo https://github.com/adumbidiot/shift-client-rs written to /workspace/builds/worker-5-tc2/source/Cargo.toml
[INFO] crate git repo https://github.com/adumbidiot/shift-client-rs already has a lockfile, it will not be regenerated
[INFO] running `Command { std: CARGO_HOME="/workspace/cargo-home" RUSTUP_HOME="/workspace/rustup-home" "/workspace/cargo-home/bin/cargo" "+beta-2023-04-20" "fetch" "--manifest-path" "Cargo.toml", kill_on_drop: false }`
[INFO] running `Command { std: "docker" "create" "-v" "/var/lib/crater-agent-workspace/builds/worker-5-tc2/target:/opt/rustwide/target:rw,Z" "-v" "/var/lib/crater-agent-workspace/builds/worker-5-tc2/source:/opt/rustwide/workdir:ro,Z" "-v" "/var/lib/crater-agent-workspace/cargo-home:/opt/rustwide/cargo-home:ro,Z" "-v" "/var/lib/crater-agent-workspace/rustup-home:/opt/rustwide/rustup-home:ro,Z" "-e" "SOURCE_DIR=/opt/rustwide/workdir" "-e" "CARGO_TARGET_DIR=/opt/rustwide/target" "-e" "CARGO_HOME=/opt/rustwide/cargo-home" "-e" "RUSTUP_HOME=/opt/rustwide/rustup-home" "-w" "/opt/rustwide/workdir" "-m" "1610612736" "--user" "0:0" "--network" "none" "ghcr.io/rust-lang/crates-build-env/linux@sha256:5ff2268d62e97bff2cde7d5815dd6ed5b47097566f13b8d0ca110b04b60e07ed" "/opt/rustwide/cargo-home/bin/cargo" "+beta-2023-04-20" "metadata" "--no-deps" "--format-version=1", kill_on_drop: false }`
[INFO] [stdout] 266825a6be7e3e3d0c113f158daee161c16f076e39c31a268cf099f42da83a58
[INFO] running `Command { std: "docker" "start" "-a" "266825a6be7e3e3d0c113f158daee161c16f076e39c31a268cf099f42da83a58", kill_on_drop: false }`
[INFO] running `Command { std: "docker" "inspect" "266825a6be7e3e3d0c113f158daee161c16f076e39c31a268cf099f42da83a58", kill_on_drop: false }`
[INFO] running `Command { std: "docker" "rm" "-f" "266825a6be7e3e3d0c113f158daee161c16f076e39c31a268cf099f42da83a58", kill_on_drop: false }`
[INFO] [stdout] 266825a6be7e3e3d0c113f158daee161c16f076e39c31a268cf099f42da83a58
[INFO] running `Command { std: "docker" "create" "-v" "/var/lib/crater-agent-workspace/builds/worker-5-tc2/target:/opt/rustwide/target:rw,Z" "-v" "/var/lib/crater-agent-workspace/builds/worker-5-tc2/source:/opt/rustwide/workdir:ro,Z" "-v" "/var/lib/crater-agent-workspace/cargo-home:/opt/rustwide/cargo-home:ro,Z" "-v" "/var/lib/crater-agent-workspace/rustup-home:/opt/rustwide/rustup-home:ro,Z" "-e" "SOURCE_DIR=/opt/rustwide/workdir" "-e" "CARGO_TARGET_DIR=/opt/rustwide/target" "-e" "CARGO_INCREMENTAL=0" "-e" "RUST_BACKTRACE=full" "-e" "RUSTFLAGS=--cap-lints=warn" "-e" "RUSTDOCFLAGS=--cap-lints=warn" "-e" "CARGO_HOME=/opt/rustwide/cargo-home" "-e" "RUSTUP_HOME=/opt/rustwide/rustup-home" "-w" "/opt/rustwide/workdir" "-m" "1610612736" "--user" "0:0" "--network" "none" "ghcr.io/rust-lang/crates-build-env/linux@sha256:5ff2268d62e97bff2cde7d5815dd6ed5b47097566f13b8d0ca110b04b60e07ed" "/opt/rustwide/cargo-home/bin/cargo" "+beta-2023-04-20" "build" "--frozen" "--message-format=json", kill_on_drop: false }`
[INFO] [stdout] bfec8d03736b8baa053ed23c003480d398df7b27018284438ae03bc233bdb965
[INFO] running `Command { std: "docker" "start" "-a" "bfec8d03736b8baa053ed23c003480d398df7b27018284438ae03bc233bdb965", kill_on_drop: false }`
[INFO] [stderr]    Compiling proc-macro2 v1.0.51
[INFO] [stderr]    Compiling unicode-ident v1.0.8
[INFO] [stderr]    Compiling quote v1.0.23
[INFO] [stderr]    Compiling libc v0.2.139
[INFO] [stderr]    Compiling syn v1.0.109
[INFO] [stderr]    Compiling autocfg v1.1.0
[INFO] [stderr]    Compiling siphasher v0.3.10
[INFO] [stderr]    Compiling ppv-lite86 v0.2.17
[INFO] [stderr]    Compiling once_cell v1.17.1
[INFO] [stderr]    Compiling log v0.4.17
[INFO] [stderr]    Compiling itoa v1.0.6
[INFO] [stderr]    Compiling memchr v2.5.0
[INFO] [stderr]    Compiling pin-project-lite v0.2.9
[INFO] [stderr]    Compiling getrandom v0.1.16
[INFO] [stderr]    Compiling bytes v1.4.0
[INFO] [stderr]    Compiling cc v1.0.79
[INFO] [stderr]    Compiling serde_derive v1.0.155
[INFO] [stderr]    Compiling serde v1.0.155
[INFO] [stderr]    Compiling phf_shared v0.10.0
[INFO] [stderr]    Compiling futures-core v0.3.27
[INFO] [stderr]    Compiling version_check v0.9.4
[INFO] [stderr]    Compiling spin v0.5.2
[INFO] [stderr]    Compiling tokio v1.26.0
[INFO] [stderr]    Compiling tinyvec_macros v0.1.1
[INFO] [stderr]    Compiling proc-macro-hack v0.5.20+deprecated
[INFO] [stderr]    Compiling untrusted v0.7.1
[INFO] [stderr]    Compiling tinyvec v1.6.0
[INFO] [stderr]    Compiling smallvec v1.10.0
[INFO] [stderr]    Compiling futures-task v0.3.27
[INFO] [stderr]    Compiling slab v0.4.8
[INFO] [stderr]    Compiling lock_api v0.4.9
[INFO] [stderr]    Compiling indexmap v1.9.2
[INFO] [stderr]    Compiling tracing-core v0.1.30
[INFO] [stderr]    Compiling phf_shared v0.8.0
[INFO] [stderr]    Compiling unicode-bidi v0.3.11
[INFO] [stderr]    Compiling percent-encoding v2.2.0
[INFO] [stderr]    Compiling parking_lot_core v0.9.7
[INFO] [stderr]    Compiling futures-util v0.3.27
[INFO] [stderr]    Compiling fnv v1.0.7
[INFO] [stderr]    Compiling matches v0.1.10
[INFO] [stderr]    Compiling http v0.2.9
[INFO] [stderr]    Compiling socket2 v0.4.9
[INFO] [stderr]    Compiling getrandom v0.2.8
[INFO] [stderr]    Compiling mio v0.8.6
[INFO] [stderr]    Compiling num_cpus v1.15.0
[INFO] [stderr]    Compiling tracing v0.1.37
[INFO] [stderr]    Compiling rand_core v0.6.4
[INFO] [stderr]    Compiling rand_core v0.5.1
[INFO] [stderr]    Compiling pin-utils v0.1.0
[INFO] [stderr]    Compiling time-core v0.1.0
[INFO] [stderr]    Compiling unicode-normalization v0.1.22
[INFO] [stderr]    Compiling ring v0.16.20
[INFO] [stderr]    Compiling crc32fast v1.3.2
[INFO] [stderr]    Compiling httparse v1.8.0
[INFO] [stderr]    Compiling rand_pcg v0.2.1
[INFO] [stderr]    Compiling rand_chacha v0.3.1
[INFO] [stderr]    Compiling rand_chacha v0.2.2
[INFO] [stderr]    Compiling futures-channel v0.3.26
[INFO] [stderr]    Compiling new_debug_unreachable v1.0.4
[INFO] [stderr]    Compiling hashbrown v0.12.3
[INFO] [stderr]    Compiling rustls v0.20.8
[INFO] [stderr]    Compiling futures-sink v0.3.27
[INFO] [stderr]    Compiling rand v0.8.5
[INFO] [stderr]    Compiling rand v0.7.3
[INFO] [stderr]    Compiling time-macros v0.2.8
[INFO] [stderr]    Compiling idna v0.3.0
[INFO] [stderr]    Compiling form_urlencoded v1.1.0
[INFO] [stderr]    Compiling cookie v0.16.2
[INFO] [stderr]    Compiling try-lock v0.2.4
[INFO] [stderr]    Compiling ryu v1.0.13
[INFO] [stderr]    Compiling mac v0.1.1
[INFO] [stderr]    Compiling adler v1.0.2
[INFO] [stderr]    Compiling precomputed-hash v0.1.1
[INFO] [stderr]    Compiling serde_json v1.0.95
[INFO] [stderr]    Compiling miniz_oxide v0.6.2
[INFO] [stderr]    Compiling futf v0.1.5
[INFO] [stderr]    Compiling parking_lot v0.12.1
[INFO] [stderr]    Compiling want v0.3.0
[INFO] [stderr]    Compiling phf_generator v0.10.0
[INFO] [stderr]    Compiling phf_generator v0.8.0
[INFO] [stderr]    Compiling string_cache_codegen v0.5.2
[INFO] [stderr]    Compiling phf_codegen v0.10.0
[INFO] [stderr]    Compiling phf_codegen v0.8.0
[INFO] [stderr]    Compiling http-body v0.4.5
[INFO] [stderr]    Compiling dtoa v0.4.8
[INFO] [stderr]    Compiling tower-service v0.3.2
[INFO] [stderr]    Compiling httpdate v1.0.2
[INFO] [stderr]    Compiling utf-8 v0.7.6
[INFO] [stderr]    Compiling psl-types v2.0.11
[INFO] [stderr]    Compiling dtoa-short v0.3.3
[INFO] [stderr]    Compiling flate2 v1.0.25
[INFO] [stderr]    Compiling tendril v0.4.3
[INFO] [stderr]    Compiling selectors v0.24.0
[INFO] [stderr]    Compiling url v2.3.1
[INFO] [stderr]    Compiling publicsuffix v2.2.3
[INFO] [stderr]    Compiling idna v0.2.3
[INFO] [stderr]    Compiling markup5ever v0.11.0
[INFO] [stderr]    Compiling ahash v0.8.3
[INFO] [stderr]    Compiling anyhow v1.0.70
[INFO] [stderr]    Compiling nodrop v0.1.14
[INFO] [stderr]    Compiling stable_deref_trait v1.2.0
[INFO] [stderr]    Compiling thiserror v1.0.39
[INFO] [stderr]    Compiling convert_case v0.4.0
[INFO] [stderr]    Compiling byteorder v1.4.3
[INFO] [stderr]    Compiling base64 v0.21.0
[INFO] [stderr]    Compiling servo_arc v0.2.0
[INFO] [stderr]    Compiling fxhash v0.2.1
[INFO] [stderr]    Compiling phf v0.8.0
[INFO] [stderr]    Compiling encoding_rs v0.8.32
[INFO] [stderr]    Compiling rustls-pemfile v1.0.2
[INFO] [stderr]    Compiling ipnet v2.7.1
[INFO] [stderr]    Compiling mime v0.3.16
[INFO] [stderr]    Compiling bitflags v1.3.2
[INFO] [stderr]    Compiling time v0.3.20
[INFO] [stderr]    Compiling either v1.8.1
[INFO] [stderr]    Compiling ego-tree v0.6.2
[INFO] [stderr]    Compiling aho-corasick v0.7.20
[INFO] [stderr]    Compiling regex-syntax v0.6.29
[INFO] [stderr]    Compiling itertools v0.10.5
[INFO] [stderr]    Compiling webpki v0.22.0
[INFO] [stderr]    Compiling sct v0.7.0
[INFO] [stderr]    Compiling webpki-roots v0.22.6
[INFO] [stderr]    Compiling phf_macros v0.10.0
[INFO] [stderr]    Compiling cssparser v0.29.6
[INFO] [stderr]    Compiling cssparser-macros v0.6.0
[INFO] [stderr]    Compiling html5ever v0.26.0
[INFO] [stderr]    Compiling thiserror-impl v1.0.39
[INFO] [stderr]    Compiling derive_more v0.99.17
[INFO] [stderr]    Compiling prost-derive v0.11.8
[INFO] [stderr]    Compiling tokio-util v0.7.7
[INFO] [stderr]    Compiling async-compression v0.3.15
[INFO] [stderr]    Compiling regex v1.7.3
[INFO] [stderr]    Compiling h2 v0.3.17
[INFO] [stderr]    Compiling phf v0.10.1
[INFO] [stderr]    Compiling prost v0.11.8
[INFO] [stderr]    Compiling tokio-rustls v0.23.4
[INFO] [stderr]    Compiling hyper v0.14.24
[INFO] [stderr]    Compiling hyper-rustls v0.23.2
[INFO] [stderr]    Compiling string_cache v0.8.7
[INFO] [stderr]    Compiling serde_urlencoded v0.7.1
[INFO] [stderr]    Compiling cookie_store v0.16.1
[INFO] [stderr]    Compiling reqwest v0.11.16
[INFO] [stderr]    Compiling scraper v0.16.0
[INFO] [stderr]    Compiling shift-client v0.0.0 (/opt/rustwide/workdir/shift-client)
[INFO] [stderr]    Compiling shift-orcz v0.0.0 (/opt/rustwide/workdir/lib/shift-orcz)
[INFO] [stderr]    Compiling borderlands-launcher v0.0.0 (/opt/rustwide/workdir/lib/borderlands-launcher)
[INFO] [stderr]    Compiling shift-client-cli v0.0.0 (/opt/rustwide/workdir/shift-client-cli)
[INFO] [stderr]     Finished dev [unoptimized + debuginfo] target(s) in 37.33s
[INFO] running `Command { std: "docker" "inspect" "bfec8d03736b8baa053ed23c003480d398df7b27018284438ae03bc233bdb965", kill_on_drop: false }`
[INFO] running `Command { std: "docker" "rm" "-f" "bfec8d03736b8baa053ed23c003480d398df7b27018284438ae03bc233bdb965", kill_on_drop: false }`
[INFO] [stdout] bfec8d03736b8baa053ed23c003480d398df7b27018284438ae03bc233bdb965
[INFO] running `Command { std: "docker" "create" "-v" "/var/lib/crater-agent-workspace/builds/worker-5-tc2/target:/opt/rustwide/target:rw,Z" "-v" "/var/lib/crater-agent-workspace/builds/worker-5-tc2/source:/opt/rustwide/workdir:ro,Z" "-v" "/var/lib/crater-agent-workspace/cargo-home:/opt/rustwide/cargo-home:ro,Z" "-v" "/var/lib/crater-agent-workspace/rustup-home:/opt/rustwide/rustup-home:ro,Z" "-e" "SOURCE_DIR=/opt/rustwide/workdir" "-e" "CARGO_TARGET_DIR=/opt/rustwide/target" "-e" "CARGO_INCREMENTAL=0" "-e" "RUST_BACKTRACE=full" "-e" "RUSTFLAGS=--cap-lints=warn" "-e" "RUSTDOCFLAGS=--cap-lints=warn" "-e" "CARGO_HOME=/opt/rustwide/cargo-home" "-e" "RUSTUP_HOME=/opt/rustwide/rustup-home" "-w" "/opt/rustwide/workdir" "-m" "1610612736" "--user" "0:0" "--network" "none" "ghcr.io/rust-lang/crates-build-env/linux@sha256:5ff2268d62e97bff2cde7d5815dd6ed5b47097566f13b8d0ca110b04b60e07ed" "/opt/rustwide/cargo-home/bin/cargo" "+beta-2023-04-20" "test" "--frozen" "--no-run" "--message-format=json", kill_on_drop: false }`
[INFO] [stdout] bba3ba9253b2061dbc8aba8e97e930d65526baddcddf32fae2f5e2d302b2baca
[INFO] running `Command { std: "docker" "start" "-a" "bba3ba9253b2061dbc8aba8e97e930d65526baddcddf32fae2f5e2d302b2baca", kill_on_drop: false }`
[INFO] [stderr]     Blocking waiting for file lock on package cache
[INFO] [stderr]    Compiling tokio v1.26.0
[INFO] [stderr]    Compiling tokio-macros v1.8.2
[INFO] [stderr]    Compiling tokio-util v0.7.7
[INFO] [stderr]    Compiling tokio-rustls v0.23.4
[INFO] [stderr]    Compiling async-compression v0.3.15
[INFO] [stderr]    Compiling h2 v0.3.17
[INFO] [stderr]    Compiling hyper v0.14.24
[INFO] [stderr]    Compiling hyper-rustls v0.23.2
[INFO] [stderr]    Compiling reqwest v0.11.16
[INFO] [stderr]    Compiling shift-client v0.0.0 (/opt/rustwide/workdir/shift-client)
[INFO] [stderr]    Compiling shift-orcz v0.0.0 (/opt/rustwide/workdir/lib/shift-orcz)
[INFO] [stderr]    Compiling borderlands-launcher v0.0.0 (/opt/rustwide/workdir/lib/borderlands-launcher)
[INFO] [stderr]    Compiling shift-client-cli v0.0.0 (/opt/rustwide/workdir/shift-client-cli)
[INFO] [stderr]     Finished test [unoptimized + debuginfo] target(s) in 22.97s
[INFO] running `Command { std: "docker" "inspect" "bba3ba9253b2061dbc8aba8e97e930d65526baddcddf32fae2f5e2d302b2baca", kill_on_drop: false }`
[INFO] running `Command { std: "docker" "rm" "-f" "bba3ba9253b2061dbc8aba8e97e930d65526baddcddf32fae2f5e2d302b2baca", kill_on_drop: false }`
[INFO] [stdout] bba3ba9253b2061dbc8aba8e97e930d65526baddcddf32fae2f5e2d302b2baca
[INFO] running `Command { std: "docker" "create" "-v" "/var/lib/crater-agent-workspace/builds/worker-5-tc2/target:/opt/rustwide/target:rw,Z" "-v" "/var/lib/crater-agent-workspace/builds/worker-5-tc2/source:/opt/rustwide/workdir:ro,Z" "-v" "/var/lib/crater-agent-workspace/cargo-home:/opt/rustwide/cargo-home:ro,Z" "-v" "/var/lib/crater-agent-workspace/rustup-home:/opt/rustwide/rustup-home:ro,Z" "-e" "SOURCE_DIR=/opt/rustwide/workdir" "-e" "CARGO_TARGET_DIR=/opt/rustwide/target" "-e" "CARGO_INCREMENTAL=0" "-e" "RUST_BACKTRACE=full" "-e" "RUSTFLAGS=--cap-lints=warn" "-e" "RUSTDOCFLAGS=--cap-lints=warn" "-e" "CARGO_HOME=/opt/rustwide/cargo-home" "-e" "RUSTUP_HOME=/opt/rustwide/rustup-home" "-w" "/opt/rustwide/workdir" "-m" "1610612736" "--user" "0:0" "--network" "none" "ghcr.io/rust-lang/crates-build-env/linux@sha256:5ff2268d62e97bff2cde7d5815dd6ed5b47097566f13b8d0ca110b04b60e07ed" "/opt/rustwide/cargo-home/bin/cargo" "+beta-2023-04-20" "test" "--frozen", kill_on_drop: false }`
[INFO] [stdout] 91d632ec9b343848b9a318b8306ef5420976d1906bfe1e776205f4f72e9b1405
[INFO] running `Command { std: "docker" "start" "-a" "91d632ec9b343848b9a318b8306ef5420976d1906bfe1e776205f4f72e9b1405", kill_on_drop: false }`
[INFO] [stderr]     Finished test [unoptimized + debuginfo] target(s) in 0.10s
[INFO] [stderr]      Running unittests src/lib.rs (/opt/rustwide/target/debug/deps/borderlands_launcher-1692c2b9b4240dff)
[INFO] [stdout] 
[INFO] [stdout] running 3 tests
[INFO] [stdout] test test::get_launcher_content_bl ... ignored
[INFO] [stdout] test test::get_launcher_content_blps ... ignored
[INFO] [stdout] test test::get_launcher_content_bl2 ... FAILED
[INFO] [stdout] 
[INFO] [stdout] failures:
[INFO] [stdout] 
[INFO] [stdout] ---- test::get_launcher_content_bl2 stdout ----
[INFO] [stdout] [lib/borderlands-launcher/src/lib.rs:151] &lang_code = "int"
[INFO] [stdout] thread 'test::get_launcher_content_bl2' panicked at 'failed to get launcher content: Reqwest(reqwest::Error { kind: Request, url: Url { scheme: "https", cannot_be_a_base: false, username: "", password: None, host: Some(Domain("cdn.services.gearboxsoftware.com")), port: None, path: "/sparktms/willow2/pc/steam/launcher/LauncherContent.int.wpb", query: None, fragment: None }, source: hyper::Error(Connect, ConnectError("dns error", Custom { kind: Uncategorized, error: "failed to lookup address information: Temporary failure in name resolution" })) })', lib/borderlands-launcher/src/lib.rs:160:18
[INFO] [stdout] stack backtrace:
[INFO] [stdout]    0:     0x5651303cbd0a - std::backtrace_rs::backtrace::libunwind::trace::h2f05d0192276a8f6
[INFO] [stdout]                                at /rustc/1b7dd2252b99671ce5d1cb9664c5f8636329436d/library/std/src/../../backtrace/src/backtrace/libunwind.rs:93:5
[INFO] [stdout]    1:     0x5651303cbd0a - std::backtrace_rs::backtrace::trace_unsynchronized::hedc23dff7a1af150
[INFO] [stdout]                                at /rustc/1b7dd2252b99671ce5d1cb9664c5f8636329436d/library/std/src/../../backtrace/src/backtrace/mod.rs:66:5
[INFO] [stdout]    2:     0x5651303cbd0a - std::sys_common::backtrace::_print_fmt::h17541ef7592f3ce2
[INFO] [stdout]                                at /rustc/1b7dd2252b99671ce5d1cb9664c5f8636329436d/library/std/src/sys_common/backtrace.rs:65:5
[INFO] [stdout]    3:     0x5651303cbd0a - <std::sys_common::backtrace::_print::DisplayBacktrace as core::fmt::Display>::fmt::h20f75df5ab0c0792
[INFO] [stdout]                                at /rustc/1b7dd2252b99671ce5d1cb9664c5f8636329436d/library/std/src/sys_common/backtrace.rs:44:22
[INFO] [stdout]    4:     0x5651303f281f - core::fmt::write::h78109e6f466b3af6
[INFO] [stdout]                                at /rustc/1b7dd2252b99671ce5d1cb9664c5f8636329436d/library/core/src/fmt/mod.rs:1254:17
[INFO] [stdout]    5:     0x5651303c8545 - std::io::Write::write_fmt::hd24bfb68a1b35a25
[INFO] [stdout]                                at /rustc/1b7dd2252b99671ce5d1cb9664c5f8636329436d/library/std/src/io/mod.rs:1698:15
[INFO] [stdout]    6:     0x5651303cbad5 - std::sys_common::backtrace::_print::h8dac57a9f8fbf9a5
[INFO] [stdout]                                at /rustc/1b7dd2252b99671ce5d1cb9664c5f8636329436d/library/std/src/sys_common/backtrace.rs:47:5
[INFO] [stdout]    7:     0x5651303cbad5 - std::sys_common::backtrace::print::hf9ecbf41d1aa712f
[INFO] [stdout]                                at /rustc/1b7dd2252b99671ce5d1cb9664c5f8636329436d/library/std/src/sys_common/backtrace.rs:34:9
[INFO] [stdout]    8:     0x5651303cd78e - std::panicking::default_hook::{{closure}}::h04c07acfc84ca028
[INFO] [stdout]                                at /rustc/1b7dd2252b99671ce5d1cb9664c5f8636329436d/library/std/src/panicking.rs:269:22
[INFO] [stdout]    9:     0x5651303cd4c1 - std::panicking::default_hook::h01f6bb23e1eceb2c
[INFO] [stdout]                                at /rustc/1b7dd2252b99671ce5d1cb9664c5f8636329436d/library/std/src/panicking.rs:285:9
[INFO] [stdout]   10:     0x5651302cce8b - <alloc::boxed::Box<F,A> as core::ops::function::Fn<Args>>::call::h87fe9f7b2fd49e4c
[INFO] [stdout]                                at /rustc/1b7dd2252b99671ce5d1cb9664c5f8636329436d/library/alloc/src/boxed.rs:1987:9
[INFO] [stdout]   11:     0x5651302cce8b - test::test_main::{{closure}}::he94d679243a7531b
[INFO] [stdout]                                at /rustc/1b7dd2252b99671ce5d1cb9664c5f8636329436d/library/test/src/lib.rs:134:21
[INFO] [stdout]   12:     0x5651303cde74 - <alloc::boxed::Box<F,A> as core::ops::function::Fn<Args>>::call::h3f2d6d8b14c4769f
[INFO] [stdout]                                at /rustc/1b7dd2252b99671ce5d1cb9664c5f8636329436d/library/alloc/src/boxed.rs:1987:9
[INFO] [stdout]   13:     0x5651303cde74 - std::panicking::rust_panic_with_hook::h2bb3722bbaf2f6df
[INFO] [stdout]                                at /rustc/1b7dd2252b99671ce5d1cb9664c5f8636329436d/library/std/src/panicking.rs:695:13
[INFO] [stdout]   14:     0x5651303cdbe9 - std::panicking::begin_panic_handler::{{closure}}::h91bc7f36a4be011b
[INFO] [stdout]                                at /rustc/1b7dd2252b99671ce5d1cb9664c5f8636329436d/library/std/src/panicking.rs:582:13
[INFO] [stdout]   15:     0x5651303cc176 - std::sys_common::backtrace::__rust_end_short_backtrace::h8b3d3717114f9e59
[INFO] [stdout]                                at /rustc/1b7dd2252b99671ce5d1cb9664c5f8636329436d/library/std/src/sys_common/backtrace.rs:150:18
[INFO] [stdout]   16:     0x5651303cd942 - rust_begin_unwind
[INFO] [stdout]                                at /rustc/1b7dd2252b99671ce5d1cb9664c5f8636329436d/library/std/src/panicking.rs:578:5
[INFO] [stdout]   17:     0x56512fdfd303 - core::panicking::panic_fmt::hfd368e3fbdabea26
[INFO] [stdout]                                at /rustc/1b7dd2252b99671ce5d1cb9664c5f8636329436d/library/core/src/panicking.rs:67:14
[INFO] [stdout]   18:     0x56512fdfd8a3 - core::result::unwrap_failed::he54eb4b2f125b26f
[INFO] [stdout]                                at /rustc/1b7dd2252b99671ce5d1cb9664c5f8636329436d/library/core/src/result.rs:1687:5
[INFO] [stdout]   19:     0x56512fe0c0cd - core::result::Result<T,E>::expect::hf5a5fd09d210bb16
[INFO] [stdout]                                at /rustc/1b7dd2252b99671ce5d1cb9664c5f8636329436d/library/core/src/result.rs:1046:23
[INFO] [stdout]   20:     0x56512fe08e58 - borderlands_launcher::test::get_launcher_content_bl2::{{closure}}::h0bbc3a404f4528f9
[INFO] [stdout]                                at /opt/rustwide/workdir/lib/borderlands-launcher/src/lib.rs:157:34
[INFO] [stdout]   21:     0x56512fe05c48 - <core::pin::Pin<P> as core::future::future::Future>::poll::h060596ade46c34a9
[INFO] [stdout]                                at /rustc/1b7dd2252b99671ce5d1cb9664c5f8636329436d/library/core/src/future/future.rs:125:9
[INFO] [stdout]   22:     0x56512fe05c9b - <core::pin::Pin<P> as core::future::future::Future>::poll::hba192ff127ee6d40
[INFO] [stdout]                                at /rustc/1b7dd2252b99671ce5d1cb9664c5f8636329436d/library/core/src/future/future.rs:125:9
[INFO] [stdout]   23:     0x56512fe01ca4 - tokio::runtime::scheduler::current_thread::CoreGuard::block_on::{{closure}}::{{closure}}::{{closure}}::h7ed969ce22db0369
[INFO] [stdout]                                at /opt/rustwide/cargo-home/registry/src/index.crates.io-6f17d22bba15001f/tokio-1.26.0/src/runtime/scheduler/current_thread.rs:541:57
[INFO] [stdout]   24:     0x56512fe01b61 - tokio::runtime::coop::with_budget::he3002b98df5a0217
[INFO] [stdout]                                at /opt/rustwide/cargo-home/registry/src/index.crates.io-6f17d22bba15001f/tokio-1.26.0/src/runtime/coop.rs:107:5
[INFO] [stdout]   25:     0x56512fe01b61 - tokio::runtime::coop::budget::h9835f6508605c9d8
[INFO] [stdout]                                at /opt/rustwide/cargo-home/registry/src/index.crates.io-6f17d22bba15001f/tokio-1.26.0/src/runtime/coop.rs:73:5
[INFO] [stdout]   26:     0x56512fe01b61 - tokio::runtime::scheduler::current_thread::CoreGuard::block_on::{{closure}}::{{closure}}::hb4e783d03bd1d7ea
[INFO] [stdout]                                at /opt/rustwide/cargo-home/registry/src/index.crates.io-6f17d22bba15001f/tokio-1.26.0/src/runtime/scheduler/current_thread.rs:541:25
[INFO] [stdout]   27:     0x56512fe005d9 - tokio::runtime::scheduler::current_thread::Context::enter::hc603caedbbaa85cd
[INFO] [stdout]                                at /opt/rustwide/cargo-home/registry/src/index.crates.io-6f17d22bba15001f/tokio-1.26.0/src/runtime/scheduler/current_thread.rs:350:19
[INFO] [stdout]   28:     0x56512fe010da - tokio::runtime::scheduler::current_thread::CoreGuard::block_on::{{closure}}::hf0f267d3ecdea763
[INFO] [stdout]                                at /opt/rustwide/cargo-home/registry/src/index.crates.io-6f17d22bba15001f/tokio-1.26.0/src/runtime/scheduler/current_thread.rs:540:36
[INFO] [stdout]   29:     0x56512fe00deb - tokio::runtime::scheduler::current_thread::CoreGuard::enter::{{closure}}::hbd5b82c006568b92
[INFO] [stdout]                                at /opt/rustwide/cargo-home/registry/src/index.crates.io-6f17d22bba15001f/tokio-1.26.0/src/runtime/scheduler/current_thread.rs:615:57
[INFO] [stdout]   30:     0x56512fe0cdad - tokio::macros::scoped_tls::ScopedKey<T>::set::h26b5bc8e259f0af3
[INFO] [stdout]                                at /opt/rustwide/cargo-home/registry/src/index.crates.io-6f17d22bba15001f/tokio-1.26.0/src/macros/scoped_tls.rs:61:9
[INFO] [stdout]   31:     0x56512fe00b86 - tokio::runtime::scheduler::current_thread::CoreGuard::enter::he1e6e7c438537e7a
[INFO] [stdout]                                at /opt/rustwide/cargo-home/registry/src/index.crates.io-6f17d22bba15001f/tokio-1.26.0/src/runtime/scheduler/current_thread.rs:615:27
[INFO] [stdout]   32:     0x56512fe00e1c - tokio::runtime::scheduler::current_thread::CoreGuard::block_on::hdf54de380e4a1385
[INFO] [stdout]                                at /opt/rustwide/cargo-home/registry/src/index.crates.io-6f17d22bba15001f/tokio-1.26.0/src/runtime/scheduler/current_thread.rs:530:19
[INFO] [stdout]   33:     0x56512fdffd8d - tokio::runtime::scheduler::current_thread::CurrentThread::block_on::h561b9e92e4fef70f
[INFO] [stdout]                                at /opt/rustwide/cargo-home/registry/src/index.crates.io-6f17d22bba15001f/tokio-1.26.0/src/runtime/scheduler/current_thread.rs:154:24
[INFO] [stdout]   34:     0x56512fe02b05 - tokio::runtime::runtime::Runtime::block_on::h6014022f37593368
[INFO] [stdout]                                at /opt/rustwide/cargo-home/registry/src/index.crates.io-6f17d22bba15001f/tokio-1.26.0/src/runtime/runtime.rs:302:47
[INFO] [stdout]   35:     0x56512fe08398 - borderlands_launcher::test::get_launcher_content_bl2::h0d01137dc14cb49f
[INFO] [stdout]                                at /opt/rustwide/workdir/lib/borderlands-launcher/src/lib.rs:150:9
[INFO] [stdout]   36:     0x56512fe08227 - borderlands_launcher::test::get_launcher_content_bl2::{{closure}}::h964270c57a1bd996
[INFO] [stdout]                                at /opt/rustwide/workdir/lib/borderlands-launcher/src/lib.rs:147:41
[INFO] [stdout]   37:     0x56512fe0e475 - core::ops::function::FnOnce::call_once::hf5fd4f0428b697a4
[INFO] [stdout]                                at /rustc/1b7dd2252b99671ce5d1cb9664c5f8636329436d/library/core/src/ops/function.rs:250:5
[INFO] [stdout]   38:     0x5651302d1d5f - core::ops::function::FnOnce::call_once::ha6a70e79f7481a7e
[INFO] [stdout]                                at /rustc/1b7dd2252b99671ce5d1cb9664c5f8636329436d/library/core/src/ops/function.rs:250:5
[INFO] [stdout]   39:     0x5651302d1d5f - test::__rust_begin_short_backtrace::hce33033019b61e69
[INFO] [stdout]                                at /rustc/1b7dd2252b99671ce5d1cb9664c5f8636329436d/library/test/src/lib.rs:655:18
[INFO] [stdout]   40:     0x56513029f54c - test::run_test::{{closure}}::h858d3528838ae3e5
[INFO] [stdout]                                at /rustc/1b7dd2252b99671ce5d1cb9664c5f8636329436d/library/test/src/lib.rs:646:30
[INFO] [stdout]   41:     0x56513029f54c - core::ops::function::FnOnce::call_once{{vtable.shim}}::he8ac2b00f01ae79e
[INFO] [stdout]                                at /rustc/1b7dd2252b99671ce5d1cb9664c5f8636329436d/library/core/src/ops/function.rs:250:5
[INFO] [stdout]   42:     0x5651302d0e36 - <alloc::boxed::Box<F,A> as core::ops::function::FnOnce<Args>>::call_once::h8093d25b522725ef
[INFO] [stdout]                                at /rustc/1b7dd2252b99671ce5d1cb9664c5f8636329436d/library/alloc/src/boxed.rs:1973:9
[INFO] [stdout]   43:     0x5651302d0e36 - <core::panic::unwind_safe::AssertUnwindSafe<F> as core::ops::function::FnOnce<()>>::call_once::h5c334c204e4a3913
[INFO] [stdout]                                at /rustc/1b7dd2252b99671ce5d1cb9664c5f8636329436d/library/core/src/panic/unwind_safe.rs:271:9
[INFO] [stdout]   44:     0x5651302d0e36 - std::panicking::try::do_call::ha8b740c7b9478074
[INFO] [stdout]                                at /rustc/1b7dd2252b99671ce5d1cb9664c5f8636329436d/library/std/src/panicking.rs:485:40
[INFO] [stdout]   45:     0x5651302d0e36 - std::panicking::try::h5d34f63d0e41b64e
[INFO] [stdout]                                at /rustc/1b7dd2252b99671ce5d1cb9664c5f8636329436d/library/std/src/panicking.rs:449:19
[INFO] [stdout]   46:     0x5651302d0e36 - std::panic::catch_unwind::hcfbb511e1aa7fc67
[INFO] [stdout]                                at /rustc/1b7dd2252b99671ce5d1cb9664c5f8636329436d/library/std/src/panic.rs:140:14
[INFO] [stdout]   47:     0x5651302d0e36 - test::run_test_in_process::h9abda90f802eaf21
[INFO] [stdout]                                at /rustc/1b7dd2252b99671ce5d1cb9664c5f8636329436d/library/test/src/lib.rs:678:27
[INFO] [stdout]   48:     0x5651302d0e36 - test::run_test::run_test_inner::{{closure}}::h0f058de91f6c6edf
[INFO] [stdout]                                at /rustc/1b7dd2252b99671ce5d1cb9664c5f8636329436d/library/test/src/lib.rs:572:39
[INFO] [stdout]   49:     0x565130299d55 - test::run_test::run_test_inner::{{closure}}::h5ca48a4c59c6c1fb
[INFO] [stdout]                                at /rustc/1b7dd2252b99671ce5d1cb9664c5f8636329436d/library/test/src/lib.rs:599:37
[INFO] [stdout]   50:     0x565130299d55 - std::sys_common::backtrace::__rust_begin_short_backtrace::h32bd51e1495d4a33
[INFO] [stdout]                                at /rustc/1b7dd2252b99671ce5d1cb9664c5f8636329436d/library/std/src/sys_common/backtrace.rs:134:18
[INFO] [stdout]   51:     0x56513029f291 - std::thread::Builder::spawn_unchecked_::{{closure}}::{{closure}}::hc086fae9b128b2db
[INFO] [stdout]                                at /rustc/1b7dd2252b99671ce5d1cb9664c5f8636329436d/library/std/src/thread/mod.rs:526:17
[INFO] [stdout]   52:     0x56513029f291 - <core::panic::unwind_safe::AssertUnwindSafe<F> as core::ops::function::FnOnce<()>>::call_once::hb66571888d270d43
[INFO] [stdout]                                at /rustc/1b7dd2252b99671ce5d1cb9664c5f8636329436d/library/core/src/panic/unwind_safe.rs:271:9
[INFO] [stdout]   53:     0x56513029f291 - std::panicking::try::do_call::h4fa2ef4f6e51fecf
[INFO] [stdout]                                at /rustc/1b7dd2252b99671ce5d1cb9664c5f8636329436d/library/std/src/panicking.rs:485:40
[INFO] [stdout]   54:     0x56513029f291 - std::panicking::try::h1e9e22b8584489b5
[INFO] [stdout]                                at /rustc/1b7dd2252b99671ce5d1cb9664c5f8636329436d/library/std/src/panicking.rs:449:19
[INFO] [stdout]   55:     0x56513029f291 - std::panic::catch_unwind::h44698a3de0e0769e
[INFO] [stdout]                                at /rustc/1b7dd2252b99671ce5d1cb9664c5f8636329436d/library/std/src/panic.rs:140:14
[INFO] [stdout]   56:     0x56513029f291 - std::thread::Builder::spawn_unchecked_::{{closure}}::h50153abde3fe239e
[INFO] [stdout]                                at /rustc/1b7dd2252b99671ce5d1cb9664c5f8636329436d/library/std/src/thread/mod.rs:525:30
[INFO] [stdout]   57:     0x56513029f291 - core::ops::function::FnOnce::call_once{{vtable.shim}}::hbe5bbf6f38394364
[INFO] [stdout]                                at /rustc/1b7dd2252b99671ce5d1cb9664c5f8636329436d/library/core/src/ops/function.rs:250:5
[INFO] [stdout]   58:     0x5651303d2455 - <alloc::boxed::Box<F,A> as core::ops::function::FnOnce<Args>>::call_once::h0d83cb2920a49046
[INFO] [stdout]                                at /rustc/1b7dd2252b99671ce5d1cb9664c5f8636329436d/library/alloc/src/boxed.rs:1973:9
[INFO] [stdout]   59:     0x5651303d2455 - <alloc::boxed::Box<F,A> as core::ops::function::FnOnce<Args>>::call_once::hbe0a008aa7d9ef59
[INFO] [stdout]                                at /rustc/1b7dd2252b99671ce5d1cb9664c5f8636329436d/library/alloc/src/boxed.rs:1973:9
[INFO] [stdout]   60:     0x5651303d2455 - std::sys::unix::thread::Thread::new::thread_start::h3a466996bdf6b1f9
[INFO] [stdout]                                at /rustc/1b7dd2252b99671ce5d1cb9664c5f8636329436d/library/std/src/sys/unix/thread.rs:108:17
[INFO] [stdout]   61:     0x7f56696a2b43 - <unknown>
[INFO] [stdout]   62:     0x7f5669733bb4 - __clone
[INFO] [stdout]   63:                0x0 - <unknown>
[INFO] [stdout] 
[INFO] [stdout] 
[INFO] [stdout] failures:
[INFO] [stdout]     test::get_launcher_content_bl2
[INFO] [stdout] 
[INFO] [stdout] test result: FAILED. 0 passed; 1 failed; 2 ignored; 0 measured; 0 filtered out; finished in 0.02s
[INFO] [stdout] 
[INFO] [stderr] error: test failed, to rerun pass `-p borderlands-launcher --lib`
[INFO] running `Command { std: "docker" "inspect" "91d632ec9b343848b9a318b8306ef5420976d1906bfe1e776205f4f72e9b1405", kill_on_drop: false }`
[INFO] running `Command { std: "docker" "rm" "-f" "91d632ec9b343848b9a318b8306ef5420976d1906bfe1e776205f4f72e9b1405", kill_on_drop: false }`
[INFO] [stdout] 91d632ec9b343848b9a318b8306ef5420976d1906bfe1e776205f4f72e9b1405
