[INFO] cloning repository https://github.com/adavidoff425/ImageMorphingRust
[INFO] running `Command { std: "git" "-c" "credential.helper=" "-c" "credential.helper=/workspace/cargo-home/bin/git-credential-null" "clone" "--bare" "https://github.com/adavidoff425/ImageMorphingRust" "/workspace/cache/git-repos/https%3A%2F%2Fgithub.com%2Fadavidoff425%2FImageMorphingRust", kill_on_drop: false }`
[INFO] [stderr] Cloning into bare repository '/workspace/cache/git-repos/https%3A%2F%2Fgithub.com%2Fadavidoff425%2FImageMorphingRust'...
[INFO] running `Command { std: "git" "rev-parse" "HEAD", kill_on_drop: false }`
[INFO] [stdout] 4eb9125452139c5187d267b5294d9f7e4123d5ad
[INFO] testing adavidoff425/ImageMorphingRust against 1.69.0 for beta-1.70-1
[INFO] running `Command { std: "git" "clone" "/workspace/cache/git-repos/https%3A%2F%2Fgithub.com%2Fadavidoff425%2FImageMorphingRust" "/workspace/builds/worker-5-tc1/source", kill_on_drop: false }`
[INFO] [stderr] Cloning into '/workspace/builds/worker-5-tc1/source'...
[INFO] [stderr] done.
[INFO] validating manifest of git repo https://github.com/adavidoff425/ImageMorphingRust on toolchain 1.69.0
[INFO] running `Command { std: CARGO_HOME="/workspace/cargo-home" RUSTUP_HOME="/workspace/rustup-home" "/workspace/cargo-home/bin/cargo" "+1.69.0" "metadata" "--manifest-path" "Cargo.toml" "--no-deps", kill_on_drop: false }`
[INFO] started tweaking git repo https://github.com/adavidoff425/ImageMorphingRust
[INFO] finished tweaking git repo https://github.com/adavidoff425/ImageMorphingRust
[INFO] tweaked toml for git repo https://github.com/adavidoff425/ImageMorphingRust written to /workspace/builds/worker-5-tc1/source/Cargo.toml
[INFO] crate git repo https://github.com/adavidoff425/ImageMorphingRust already has a lockfile, it will not be regenerated
[INFO] running `Command { std: CARGO_HOME="/workspace/cargo-home" RUSTUP_HOME="/workspace/rustup-home" "/workspace/cargo-home/bin/cargo" "+1.69.0" "fetch" "--manifest-path" "Cargo.toml", kill_on_drop: false }`
[INFO] [stderr]  Downloading crates ...
[INFO] [stderr]   Downloaded glutin v0.23.0
[INFO] [stderr]   Downloaded winit v0.21.0
[INFO] [stderr]   Downloaded glium v0.26.0
[INFO] [stderr]   Downloaded imageproc v0.19.2
[INFO] running `Command { std: "docker" "create" "-v" "/var/lib/crater-agent-workspace/builds/worker-5-tc1/target:/opt/rustwide/target:rw,Z" "-v" "/var/lib/crater-agent-workspace/builds/worker-5-tc1/source:/opt/rustwide/workdir:ro,Z" "-v" "/var/lib/crater-agent-workspace/cargo-home:/opt/rustwide/cargo-home:ro,Z" "-v" "/var/lib/crater-agent-workspace/rustup-home:/opt/rustwide/rustup-home:ro,Z" "-e" "SOURCE_DIR=/opt/rustwide/workdir" "-e" "CARGO_TARGET_DIR=/opt/rustwide/target" "-e" "CARGO_HOME=/opt/rustwide/cargo-home" "-e" "RUSTUP_HOME=/opt/rustwide/rustup-home" "-w" "/opt/rustwide/workdir" "-m" "1610612736" "--user" "0:0" "--network" "none" "ghcr.io/rust-lang/crates-build-env/linux@sha256:5ff2268d62e97bff2cde7d5815dd6ed5b47097566f13b8d0ca110b04b60e07ed" "/opt/rustwide/cargo-home/bin/cargo" "+1.69.0" "metadata" "--no-deps" "--format-version=1", kill_on_drop: false }`
[INFO] [stdout] f22f1c48a7b07dca969587d4b1c146e6a340358da26ea438b0cbe8b10d36b7ac
[INFO] running `Command { std: "docker" "start" "-a" "f22f1c48a7b07dca969587d4b1c146e6a340358da26ea438b0cbe8b10d36b7ac", kill_on_drop: false }`
[INFO] running `Command { std: "docker" "inspect" "f22f1c48a7b07dca969587d4b1c146e6a340358da26ea438b0cbe8b10d36b7ac", kill_on_drop: false }`
[INFO] running `Command { std: "docker" "rm" "-f" "f22f1c48a7b07dca969587d4b1c146e6a340358da26ea438b0cbe8b10d36b7ac", kill_on_drop: false }`
[INFO] [stdout] f22f1c48a7b07dca969587d4b1c146e6a340358da26ea438b0cbe8b10d36b7ac
[INFO] running `Command { std: "docker" "create" "-v" "/var/lib/crater-agent-workspace/builds/worker-5-tc1/target:/opt/rustwide/target:rw,Z" "-v" "/var/lib/crater-agent-workspace/builds/worker-5-tc1/source:/opt/rustwide/workdir:ro,Z" "-v" "/var/lib/crater-agent-workspace/cargo-home:/opt/rustwide/cargo-home:ro,Z" "-v" "/var/lib/crater-agent-workspace/rustup-home:/opt/rustwide/rustup-home:ro,Z" "-e" "SOURCE_DIR=/opt/rustwide/workdir" "-e" "CARGO_TARGET_DIR=/opt/rustwide/target" "-e" "CARGO_INCREMENTAL=0" "-e" "RUST_BACKTRACE=full" "-e" "RUSTFLAGS=--cap-lints=warn" "-e" "RUSTDOCFLAGS=--cap-lints=warn" "-e" "CARGO_HOME=/opt/rustwide/cargo-home" "-e" "RUSTUP_HOME=/opt/rustwide/rustup-home" "-w" "/opt/rustwide/workdir" "-m" "1610612736" "--user" "0:0" "--network" "none" "ghcr.io/rust-lang/crates-build-env/linux@sha256:5ff2268d62e97bff2cde7d5815dd6ed5b47097566f13b8d0ca110b04b60e07ed" "/opt/rustwide/cargo-home/bin/cargo" "+1.69.0" "build" "--frozen" "--message-format=json", kill_on_drop: false }`
[INFO] [stdout] aa733a6aba3d3600d7386437561e4a81274d78cc7bb605e7a98067193c24b335
[INFO] running `Command { std: "docker" "start" "-a" "aa733a6aba3d3600d7386437561e4a81274d78cc7bb605e7a98067193c24b335", kill_on_drop: false }`
[INFO] [stderr]    Compiling libc v0.2.67
[INFO] [stderr]    Compiling xml-rs v0.8.0
[INFO] [stderr]    Compiling num-traits v0.2.11
[INFO] [stderr]    Compiling log v0.4.8
[INFO] [stderr]    Compiling cc v1.0.50
[INFO] [stderr]    Compiling byteorder v1.3.4
[INFO] [stderr]    Compiling khronos_api v3.1.0
[INFO] [stderr]    Compiling nix v0.14.1
[INFO] [stderr]    Compiling void v1.0.2
[INFO] [stderr]    Compiling scopeguard v1.1.0
[INFO] [stderr]    Compiling bitflags v1.2.1
[INFO] [stderr]    Compiling num-integer v0.1.42
[INFO] [stderr]    Compiling crossbeam-utils v0.7.2
[INFO] [stderr]    Compiling memoffset v0.5.3
[INFO] [stderr]    Compiling arrayvec v0.5.1
[INFO] [stderr]    Compiling downcast-rs v1.1.1
[INFO] [stderr]    Compiling crossbeam-epoch v0.8.2
[INFO] [stderr]    Compiling same-file v1.0.6
[INFO] [stderr]    Compiling lazycell v1.2.1
[INFO] [stderr]    Compiling pkg-config v0.3.17
[INFO] [stderr]    Compiling walkdir v2.3.1
[INFO] [stderr]    Compiling rand_core v0.3.1
[INFO] [stderr]    Compiling xdg v2.2.0
[INFO] [stderr]    Compiling lock_api v0.3.3
[INFO] [stderr]    Compiling num-bigint v0.2.6
[INFO] [stderr]    Compiling syn v0.15.44
[INFO] [stderr]    Compiling wayland-scanner v0.23.6
[INFO] [stderr]    Compiling wayland-scanner v0.21.13
[INFO] [stderr]    Compiling rayon-core v1.7.0
[INFO] [stderr]    Compiling gl_generator v0.13.1
[INFO] [stderr]    Compiling gl_generator v0.14.0
[INFO] [stderr]    Compiling stb_truetype v0.3.1
[INFO] [stderr]    Compiling num-rational v0.2.3
[INFO] [stderr]    Compiling smallvec v1.2.0
[INFO] [stderr]    Compiling num-derive v0.2.5
[INFO] [stderr]    Compiling net2 v0.2.33
[INFO] [stderr]    Compiling iovec v0.1.4
[INFO] [stderr]    Compiling x11-dl v2.18.5
[INFO] [stderr]    Compiling memmap v0.7.0
[INFO] [stderr]    Compiling num_cpus v1.12.0
[INFO] [stderr]    Compiling mio v0.6.21
[INFO] [stderr]    Compiling libloading v0.5.2
[INFO] [stderr]    Compiling crossbeam-queue v0.2.1
[INFO] [stderr]    Compiling approx v0.3.2
[INFO] [stderr]    Compiling ordered-float v1.0.2
[INFO] [stderr]    Compiling line_drawing v0.7.0
[INFO] [stderr]    Compiling crossbeam-deque v0.7.3
[INFO] [stderr]    Compiling adler32 v1.0.4
[INFO] [stderr]    Compiling rusttype v0.8.2
[INFO] [stderr]    Compiling either v1.5.3
[INFO] [stderr]    Compiling crc32fast v1.2.0
[INFO] [stderr]    Compiling backtrace-sys v0.1.32
[INFO] [stderr]    Compiling num-iter v0.1.40
[INFO] [stderr]    Compiling glutin_egl_sys v0.1.4
[INFO] [stderr]    Compiling glutin_glx_sys v0.1.6
[INFO] [stderr]    Compiling mio-extras v2.0.6
[INFO] [stderr]    Compiling dlib v0.4.1
[INFO] [stderr]    Compiling rusttype v0.7.9
[INFO] [stderr]    Compiling wayland-sys v0.23.6
[INFO] [stderr]    Compiling andrew v0.2.1
[INFO] [stderr]    Compiling wayland-sys v0.21.13
[INFO] [stderr]    Compiling parking_lot_core v0.7.0
[INFO] [stderr]    Compiling raw-window-handle v0.3.3
[INFO] [stderr]    Compiling wayland-client v0.21.13
[INFO] [stderr]    Compiling wayland-client v0.23.6
[INFO] [stderr]    Compiling wayland-protocols v0.23.6
[INFO] [stderr]    Compiling wayland-protocols v0.21.13
[INFO] [stderr]    Compiling num-complex v0.2.4
[INFO] [stderr]    Compiling lzw v0.10.0
[INFO] [stderr]    Compiling percent-encoding v2.1.0
[INFO] [stderr]    Compiling matrixmultiply v0.1.15
[INFO] [stderr]    Compiling rand_chacha v0.1.1
[INFO] [stderr]    Compiling parking_lot v0.10.0
[INFO] [stderr]    Compiling rayon v1.3.0
[INFO] [stderr]    Compiling deflate v0.7.20
[INFO] [stderr]    Compiling inflate v0.4.5
[INFO] [stderr]    Compiling rand_os v0.1.3
[INFO] [stderr]    Compiling shared_library v0.1.9
[INFO] [stderr]    Compiling rand_xorshift v0.1.1
[INFO] [stderr]    Compiling wayland-commons v0.23.6
[INFO] [stderr]    Compiling calloop v0.4.4
[INFO] [stderr]    Compiling wayland-commons v0.21.13
[INFO] [stderr]    Compiling rand_isaac v0.1.1
[INFO] [stderr]    Compiling rand_hc v0.1.0
[INFO] [stderr]    Compiling rawpointer v0.1.0
[INFO] [stderr]    Compiling color_quant v1.0.1
[INFO] [stderr]    Compiling instant v0.1.2
[INFO] [stderr]    Compiling rand v0.6.5
[INFO] [stderr]    Compiling gif v0.10.3
[INFO] [stderr]    Compiling parking_lot_core v0.6.2
[INFO] [stderr]    Compiling osmesa-sys v0.1.2
[INFO] [stderr]    Compiling png v0.15.3
[INFO] [stderr]    Compiling num v0.1.42
[INFO] [stderr]    Compiling glium v0.26.0
[INFO] [stderr]    Compiling gl v0.14.0
[INFO] [stderr]    Compiling cgmath v0.17.0
[INFO] [stderr]    Compiling scoped_threadpool v0.1.9
[INFO] [stderr]    Compiling custom_derive v0.1.7
[INFO] [stderr]    Compiling jpeg-decoder v0.1.18
[INFO] [stderr]    Compiling conv v0.3.3
[INFO] [stderr]    Compiling backtrace v0.3.44
[INFO] [stderr]    Compiling rulinalg v0.4.2
[INFO] [stderr]    Compiling num v0.2.1
[INFO] [stderr]    Compiling parking_lot v0.9.0
[INFO] [stderr]    Compiling itertools v0.7.11
[INFO] [stderr]    Compiling takeable-option v0.5.0
[INFO] [stderr]    Compiling tiff v0.3.1
[INFO] [stderr]    Compiling image v0.22.5
[INFO] [stderr]    Compiling imageproc v0.19.2
[INFO] [stderr]    Compiling smithay-client-toolkit v0.6.6
[INFO] [stderr]    Compiling winit v0.21.0
[INFO] [stderr]    Compiling glutin v0.23.0
[INFO] [stderr]    Compiling smithay-client-toolkit v0.4.6
[INFO] [stderr]    Compiling winit v0.19.5
[INFO] [stderr]    Compiling imagemorph v0.1.0 (/opt/rustwide/workdir)
[INFO] [stdout] warning: variable does not need to be mutable
[INFO] [stdout]    --> src/lib.rs:245:13
[INFO] [stdout]     |
[INFO] [stdout] 245 |         let mut src_warp = image::DynamicImage::ImageRgba8(src_map).flipv();
[INFO] [stdout]     |             ----^^^^^^^^
[INFO] [stdout]     |             |
[INFO] [stdout]     |             help: remove this `mut`
[INFO] [stdout]     |
[INFO] [stdout]     = note: `#[warn(unused_mut)]` on by default
[INFO] [stdout] 
[INFO] [stdout] 
[INFO] [stdout] warning: variable does not need to be mutable
[INFO] [stdout]    --> src/lib.rs:247:13
[INFO] [stdout]     |
[INFO] [stdout] 247 |         let mut dst_warp = image::DynamicImage::ImageRgba8(dst_map).flipv();
[INFO] [stdout]     |             ----^^^^^^^^
[INFO] [stdout]     |             |
[INFO] [stdout]     |             help: remove this `mut`
[INFO] [stdout] 
[INFO] [stdout] 
[INFO] [stdout] warning: 2 warnings emitted
[INFO] [stdout] 
[INFO] [stdout] 
[INFO] [stdout] warning: unused import: `ImageBuffer`
[INFO] [stdout]   --> src/bin/main.rs:13:13
[INFO] [stdout]    |
[INFO] [stdout] 13 | use image::{ImageBuffer, RgbaImage};
[INFO] [stdout]    |             ^^^^^^^^^^^
[INFO] [stdout]    |
[INFO] [stdout]    = note: `#[warn(unused_imports)]` on by default
[INFO] [stdout] 
[INFO] [stdout] 
[INFO] [stdout] warning: 1 warning emitted
[INFO] [stdout] 
[INFO] [stdout] 
[INFO] [stderr]     Finished dev [unoptimized + debuginfo] target(s) in 1m 12s
[INFO] running `Command { std: "docker" "inspect" "aa733a6aba3d3600d7386437561e4a81274d78cc7bb605e7a98067193c24b335", kill_on_drop: false }`
[INFO] running `Command { std: "docker" "rm" "-f" "aa733a6aba3d3600d7386437561e4a81274d78cc7bb605e7a98067193c24b335", kill_on_drop: false }`
[INFO] [stdout] aa733a6aba3d3600d7386437561e4a81274d78cc7bb605e7a98067193c24b335
[INFO] running `Command { std: "docker" "create" "-v" "/var/lib/crater-agent-workspace/builds/worker-5-tc1/target:/opt/rustwide/target:rw,Z" "-v" "/var/lib/crater-agent-workspace/builds/worker-5-tc1/source:/opt/rustwide/workdir:ro,Z" "-v" "/var/lib/crater-agent-workspace/cargo-home:/opt/rustwide/cargo-home:ro,Z" "-v" "/var/lib/crater-agent-workspace/rustup-home:/opt/rustwide/rustup-home:ro,Z" "-e" "SOURCE_DIR=/opt/rustwide/workdir" "-e" "CARGO_TARGET_DIR=/opt/rustwide/target" "-e" "CARGO_INCREMENTAL=0" "-e" "RUST_BACKTRACE=full" "-e" "RUSTFLAGS=--cap-lints=warn" "-e" "RUSTDOCFLAGS=--cap-lints=warn" "-e" "CARGO_HOME=/opt/rustwide/cargo-home" "-e" "RUSTUP_HOME=/opt/rustwide/rustup-home" "-w" "/opt/rustwide/workdir" "-m" "1610612736" "--user" "0:0" "--network" "none" "ghcr.io/rust-lang/crates-build-env/linux@sha256:5ff2268d62e97bff2cde7d5815dd6ed5b47097566f13b8d0ca110b04b60e07ed" "/opt/rustwide/cargo-home/bin/cargo" "+1.69.0" "test" "--frozen" "--no-run" "--message-format=json", kill_on_drop: false }`
[INFO] [stdout] 6317d9389bbfb5a7992cab04a725dd465449d4f3df31fb6486d6930cdbe739dc
[INFO] running `Command { std: "docker" "start" "-a" "6317d9389bbfb5a7992cab04a725dd465449d4f3df31fb6486d6930cdbe739dc", kill_on_drop: false }`
[INFO] [stderr]    Compiling imagemorph v0.1.0 (/opt/rustwide/workdir)
[INFO] [stdout] warning: variable does not need to be mutable
[INFO] [stdout]    --> src/lib.rs:245:13
[INFO] [stdout]     |
[INFO] [stdout] 245 |         let mut src_warp = image::DynamicImage::ImageRgba8(src_map).flipv();
[INFO] [stdout]     |             ----^^^^^^^^
[INFO] [stdout]     |             |
[INFO] [stdout]     |             help: remove this `mut`
[INFO] [stdout]     |
[INFO] [stdout]     = note: `#[warn(unused_mut)]` on by default
[INFO] [stdout] 
[INFO] [stdout] 
[INFO] [stdout] warning: variable does not need to be mutable
[INFO] [stdout]    --> src/lib.rs:247:13
[INFO] [stdout]     |
[INFO] [stdout] 247 |         let mut dst_warp = image::DynamicImage::ImageRgba8(dst_map).flipv();
[INFO] [stdout]     |             ----^^^^^^^^
[INFO] [stdout]     |             |
[INFO] [stdout]     |             help: remove this `mut`
[INFO] [stdout] 
[INFO] [stdout] 
[INFO] [stdout] warning: 2 warnings emitted
[INFO] [stdout] 
[INFO] [stdout] 
[INFO] [stdout] warning: unused import: `ImageBuffer`
[INFO] [stdout]   --> src/bin/main.rs:13:13
[INFO] [stdout]    |
[INFO] [stdout] 13 | use image::{ImageBuffer, RgbaImage};
[INFO] [stdout]    |             ^^^^^^^^^^^
[INFO] [stdout]    |
[INFO] [stdout]    = note: `#[warn(unused_imports)]` on by default
[INFO] [stdout] 
[INFO] [stdout] 
[INFO] [stdout] warning: 1 warning emitted
[INFO] [stdout] 
[INFO] [stdout] 
[INFO] [stdout] warning: unused import: `ImageBuffer`
[INFO] [stdout]   --> src/bin/main.rs:13:13
[INFO] [stdout]    |
[INFO] [stdout] 13 | use image::{ImageBuffer, RgbaImage};
[INFO] [stdout]    |             ^^^^^^^^^^^
[INFO] [stdout]    |
[INFO] [stdout]    = note: `#[warn(unused_imports)]` on by default
[INFO] [stdout] 
[INFO] [stdout] 
[INFO] [stdout] warning: variable does not need to be mutable
[INFO] [stdout]    --> src/lib.rs:245:13
[INFO] [stdout]     |
[INFO] [stdout] 245 |         let mut src_warp = image::DynamicImage::ImageRgba8(src_map).flipv();
[INFO] [stdout]     |             ----^^^^^^^^
[INFO] [stdout]     |             |
[INFO] [stdout]     |             help: remove this `mut`
[INFO] [stdout]     |
[INFO] [stdout]     = note: `#[warn(unused_mut)]` on by default
[INFO] [stdout] 
[INFO] [stdout] 
[INFO] [stdout] warning: variable does not need to be mutable
[INFO] [stdout]    --> src/lib.rs:247:13
[INFO] [stdout]     |
[INFO] [stdout] 247 |         let mut dst_warp = image::DynamicImage::ImageRgba8(dst_map).flipv();
[INFO] [stdout]     |             ----^^^^^^^^
[INFO] [stdout]     |             |
[INFO] [stdout]     |             help: remove this `mut`
[INFO] [stdout] 
[INFO] [stdout] 
[INFO] [stdout] warning: 2 warnings emitted
[INFO] [stdout] 
[INFO] [stdout] 
[INFO] [stdout] warning: 1 warning emitted
[INFO] [stdout] 
[INFO] [stdout] 
[INFO] [stderr]     Finished test [unoptimized + debuginfo] target(s) in 1.74s
[INFO] running `Command { std: "docker" "inspect" "6317d9389bbfb5a7992cab04a725dd465449d4f3df31fb6486d6930cdbe739dc", kill_on_drop: false }`
[INFO] running `Command { std: "docker" "rm" "-f" "6317d9389bbfb5a7992cab04a725dd465449d4f3df31fb6486d6930cdbe739dc", kill_on_drop: false }`
[INFO] [stdout] 6317d9389bbfb5a7992cab04a725dd465449d4f3df31fb6486d6930cdbe739dc
[INFO] running `Command { std: "docker" "create" "-v" "/var/lib/crater-agent-workspace/builds/worker-5-tc1/target:/opt/rustwide/target:rw,Z" "-v" "/var/lib/crater-agent-workspace/builds/worker-5-tc1/source:/opt/rustwide/workdir:ro,Z" "-v" "/var/lib/crater-agent-workspace/cargo-home:/opt/rustwide/cargo-home:ro,Z" "-v" "/var/lib/crater-agent-workspace/rustup-home:/opt/rustwide/rustup-home:ro,Z" "-e" "SOURCE_DIR=/opt/rustwide/workdir" "-e" "CARGO_TARGET_DIR=/opt/rustwide/target" "-e" "CARGO_INCREMENTAL=0" "-e" "RUST_BACKTRACE=full" "-e" "RUSTFLAGS=--cap-lints=warn" "-e" "RUSTDOCFLAGS=--cap-lints=warn" "-e" "CARGO_HOME=/opt/rustwide/cargo-home" "-e" "RUSTUP_HOME=/opt/rustwide/rustup-home" "-w" "/opt/rustwide/workdir" "-m" "1610612736" "--user" "0:0" "--network" "none" "ghcr.io/rust-lang/crates-build-env/linux@sha256:5ff2268d62e97bff2cde7d5815dd6ed5b47097566f13b8d0ca110b04b60e07ed" "/opt/rustwide/cargo-home/bin/cargo" "+1.69.0" "test" "--frozen", kill_on_drop: false }`
[INFO] [stdout] 6d16ee398f0f744cd1860ef9bfd95092e4f8b8f341093a227031674d2a4d3106
[INFO] running `Command { std: "docker" "start" "-a" "6d16ee398f0f744cd1860ef9bfd95092e4f8b8f341093a227031674d2a4d3106", kill_on_drop: false }`
[INFO] [stderr] warning: variable does not need to be mutable
[INFO] [stderr]    --> src/lib.rs:245:13
[INFO] [stderr]     |
[INFO] [stderr] 245 |         let mut src_warp = image::DynamicImage::ImageRgba8(src_map).flipv();
[INFO] [stderr]     |             ----^^^^^^^^
[INFO] [stderr]     |             |
[INFO] [stderr]     |             help: remove this `mut`
[INFO] [stderr]     |
[INFO] [stderr]     = note: `#[warn(unused_mut)]` on by default
[INFO] [stderr] 
[INFO] [stderr] warning: variable does not need to be mutable
[INFO] [stderr]    --> src/lib.rs:247:13
[INFO] [stderr]     |
[INFO] [stderr] 247 |         let mut dst_warp = image::DynamicImage::ImageRgba8(dst_map).flipv();
[INFO] [stderr]     |             ----^^^^^^^^
[INFO] [stderr]     |             |
[INFO] [stderr]     |             help: remove this `mut`
[INFO] [stderr] 
[INFO] [stderr] warning: `imagemorph` (lib) generated 2 warnings (run `cargo fix --lib -p imagemorph` to apply 2 suggestions)
[INFO] [stderr] warning: `imagemorph` (lib test) generated 2 warnings (2 duplicates)
[INFO] [stderr] warning: unused import: `ImageBuffer`
[INFO] [stderr]   --> src/bin/main.rs:13:13
[INFO] [stderr]    |
[INFO] [stderr] 13 | use image::{ImageBuffer, RgbaImage};
[INFO] [stderr]    |             ^^^^^^^^^^^
[INFO] [stderr]    |
[INFO] [stderr]    = note: `#[warn(unused_imports)]` on by default
[INFO] [stderr] 
[INFO] [stderr] warning: `imagemorph` (bin "main" test) generated 1 warning (run `cargo fix --bin "main" --tests` to apply 1 suggestion)
[INFO] [stderr] warning: `imagemorph` (bin "main") generated 1 warning (1 duplicate)
[INFO] [stderr]     Finished test [unoptimized + debuginfo] target(s) in 0.09s
[INFO] [stderr]      Running unittests src/lib.rs (/opt/rustwide/target/debug/deps/imagemorph-ebaca515f61fe823)
[INFO] [stdout] 
[INFO] [stdout] running 0 tests
[INFO] [stdout] 
[INFO] [stdout] test result: ok. 0 passed; 0 failed; 0 ignored; 0 measured; 0 filtered out; finished in 0.00s
[INFO] [stdout] 
[INFO] [stderr]      Running unittests src/bin/main.rs (/opt/rustwide/target/debug/deps/main-763f670c9e2e7837)
[INFO] [stdout] 
[INFO] [stdout] running 0 tests
[INFO] [stdout] 
[INFO] [stdout] test result: ok. 0 passed; 0 failed; 0 ignored; 0 measured; 0 filtered out; finished in 0.00s
[INFO] [stdout] 
[INFO] [stderr]      Running tests/test.rs (/opt/rustwide/target/debug/deps/test-c89b6a0228781e94)
[INFO] [stdout] 
[INFO] [stdout] running 2 tests
[INFO] [stdout] test test_inter_lines ... ok
[INFO] [stdout] test test_warp ... FAILED
[INFO] [stdout] 
[INFO] [stdout] failures:
[INFO] [stdout] 
[INFO] [stdout] ---- test_warp stdout ----
[INFO] [stdout] thread 'test_warp' panicked at 'assertion failed: `(left == right)`
[INFO] [stdout]   left: `75.0`,
[INFO] [stdout]  right: `25.0`', tests/test.rs:103:5
[INFO] [stdout] stack backtrace:
[INFO] [stdout]    0:     0x558094dc70ba - std::backtrace_rs::backtrace::libunwind::trace::ha9053a9a07ca49cb
[INFO] [stdout]                                at /rustc/84c898d65adf2f39a5a98507f1fe0ce10a2b8dbc/library/std/src/../../backtrace/src/backtrace/libunwind.rs:93:5
[INFO] [stdout]    1:     0x558094dc70ba - std::backtrace_rs::backtrace::trace_unsynchronized::h9c2852a457ad564e
[INFO] [stdout]                                at /rustc/84c898d65adf2f39a5a98507f1fe0ce10a2b8dbc/library/std/src/../../backtrace/src/backtrace/mod.rs:66:5
[INFO] [stdout]    2:     0x558094dc70ba - std::sys_common::backtrace::_print_fmt::h457936fbfaa0070f
[INFO] [stdout]                                at /rustc/84c898d65adf2f39a5a98507f1fe0ce10a2b8dbc/library/std/src/sys_common/backtrace.rs:65:5
[INFO] [stdout]    3:     0x558094dc70ba - <std::sys_common::backtrace::_print::DisplayBacktrace as core::fmt::Display>::fmt::h5779d7bf7f70cb0c
[INFO] [stdout]                                at /rustc/84c898d65adf2f39a5a98507f1fe0ce10a2b8dbc/library/std/src/sys_common/backtrace.rs:44:22
[INFO] [stdout]    4:     0x558094deabee - core::fmt::write::h5a4baaff1bcd3eb5
[INFO] [stdout]                                at /rustc/84c898d65adf2f39a5a98507f1fe0ce10a2b8dbc/library/core/src/fmt/mod.rs:1232:17
[INFO] [stdout]    5:     0x558094dc4535 - std::io::Write::write_fmt::h478f79c628ef31d1
[INFO] [stdout]                                at /rustc/84c898d65adf2f39a5a98507f1fe0ce10a2b8dbc/library/std/src/io/mod.rs:1684:15
[INFO] [stdout]    6:     0x558094dc6e85 - std::sys_common::backtrace::_print::h5fcdc36060f177e8
[INFO] [stdout]                                at /rustc/84c898d65adf2f39a5a98507f1fe0ce10a2b8dbc/library/std/src/sys_common/backtrace.rs:47:5
[INFO] [stdout]    7:     0x558094dc6e85 - std::sys_common::backtrace::print::h54ca9458b876c8bf
[INFO] [stdout]                                at /rustc/84c898d65adf2f39a5a98507f1fe0ce10a2b8dbc/library/std/src/sys_common/backtrace.rs:34:9
[INFO] [stdout]    8:     0x558094dc8c4f - std::panicking::default_hook::{{closure}}::hbe471161c7664ed6
[INFO] [stdout]                                at /rustc/84c898d65adf2f39a5a98507f1fe0ce10a2b8dbc/library/std/src/panicking.rs:271:22
[INFO] [stdout]    9:     0x558094dc890f - std::panicking::default_hook::ha3500da57aa4ac4f
[INFO] [stdout]                                at /rustc/84c898d65adf2f39a5a98507f1fe0ce10a2b8dbc/library/std/src/panicking.rs:287:9
[INFO] [stdout]   10:     0x558094d91347 - <alloc::boxed::Box<F,A> as core::ops::function::Fn<Args>>::call::hdf1b89dd137ece34
[INFO] [stdout]                                at /rustc/84c898d65adf2f39a5a98507f1fe0ce10a2b8dbc/library/alloc/src/boxed.rs:2001:9
[INFO] [stdout]   11:     0x558094d91347 - test::test_main::{{closure}}::h9081a79f20e75698
[INFO] [stdout]                                at /rustc/84c898d65adf2f39a5a98507f1fe0ce10a2b8dbc/library/test/src/lib.rs:135:21
[INFO] [stdout]   12:     0x558094dc937d - <alloc::boxed::Box<F,A> as core::ops::function::Fn<Args>>::call::h6507bddc3eebb4a5
[INFO] [stdout]                                at /rustc/84c898d65adf2f39a5a98507f1fe0ce10a2b8dbc/library/alloc/src/boxed.rs:2001:9
[INFO] [stdout]   13:     0x558094dc937d - std::panicking::rust_panic_with_hook::h50c09d000dc561d2
[INFO] [stdout]                                at /rustc/84c898d65adf2f39a5a98507f1fe0ce10a2b8dbc/library/std/src/panicking.rs:696:13
[INFO] [stdout]   14:     0x558094dc90f9 - std::panicking::begin_panic_handler::{{closure}}::h9e2b2176e00e0d9c
[INFO] [stdout]                                at /rustc/84c898d65adf2f39a5a98507f1fe0ce10a2b8dbc/library/std/src/panicking.rs:583:13
[INFO] [stdout]   15:     0x558094dc7526 - std::sys_common::backtrace::__rust_end_short_backtrace::h5739b8e512c09d02
[INFO] [stdout]                                at /rustc/84c898d65adf2f39a5a98507f1fe0ce10a2b8dbc/library/std/src/sys_common/backtrace.rs:150:18
[INFO] [stdout]   16:     0x558094dc8e02 - rust_begin_unwind
[INFO] [stdout]                                at /rustc/84c898d65adf2f39a5a98507f1fe0ce10a2b8dbc/library/std/src/panicking.rs:579:5
[INFO] [stdout]   17:     0x558094d5eb83 - core::panicking::panic_fmt::hf33a1475b4dc5c3e
[INFO] [stdout]                                at /rustc/84c898d65adf2f39a5a98507f1fe0ce10a2b8dbc/library/core/src/panicking.rs:64:14
[INFO] [stdout]   18:     0x558094d5ee5f - core::panicking::assert_failed_inner::haf9816227b20b6f2
[INFO] [stdout]   19:     0x558094d9ffba - core::panicking::assert_failed::he572254143cc98da
[INFO] [stdout]                                at /rustc/84c898d65adf2f39a5a98507f1fe0ce10a2b8dbc/library/core/src/panicking.rs:211:5
[INFO] [stdout]   20:     0x558094d60ba0 - test::test_warp::hfe9989f93fed4691
[INFO] [stdout]                                at /opt/rustwide/workdir/tests/test.rs:103:5
[INFO] [stdout]   21:     0x558094d60197 - test::test_warp::{{closure}}::h42438402c248562e
[INFO] [stdout]                                at /opt/rustwide/workdir/tests/test.rs:60:16
[INFO] [stdout]   22:     0x558094d613a5 - core::ops::function::FnOnce::call_once::h0aefce0317f7fa5d
[INFO] [stdout]                                at /rustc/84c898d65adf2f39a5a98507f1fe0ce10a2b8dbc/library/core/src/ops/function.rs:250:5
[INFO] [stdout]   23:     0x558094d9672f - core::ops::function::FnOnce::call_once::h7d969581be7d0075
[INFO] [stdout]                                at /rustc/84c898d65adf2f39a5a98507f1fe0ce10a2b8dbc/library/core/src/ops/function.rs:250:5
[INFO] [stdout]   24:     0x558094d9672f - test::__rust_begin_short_backtrace::hca25a52684e56655
[INFO] [stdout]                                at /rustc/84c898d65adf2f39a5a98507f1fe0ce10a2b8dbc/library/test/src/lib.rs:656:18
[INFO] [stdout]   25:     0x558094d67d4c - test::run_test::{{closure}}::ha8ac744c4af1a4bb
[INFO] [stdout]                                at /rustc/84c898d65adf2f39a5a98507f1fe0ce10a2b8dbc/library/test/src/lib.rs:647:30
[INFO] [stdout]   26:     0x558094d67d4c - core::ops::function::FnOnce::call_once{{vtable.shim}}::h7b411a9ed45bdecf
[INFO] [stdout]                                at /rustc/84c898d65adf2f39a5a98507f1fe0ce10a2b8dbc/library/core/src/ops/function.rs:250:5
[INFO] [stdout]   27:     0x558094d956f6 - <alloc::boxed::Box<F,A> as core::ops::function::FnOnce<Args>>::call_once::hd05328869a8ed200
[INFO] [stdout]                                at /rustc/84c898d65adf2f39a5a98507f1fe0ce10a2b8dbc/library/alloc/src/boxed.rs:1987:9
[INFO] [stdout]   28:     0x558094d956f6 - <core::panic::unwind_safe::AssertUnwindSafe<F> as core::ops::function::FnOnce<()>>::call_once::h0c601ce20bd5b2be
[INFO] [stdout]                                at /rustc/84c898d65adf2f39a5a98507f1fe0ce10a2b8dbc/library/core/src/panic/unwind_safe.rs:271:9
[INFO] [stdout]   29:     0x558094d956f6 - std::panicking::try::do_call::ha4be5c164fe30854
[INFO] [stdout]                                at /rustc/84c898d65adf2f39a5a98507f1fe0ce10a2b8dbc/library/std/src/panicking.rs:487:40
[INFO] [stdout]   30:     0x558094d956f6 - std::panicking::try::h604546f3609af05f
[INFO] [stdout]                                at /rustc/84c898d65adf2f39a5a98507f1fe0ce10a2b8dbc/library/std/src/panicking.rs:451:19
[INFO] [stdout]   31:     0x558094d956f6 - std::panic::catch_unwind::h5bfa8afe44c9c2f9
[INFO] [stdout]                                at /rustc/84c898d65adf2f39a5a98507f1fe0ce10a2b8dbc/library/std/src/panic.rs:140:14
[INFO] [stdout]   32:     0x558094d956f6 - test::run_test_in_process::hd50dee55dd63e6aa
[INFO] [stdout]                                at /rustc/84c898d65adf2f39a5a98507f1fe0ce10a2b8dbc/library/test/src/lib.rs:679:27
[INFO] [stdout]   33:     0x558094d956f6 - test::run_test::run_test_inner::{{closure}}::h4aa0f433aa85cea8
[INFO] [stdout]                                at /rustc/84c898d65adf2f39a5a98507f1fe0ce10a2b8dbc/library/test/src/lib.rs:573:39
[INFO] [stdout]   34:     0x558094d623c1 - test::run_test::run_test_inner::{{closure}}::had56431adf24b4d6
[INFO] [stdout]                                at /rustc/84c898d65adf2f39a5a98507f1fe0ce10a2b8dbc/library/test/src/lib.rs:600:37
[INFO] [stdout]   35:     0x558094d623c1 - std::sys_common::backtrace::__rust_begin_short_backtrace::ha8d9890e0c73bf13
[INFO] [stdout]                                at /rustc/84c898d65adf2f39a5a98507f1fe0ce10a2b8dbc/library/std/src/sys_common/backtrace.rs:134:18
[INFO] [stdout]   36:     0x558094d67ddb - std::thread::Builder::spawn_unchecked_::{{closure}}::{{closure}}::h251832bcb4a95327
[INFO] [stdout]                                at /rustc/84c898d65adf2f39a5a98507f1fe0ce10a2b8dbc/library/std/src/thread/mod.rs:560:17
[INFO] [stdout]   37:     0x558094d67ddb - <core::panic::unwind_safe::AssertUnwindSafe<F> as core::ops::function::FnOnce<()>>::call_once::h8fdff598fa414831
[INFO] [stdout]                                at /rustc/84c898d65adf2f39a5a98507f1fe0ce10a2b8dbc/library/core/src/panic/unwind_safe.rs:271:9
[INFO] [stdout]   38:     0x558094d67ddb - std::panicking::try::do_call::h455dd2f7764a950f
[INFO] [stdout]                                at /rustc/84c898d65adf2f39a5a98507f1fe0ce10a2b8dbc/library/std/src/panicking.rs:487:40
[INFO] [stdout]   39:     0x558094d67ddb - std::panicking::try::had6f23b7b73ae72a
[INFO] [stdout]                                at /rustc/84c898d65adf2f39a5a98507f1fe0ce10a2b8dbc/library/std/src/panicking.rs:451:19
[INFO] [stdout]   40:     0x558094d67ddb - std::panic::catch_unwind::ha6a5ca3915b4dad0
[INFO] [stdout]                                at /rustc/84c898d65adf2f39a5a98507f1fe0ce10a2b8dbc/library/std/src/panic.rs:140:14
[INFO] [stdout]   41:     0x558094d67ddb - std::thread::Builder::spawn_unchecked_::{{closure}}::h883b72ef75da6231
[INFO] [stdout]                                at /rustc/84c898d65adf2f39a5a98507f1fe0ce10a2b8dbc/library/std/src/thread/mod.rs:559:30
[INFO] [stdout]   42:     0x558094d67ddb - core::ops::function::FnOnce::call_once{{vtable.shim}}::hb7dff73dc8bd2ccb
[INFO] [stdout]                                at /rustc/84c898d65adf2f39a5a98507f1fe0ce10a2b8dbc/library/core/src/ops/function.rs:250:5
[INFO] [stdout]   43:     0x558094dcd6e3 - <alloc::boxed::Box<F,A> as core::ops::function::FnOnce<Args>>::call_once::h39990b24eedef2ab
[INFO] [stdout]                                at /rustc/84c898d65adf2f39a5a98507f1fe0ce10a2b8dbc/library/alloc/src/boxed.rs:1987:9
[INFO] [stdout]   44:     0x558094dcd6e3 - <alloc::boxed::Box<F,A> as core::ops::function::FnOnce<Args>>::call_once::h01a027258444143b
[INFO] [stdout]                                at /rustc/84c898d65adf2f39a5a98507f1fe0ce10a2b8dbc/library/alloc/src/boxed.rs:1987:9
[INFO] [stdout]   45:     0x558094dcd6e3 - std::sys::unix::thread::Thread::new::thread_start::ha4f1cdd9c25884ba
[INFO] [stdout]                                at /rustc/84c898d65adf2f39a5a98507f1fe0ce10a2b8dbc/library/std/src/sys/unix/thread.rs:108:17
[INFO] [stdout]   46:     0x7f31e88b7b43 - <unknown>
[INFO] [stdout]   47:     0x7f31e8948bb4 - __clone
[INFO] [stdout]   48:                0x0 - <unknown>
[INFO] [stdout] 
[INFO] [stdout] 
[INFO] [stdout] failures:
[INFO] [stdout]     test_warp
[INFO] [stdout] 
[INFO] [stdout] test result: FAILED. 1 passed; 1 failed; 0 ignored; 0 measured; 0 filtered out; finished in 0.02s
[INFO] [stdout] 
[INFO] [stderr] error: test failed, to rerun pass `--test test`
[INFO] running `Command { std: "docker" "inspect" "6d16ee398f0f744cd1860ef9bfd95092e4f8b8f341093a227031674d2a4d3106", kill_on_drop: false }`
[INFO] running `Command { std: "docker" "rm" "-f" "6d16ee398f0f744cd1860ef9bfd95092e4f8b8f341093a227031674d2a4d3106", kill_on_drop: false }`
[INFO] [stdout] 6d16ee398f0f744cd1860ef9bfd95092e4f8b8f341093a227031674d2a4d3106
