[INFO] cloning repository https://github.com/achimcc/crate-extractor
[INFO] running `Command { std: "git" "-c" "credential.helper=" "-c" "credential.helper=/workspace/cargo-home/bin/git-credential-null" "clone" "--bare" "https://github.com/achimcc/crate-extractor" "/workspace/cache/git-repos/https%3A%2F%2Fgithub.com%2Fachimcc%2Fcrate-extractor", kill_on_drop: false }`
[INFO] [stderr] Cloning into bare repository '/workspace/cache/git-repos/https%3A%2F%2Fgithub.com%2Fachimcc%2Fcrate-extractor'...
[INFO] running `Command { std: "git" "rev-parse" "HEAD", kill_on_drop: false }`
[INFO] [stdout] d5a2110821c544f1dd9ad8fb6658b471218d4b7e
[INFO] testing achimcc/crate-extractor against beta-2023-04-20 for beta-1.70-1
[INFO] running `Command { std: "git" "clone" "/workspace/cache/git-repos/https%3A%2F%2Fgithub.com%2Fachimcc%2Fcrate-extractor" "/workspace/builds/worker-0-tc2/source", kill_on_drop: false }`
[INFO] [stderr] Cloning into '/workspace/builds/worker-0-tc2/source'...
[INFO] [stderr] done.
[INFO] validating manifest of git repo https://github.com/achimcc/crate-extractor on toolchain beta-2023-04-20
[INFO] running `Command { std: CARGO_HOME="/workspace/cargo-home" RUSTUP_HOME="/workspace/rustup-home" "/workspace/cargo-home/bin/cargo" "+beta-2023-04-20" "metadata" "--manifest-path" "Cargo.toml" "--no-deps", kill_on_drop: false }`
[INFO] started tweaking git repo https://github.com/achimcc/crate-extractor
[INFO] finished tweaking git repo https://github.com/achimcc/crate-extractor
[INFO] tweaked toml for git repo https://github.com/achimcc/crate-extractor written to /workspace/builds/worker-0-tc2/source/Cargo.toml
[INFO] crate git repo https://github.com/achimcc/crate-extractor already has a lockfile, it will not be regenerated
[INFO] running `Command { std: CARGO_HOME="/workspace/cargo-home" RUSTUP_HOME="/workspace/rustup-home" "/workspace/cargo-home/bin/cargo" "+beta-2023-04-20" "fetch" "--manifest-path" "Cargo.toml", kill_on_drop: false }`
[INFO] [stderr]  Downloading crates ...
[INFO] [stderr]   Downloaded chalk-recursive v0.70.0
[INFO] [stderr]   Downloaded salsa-macros v0.17.0-pre.1
[INFO] [stderr]   Downloaded expect-test v1.1.0
[INFO] [stderr]   Downloaded pulldown-cmark-to-cmark v6.0.2
[INFO] [stderr]   Downloaded smol_str v0.1.18
[INFO] [stderr]   Downloaded chalk-derive v0.70.0
[INFO] [stderr]   Downloaded salsa v0.17.0-pre.1
[INFO] [stderr]   Downloaded chalk-ir v0.70.0
[INFO] [stderr]   Downloaded chalk-solve v0.70.0
[INFO] [stderr]   Downloaded ra_ap_toolchain v0.0.72
[INFO] [stderr]   Downloaded ra_ap_cfg v0.0.72
[INFO] [stderr]   Downloaded ra_ap_vfs v0.0.72
[INFO] [stderr]   Downloaded rowan v0.13.2
[INFO] [stderr]   Downloaded ra_ap_paths v0.0.72
[INFO] [stderr]   Downloaded ra_ap_la-arena v0.0.72
[INFO] [stderr]   Downloaded ra_ap_text_edit v0.0.72
[INFO] [stderr]   Downloaded ra_ap_profile v0.0.72
[INFO] [stderr]   Downloaded ra_ap_test_utils v0.0.72
[INFO] [stderr]   Downloaded ra_ap_vfs-notify v0.0.72
[INFO] [stderr]   Downloaded ra_ap_tt v0.0.72
[INFO] [stderr]   Downloaded ra_ap_base_db v0.0.72
[INFO] [stderr]   Downloaded ra_ap_limit v0.0.72
[INFO] [stderr]   Downloaded ra_ap_proc_macro_api v0.0.72
[INFO] [stderr]   Downloaded ra_ap_project_model v0.0.72
[INFO] [stderr]   Downloaded ra_ap_stdx v0.0.72
[INFO] [stderr]   Downloaded ra_ap_mbe v0.0.72
[INFO] [stderr]   Downloaded ra_ap_ide_diagnostics v0.0.72
[INFO] [stderr]   Downloaded ra_ap_hir v0.0.72
[INFO] [stderr]   Downloaded ra_ap_hir_expand v0.0.72
[INFO] [stderr]   Downloaded ra_ap_ide_ssr v0.0.72
[INFO] [stderr]   Downloaded ra_ap_parser v0.0.72
[INFO] [stderr]   Downloaded ra_ap_ide_completion v0.0.72
[INFO] [stderr]   Downloaded ra_ap_ide v0.0.72
[INFO] [stderr]   Downloaded ra_ap_hir_ty v0.0.72
[INFO] [stderr]   Downloaded ra_ap_syntax v0.0.72
[INFO] [stderr]   Downloaded ra_ap_ide_assists v0.0.72
[INFO] [stderr]   Downloaded ra_ap_hir_def v0.0.72
[INFO] [stderr]   Downloaded ra_ap_ide_db v0.0.72
[INFO] running `Command { std: "docker" "create" "-v" "/var/lib/crater-agent-workspace/builds/worker-0-tc2/target:/opt/rustwide/target:rw,Z" "-v" "/var/lib/crater-agent-workspace/builds/worker-0-tc2/source:/opt/rustwide/workdir:ro,Z" "-v" "/var/lib/crater-agent-workspace/cargo-home:/opt/rustwide/cargo-home:ro,Z" "-v" "/var/lib/crater-agent-workspace/rustup-home:/opt/rustwide/rustup-home:ro,Z" "-e" "SOURCE_DIR=/opt/rustwide/workdir" "-e" "CARGO_TARGET_DIR=/opt/rustwide/target" "-e" "CARGO_HOME=/opt/rustwide/cargo-home" "-e" "RUSTUP_HOME=/opt/rustwide/rustup-home" "-w" "/opt/rustwide/workdir" "-m" "1610612736" "--user" "0:0" "--network" "none" "ghcr.io/rust-lang/crates-build-env/linux@sha256:5ff2268d62e97bff2cde7d5815dd6ed5b47097566f13b8d0ca110b04b60e07ed" "/opt/rustwide/cargo-home/bin/cargo" "+beta-2023-04-20" "metadata" "--no-deps" "--format-version=1", kill_on_drop: false }`
[INFO] [stdout] e9a2b4a3eeb14b69c9ddb078c0616e1fc96772f7a18a6a8e849d68ec8eb386e4
[INFO] running `Command { std: "docker" "start" "-a" "e9a2b4a3eeb14b69c9ddb078c0616e1fc96772f7a18a6a8e849d68ec8eb386e4", kill_on_drop: false }`
[INFO] running `Command { std: "docker" "inspect" "e9a2b4a3eeb14b69c9ddb078c0616e1fc96772f7a18a6a8e849d68ec8eb386e4", kill_on_drop: false }`
[INFO] running `Command { std: "docker" "rm" "-f" "e9a2b4a3eeb14b69c9ddb078c0616e1fc96772f7a18a6a8e849d68ec8eb386e4", kill_on_drop: false }`
[INFO] [stdout] e9a2b4a3eeb14b69c9ddb078c0616e1fc96772f7a18a6a8e849d68ec8eb386e4
[INFO] running `Command { std: "docker" "create" "-v" "/var/lib/crater-agent-workspace/builds/worker-0-tc2/target:/opt/rustwide/target:rw,Z" "-v" "/var/lib/crater-agent-workspace/builds/worker-0-tc2/source:/opt/rustwide/workdir:ro,Z" "-v" "/var/lib/crater-agent-workspace/cargo-home:/opt/rustwide/cargo-home:ro,Z" "-v" "/var/lib/crater-agent-workspace/rustup-home:/opt/rustwide/rustup-home:ro,Z" "-e" "SOURCE_DIR=/opt/rustwide/workdir" "-e" "CARGO_TARGET_DIR=/opt/rustwide/target" "-e" "CARGO_INCREMENTAL=0" "-e" "RUST_BACKTRACE=full" "-e" "RUSTFLAGS=--cap-lints=warn" "-e" "RUSTDOCFLAGS=--cap-lints=warn" "-e" "CARGO_HOME=/opt/rustwide/cargo-home" "-e" "RUSTUP_HOME=/opt/rustwide/rustup-home" "-w" "/opt/rustwide/workdir" "-m" "1610612736" "--user" "0:0" "--network" "none" "ghcr.io/rust-lang/crates-build-env/linux@sha256:5ff2268d62e97bff2cde7d5815dd6ed5b47097566f13b8d0ca110b04b60e07ed" "/opt/rustwide/cargo-home/bin/cargo" "+beta-2023-04-20" "build" "--frozen" "--message-format=json", kill_on_drop: false }`
[INFO] [stdout] c9fd0e6d0b52b6cb9a17ac33d1161ee2900e9bb10da08c7d901a979233d1f399
[INFO] running `Command { std: "docker" "start" "-a" "c9fd0e6d0b52b6cb9a17ac33d1161ee2900e9bb10da08c7d901a979233d1f399", kill_on_drop: false }`
[INFO] [stderr]    Compiling libc v0.2.99
[INFO] [stderr]    Compiling unicode-xid v0.2.2
[INFO] [stderr]    Compiling proc-macro2 v1.0.29
[INFO] [stderr]    Compiling syn v1.0.75
[INFO] [stderr]    Compiling log v0.4.14
[INFO] [stderr]    Compiling hashbrown v0.11.2
[INFO] [stderr]    Compiling indexmap v1.7.0
[INFO] [stderr]    Compiling rustc-hash v1.1.0
[INFO] [stderr]    Compiling once_cell v1.8.0
[INFO] [stderr]    Compiling either v1.6.1
[INFO] [stderr]    Compiling text-size v1.1.0
[INFO] [stderr]    Compiling smol_str v0.1.18
[INFO] [stderr]    Compiling always-assert v0.1.2
[INFO] [stderr]    Compiling ra_ap_la-arena v0.0.72
[INFO] [stderr]    Compiling itertools v0.10.1
[INFO] [stderr]    Compiling tracing-core v0.1.19
[INFO] [stderr]    Compiling fst v0.4.7
[INFO] [stderr]    Compiling pin-project-lite v0.2.7
[INFO] [stderr]    Compiling parking_lot_core v0.8.5
[INFO] [stderr]    Compiling bitflags v1.3.2
[INFO] [stderr]    Compiling smallvec v1.6.1
[INFO] [stderr]    Compiling quote v1.0.9
[INFO] [stderr]    Compiling instant v0.1.10
[INFO] [stderr]    Compiling dissimilar v1.0.2
[INFO] [stderr]    Compiling num_cpus v1.13.0
[INFO] [stderr]    Compiling ra_ap_stdx v0.0.72
[INFO] [stderr]    Compiling perf-event-open-sys v1.0.1
[INFO] [stderr]    Compiling drop_bomb v0.1.5
[INFO] [stderr]    Compiling dashmap v4.0.2
[INFO] [stderr]    Compiling perf-event v0.4.7
[INFO] [stderr]    Compiling ra_ap_tt v0.0.72
[INFO] [stderr]    Compiling countme v2.0.4
[INFO] [stderr]    Compiling unicode-segmentation v1.8.0
[INFO] [stderr]    Compiling ra_ap_paths v0.0.72
[INFO] [stderr]    Compiling ra_ap_parser v0.0.72
[INFO] [stderr]    Compiling ra_ap_profile v0.0.72
[INFO] [stderr]    Compiling rowan v0.13.2
[INFO] [stderr]    Compiling heck v0.3.3
[INFO] [stderr]    Compiling ra_ap_text_edit v0.0.72
[INFO] [stderr]    Compiling lock_api v0.4.5
[INFO] [stderr]    Compiling rustc-ap-rustc_lexer v725.0.0
[INFO] [stderr]    Compiling cov-mark v2.0.0-pre.1
[INFO] [stderr]    Compiling arrayvec v0.7.1
[INFO] [stderr]    Compiling parking_lot v0.11.2
[INFO] [stderr]    Compiling ra_ap_test_utils v0.0.72
[INFO] [stderr]    Compiling ra_ap_cfg v0.0.72
[INFO] [stderr]    Compiling ra_ap_vfs v0.0.72
[INFO] [stderr]    Compiling ra_ap_syntax v0.0.72
[INFO] [stderr]    Compiling expect-test v1.1.0
[INFO] [stderr]    Compiling serde_derive v1.0.130
[INFO] [stderr]    Compiling fixedbitset v0.2.0
[INFO] [stderr]    Compiling petgraph v0.5.1
[INFO] [stderr]    Compiling ena v0.14.0
[INFO] [stderr]    Compiling ra_ap_limit v0.0.72
[INFO] [stderr]    Compiling serde v1.0.130
[INFO] [stderr]    Compiling anymap v0.12.1
[INFO] [stderr]    Compiling crossbeam-deque v0.8.1
[INFO] [stderr]    Compiling scoped-tls v1.0.0
[INFO] [stderr]    Compiling memchr v2.4.1
[INFO] [stderr]    Compiling unicase v2.6.0
[INFO] [stderr]    Compiling tinyvec_macros v0.1.0
[INFO] [stderr]    Compiling serde_json v1.0.67
[INFO] [stderr]    Compiling rayon-core v1.9.1
[INFO] [stderr]    Compiling tinyvec v1.3.1
[INFO] [stderr]    Compiling semver v1.0.4
[INFO] [stderr]    Compiling pulldown-cmark v0.8.0
[INFO] [stderr]    Compiling rayon v1.5.1
[INFO] [stderr]    Compiling camino v1.0.5
[INFO] [stderr]    Compiling synstructure v0.12.5
[INFO] [stderr]    Compiling matches v0.1.9
[INFO] [stderr]    Compiling itoa v0.4.8
[INFO] [stderr]    Compiling unicode-normalization v0.1.19
[INFO] [stderr]    Compiling inotify-sys v0.1.5
[INFO] [stderr]    Compiling percent-encoding v2.1.0
[INFO] [stderr]    Compiling unicode-bidi v0.3.6
[INFO] [stderr]    Compiling anyhow v1.0.43
[INFO] [stderr]    Compiling snap v1.0.5
[INFO] [stderr]    Compiling form_urlencoded v1.0.1
[INFO] [stderr]    Compiling idna v0.2.3
[INFO] [stderr]    Compiling inotify v0.9.3
[INFO] [stderr]    Compiling mio v0.7.13
[INFO] [stderr]    Compiling filetime v0.2.15
[INFO] [stderr]    Compiling home v0.5.3
[INFO] [stderr]    Compiling jod-thread v0.1.2
[INFO] [stderr]    Compiling ra_ap_toolchain v0.0.72
[INFO] [stderr]    Compiling notify v5.0.0-pre.12
[INFO] [stderr]    Compiling url v2.2.2
[INFO] [stderr]    Compiling pulldown-cmark-to-cmark v6.0.2
[INFO] [stderr]    Compiling object v0.26.2
[INFO] [stderr]    Compiling atty v0.2.14
[INFO] [stderr]    Compiling memmap2 v0.3.1
[INFO] [stderr]    Compiling dot v0.1.4
[INFO] [stderr]    Compiling vec_map v0.8.2
[INFO] [stderr]    Compiling strsim v0.8.0
[INFO] [stderr]    Compiling ansi_term v0.11.0
[INFO] [stderr]    Compiling tracing-attributes v0.1.15
[INFO] [stderr]    Compiling salsa-macros v0.17.0-pre.1
[INFO] [stderr]    Compiling chalk-derive v0.70.0
[INFO] [stderr]    Compiling clap v2.33.3
[INFO] [stderr]    Compiling chalk-ir v0.70.0
[INFO] [stderr]    Compiling tracing v0.1.26
[INFO] [stderr]    Compiling salsa v0.17.0-pre.1
[INFO] [stderr]    Compiling ra_ap_mbe v0.0.72
[INFO] [stderr]    Compiling ra_ap_vfs-notify v0.0.72
[INFO] [stderr]    Compiling ra_ap_base_db v0.0.72
[INFO] [stderr]    Compiling ra_ap_hir_expand v0.0.72
[INFO] [stderr]    Compiling chalk-solve v0.70.0
[INFO] [stderr]    Compiling ra_ap_hir_def v0.0.72
[INFO] [stderr]    Compiling chalk-recursive v0.70.0
[INFO] [stderr]    Compiling cargo-platform v0.1.2
[INFO] [stderr]    Compiling change_json v0.1.0 (/opt/rustwide/workdir/crates/change_json)
[INFO] [stderr]    Compiling cargo_metadata v0.14.0
[INFO] [stderr]    Compiling ra_ap_proc_macro_api v0.0.72
[INFO] [stderr]    Compiling ra_ap_hir_ty v0.0.72
[INFO] [stderr]    Compiling ra_ap_project_model v0.0.72
[INFO] [stderr]    Compiling ra_ap_hir v0.0.72
[INFO] [stderr]    Compiling ra_ap_ide_db v0.0.72
[INFO] [stderr]    Compiling ra_ap_ide_completion v0.0.72
[INFO] [stderr]    Compiling ra_ap_ide_ssr v0.0.72
[INFO] [stderr]    Compiling ra_ap_ide_diagnostics v0.0.72
[INFO] [stderr]    Compiling ra_ap_ide_assists v0.0.72
[INFO] [stderr]    Compiling ra_ap_ide v0.0.72
[INFO] [stderr]    Compiling crate_extractor v0.1.0 (/opt/rustwide/workdir/crates/crate_extractor)
[INFO] [stderr]     Finished dev [unoptimized + debuginfo] target(s) in 2m 12s
[INFO] running `Command { std: "docker" "inspect" "c9fd0e6d0b52b6cb9a17ac33d1161ee2900e9bb10da08c7d901a979233d1f399", kill_on_drop: false }`
[INFO] running `Command { std: "docker" "rm" "-f" "c9fd0e6d0b52b6cb9a17ac33d1161ee2900e9bb10da08c7d901a979233d1f399", kill_on_drop: false }`
[INFO] [stdout] c9fd0e6d0b52b6cb9a17ac33d1161ee2900e9bb10da08c7d901a979233d1f399
[INFO] running `Command { std: "docker" "create" "-v" "/var/lib/crater-agent-workspace/builds/worker-0-tc2/target:/opt/rustwide/target:rw,Z" "-v" "/var/lib/crater-agent-workspace/builds/worker-0-tc2/source:/opt/rustwide/workdir:ro,Z" "-v" "/var/lib/crater-agent-workspace/cargo-home:/opt/rustwide/cargo-home:ro,Z" "-v" "/var/lib/crater-agent-workspace/rustup-home:/opt/rustwide/rustup-home:ro,Z" "-e" "SOURCE_DIR=/opt/rustwide/workdir" "-e" "CARGO_TARGET_DIR=/opt/rustwide/target" "-e" "CARGO_INCREMENTAL=0" "-e" "RUST_BACKTRACE=full" "-e" "RUSTFLAGS=--cap-lints=warn" "-e" "RUSTDOCFLAGS=--cap-lints=warn" "-e" "CARGO_HOME=/opt/rustwide/cargo-home" "-e" "RUSTUP_HOME=/opt/rustwide/rustup-home" "-w" "/opt/rustwide/workdir" "-m" "1610612736" "--user" "0:0" "--network" "none" "ghcr.io/rust-lang/crates-build-env/linux@sha256:5ff2268d62e97bff2cde7d5815dd6ed5b47097566f13b8d0ca110b04b60e07ed" "/opt/rustwide/cargo-home/bin/cargo" "+beta-2023-04-20" "test" "--frozen" "--no-run" "--message-format=json", kill_on_drop: false }`
[INFO] [stdout] b8561e0126a8f7e3ea3ef479aa445cdb635841f9ff459734798dd30d5dbfd4be
[INFO] running `Command { std: "docker" "start" "-a" "b8561e0126a8f7e3ea3ef479aa445cdb635841f9ff459734798dd30d5dbfd4be", kill_on_drop: false }`
[INFO] [stderr]    Compiling crate_extractor v0.1.0 (/opt/rustwide/workdir/crates/crate_extractor)
[INFO] [stderr]     Finished test [unoptimized + debuginfo] target(s) in 9.44s
[INFO] running `Command { std: "docker" "inspect" "b8561e0126a8f7e3ea3ef479aa445cdb635841f9ff459734798dd30d5dbfd4be", kill_on_drop: false }`
[INFO] running `Command { std: "docker" "rm" "-f" "b8561e0126a8f7e3ea3ef479aa445cdb635841f9ff459734798dd30d5dbfd4be", kill_on_drop: false }`
[INFO] [stdout] b8561e0126a8f7e3ea3ef479aa445cdb635841f9ff459734798dd30d5dbfd4be
[INFO] running `Command { std: "docker" "create" "-v" "/var/lib/crater-agent-workspace/builds/worker-0-tc2/target:/opt/rustwide/target:rw,Z" "-v" "/var/lib/crater-agent-workspace/builds/worker-0-tc2/source:/opt/rustwide/workdir:ro,Z" "-v" "/var/lib/crater-agent-workspace/cargo-home:/opt/rustwide/cargo-home:ro,Z" "-v" "/var/lib/crater-agent-workspace/rustup-home:/opt/rustwide/rustup-home:ro,Z" "-e" "SOURCE_DIR=/opt/rustwide/workdir" "-e" "CARGO_TARGET_DIR=/opt/rustwide/target" "-e" "CARGO_INCREMENTAL=0" "-e" "RUST_BACKTRACE=full" "-e" "RUSTFLAGS=--cap-lints=warn" "-e" "RUSTDOCFLAGS=--cap-lints=warn" "-e" "CARGO_HOME=/opt/rustwide/cargo-home" "-e" "RUSTUP_HOME=/opt/rustwide/rustup-home" "-w" "/opt/rustwide/workdir" "-m" "1610612736" "--user" "0:0" "--network" "none" "ghcr.io/rust-lang/crates-build-env/linux@sha256:5ff2268d62e97bff2cde7d5815dd6ed5b47097566f13b8d0ca110b04b60e07ed" "/opt/rustwide/cargo-home/bin/cargo" "+beta-2023-04-20" "test" "--frozen", kill_on_drop: false }`
[INFO] [stdout] e41f222f8c99072c007e3ff6ee997a4a3a5faa9cf2c123a67c5f084ba49c8060
[INFO] running `Command { std: "docker" "start" "-a" "e41f222f8c99072c007e3ff6ee997a4a3a5faa9cf2c123a67c5f084ba49c8060", kill_on_drop: false }`
[INFO] [stderr]     Finished test [unoptimized + debuginfo] target(s) in 0.11s
[INFO] [stderr]      Running unittests src/main.rs (/opt/rustwide/target/debug/deps/crate_extractor-7a8d7b939fbd7584)
[INFO] [stdout] 
[INFO] [stdout] running 1 test
[INFO] [stdout] test tests::test_parsing_change_json ... FAILED
[INFO] [stdout] 
[INFO] [stdout] failures:
[INFO] [stdout] 
[INFO] [stdout] ---- tests::test_parsing_change_json stdout ----
[INFO] [stdout] thread 'tests::test_parsing_change_json' panicked at 'called `Result::unwrap()` on an `Err` value: Failed to find sysroot for Cargo.toml file /opt/rustwide/workdir/Cargo.toml. Is rust-src installed?
[INFO] [stdout] 
[INFO] [stdout] Caused by:
[INFO] [stdout]     can't load standard library from sysroot
[INFO] [stdout]     /opt/rustwide/rustup-home/toolchains/beta-2023-04-20-x86_64-unknown-linux-gnu
[INFO] [stdout]     (discovered via `rustc --print sysroot`)
[INFO] [stdout]     try installing the Rust source the same way you installed rustc', crates/crate_extractor/src/main.rs:88:81
[INFO] [stdout] stack backtrace:
[INFO] [stdout]    0:     0x56284a09541a - std::backtrace_rs::backtrace::libunwind::trace::h2f05d0192276a8f6
[INFO] [stdout]                                at /rustc/1b7dd2252b99671ce5d1cb9664c5f8636329436d/library/std/src/../../backtrace/src/backtrace/libunwind.rs:93:5
[INFO] [stdout]    1:     0x56284a09541a - std::backtrace_rs::backtrace::trace_unsynchronized::hedc23dff7a1af150
[INFO] [stdout]                                at /rustc/1b7dd2252b99671ce5d1cb9664c5f8636329436d/library/std/src/../../backtrace/src/backtrace/mod.rs:66:5
[INFO] [stdout]    2:     0x56284a09541a - std::sys_common::backtrace::_print_fmt::h17541ef7592f3ce2
[INFO] [stdout]                                at /rustc/1b7dd2252b99671ce5d1cb9664c5f8636329436d/library/std/src/sys_common/backtrace.rs:65:5
[INFO] [stdout]    3:     0x56284a09541a - <std::sys_common::backtrace::_print::DisplayBacktrace as core::fmt::Display>::fmt::h20f75df5ab0c0792
[INFO] [stdout]                                at /rustc/1b7dd2252b99671ce5d1cb9664c5f8636329436d/library/std/src/sys_common/backtrace.rs:44:22
[INFO] [stdout]    4:     0x56284a0bb70f - core::fmt::write::h78109e6f466b3af6
[INFO] [stdout]                                at /rustc/1b7dd2252b99671ce5d1cb9664c5f8636329436d/library/core/src/fmt/mod.rs:1254:17
[INFO] [stdout]    5:     0x56284a091c55 - std::io::Write::write_fmt::hd24bfb68a1b35a25
[INFO] [stdout]                                at /rustc/1b7dd2252b99671ce5d1cb9664c5f8636329436d/library/std/src/io/mod.rs:1698:15
[INFO] [stdout]    6:     0x56284a0951e5 - std::sys_common::backtrace::_print::h8dac57a9f8fbf9a5
[INFO] [stdout]                                at /rustc/1b7dd2252b99671ce5d1cb9664c5f8636329436d/library/std/src/sys_common/backtrace.rs:47:5
[INFO] [stdout]    7:     0x56284a0951e5 - std::sys_common::backtrace::print::hf9ecbf41d1aa712f
[INFO] [stdout]                                at /rustc/1b7dd2252b99671ce5d1cb9664c5f8636329436d/library/std/src/sys_common/backtrace.rs:34:9
[INFO] [stdout]    8:     0x56284a096f1e - std::panicking::default_hook::{{closure}}::h04c07acfc84ca028
[INFO] [stdout]                                at /rustc/1b7dd2252b99671ce5d1cb9664c5f8636329436d/library/std/src/panicking.rs:269:22
[INFO] [stdout]    9:     0x56284a096c51 - std::panicking::default_hook::h01f6bb23e1eceb2c
[INFO] [stdout]                                at /rustc/1b7dd2252b99671ce5d1cb9664c5f8636329436d/library/std/src/panicking.rs:285:9
[INFO] [stdout]   10:     0x562849d728cb - <alloc::boxed::Box<F,A> as core::ops::function::Fn<Args>>::call::h87fe9f7b2fd49e4c
[INFO] [stdout]                                at /rustc/1b7dd2252b99671ce5d1cb9664c5f8636329436d/library/alloc/src/boxed.rs:1987:9
[INFO] [stdout]   11:     0x562849d728cb - test::test_main::{{closure}}::he94d679243a7531b
[INFO] [stdout]                                at /rustc/1b7dd2252b99671ce5d1cb9664c5f8636329436d/library/test/src/lib.rs:134:21
[INFO] [stdout]   12:     0x56284a097604 - <alloc::boxed::Box<F,A> as core::ops::function::Fn<Args>>::call::h3f2d6d8b14c4769f
[INFO] [stdout]                                at /rustc/1b7dd2252b99671ce5d1cb9664c5f8636329436d/library/alloc/src/boxed.rs:1987:9
[INFO] [stdout]   13:     0x56284a097604 - std::panicking::rust_panic_with_hook::h2bb3722bbaf2f6df
[INFO] [stdout]                                at /rustc/1b7dd2252b99671ce5d1cb9664c5f8636329436d/library/std/src/panicking.rs:695:13
[INFO] [stdout]   14:     0x56284a097379 - std::panicking::begin_panic_handler::{{closure}}::h91bc7f36a4be011b
[INFO] [stdout]                                at /rustc/1b7dd2252b99671ce5d1cb9664c5f8636329436d/library/std/src/panicking.rs:582:13
[INFO] [stdout]   15:     0x56284a095886 - std::sys_common::backtrace::__rust_end_short_backtrace::h8b3d3717114f9e59
[INFO] [stdout]                                at /rustc/1b7dd2252b99671ce5d1cb9664c5f8636329436d/library/std/src/sys_common/backtrace.rs:150:18
[INFO] [stdout]   16:     0x56284a0970d2 - rust_begin_unwind
[INFO] [stdout]                                at /rustc/1b7dd2252b99671ce5d1cb9664c5f8636329436d/library/std/src/panicking.rs:578:5
[INFO] [stdout]   17:     0x562849c6a233 - core::panicking::panic_fmt::hfd368e3fbdabea26
[INFO] [stdout]                                at /rustc/1b7dd2252b99671ce5d1cb9664c5f8636329436d/library/core/src/panicking.rs:67:14
[INFO] [stdout]   18:     0x562849c6a7d3 - core::result::unwrap_failed::he54eb4b2f125b26f
[INFO] [stdout]                                at /rustc/1b7dd2252b99671ce5d1cb9664c5f8636329436d/library/core/src/result.rs:1687:5
[INFO] [stdout]   19:     0x562849caac00 - core::result::Result<T,E>::unwrap::h494433601d4afc13
[INFO] [stdout]                                at /rustc/1b7dd2252b99671ce5d1cb9664c5f8636329436d/library/core/src/result.rs:1089:23
[INFO] [stdout]   20:     0x562849c954e8 - crate_extractor::tests::test_parsing_change_json::h1eae4bef4b479b5f
[INFO] [stdout]                                at /opt/rustwide/workdir/crates/crate_extractor/src/main.rs:88:13
[INFO] [stdout]   21:     0x562849c953a7 - crate_extractor::tests::test_parsing_change_json::{{closure}}::hbae47d07f4e1a6cf
[INFO] [stdout]                                at /opt/rustwide/workdir/crates/crate_extractor/src/main.rs:75:35
[INFO] [stdout]   22:     0x562849c81ae5 - core::ops::function::FnOnce::call_once::ha9eaffd9a4088ac9
[INFO] [stdout]                                at /rustc/1b7dd2252b99671ce5d1cb9664c5f8636329436d/library/core/src/ops/function.rs:250:5
[INFO] [stdout]   23:     0x562849d7779f - core::ops::function::FnOnce::call_once::ha6a70e79f7481a7e
[INFO] [stdout]                                at /rustc/1b7dd2252b99671ce5d1cb9664c5f8636329436d/library/core/src/ops/function.rs:250:5
[INFO] [stdout]   24:     0x562849d7779f - test::__rust_begin_short_backtrace::hce33033019b61e69
[INFO] [stdout]                                at /rustc/1b7dd2252b99671ce5d1cb9664c5f8636329436d/library/test/src/lib.rs:655:18
[INFO] [stdout]   25:     0x562849d44f8c - test::run_test::{{closure}}::h858d3528838ae3e5
[INFO] [stdout]                                at /rustc/1b7dd2252b99671ce5d1cb9664c5f8636329436d/library/test/src/lib.rs:646:30
[INFO] [stdout]   26:     0x562849d44f8c - core::ops::function::FnOnce::call_once{{vtable.shim}}::he8ac2b00f01ae79e
[INFO] [stdout]                                at /rustc/1b7dd2252b99671ce5d1cb9664c5f8636329436d/library/core/src/ops/function.rs:250:5
[INFO] [stdout]   27:     0x562849d76876 - <alloc::boxed::Box<F,A> as core::ops::function::FnOnce<Args>>::call_once::h8093d25b522725ef
[INFO] [stdout]                                at /rustc/1b7dd2252b99671ce5d1cb9664c5f8636329436d/library/alloc/src/boxed.rs:1973:9
[INFO] [stdout]   28:     0x562849d76876 - <core::panic::unwind_safe::AssertUnwindSafe<F> as core::ops::function::FnOnce<()>>::call_once::h5c334c204e4a3913
[INFO] [stdout]                                at /rustc/1b7dd2252b99671ce5d1cb9664c5f8636329436d/library/core/src/panic/unwind_safe.rs:271:9
[INFO] [stdout]   29:     0x562849d76876 - std::panicking::try::do_call::ha8b740c7b9478074
[INFO] [stdout]                                at /rustc/1b7dd2252b99671ce5d1cb9664c5f8636329436d/library/std/src/panicking.rs:485:40
[INFO] [stdout]   30:     0x562849d76876 - std::panicking::try::h5d34f63d0e41b64e
[INFO] [stdout]                                at /rustc/1b7dd2252b99671ce5d1cb9664c5f8636329436d/library/std/src/panicking.rs:449:19
[INFO] [stdout]   31:     0x562849d76876 - std::panic::catch_unwind::hcfbb511e1aa7fc67
[INFO] [stdout]                                at /rustc/1b7dd2252b99671ce5d1cb9664c5f8636329436d/library/std/src/panic.rs:140:14
[INFO] [stdout]   32:     0x562849d76876 - test::run_test_in_process::h9abda90f802eaf21
[INFO] [stdout]                                at /rustc/1b7dd2252b99671ce5d1cb9664c5f8636329436d/library/test/src/lib.rs:678:27
[INFO] [stdout]   33:     0x562849d76876 - test::run_test::run_test_inner::{{closure}}::h0f058de91f6c6edf
[INFO] [stdout]                                at /rustc/1b7dd2252b99671ce5d1cb9664c5f8636329436d/library/test/src/lib.rs:572:39
[INFO] [stdout]   34:     0x562849d3f795 - test::run_test::run_test_inner::{{closure}}::h5ca48a4c59c6c1fb
[INFO] [stdout]                                at /rustc/1b7dd2252b99671ce5d1cb9664c5f8636329436d/library/test/src/lib.rs:599:37
[INFO] [stdout]   35:     0x562849d3f795 - std::sys_common::backtrace::__rust_begin_short_backtrace::h32bd51e1495d4a33
[INFO] [stdout]                                at /rustc/1b7dd2252b99671ce5d1cb9664c5f8636329436d/library/std/src/sys_common/backtrace.rs:134:18
[INFO] [stdout]   36:     0x562849d44cd1 - std::thread::Builder::spawn_unchecked_::{{closure}}::{{closure}}::hc086fae9b128b2db
[INFO] [stdout]                                at /rustc/1b7dd2252b99671ce5d1cb9664c5f8636329436d/library/std/src/thread/mod.rs:526:17
[INFO] [stdout]   37:     0x562849d44cd1 - <core::panic::unwind_safe::AssertUnwindSafe<F> as core::ops::function::FnOnce<()>>::call_once::hb66571888d270d43
[INFO] [stdout]                                at /rustc/1b7dd2252b99671ce5d1cb9664c5f8636329436d/library/core/src/panic/unwind_safe.rs:271:9
[INFO] [stdout]   38:     0x562849d44cd1 - std::panicking::try::do_call::h4fa2ef4f6e51fecf
[INFO] [stdout]                                at /rustc/1b7dd2252b99671ce5d1cb9664c5f8636329436d/library/std/src/panicking.rs:485:40
[INFO] [stdout]   39:     0x562849d44cd1 - std::panicking::try::h1e9e22b8584489b5
[INFO] [stdout]                                at /rustc/1b7dd2252b99671ce5d1cb9664c5f8636329436d/library/std/src/panicking.rs:449:19
[INFO] [stdout]   40:     0x562849d44cd1 - std::panic::catch_unwind::h44698a3de0e0769e
[INFO] [stdout]                                at /rustc/1b7dd2252b99671ce5d1cb9664c5f8636329436d/library/std/src/panic.rs:140:14
[INFO] [stdout]   41:     0x562849d44cd1 - std::thread::Builder::spawn_unchecked_::{{closure}}::h50153abde3fe239e
[INFO] [stdout]                                at /rustc/1b7dd2252b99671ce5d1cb9664c5f8636329436d/library/std/src/thread/mod.rs:525:30
[INFO] [stdout]   42:     0x562849d44cd1 - core::ops::function::FnOnce::call_once{{vtable.shim}}::hbe5bbf6f38394364
[INFO] [stdout]                                at /rustc/1b7dd2252b99671ce5d1cb9664c5f8636329436d/library/core/src/ops/function.rs:250:5
[INFO] [stdout]   43:     0x56284a09ca05 - <alloc::boxed::Box<F,A> as core::ops::function::FnOnce<Args>>::call_once::h0d83cb2920a49046
[INFO] [stdout]                                at /rustc/1b7dd2252b99671ce5d1cb9664c5f8636329436d/library/alloc/src/boxed.rs:1973:9
[INFO] [stdout]   44:     0x56284a09ca05 - <alloc::boxed::Box<F,A> as core::ops::function::FnOnce<Args>>::call_once::hbe0a008aa7d9ef59
[INFO] [stdout]                                at /rustc/1b7dd2252b99671ce5d1cb9664c5f8636329436d/library/alloc/src/boxed.rs:1973:9
[INFO] [stdout]   45:     0x56284a09ca05 - std::sys::unix::thread::Thread::new::thread_start::h3a466996bdf6b1f9
[INFO] [stdout]                                at /rustc/1b7dd2252b99671ce5d1cb9664c5f8636329436d/library/std/src/sys/unix/thread.rs:108:17
[INFO] [stdout]   46:     0x7f697b7b0b43 - <unknown>
[INFO] [stdout]   47:     0x7f697b841bb4 - __clone
[INFO] [stdout]   48:                0x0 - <unknown>
[INFO] [stdout] 
[INFO] [stdout] 
[INFO] [stdout] failures:
[INFO] [stdout]     tests::test_parsing_change_json
[INFO] [stdout] 
[INFO] [stdout] test result: FAILED. 0 passed; 1 failed; 0 ignored; 0 measured; 0 filtered out; finished in 0.63s
[INFO] [stdout] 
[INFO] [stderr] error: test failed, to rerun pass `--bin crate_extractor`
[INFO] running `Command { std: "docker" "inspect" "e41f222f8c99072c007e3ff6ee997a4a3a5faa9cf2c123a67c5f084ba49c8060", kill_on_drop: false }`
[INFO] running `Command { std: "docker" "rm" "-f" "e41f222f8c99072c007e3ff6ee997a4a3a5faa9cf2c123a67c5f084ba49c8060", kill_on_drop: false }`
[INFO] [stdout] e41f222f8c99072c007e3ff6ee997a4a3a5faa9cf2c123a67c5f084ba49c8060
