[INFO] cloning repository https://github.com/achankf/space6
[INFO] running `Command { std: "git" "-c" "credential.helper=" "-c" "credential.helper=/workspace/cargo-home/bin/git-credential-null" "clone" "--bare" "https://github.com/achankf/space6" "/workspace/cache/git-repos/https%3A%2F%2Fgithub.com%2Fachankf%2Fspace6", kill_on_drop: false }`
[INFO] [stderr] Cloning into bare repository '/workspace/cache/git-repos/https%3A%2F%2Fgithub.com%2Fachankf%2Fspace6'...
[INFO] running `Command { std: "git" "rev-parse" "HEAD", kill_on_drop: false }`
[INFO] [stdout] a058ef1f96d351854cbddb31f044e6ce5bed4a68
[INFO] testing achankf/space6 against beta-2023-04-20 for beta-1.70-1
[INFO] running `Command { std: "git" "clone" "/workspace/cache/git-repos/https%3A%2F%2Fgithub.com%2Fachankf%2Fspace6" "/workspace/builds/worker-1-tc2/source", kill_on_drop: false }`
[INFO] [stderr] Cloning into '/workspace/builds/worker-1-tc2/source'...
[INFO] [stderr] done.
[INFO] validating manifest of git repo https://github.com/achankf/space6 on toolchain beta-2023-04-20
[INFO] running `Command { std: CARGO_HOME="/workspace/cargo-home" RUSTUP_HOME="/workspace/rustup-home" "/workspace/cargo-home/bin/cargo" "+beta-2023-04-20" "metadata" "--manifest-path" "Cargo.toml" "--no-deps", kill_on_drop: false }`
[INFO] started tweaking git repo https://github.com/achankf/space6
[INFO] finished tweaking git repo https://github.com/achankf/space6
[INFO] tweaked toml for git repo https://github.com/achankf/space6 written to /workspace/builds/worker-1-tc2/source/Cargo.toml
[INFO] crate git repo https://github.com/achankf/space6 already has a lockfile, it will not be regenerated
[INFO] running `Command { std: CARGO_HOME="/workspace/cargo-home" RUSTUP_HOME="/workspace/rustup-home" "/workspace/cargo-home/bin/cargo" "+beta-2023-04-20" "fetch" "--manifest-path" "Cargo.toml", kill_on_drop: false }`
[INFO] [stderr]     Updating crates.io index
[INFO] [stderr]  Downloading crates ...
[INFO] [stderr]   Downloaded gloo-storage v0.2.0
[INFO] [stderr]   Downloaded gloo-render v0.1.0
[INFO] [stderr]   Downloaded rstar v0.9.2
[INFO] [stderr]   Downloaded heapless v0.6.1
[INFO] [stderr]   Downloaded gloo-dialogs v0.1.0
[INFO] [stderr]   Downloaded gloo-file v0.2.0
[INFO] [stderr]   Downloaded gloo-utils v0.1.2
[INFO] [stderr]   Downloaded simba v0.4.0
[INFO] [stderr]   Downloaded poisson-diskus v1.0.0
[INFO] [stderr]   Downloaded delaunator v1.0.1
[INFO] [stderr]   Downloaded nalgebra v0.25.4
[INFO] [stderr]   Downloaded voronoice v0.1.1
[INFO] running `Command { std: "docker" "create" "-v" "/var/lib/crater-agent-workspace/builds/worker-1-tc2/target:/opt/rustwide/target:rw,Z" "-v" "/var/lib/crater-agent-workspace/builds/worker-1-tc2/source:/opt/rustwide/workdir:ro,Z" "-v" "/var/lib/crater-agent-workspace/cargo-home:/opt/rustwide/cargo-home:ro,Z" "-v" "/var/lib/crater-agent-workspace/rustup-home:/opt/rustwide/rustup-home:ro,Z" "-e" "SOURCE_DIR=/opt/rustwide/workdir" "-e" "CARGO_TARGET_DIR=/opt/rustwide/target" "-e" "CARGO_HOME=/opt/rustwide/cargo-home" "-e" "RUSTUP_HOME=/opt/rustwide/rustup-home" "-w" "/opt/rustwide/workdir" "-m" "1610612736" "--user" "0:0" "--network" "none" "ghcr.io/rust-lang/crates-build-env/linux@sha256:5ff2268d62e97bff2cde7d5815dd6ed5b47097566f13b8d0ca110b04b60e07ed" "/opt/rustwide/cargo-home/bin/cargo" "+beta-2023-04-20" "metadata" "--no-deps" "--format-version=1", kill_on_drop: false }`
[INFO] [stdout] 30ea27940a238ac7d1bbc19e9a06fd620a660f0cf72daa2284ebf0e00da907b0
[INFO] running `Command { std: "docker" "start" "-a" "30ea27940a238ac7d1bbc19e9a06fd620a660f0cf72daa2284ebf0e00da907b0", kill_on_drop: false }`
[INFO] running `Command { std: "docker" "inspect" "30ea27940a238ac7d1bbc19e9a06fd620a660f0cf72daa2284ebf0e00da907b0", kill_on_drop: false }`
[INFO] running `Command { std: "docker" "rm" "-f" "30ea27940a238ac7d1bbc19e9a06fd620a660f0cf72daa2284ebf0e00da907b0", kill_on_drop: false }`
[INFO] [stdout] 30ea27940a238ac7d1bbc19e9a06fd620a660f0cf72daa2284ebf0e00da907b0
[INFO] running `Command { std: "docker" "create" "-v" "/var/lib/crater-agent-workspace/builds/worker-1-tc2/target:/opt/rustwide/target:rw,Z" "-v" "/var/lib/crater-agent-workspace/builds/worker-1-tc2/source:/opt/rustwide/workdir:ro,Z" "-v" "/var/lib/crater-agent-workspace/cargo-home:/opt/rustwide/cargo-home:ro,Z" "-v" "/var/lib/crater-agent-workspace/rustup-home:/opt/rustwide/rustup-home:ro,Z" "-e" "SOURCE_DIR=/opt/rustwide/workdir" "-e" "CARGO_TARGET_DIR=/opt/rustwide/target" "-e" "CARGO_INCREMENTAL=0" "-e" "RUST_BACKTRACE=full" "-e" "RUSTFLAGS=--cap-lints=warn" "-e" "RUSTDOCFLAGS=--cap-lints=warn" "-e" "CARGO_HOME=/opt/rustwide/cargo-home" "-e" "RUSTUP_HOME=/opt/rustwide/rustup-home" "-w" "/opt/rustwide/workdir" "-m" "1610612736" "--user" "0:0" "--network" "none" "ghcr.io/rust-lang/crates-build-env/linux@sha256:5ff2268d62e97bff2cde7d5815dd6ed5b47097566f13b8d0ca110b04b60e07ed" "/opt/rustwide/cargo-home/bin/cargo" "+beta-2023-04-20" "build" "--frozen" "--message-format=json", kill_on_drop: false }`
[INFO] [stdout] 9e538be475cfab8e0f3e68d100acc8595f8056211865344a972da6e77a2003b8
[INFO] running `Command { std: "docker" "start" "-a" "9e538be475cfab8e0f3e68d100acc8595f8056211865344a972da6e77a2003b8", kill_on_drop: false }`
[INFO] [stderr]    Compiling cfg-if v1.0.0
[INFO] [stderr]    Compiling proc-macro2 v1.0.36
[INFO] [stderr]    Compiling syn v1.0.85
[INFO] [stderr]    Compiling serde_derive v1.0.133
[INFO] [stderr]    Compiling serde v1.0.133
[INFO] [stderr]    Compiling wasm-bindgen-shared v0.2.78
[INFO] [stderr]    Compiling libc v0.2.112
[INFO] [stderr]    Compiling log v0.4.14
[INFO] [stderr]    Compiling libm v0.2.1
[INFO] [stderr]    Compiling num-traits v0.2.14
[INFO] [stderr]    Compiling bumpalo v3.9.1
[INFO] [stderr]    Compiling serde_json v1.0.74
[INFO] [stderr]    Compiling itoa v1.0.1
[INFO] [stderr]    Compiling wasm-bindgen v0.2.78
[INFO] [stderr]    Compiling ryu v1.0.9
[INFO] [stderr]    Compiling version_check v0.9.4
[INFO] [stderr]    Compiling crossbeam-utils v0.8.5
[INFO] [stderr]    Compiling memoffset v0.6.5
[INFO] [stderr]    Compiling num-integer v0.1.44
[INFO] [stderr]    Compiling typenum v1.15.0
[INFO] [stderr]    Compiling crossbeam-epoch v0.9.5
[INFO] [stderr]    Compiling scopeguard v1.1.0
[INFO] [stderr]    Compiling rayon-core v1.9.1
[INFO] [stderr]    Compiling ppv-lite86 v0.2.16
[INFO] [stderr]    Compiling byteorder v1.4.3
[INFO] [stderr]    Compiling getrandom v0.1.16
[INFO] [stderr]    Compiling generic-array v0.14.5
[INFO] [stderr]    Compiling rayon v1.5.1
[INFO] [stderr]    Compiling proc-macro-error-attr v1.0.4
[INFO] [stderr]    Compiling num-iter v0.1.42
[INFO] [stderr]    Compiling num-rational v0.3.2
[INFO] [stderr]    Compiling miniz_oxide v0.4.4
[INFO] [stderr]    Compiling adler32 v1.2.0
[INFO] [stderr]    Compiling crossbeam-channel v0.5.1
[INFO] [stderr]    Compiling either v1.6.1
[INFO] [stderr]    Compiling crc32fast v1.3.0
[INFO] [stderr]    Compiling proc-macro-error v1.0.4
[INFO] [stderr]    Compiling num-bigint v0.4.3
[INFO] [stderr]    Compiling adler v1.0.2
[INFO] [stderr]    Compiling quote v1.0.14
[INFO] [stderr]    Compiling num_cpus v1.13.1
[INFO] [stderr]    Compiling getrandom v0.2.3
[INFO] [stderr]    Compiling crossbeam-deque v0.8.1
[INFO] [stderr]    Compiling weezl v0.1.5
[INFO] [stderr]    Compiling rand_core v0.6.3
[INFO] [stderr]    Compiling rand_core v0.5.1
[INFO] [stderr]    Compiling deflate v0.8.6
[INFO] [stderr]    Compiling miniz_oxide v0.3.7
[INFO] [stderr]    Compiling indexmap v1.7.0
[INFO] [stderr]    Compiling rand_chacha v0.3.1
[INFO] [stderr]    Compiling num-rational v0.4.0
[INFO] [stderr]    Compiling heapless v0.6.1
[INFO] [stderr]    Compiling stable_deref_trait v1.2.0
[INFO] [stderr]    Compiling rand v0.8.4
[INFO] [stderr]    Compiling color_quant v1.1.0
[INFO] [stderr]    Compiling generic-array v0.12.4
[INFO] [stderr]    Compiling generic-array v0.13.3
[INFO] [stderr]    Compiling bitflags v1.3.2
[INFO] [stderr]    Compiling gif v0.11.3
[INFO] [stderr]    Compiling png v0.16.8
[INFO] [stderr]    Compiling as-slice v0.1.5
[INFO] [stderr]    Compiling approx v0.4.0
[INFO] [stderr]    Compiling rand_chacha v0.2.2
[INFO] [stderr]    Compiling hash32 v0.1.1
[INFO] [stderr]    Compiling rawpointer v0.2.1
[INFO] [stderr]    Compiling scoped_threadpool v0.1.9
[INFO] [stderr]    Compiling boolinator v2.4.0
[INFO] [stderr]    Compiling bytemuck v1.7.3
[INFO] [stderr]    Compiling robust v0.2.3
[INFO] [stderr]    Compiling hashbrown v0.11.2
[INFO] [stderr]    Compiling paste v1.0.6
[INFO] [stderr]    Compiling rand_distr v0.4.2
[INFO] [stderr]    Compiling rand v0.7.3
[INFO] [stderr]    Compiling delaunator v1.0.1
[INFO] [stderr]    Compiling matrixmultiply v0.3.2
[INFO] [stderr]    Compiling num-complex v0.4.0
[INFO] [stderr]    Compiling rand_xorshift v0.2.0
[INFO] [stderr]    Compiling scoped-tls-hkt v0.1.2
[INFO] [stderr]    Compiling slab v0.4.5
[INFO] [stderr]    Compiling smallvec v1.7.0
[INFO] [stderr]    Compiling pdqselect v0.1.0
[INFO] [stderr]    Compiling poisson-diskus v1.0.0
[INFO] [stderr]    Compiling voronoice v0.1.1
[INFO] [stderr]    Compiling ordered-float v2.10.0
[INFO] [stderr]    Compiling rstar v0.9.2
[INFO] [stderr]    Compiling num v0.4.0
[INFO] [stderr]    Compiling jpeg-decoder v0.1.22
[INFO] [stderr]    Compiling tiff v0.6.1
[INFO] [stderr]    Compiling wasm-bindgen-backend v0.2.78
[INFO] [stderr]    Compiling image v0.23.14
[INFO] [stderr]    Compiling thiserror-impl v1.0.30
[INFO] [stderr]    Compiling enum-map-derive v0.6.0
[INFO] [stderr]    Compiling yew-macro v0.19.3
[INFO] [stderr]    Compiling wasm-bindgen-macro-support v0.2.78
[INFO] [stderr]    Compiling enum-map v1.1.1
[INFO] [stderr]    Compiling wasm-bindgen-macro v0.2.78
[INFO] [stderr]    Compiling thiserror v1.0.30
[INFO] [stderr]    Compiling noise v0.7.0
[INFO] [stderr]    Compiling num-complex v0.3.1
[INFO] [stderr]    Compiling simba v0.4.0
[INFO] [stderr]    Compiling js-sys v0.3.55
[INFO] [stderr]    Compiling console_error_panic_hook v0.1.7
[INFO] [stderr]    Compiling web-sys v0.3.55
[INFO] [stderr]    Compiling wasm-bindgen-futures v0.4.28
[INFO] [stderr]    Compiling nalgebra v0.25.4
[INFO] [stderr]    Compiling gloo-events v0.1.1
[INFO] [stderr]    Compiling gloo-utils v0.1.2
[INFO] [stderr]    Compiling gloo-dialogs v0.1.0
[INFO] [stderr]    Compiling gloo-timers v0.2.2
[INFO] [stderr]    Compiling gloo-render v0.1.0
[INFO] [stderr]    Compiling gloo-console v0.2.1
[INFO] [stderr]    Compiling console_log v0.2.0
[INFO] [stderr]    Compiling gloo-storage v0.2.0
[INFO] [stderr]    Compiling gloo-file v0.2.0
[INFO] [stderr]    Compiling gloo v0.4.2
[INFO] [stderr]    Compiling yew v0.19.3
[INFO] [stderr]    Compiling space6 v0.1.0 (/opt/rustwide/workdir)
[INFO] [stdout] warning: fields `characters`, `dynasties`, `parties`, and `player_character_id` are never read
[INFO] [stdout]   --> src/lib.rs:48:5
[INFO] [stdout]    |
[INFO] [stdout] 46 | pub struct Game {
[INFO] [stdout]    |            ---- fields in this struct
[INFO] [stdout] 47 |     tick: u64,
[INFO] [stdout] 48 |     characters: Vec<Character>,
[INFO] [stdout]    |     ^^^^^^^^^^
[INFO] [stdout] 49 |     universes: Universes,
[INFO] [stdout] 50 |     dynasties: Vec<Dynasty>,
[INFO] [stdout]    |     ^^^^^^^^^
[INFO] [stdout] 51 |     parties: Parties,
[INFO] [stdout]    |     ^^^^^^^
[INFO] [stdout] 52 |     player_character_id: usize,
[INFO] [stdout]    |     ^^^^^^^^^^^^^^^^^^^
[INFO] [stdout]    |
[INFO] [stdout]    = note: `#[warn(dead_code)]` on by default
[INFO] [stdout] 
[INFO] [stdout] 
[INFO] [stdout] warning: struct `App` is never constructed
[INFO] [stdout]   --> src/app/mod.rs:21:12
[INFO] [stdout]    |
[INFO] [stdout] 21 | pub struct App {
[INFO] [stdout]    |            ^^^
[INFO] [stdout] 
[INFO] [stdout] 
[INFO] [stdout] warning: method `get_selected_universe_id` is never used
[INFO] [stdout]    --> src/app/view_model.rs:133:12
[INFO] [stdout]     |
[INFO] [stdout] 55  | impl Model {
[INFO] [stdout]     | ---------- method in this implementation
[INFO] [stdout] ...
[INFO] [stdout] 133 |     pub fn get_selected_universe_id(&self) -> UniverseId {
[INFO] [stdout]     |            ^^^^^^^^^^^^^^^^^^^^^^^^
[INFO] [stdout] 
[INFO] [stdout] 
[INFO] [stdout] warning: struct `Potential` is never constructed
[INFO] [stdout]   --> src/character/mod.rs:10:12
[INFO] [stdout]    |
[INFO] [stdout] 10 | pub struct Potential {
[INFO] [stdout]    |            ^^^^^^^^^
[INFO] [stdout] 
[INFO] [stdout] 
[INFO] [stdout] warning: multiple fields are never read
[INFO] [stdout]   --> src/character/mod.rs:23:5
[INFO] [stdout]    |
[INFO] [stdout] 22 | pub struct Experience {
[INFO] [stdout]    |            ---------- fields in this struct
[INFO] [stdout] 23 |     learning: u32,
[INFO] [stdout]    |     ^^^^^^^^
[INFO] [stdout] 24 |     driving: u32,    // the ability to drive any vehicles
[INFO] [stdout]    |     ^^^^^^^
[INFO] [stdout] 25 |     management: u32, // how well a character can run an organization
[INFO] [stdout]    |     ^^^^^^^^^^
[INFO] [stdout] 26 |     labor: u32,      // manual labor
[INFO] [stdout]    |     ^^^^^
[INFO] [stdout] 27 |     creation: u32,   // creating things or contents
[INFO] [stdout]    |     ^^^^^^^^
[INFO] [stdout] 28 |     warfare: u32,
[INFO] [stdout]    |     ^^^^^^^
[INFO] [stdout] 29 |     leadership: u32,
[INFO] [stdout]    |     ^^^^^^^^^^
[INFO] [stdout] 30 |     persuasion: u32,
[INFO] [stdout]    |     ^^^^^^^^^^
[INFO] [stdout] 31 |     social: u32,
[INFO] [stdout]    |     ^^^^^^
[INFO] [stdout] 32 |     adventuring: u32,
[INFO] [stdout]    |     ^^^^^^^^^^^
[INFO] [stdout] 33 |     cunning: u32,
[INFO] [stdout]    |     ^^^^^^^
[INFO] [stdout] 
[INFO] [stdout] 
[INFO] [stdout] warning: fields `math`, `science`, `alchemy`, `martial_arts`, and `elementalist` are never read
[INFO] [stdout]   --> src/character/mod.rs:38:5
[INFO] [stdout]    |
[INFO] [stdout] 37 | pub struct Skill {
[INFO] [stdout]    |            ----- fields in this struct
[INFO] [stdout] 38 |     math: u8,
[INFO] [stdout]    |     ^^^^
[INFO] [stdout] 39 |     science: u8,
[INFO] [stdout]    |     ^^^^^^^
[INFO] [stdout] 40 |     alchemy: u8,
[INFO] [stdout]    |     ^^^^^^^
[INFO] [stdout] 41 |     martial_arts: u8,
[INFO] [stdout]    |     ^^^^^^^^^^^^
[INFO] [stdout] 42 |     elementalist: u8,
[INFO] [stdout]    |     ^^^^^^^^^^^^
[INFO] [stdout] 
[INFO] [stdout] 
[INFO] [stdout] warning: fields `food`, `happiness`, `stress`, `health`, and `sleep` are never read
[INFO] [stdout]   --> src/character/mod.rs:47:5
[INFO] [stdout]    |
[INFO] [stdout] 46 | pub struct Wellbeing {
[INFO] [stdout]    |            --------- fields in this struct
[INFO] [stdout] 47 |     food: u32,
[INFO] [stdout]    |     ^^^^
[INFO] [stdout] 48 |     happiness: u32,
[INFO] [stdout]    |     ^^^^^^^^^
[INFO] [stdout] 49 |     stress: u32,
[INFO] [stdout]    |     ^^^^^^
[INFO] [stdout] 50 |     health: u32,
[INFO] [stdout]    |     ^^^^^^
[INFO] [stdout] 51 |     sleep: u32,
[INFO] [stdout]    |     ^^^^^
[INFO] [stdout] 
[INFO] [stdout] 
[INFO] [stdout] warning: multiple variants are never constructed
[INFO] [stdout]   --> src/character/mod.rs:56:5
[INFO] [stdout]    |
[INFO] [stdout] 55 | pub enum RelationshipKind {
[INFO] [stdout]    |          ---------------- variants in this enum
[INFO] [stdout] 56 |     Nemesis, // locked permanantly, unless...
[INFO] [stdout]    |     ^^^^^^^
[INFO] [stdout] 57 |     Rival,
[INFO] [stdout]    |     ^^^^^
[INFO] [stdout] 58 |     Known, // default
[INFO] [stdout]    |     ^^^^^
[INFO] [stdout] 59 |     Friend,
[INFO] [stdout]    |     ^^^^^^
[INFO] [stdout] 60 |     Bro, // gender-neutral close friend
[INFO] [stdout]    |     ^^^
[INFO] [stdout] 61 |     Romance,
[INFO] [stdout]    |     ^^^^^^^
[INFO] [stdout] 62 |     Marriage,
[INFO] [stdout]    |     ^^^^^^^^
[INFO] [stdout]    |
[INFO] [stdout]    = note: `RelationshipKind` has a derived impl for the trait `Clone`, but this is intentionally ignored during dead code analysis
[INFO] [stdout] 
[INFO] [stdout] 
[INFO] [stdout] warning: fields `favor` and `type` are never read
[INFO] [stdout]   --> src/character/mod.rs:67:5
[INFO] [stdout]    |
[INFO] [stdout] 66 | pub struct Relationship {
[INFO] [stdout]    |            ------------ fields in this struct
[INFO] [stdout] 67 |     favor: i16,
[INFO] [stdout]    |     ^^^^^
[INFO] [stdout] 68 |     r#type: RelationshipKind,
[INFO] [stdout]    |     ^^^^^^
[INFO] [stdout]    |
[INFO] [stdout]    = note: `Relationship` has a derived impl for the trait `Clone`, but this is intentionally ignored during dead code analysis
[INFO] [stdout] 
[INFO] [stdout] 
[INFO] [stdout] warning: fields `model_width` and `model_height` are never read
[INFO] [stdout]  --> src/coor.rs:8:5
[INFO] [stdout]   |
[INFO] [stdout] 5 | pub struct CoorCalculator {
[INFO] [stdout]   |            -------------- fields in this struct
[INFO] [stdout] ...
[INFO] [stdout] 8 |     model_width: f64,
[INFO] [stdout]   |     ^^^^^^^^^^^
[INFO] [stdout] 9 |     model_height: f64,
[INFO] [stdout]   |     ^^^^^^^^^^^^
[INFO] [stdout] 
[INFO] [stdout] 
[INFO] [stdout] warning: method `to_vp_coor` is never used
[INFO] [stdout]   --> src/coor.rs:26:12
[INFO] [stdout]    |
[INFO] [stdout] 12 | impl CoorCalculator {
[INFO] [stdout]    | ------------------- method in this implementation
[INFO] [stdout] ...
[INFO] [stdout] 26 |     pub fn to_vp_coor(&self, coor: Coor2) -> Coor2 {
[INFO] [stdout]    |            ^^^^^^^^^^
[INFO] [stdout] 
[INFO] [stdout] 
[INFO] [stdout] warning: struct `Product` is never constructed
[INFO] [stdout]   --> src/economy/mod.rs:67:12
[INFO] [stdout]    |
[INFO] [stdout] 67 | pub struct Product {
[INFO] [stdout]    |            ^^^^^^^
[INFO] [stdout] 
[INFO] [stdout] 
[INFO] [stdout] warning: struct `Company` is never constructed
[INFO] [stdout]   --> src/economy/mod.rs:72:12
[INFO] [stdout]    |
[INFO] [stdout] 72 | pub struct Company {
[INFO] [stdout]    |            ^^^^^^^
[INFO] [stdout] 
[INFO] [stdout] 
[INFO] [stdout] warning: struct `Brand` is never constructed
[INFO] [stdout]   --> src/economy/mod.rs:79:12
[INFO] [stdout]    |
[INFO] [stdout] 79 | pub struct Brand {
[INFO] [stdout]    |            ^^^^^
[INFO] [stdout] 
[INFO] [stdout] 
[INFO] [stdout] warning: variants `Company` and `Independent` are never constructed
[INFO] [stdout]   --> src/economy/mod.rs:88:5
[INFO] [stdout]    |
[INFO] [stdout] 87 | pub enum Ownership {
[INFO] [stdout]    |          --------- variants in this enum
[INFO] [stdout] 88 |     Company(CompanyId), // contributes to warehouses, then local market, then discard remaining
[INFO] [stdout]    |     ^^^^^^^
[INFO] [stdout] 89 |     Independent,        // contributes to local market
[INFO] [stdout]    |     ^^^^^^^^^^^
[INFO] [stdout]    |
[INFO] [stdout]    = note: `Ownership` has a derived impl for the trait `Clone`, but this is intentionally ignored during dead code analysis
[INFO] [stdout] 
[INFO] [stdout] 
[INFO] [stdout] warning: variants `Low`, `Normal`, and `High` are never constructed
[INFO] [stdout]   --> src/economy/mod.rs:94:5
[INFO] [stdout]    |
[INFO] [stdout] 93 | pub enum Wage {
[INFO] [stdout]    |          ---- variants in this enum
[INFO] [stdout] 94 |     Low,
[INFO] [stdout]    |     ^^^
[INFO] [stdout] 95 |     Normal,
[INFO] [stdout]    |     ^^^^^^
[INFO] [stdout] 96 |     High,
[INFO] [stdout]    |     ^^^^
[INFO] [stdout]    |
[INFO] [stdout]    = note: `Wage` has a derived impl for the trait `Clone`, but this is intentionally ignored during dead code analysis
[INFO] [stdout] 
[INFO] [stdout] 
[INFO] [stdout] warning: fields `freed` and `next` are never read
[INFO] [stdout]   --> src/entity/mod.rs:16:5
[INFO] [stdout]    |
[INFO] [stdout] 12 | pub struct Eids<IndexT>
[INFO] [stdout]    |            ---- fields in this struct
[INFO] [stdout] ...
[INFO] [stdout] 16 |     freed: BTreeSet<IndexT>,
[INFO] [stdout]    |     ^^^^^
[INFO] [stdout] 17 |     next: IndexT,
[INFO] [stdout]    |     ^^^^
[INFO] [stdout] 
[INFO] [stdout] 
[INFO] [stdout] warning: variants `Dead` and `Alive` are never constructed
[INFO] [stdout]   --> src/entity/mod.rs:28:5
[INFO] [stdout]    |
[INFO] [stdout] 27 | enum Slot<DataT, IndexT> {
[INFO] [stdout]    |      ---- variants in this enum
[INFO] [stdout] 28 |     Dead { next_free: IndexT },
[INFO] [stdout]    |     ^^^^
[INFO] [stdout] 29 |     Alive(DataT),
[INFO] [stdout]    |     ^^^^^
[INFO] [stdout] 
[INFO] [stdout] 
[INFO] [stdout] warning: fields `next_free` and `count` are never read
[INFO] [stdout]   --> src/entity/mod.rs:45:5
[INFO] [stdout]    |
[INFO] [stdout] 43 | pub struct Tec<DataT, IndexT = u32> {
[INFO] [stdout]    |            --- fields in this struct
[INFO] [stdout] 44 |     vec: Vec<Slot<DataT, IndexT>>,
[INFO] [stdout] 45 |     next_free: IndexT,
[INFO] [stdout]    |     ^^^^^^^^^
[INFO] [stdout] 46 |     count: usize,
[INFO] [stdout]    |     ^^^^^
[INFO] [stdout] 
[INFO] [stdout] 
[INFO] [stdout] warning: field `next_id` is never read
[INFO] [stdout]   --> src/entity/mod.rs:59:5
[INFO] [stdout]    |
[INFO] [stdout] 54 | pub struct Entities<DataT, IndexT = u32> {
[INFO] [stdout]    |            -------- field in this struct
[INFO] [stdout] ...
[INFO] [stdout] 59 |     next_id: IndexT,
[INFO] [stdout]    |     ^^^^^^^
[INFO] [stdout] 
[INFO] [stdout] 
[INFO] [stdout] warning: associated items `new`, `claim`, and `unclaim` are never used
[INFO] [stdout]   --> src/entity/eid.rs:9:12
[INFO] [stdout]    |
[INFO] [stdout] 5  | impl<IndexT> Eids<IndexT>
[INFO] [stdout]    | ------------------------- associated items in this implementation
[INFO] [stdout] ...
[INFO] [stdout] 9  |     pub fn new() -> Self {
[INFO] [stdout]    |            ^^^
[INFO] [stdout] ...
[INFO] [stdout] 13 |     pub fn claim(&mut self) -> IndexT {
[INFO] [stdout]    |            ^^^^^
[INFO] [stdout] ...
[INFO] [stdout] 35 |     pub fn unclaim(&mut self, val: IndexT) {
[INFO] [stdout]    |            ^^^^^^^
[INFO] [stdout] 
[INFO] [stdout] 
[INFO] [stdout] warning: multiple associated items are never used
[INFO] [stdout]   --> src/entity/entities.rs:13:12
[INFO] [stdout]    |
[INFO] [stdout] 9  | impl<DataT, IndexT> Entities<DataT, IndexT>
[INFO] [stdout]    | ------------------------------------------- associated items in this implementation
[INFO] [stdout] ...
[INFO] [stdout] 13 |     pub fn new() -> Self {
[INFO] [stdout]    |            ^^^
[INFO] [stdout] ...
[INFO] [stdout] 17 |     pub fn with_capacity(capacity: usize) -> Self {
[INFO] [stdout]    |            ^^^^^^^^^^^^^
[INFO] [stdout] ...
[INFO] [stdout] 24 |     pub fn len(&self) -> usize {
[INFO] [stdout]    |            ^^^
[INFO] [stdout] ...
[INFO] [stdout] 28 |     pub fn is_empty(&self) -> bool {
[INFO] [stdout]    |            ^^^^^^^^
[INFO] [stdout] ...
[INFO] [stdout] 41 |     pub fn remove(&mut self, index: IndexT) -> Option<DataT> {
[INFO] [stdout]    |            ^^^^^^
[INFO] [stdout] ...
[INFO] [stdout] 45 |     pub fn alloc(&mut self, data: DataT) -> IndexT {
[INFO] [stdout]    |            ^^^^^
[INFO] [stdout] ...
[INFO] [stdout] 53 |     pub fn iter(&self) -> impl Iterator<Item = (IndexT, &DataT)> {
[INFO] [stdout]    |            ^^^^
[INFO] [stdout] ...
[INFO] [stdout] 59 |     pub fn iter_mut(&mut self) -> impl Iterator<Item = (IndexT, &mut DataT)> {
[INFO] [stdout]    |            ^^^^^^^^
[INFO] [stdout] 
[INFO] [stdout] 
[INFO] [stdout] warning: associated function `new` is never used
[INFO] [stdout]  --> src/entity/sequence.rs:9:12
[INFO] [stdout]   |
[INFO] [stdout] 5 | impl<IndexT> Sequence<IndexT>
[INFO] [stdout]   | ----------------------------- associated function in this implementation
[INFO] [stdout] ...
[INFO] [stdout] 9 |     pub fn new(start: IndexT) -> Self {
[INFO] [stdout]   |            ^^^
[INFO] [stdout] 
[INFO] [stdout] 
[INFO] [stdout] warning: multiple associated items are never used
[INFO] [stdout]    --> src/entity/tomb_vec.rs:27:12
[INFO] [stdout]     |
[INFO] [stdout] 23  | impl<DataT, IndexT> Tec<DataT, IndexT>
[INFO] [stdout]     | -------------------------------------- associated items in this implementation
[INFO] [stdout] ...
[INFO] [stdout] 27  |     pub fn new() -> Self {
[INFO] [stdout]     |            ^^^
[INFO] [stdout] ...
[INFO] [stdout] 31  |     pub fn with_capacity(capacity: usize) -> Self {
[INFO] [stdout]     |            ^^^^^^^^^^^^^
[INFO] [stdout] ...
[INFO] [stdout] 38  |     pub fn len(&self) -> usize {
[INFO] [stdout]     |            ^^^
[INFO] [stdout] ...
[INFO] [stdout] 43  |     pub fn is_empty(&self) -> bool {
[INFO] [stdout]     |            ^^^^^^^^
[INFO] [stdout] ...
[INFO] [stdout] 47  |     pub fn clear(&mut self) {
[INFO] [stdout]     |            ^^^^^
[INFO] [stdout] ...
[INFO] [stdout] 57  |     pub fn alloc(&mut self, data: DataT) -> IndexT {
[INFO] [stdout]     |            ^^^^^
[INFO] [stdout] ...
[INFO] [stdout] 85  |     pub fn remove(&mut self, index: IndexT) -> DataT {
[INFO] [stdout]     |            ^^^^^^
[INFO] [stdout] ...
[INFO] [stdout] 130 |     pub fn iter(&self) -> impl Iterator<Item = (IndexT, &DataT)> {
[INFO] [stdout]     |            ^^^^
[INFO] [stdout] ...
[INFO] [stdout] 140 |     pub fn iter_mut(&mut self) -> impl Iterator<Item = (IndexT, &mut DataT)> {
[INFO] [stdout]     |            ^^^^^^^^
[INFO] [stdout] ...
[INFO] [stdout] 150 |     pub fn into_iter(self) -> impl Iterator<Item = (IndexT, DataT)> {
[INFO] [stdout]     |            ^^^^^^^^^
[INFO] [stdout] ...
[INFO] [stdout] 161 |     pub fn utility_ratio(&self) -> f64 {
[INFO] [stdout]     |            ^^^^^^^^^^^^^
[INFO] [stdout] ...
[INFO] [stdout] 176 |     pub fn coalesce<F>(&mut self, mut f: F)
[INFO] [stdout]     |            ^^^^^^^^
[INFO] [stdout] 
[INFO] [stdout] 
[INFO] [stdout] warning: fields `avg_quality`, `avg_brand`, and `quantity` are never read
[INFO] [stdout]   --> src/planet/mod.rs:62:5
[INFO] [stdout]    |
[INFO] [stdout] 61 | pub struct RetailerStorage {
[INFO] [stdout]    |            --------------- fields in this struct
[INFO] [stdout] 62 |     avg_quality: u32,
[INFO] [stdout]    |     ^^^^^^^^^^^
[INFO] [stdout] 63 |     avg_brand: u32,
[INFO] [stdout]    |     ^^^^^^^^^
[INFO] [stdout] 64 |     quantity: Quantity,
[INFO] [stdout]    |     ^^^^^^^^
[INFO] [stdout]    |
[INFO] [stdout]    = note: `RetailerStorage` has a derived impl for the trait `Clone`, but this is intentionally ignored during dead code analysis
[INFO] [stdout] 
[INFO] [stdout] 
[INFO] [stdout] warning: fields `manager`, `num_stores`, and `storage` are never read
[INFO] [stdout]   --> src/planet/mod.rs:85:5
[INFO] [stdout]    |
[INFO] [stdout] 84 | pub struct Retailer {
[INFO] [stdout]    |            -------- fields in this struct
[INFO] [stdout] 85 |     manager: Option<CharacterId>,
[INFO] [stdout]    |     ^^^^^^^
[INFO] [stdout] 86 |     // how many physical stores -> coverage
[INFO] [stdout] 87 |     num_stores: u32,
[INFO] [stdout]    |     ^^^^^^^^^^
[INFO] [stdout] 88 |     storage: EnumMap<Commodity, RetailerStorage>,
[INFO] [stdout]    |     ^^^^^^^
[INFO] [stdout]    |
[INFO] [stdout]    = note: `Retailer` has a derived impl for the trait `Clone`, but this is intentionally ignored during dead code analysis
[INFO] [stdout] 
[INFO] [stdout] 
[INFO] [stdout] warning: method `cal_market_penetration` is never used
[INFO] [stdout]   --> src/planet/mod.rs:92:12
[INFO] [stdout]    |
[INFO] [stdout] 91 | impl Retailer {
[INFO] [stdout]    | ------------- method in this implementation
[INFO] [stdout] 92 |     pub fn cal_market_penetration(&self) -> u32 {
[INFO] [stdout]    |            ^^^^^^^^^^^^^^^^^^^^^^
[INFO] [stdout] 
[INFO] [stdout] 
[INFO] [stdout] warning: fields `scale`, `quality`, and `storage` are never read
[INFO] [stdout]    --> src/planet/mod.rs:102:5
[INFO] [stdout]     |
[INFO] [stdout] 101 | pub struct Warehouse {
[INFO] [stdout]     |            --------- fields in this struct
[INFO] [stdout] 102 |     scale: u32,
[INFO] [stdout]     |     ^^^^^
[INFO] [stdout] 103 |     quality: Quality,
[INFO] [stdout]     |     ^^^^^^^
[INFO] [stdout] 104 |     storage: Storage,
[INFO] [stdout]     |     ^^^^^^^
[INFO] [stdout]     |
[INFO] [stdout]     = note: `Warehouse` has a derived impl for the trait `Clone`, but this is intentionally ignored during dead code analysis
[INFO] [stdout] 
[INFO] [stdout] 
[INFO] [stdout] warning: fields `scale` and `storage` are never read
[INFO] [stdout]    --> src/planet/mod.rs:112:5
[INFO] [stdout]     |
[INFO] [stdout] 111 | pub struct LocalMarket {
[INFO] [stdout]     |            ----------- fields in this struct
[INFO] [stdout] 112 |     scale: u32,
[INFO] [stdout]     |     ^^^^^
[INFO] [stdout] 113 |     storage: Storage,
[INFO] [stdout]     |     ^^^^^^^
[INFO] [stdout]     |
[INFO] [stdout]     = note: `LocalMarket` has a derived impl for the trait `Clone`, but this is intentionally ignored during dead code analysis
[INFO] [stdout] 
[INFO] [stdout] 
[INFO] [stdout] warning: variants `Theft`, `Arson`, `Assault`, `Murder`, `Fraud`, and `Espionage` are never constructed
[INFO] [stdout]    --> src/planet/mod.rs:120:5
[INFO] [stdout]     |
[INFO] [stdout] 119 | pub enum CrimeKind {
[INFO] [stdout]     |          --------- variants in this enum
[INFO] [stdout] 120 |     Theft,
[INFO] [stdout]     |     ^^^^^
[INFO] [stdout] 121 |     Arson,
[INFO] [stdout]     |     ^^^^^
[INFO] [stdout] 122 |     Assault,
[INFO] [stdout]     |     ^^^^^^^
[INFO] [stdout] 123 |     Murder,
[INFO] [stdout]     |     ^^^^^^
[INFO] [stdout] 124 |     Fraud,
[INFO] [stdout]     |     ^^^^^
[INFO] [stdout] 125 |     Espionage,
[INFO] [stdout]     |     ^^^^^^^^^
[INFO] [stdout]     |
[INFO] [stdout]     = note: `CrimeKind` has a derived impl for the trait `Clone`, but this is intentionally ignored during dead code analysis
[INFO] [stdout] 
[INFO] [stdout] 
[INFO] [stdout] warning: enum `LawEnforcementKind` is never used
[INFO] [stdout]    --> src/planet/mod.rs:128:10
[INFO] [stdout]     |
[INFO] [stdout] 128 | pub enum LawEnforcementKind {
[INFO] [stdout]     |          ^^^^^^^^^^^^^^^^^^
[INFO] [stdout] 
[INFO] [stdout] 
[INFO] [stdout] warning: enum `PunishmentKind` is never used
[INFO] [stdout]    --> src/planet/mod.rs:134:10
[INFO] [stdout]     |
[INFO] [stdout] 134 | pub enum PunishmentKind {
[INFO] [stdout]     |          ^^^^^^^^^^^^^^
[INFO] [stdout] 
[INFO] [stdout] 
[INFO] [stdout] warning: enum `Perception` is never used
[INFO] [stdout]    --> src/planet/mod.rs:145:10
[INFO] [stdout]     |
[INFO] [stdout] 145 | pub enum Perception {
[INFO] [stdout]     |          ^^^^^^^^^^
[INFO] [stdout] 
[INFO] [stdout] 
[INFO] [stdout] warning: enum `Severity` is never used
[INFO] [stdout]    --> src/planet/mod.rs:155:10
[INFO] [stdout]     |
[INFO] [stdout] 155 | pub enum Severity {
[INFO] [stdout]     |          ^^^^^^^^
[INFO] [stdout] 
[INFO] [stdout] 
[INFO] [stdout] warning: struct `Constitution` is never constructed
[INFO] [stdout]    --> src/planet/mod.rs:163:12
[INFO] [stdout]     |
[INFO] [stdout] 163 | pub struct Constitution {
[INFO] [stdout]     |            ^^^^^^^^^^^^
[INFO] [stdout] 
[INFO] [stdout] 
[INFO] [stdout] warning: enum `LaborLawKind` is never used
[INFO] [stdout]    --> src/planet/mod.rs:168:10
[INFO] [stdout]     |
[INFO] [stdout] 168 | pub enum LaborLawKind {}
[INFO] [stdout]     |          ^^^^^^^^^^^^
[INFO] [stdout] 
[INFO] [stdout] 
[INFO] [stdout] warning: struct `Civic` is never constructed
[INFO] [stdout]    --> src/planet/mod.rs:170:12
[INFO] [stdout]     |
[INFO] [stdout] 170 | pub struct Civic {
[INFO] [stdout]     |            ^^^^^
[INFO] [stdout] 
[INFO] [stdout] 
[INFO] [stdout] warning: enum `Spot` is never used
[INFO] [stdout]    --> src/planet/mod.rs:181:10
[INFO] [stdout]     |
[INFO] [stdout] 181 | pub enum Spot {
[INFO] [stdout]     |          ^^^^
[INFO] [stdout] 
[INFO] [stdout] 
[INFO] [stdout] warning: fields `neighbours`, `stability`, `local_market`, `farms`, `pops`, and `crime` are never read
[INFO] [stdout]    --> src/planet/mod.rs:224:5
[INFO] [stdout]     |
[INFO] [stdout] 221 | pub struct Region {
[INFO] [stdout]     |            ------ fields in this struct
[INFO] [stdout] ...
[INFO] [stdout] 224 |     neighbours: HashSet<RegionId>,
[INFO] [stdout]     |     ^^^^^^^^^^
[INFO] [stdout] ...
[INFO] [stdout] 229 |     stability: u32,
[INFO] [stdout]     |     ^^^^^^^^^
[INFO] [stdout] 230 |
[INFO] [stdout] 231 |     local_market: LocalMarket,
[INFO] [stdout]     |     ^^^^^^^^^^^^
[INFO] [stdout] 232 |
[INFO] [stdout] 233 |     farms: HashMap<Ownership, Farm>,
[INFO] [stdout]     |     ^^^^^
[INFO] [stdout] 234 |
[INFO] [stdout] 235 |     pops: Pops,
[INFO] [stdout]     |     ^^^^
[INFO] [stdout] 236 |
[INFO] [stdout] 237 |     crime: HashMap<CharacterId, HashMap<CrimeKind, u32>>,
[INFO] [stdout]     |     ^^^^^
[INFO] [stdout]     |
[INFO] [stdout]     = note: `Region` has a derived impl for the trait `Clone`, but this is intentionally ignored during dead code analysis
[INFO] [stdout] 
[INFO] [stdout] 
[INFO] [stdout] warning: field `id` is never read
[INFO] [stdout]    --> src/planet/mod.rs:250:5
[INFO] [stdout]     |
[INFO] [stdout] 249 | pub struct Planet {
[INFO] [stdout]     |            ------ field in this struct
[INFO] [stdout] 250 |     id: GalaxyEntityId,
[INFO] [stdout]     |     ^^
[INFO] [stdout] 
[INFO] [stdout] 
[INFO] [stdout] warning: fields `workers`, `wage_rate`, `employed`, `ownership`, and `owned_land` are never read
[INFO] [stdout]   --> src/planet/producer/farm.rs:12:5
[INFO] [stdout]    |
[INFO] [stdout] 11 | pub struct Farm {
[INFO] [stdout]    |            ---- fields in this struct
[INFO] [stdout] 12 |     workers: HashSet<CharacterId>,
[INFO] [stdout]    |     ^^^^^^^
[INFO] [stdout] 13 |     wage_rate: Wage,
[INFO] [stdout]    |     ^^^^^^^^^
[INFO] [stdout] 14 |     employed: PopCount,
[INFO] [stdout]    |     ^^^^^^^^
[INFO] [stdout] 15 |     ownership: Ownership,
[INFO] [stdout]    |     ^^^^^^^^^
[INFO] [stdout] 16 |     owned_land: LandSize,
[INFO] [stdout]    |     ^^^^^^^^^^
[INFO] [stdout]    |
[INFO] [stdout]    = note: `Farm` has a derived impl for the trait `Clone`, but this is intentionally ignored during dead code analysis
[INFO] [stdout] 
[INFO] [stdout] 
[INFO] [stdout] warning: enum `Lifespan` is never used
[INFO] [stdout]   --> src/pop/mod.rs:15:10
[INFO] [stdout]    |
[INFO] [stdout] 15 | pub enum Lifespan {
[INFO] [stdout]    |          ^^^^^^^^
[INFO] [stdout] 
[INFO] [stdout] 
[INFO] [stdout] warning: enum `Traits` is never used
[INFO] [stdout]   --> src/pop/mod.rs:23:10
[INFO] [stdout]    |
[INFO] [stdout] 23 | pub enum Traits {
[INFO] [stdout]    |          ^^^^^^
[INFO] [stdout] 
[INFO] [stdout] 
[INFO] [stdout] warning: struct `Race` is never constructed
[INFO] [stdout]   --> src/pop/mod.rs:27:12
[INFO] [stdout]    |
[INFO] [stdout] 27 | pub struct Race {
[INFO] [stdout]    |            ^^^^
[INFO] [stdout] 
[INFO] [stdout] 
[INFO] [stdout] warning: struct `PopKey` is never constructed
[INFO] [stdout]   --> src/pop/mod.rs:42:12
[INFO] [stdout]    |
[INFO] [stdout] 42 | pub struct PopKey(RaceId, SocialClass, Education);
[INFO] [stdout]    |            ^^^^^^
[INFO] [stdout] 
[INFO] [stdout] 
[INFO] [stdout] warning: fields `number` and `employed` are never read
[INFO] [stdout]   --> src/pop/mod.rs:46:5
[INFO] [stdout]    |
[INFO] [stdout] 45 | pub struct PopData {
[INFO] [stdout]    |            ------- fields in this struct
[INFO] [stdout] 46 |     number: PopCount,
[INFO] [stdout]    |     ^^^^^^
[INFO] [stdout] 47 |     employed: PopCount,
[INFO] [stdout]    |     ^^^^^^^^
[INFO] [stdout]    |
[INFO] [stdout]    = note: `PopData` has a derived impl for the trait `Clone`, but this is intentionally ignored during dead code analysis
[INFO] [stdout] 
[INFO] [stdout] 
[INFO] [stdout] warning: methods `get_employed_count` and `get_unemployed_count` are never used
[INFO] [stdout]   --> src/pop/mod.rs:54:8
[INFO] [stdout]    |
[INFO] [stdout] 53 | impl PopData {
[INFO] [stdout]    | ------------ methods in this implementation
[INFO] [stdout] 54 |     fn get_employed_count(&self) -> PopCount {
[INFO] [stdout]    |        ^^^^^^^^^^^^^^^^^^
[INFO] [stdout] ...
[INFO] [stdout] 58 |     fn get_unemployed_count(&self) -> PopCount {
[INFO] [stdout]    |        ^^^^^^^^^^^^^^^^^^^^
[INFO] [stdout] 
[INFO] [stdout] 
[INFO] [stdout] warning: methods `get` and `get_mut` are never used
[INFO] [stdout]   --> src/pop/mod.rs:66:8
[INFO] [stdout]    |
[INFO] [stdout] 65 | impl Pops {
[INFO] [stdout]    | --------- methods in this implementation
[INFO] [stdout] 66 |     fn get(&self, PopKey(race_id, social_class, education): PopKey) -> Option<&PopData> {
[INFO] [stdout]    |        ^^^
[INFO] [stdout] ...
[INFO] [stdout] 77 |     fn get_mut(
[INFO] [stdout]    |        ^^^^^^^
[INFO] [stdout] 
[INFO] [stdout] 
[INFO] [stdout] warning: enum `AttackMove` is never used
[INFO] [stdout]  --> src/unit/mod.rs:5:6
[INFO] [stdout]   |
[INFO] [stdout] 5 | enum AttackMove {
[INFO] [stdout]   |      ^^^^^^^^^^
[INFO] [stdout] 
[INFO] [stdout] 
[INFO] [stdout] warning: struct `Unit` is never constructed
[INFO] [stdout]  --> src/unit/mod.rs:9:12
[INFO] [stdout]   |
[INFO] [stdout] 9 | pub struct Unit {
[INFO] [stdout]   |            ^^^^
[INFO] [stdout] 
[INFO] [stdout] 
[INFO] [stdout] warning: field `characters` is never read
[INFO] [stdout]   --> src/unit/mod.rs:20:5
[INFO] [stdout]    |
[INFO] [stdout] 19 | pub struct Party {
[INFO] [stdout]    |            ----- field in this struct
[INFO] [stdout] 20 |     characters: HashSet<CharacterId>,
[INFO] [stdout]    |     ^^^^^^^^^^
[INFO] [stdout] 
[INFO] [stdout] 
[INFO] [stdout] warning: field `free` is never read
[INFO] [stdout]   --> src/unit/mod.rs:25:5
[INFO] [stdout]    |
[INFO] [stdout] 24 | pub struct Parties {
[INFO] [stdout]    |            ------- field in this struct
[INFO] [stdout] 25 |     free: Tec<Party>,
[INFO] [stdout]    |     ^^^^
[INFO] [stdout] 
[INFO] [stdout] 
[INFO] [stdout] warning: field `entity_idgen` is never read
[INFO] [stdout]   --> src/universe/mod.rs:12:5
[INFO] [stdout]    |
[INFO] [stdout] 9  | pub struct Universe {
[INFO] [stdout]    |            -------- field in this struct
[INFO] [stdout] ...
[INFO] [stdout] 12 |     entity_idgen: Sequence<GalaxyEntityId>,
[INFO] [stdout]    |     ^^^^^^^^^^^^
[INFO] [stdout] 
[INFO] [stdout] 
[INFO] [stdout] warning: 53 warnings emitted
[INFO] [stdout] 
[INFO] [stdout] 
[INFO] [stderr]     Finished dev [unoptimized + debuginfo] target(s) in 27.50s
[INFO] [stderr] warning: the following packages contain code that will be rejected by a future version of Rust: console_log v0.2.0
[INFO] [stderr] note: to see what the problems were, use the option `--future-incompat-report`, or run `cargo report future-incompatibilities --id 1`
[INFO] running `Command { std: "docker" "inspect" "9e538be475cfab8e0f3e68d100acc8595f8056211865344a972da6e77a2003b8", kill_on_drop: false }`
[INFO] running `Command { std: "docker" "rm" "-f" "9e538be475cfab8e0f3e68d100acc8595f8056211865344a972da6e77a2003b8", kill_on_drop: false }`
[INFO] [stdout] 9e538be475cfab8e0f3e68d100acc8595f8056211865344a972da6e77a2003b8
[INFO] running `Command { std: "docker" "create" "-v" "/var/lib/crater-agent-workspace/builds/worker-1-tc2/target:/opt/rustwide/target:rw,Z" "-v" "/var/lib/crater-agent-workspace/builds/worker-1-tc2/source:/opt/rustwide/workdir:ro,Z" "-v" "/var/lib/crater-agent-workspace/cargo-home:/opt/rustwide/cargo-home:ro,Z" "-v" "/var/lib/crater-agent-workspace/rustup-home:/opt/rustwide/rustup-home:ro,Z" "-e" "SOURCE_DIR=/opt/rustwide/workdir" "-e" "CARGO_TARGET_DIR=/opt/rustwide/target" "-e" "CARGO_INCREMENTAL=0" "-e" "RUST_BACKTRACE=full" "-e" "RUSTFLAGS=--cap-lints=warn" "-e" "RUSTDOCFLAGS=--cap-lints=warn" "-e" "CARGO_HOME=/opt/rustwide/cargo-home" "-e" "RUSTUP_HOME=/opt/rustwide/rustup-home" "-w" "/opt/rustwide/workdir" "-m" "1610612736" "--user" "0:0" "--network" "none" "ghcr.io/rust-lang/crates-build-env/linux@sha256:5ff2268d62e97bff2cde7d5815dd6ed5b47097566f13b8d0ca110b04b60e07ed" "/opt/rustwide/cargo-home/bin/cargo" "+beta-2023-04-20" "test" "--frozen" "--no-run" "--message-format=json", kill_on_drop: false }`
[INFO] [stdout] 5d614c7513d9f9b26ee388d97fb514faac3226d3478fb386bd48a34f6bed4d8b
[INFO] running `Command { std: "docker" "start" "-a" "5d614c7513d9f9b26ee388d97fb514faac3226d3478fb386bd48a34f6bed4d8b", kill_on_drop: false }`
[INFO] [stderr]    Compiling space6 v0.1.0 (/opt/rustwide/workdir)
[INFO] [stdout] warning: fields `characters`, `dynasties`, `parties`, and `player_character_id` are never read
[INFO] [stdout]   --> src/lib.rs:48:5
[INFO] [stdout]    |
[INFO] [stdout] 46 | pub struct Game {
[INFO] [stdout]    |            ---- fields in this struct
[INFO] [stdout] 47 |     tick: u64,
[INFO] [stdout] 48 |     characters: Vec<Character>,
[INFO] [stdout]    |     ^^^^^^^^^^
[INFO] [stdout] 49 |     universes: Universes,
[INFO] [stdout] 50 |     dynasties: Vec<Dynasty>,
[INFO] [stdout]    |     ^^^^^^^^^
[INFO] [stdout] 51 |     parties: Parties,
[INFO] [stdout]    |     ^^^^^^^
[INFO] [stdout] 52 |     player_character_id: usize,
[INFO] [stdout]    |     ^^^^^^^^^^^^^^^^^^^
[INFO] [stdout]    |
[INFO] [stdout]    = note: `#[warn(dead_code)]` on by default
[INFO] [stdout] 
[INFO] [stdout] 
[INFO] [stdout] warning: struct `App` is never constructed
[INFO] [stdout]   --> src/app/mod.rs:21:12
[INFO] [stdout]    |
[INFO] [stdout] 21 | pub struct App {
[INFO] [stdout]    |            ^^^
[INFO] [stdout] 
[INFO] [stdout] 
[INFO] [stdout] warning: method `get_selected_universe_id` is never used
[INFO] [stdout]    --> src/app/view_model.rs:133:12
[INFO] [stdout]     |
[INFO] [stdout] 55  | impl Model {
[INFO] [stdout]     | ---------- method in this implementation
[INFO] [stdout] ...
[INFO] [stdout] 133 |     pub fn get_selected_universe_id(&self) -> UniverseId {
[INFO] [stdout]     |            ^^^^^^^^^^^^^^^^^^^^^^^^
[INFO] [stdout] 
[INFO] [stdout] 
[INFO] [stdout] warning: struct `Potential` is never constructed
[INFO] [stdout]   --> src/character/mod.rs:10:12
[INFO] [stdout]    |
[INFO] [stdout] 10 | pub struct Potential {
[INFO] [stdout]    |            ^^^^^^^^^
[INFO] [stdout] 
[INFO] [stdout] 
[INFO] [stdout] warning: multiple fields are never read
[INFO] [stdout]   --> src/character/mod.rs:23:5
[INFO] [stdout]    |
[INFO] [stdout] 22 | pub struct Experience {
[INFO] [stdout]    |            ---------- fields in this struct
[INFO] [stdout] 23 |     learning: u32,
[INFO] [stdout]    |     ^^^^^^^^
[INFO] [stdout] 24 |     driving: u32,    // the ability to drive any vehicles
[INFO] [stdout]    |     ^^^^^^^
[INFO] [stdout] 25 |     management: u32, // how well a character can run an organization
[INFO] [stdout]    |     ^^^^^^^^^^
[INFO] [stdout] 26 |     labor: u32,      // manual labor
[INFO] [stdout]    |     ^^^^^
[INFO] [stdout] 27 |     creation: u32,   // creating things or contents
[INFO] [stdout]    |     ^^^^^^^^
[INFO] [stdout] 28 |     warfare: u32,
[INFO] [stdout]    |     ^^^^^^^
[INFO] [stdout] 29 |     leadership: u32,
[INFO] [stdout]    |     ^^^^^^^^^^
[INFO] [stdout] 30 |     persuasion: u32,
[INFO] [stdout]    |     ^^^^^^^^^^
[INFO] [stdout] 31 |     social: u32,
[INFO] [stdout]    |     ^^^^^^
[INFO] [stdout] 32 |     adventuring: u32,
[INFO] [stdout]    |     ^^^^^^^^^^^
[INFO] [stdout] 33 |     cunning: u32,
[INFO] [stdout]    |     ^^^^^^^
[INFO] [stdout] 
[INFO] [stdout] 
[INFO] [stdout] warning: fields `math`, `science`, `alchemy`, `martial_arts`, and `elementalist` are never read
[INFO] [stdout]   --> src/character/mod.rs:38:5
[INFO] [stdout]    |
[INFO] [stdout] 37 | pub struct Skill {
[INFO] [stdout]    |            ----- fields in this struct
[INFO] [stdout] 38 |     math: u8,
[INFO] [stdout]    |     ^^^^
[INFO] [stdout] 39 |     science: u8,
[INFO] [stdout]    |     ^^^^^^^
[INFO] [stdout] 40 |     alchemy: u8,
[INFO] [stdout]    |     ^^^^^^^
[INFO] [stdout] 41 |     martial_arts: u8,
[INFO] [stdout]    |     ^^^^^^^^^^^^
[INFO] [stdout] 42 |     elementalist: u8,
[INFO] [stdout]    |     ^^^^^^^^^^^^
[INFO] [stdout] 
[INFO] [stdout] 
[INFO] [stdout] warning: fields `food`, `happiness`, `stress`, `health`, and `sleep` are never read
[INFO] [stdout]   --> src/character/mod.rs:47:5
[INFO] [stdout]    |
[INFO] [stdout] 46 | pub struct Wellbeing {
[INFO] [stdout]    |            --------- fields in this struct
[INFO] [stdout] 47 |     food: u32,
[INFO] [stdout]    |     ^^^^
[INFO] [stdout] 48 |     happiness: u32,
[INFO] [stdout]    |     ^^^^^^^^^
[INFO] [stdout] 49 |     stress: u32,
[INFO] [stdout]    |     ^^^^^^
[INFO] [stdout] 50 |     health: u32,
[INFO] [stdout]    |     ^^^^^^
[INFO] [stdout] 51 |     sleep: u32,
[INFO] [stdout]    |     ^^^^^
[INFO] [stdout] 
[INFO] [stdout] 
[INFO] [stdout] warning: multiple variants are never constructed
[INFO] [stdout]   --> src/character/mod.rs:56:5
[INFO] [stdout]    |
[INFO] [stdout] 55 | pub enum RelationshipKind {
[INFO] [stdout]    |          ---------------- variants in this enum
[INFO] [stdout] 56 |     Nemesis, // locked permanantly, unless...
[INFO] [stdout]    |     ^^^^^^^
[INFO] [stdout] 57 |     Rival,
[INFO] [stdout]    |     ^^^^^
[INFO] [stdout] 58 |     Known, // default
[INFO] [stdout]    |     ^^^^^
[INFO] [stdout] 59 |     Friend,
[INFO] [stdout]    |     ^^^^^^
[INFO] [stdout] 60 |     Bro, // gender-neutral close friend
[INFO] [stdout]    |     ^^^
[INFO] [stdout] 61 |     Romance,
[INFO] [stdout]    |     ^^^^^^^
[INFO] [stdout] 62 |     Marriage,
[INFO] [stdout]    |     ^^^^^^^^
[INFO] [stdout]    |
[INFO] [stdout]    = note: `RelationshipKind` has a derived impl for the trait `Clone`, but this is intentionally ignored during dead code analysis
[INFO] [stdout] 
[INFO] [stdout] 
[INFO] [stdout] warning: fields `favor` and `type` are never read
[INFO] [stdout]   --> src/character/mod.rs:67:5
[INFO] [stdout]    |
[INFO] [stdout] 66 | pub struct Relationship {
[INFO] [stdout]    |            ------------ fields in this struct
[INFO] [stdout] 67 |     favor: i16,
[INFO] [stdout]    |     ^^^^^
[INFO] [stdout] 68 |     r#type: RelationshipKind,
[INFO] [stdout]    |     ^^^^^^
[INFO] [stdout]    |
[INFO] [stdout]    = note: `Relationship` has a derived impl for the trait `Clone`, but this is intentionally ignored during dead code analysis
[INFO] [stdout] 
[INFO] [stdout] 
[INFO] [stdout] warning: fields `model_width` and `model_height` are never read
[INFO] [stdout]  --> src/coor.rs:8:5
[INFO] [stdout]   |
[INFO] [stdout] 5 | pub struct CoorCalculator {
[INFO] [stdout]   |            -------------- fields in this struct
[INFO] [stdout] ...
[INFO] [stdout] 8 |     model_width: f64,
[INFO] [stdout]   |     ^^^^^^^^^^^
[INFO] [stdout] 9 |     model_height: f64,
[INFO] [stdout]   |     ^^^^^^^^^^^^
[INFO] [stdout] 
[INFO] [stdout] 
[INFO] [stdout] warning: method `to_vp_coor` is never used
[INFO] [stdout]   --> src/coor.rs:26:12
[INFO] [stdout]    |
[INFO] [stdout] 12 | impl CoorCalculator {
[INFO] [stdout]    | ------------------- method in this implementation
[INFO] [stdout] ...
[INFO] [stdout] 26 |     pub fn to_vp_coor(&self, coor: Coor2) -> Coor2 {
[INFO] [stdout]    |            ^^^^^^^^^^
[INFO] [stdout] 
[INFO] [stdout] 
[INFO] [stdout] warning: struct `Product` is never constructed
[INFO] [stdout]   --> src/economy/mod.rs:67:12
[INFO] [stdout]    |
[INFO] [stdout] 67 | pub struct Product {
[INFO] [stdout]    |            ^^^^^^^
[INFO] [stdout] 
[INFO] [stdout] 
[INFO] [stdout] warning: struct `Company` is never constructed
[INFO] [stdout]   --> src/economy/mod.rs:72:12
[INFO] [stdout]    |
[INFO] [stdout] 72 | pub struct Company {
[INFO] [stdout]    |            ^^^^^^^
[INFO] [stdout] 
[INFO] [stdout] 
[INFO] [stdout] warning: struct `Brand` is never constructed
[INFO] [stdout]   --> src/economy/mod.rs:79:12
[INFO] [stdout]    |
[INFO] [stdout] 79 | pub struct Brand {
[INFO] [stdout]    |            ^^^^^
[INFO] [stdout] 
[INFO] [stdout] 
[INFO] [stdout] warning: variants `Company` and `Independent` are never constructed
[INFO] [stdout]   --> src/economy/mod.rs:88:5
[INFO] [stdout]    |
[INFO] [stdout] 87 | pub enum Ownership {
[INFO] [stdout]    |          --------- variants in this enum
[INFO] [stdout] 88 |     Company(CompanyId), // contributes to warehouses, then local market, then discard remaining
[INFO] [stdout]    |     ^^^^^^^
[INFO] [stdout] 89 |     Independent,        // contributes to local market
[INFO] [stdout]    |     ^^^^^^^^^^^
[INFO] [stdout]    |
[INFO] [stdout]    = note: `Ownership` has a derived impl for the trait `Clone`, but this is intentionally ignored during dead code analysis
[INFO] [stdout] 
[INFO] [stdout] 
[INFO] [stdout] warning: variants `Low`, `Normal`, and `High` are never constructed
[INFO] [stdout]   --> src/economy/mod.rs:94:5
[INFO] [stdout]    |
[INFO] [stdout] 93 | pub enum Wage {
[INFO] [stdout]    |          ---- variants in this enum
[INFO] [stdout] 94 |     Low,
[INFO] [stdout]    |     ^^^
[INFO] [stdout] 95 |     Normal,
[INFO] [stdout]    |     ^^^^^^
[INFO] [stdout] 96 |     High,
[INFO] [stdout]    |     ^^^^
[INFO] [stdout]    |
[INFO] [stdout]    = note: `Wage` has a derived impl for the trait `Clone`, but this is intentionally ignored during dead code analysis
[INFO] [stdout] 
[INFO] [stdout] 
[INFO] [stdout] warning: associated items `with_capacity` and `iter_mut` are never used
[INFO] [stdout]   --> src/entity/entities.rs:17:12
[INFO] [stdout]    |
[INFO] [stdout] 9  | impl<DataT, IndexT> Entities<DataT, IndexT>
[INFO] [stdout]    | ------------------------------------------- associated items in this implementation
[INFO] [stdout] ...
[INFO] [stdout] 17 |     pub fn with_capacity(capacity: usize) -> Self {
[INFO] [stdout]    |            ^^^^^^^^^^^^^
[INFO] [stdout] ...
[INFO] [stdout] 59 |     pub fn iter_mut(&mut self) -> impl Iterator<Item = (IndexT, &mut DataT)> {
[INFO] [stdout]    |            ^^^^^^^^
[INFO] [stdout] 
[INFO] [stdout] 
[INFO] [stdout] warning: associated function `new` is never used
[INFO] [stdout]  --> src/entity/sequence.rs:9:12
[INFO] [stdout]   |
[INFO] [stdout] 5 | impl<IndexT> Sequence<IndexT>
[INFO] [stdout]   | ----------------------------- associated function in this implementation
[INFO] [stdout] ...
[INFO] [stdout] 9 |     pub fn new(start: IndexT) -> Self {
[INFO] [stdout]   |            ^^^
[INFO] [stdout] 
[INFO] [stdout] 
[INFO] [stdout] warning: methods `is_empty`, `iter_mut`, `into_iter`, `utility_ratio`, and `coalesce` are never used
[INFO] [stdout]    --> src/entity/tomb_vec.rs:43:12
[INFO] [stdout]     |
[INFO] [stdout] 23  | impl<DataT, IndexT> Tec<DataT, IndexT>
[INFO] [stdout]     | -------------------------------------- methods in this implementation
[INFO] [stdout] ...
[INFO] [stdout] 43  |     pub fn is_empty(&self) -> bool {
[INFO] [stdout]     |            ^^^^^^^^
[INFO] [stdout] ...
[INFO] [stdout] 140 |     pub fn iter_mut(&mut self) -> impl Iterator<Item = (IndexT, &mut DataT)> {
[INFO] [stdout]     |            ^^^^^^^^
[INFO] [stdout] ...
[INFO] [stdout] 150 |     pub fn into_iter(self) -> impl Iterator<Item = (IndexT, DataT)> {
[INFO] [stdout]     |            ^^^^^^^^^
[INFO] [stdout] ...
[INFO] [stdout] 161 |     pub fn utility_ratio(&self) -> f64 {
[INFO] [stdout]     |            ^^^^^^^^^^^^^
[INFO] [stdout] ...
[INFO] [stdout] 176 |     pub fn coalesce<F>(&mut self, mut f: F)
[INFO] [stdout]     |            ^^^^^^^^
[INFO] [stdout] 
[INFO] [stdout] 
[INFO] [stdout] warning: fields `avg_quality`, `avg_brand`, and `quantity` are never read
[INFO] [stdout]   --> src/planet/mod.rs:62:5
[INFO] [stdout]    |
[INFO] [stdout] 61 | pub struct RetailerStorage {
[INFO] [stdout]    |            --------------- fields in this struct
[INFO] [stdout] 62 |     avg_quality: u32,
[INFO] [stdout]    |     ^^^^^^^^^^^
[INFO] [stdout] 63 |     avg_brand: u32,
[INFO] [stdout]    |     ^^^^^^^^^
[INFO] [stdout] 64 |     quantity: Quantity,
[INFO] [stdout]    |     ^^^^^^^^
[INFO] [stdout]    |
[INFO] [stdout]    = note: `RetailerStorage` has a derived impl for the trait `Clone`, but this is intentionally ignored during dead code analysis
[INFO] [stdout] 
[INFO] [stdout] 
[INFO] [stdout] warning: fields `manager`, `num_stores`, and `storage` are never read
[INFO] [stdout]   --> src/planet/mod.rs:85:5
[INFO] [stdout]    |
[INFO] [stdout] 84 | pub struct Retailer {
[INFO] [stdout]    |            -------- fields in this struct
[INFO] [stdout] 85 |     manager: Option<CharacterId>,
[INFO] [stdout]    |     ^^^^^^^
[INFO] [stdout] 86 |     // how many physical stores -> coverage
[INFO] [stdout] 87 |     num_stores: u32,
[INFO] [stdout]    |     ^^^^^^^^^^
[INFO] [stdout] 88 |     storage: EnumMap<Commodity, RetailerStorage>,
[INFO] [stdout]    |     ^^^^^^^
[INFO] [stdout]    |
[INFO] [stdout]    = note: `Retailer` has a derived impl for the trait `Clone`, but this is intentionally ignored during dead code analysis
[INFO] [stdout] 
[INFO] [stdout] 
[INFO] [stdout] warning: method `cal_market_penetration` is never used
[INFO] [stdout]   --> src/planet/mod.rs:92:12
[INFO] [stdout]    |
[INFO] [stdout] 91 | impl Retailer {
[INFO] [stdout]    | ------------- method in this implementation
[INFO] [stdout] 92 |     pub fn cal_market_penetration(&self) -> u32 {
[INFO] [stdout]    |            ^^^^^^^^^^^^^^^^^^^^^^
[INFO] [stdout] 
[INFO] [stdout] 
[INFO] [stdout] warning: fields `scale`, `quality`, and `storage` are never read
[INFO] [stdout]    --> src/planet/mod.rs:102:5
[INFO] [stdout]     |
[INFO] [stdout] 101 | pub struct Warehouse {
[INFO] [stdout]     |            --------- fields in this struct
[INFO] [stdout] 102 |     scale: u32,
[INFO] [stdout]     |     ^^^^^
[INFO] [stdout] 103 |     quality: Quality,
[INFO] [stdout]     |     ^^^^^^^
[INFO] [stdout] 104 |     storage: Storage,
[INFO] [stdout]     |     ^^^^^^^
[INFO] [stdout]     |
[INFO] [stdout]     = note: `Warehouse` has a derived impl for the trait `Clone`, but this is intentionally ignored during dead code analysis
[INFO] [stdout] 
[INFO] [stdout] 
[INFO] [stdout] warning: fields `scale` and `storage` are never read
[INFO] [stdout]    --> src/planet/mod.rs:112:5
[INFO] [stdout]     |
[INFO] [stdout] 111 | pub struct LocalMarket {
[INFO] [stdout]     |            ----------- fields in this struct
[INFO] [stdout] 112 |     scale: u32,
[INFO] [stdout]     |     ^^^^^
[INFO] [stdout] 113 |     storage: Storage,
[INFO] [stdout]     |     ^^^^^^^
[INFO] [stdout]     |
[INFO] [stdout]     = note: `LocalMarket` has a derived impl for the trait `Clone`, but this is intentionally ignored during dead code analysis
[INFO] [stdout] 
[INFO] [stdout] 
[INFO] [stdout] warning: variants `Theft`, `Arson`, `Assault`, `Murder`, `Fraud`, and `Espionage` are never constructed
[INFO] [stdout]    --> src/planet/mod.rs:120:5
[INFO] [stdout]     |
[INFO] [stdout] 119 | pub enum CrimeKind {
[INFO] [stdout]     |          --------- variants in this enum
[INFO] [stdout] 120 |     Theft,
[INFO] [stdout]     |     ^^^^^
[INFO] [stdout] 121 |     Arson,
[INFO] [stdout]     |     ^^^^^
[INFO] [stdout] 122 |     Assault,
[INFO] [stdout]     |     ^^^^^^^
[INFO] [stdout] 123 |     Murder,
[INFO] [stdout]     |     ^^^^^^
[INFO] [stdout] 124 |     Fraud,
[INFO] [stdout]     |     ^^^^^
[INFO] [stdout] 125 |     Espionage,
[INFO] [stdout]     |     ^^^^^^^^^
[INFO] [stdout]     |
[INFO] [stdout]     = note: `CrimeKind` has a derived impl for the trait `Clone`, but this is intentionally ignored during dead code analysis
[INFO] [stdout] 
[INFO] [stdout] 
[INFO] [stdout] warning: enum `LawEnforcementKind` is never used
[INFO] [stdout]    --> src/planet/mod.rs:128:10
[INFO] [stdout]     |
[INFO] [stdout] 128 | pub enum LawEnforcementKind {
[INFO] [stdout]     |          ^^^^^^^^^^^^^^^^^^
[INFO] [stdout] 
[INFO] [stdout] 
[INFO] [stdout] warning: enum `PunishmentKind` is never used
[INFO] [stdout]    --> src/planet/mod.rs:134:10
[INFO] [stdout]     |
[INFO] [stdout] 134 | pub enum PunishmentKind {
[INFO] [stdout]     |          ^^^^^^^^^^^^^^
[INFO] [stdout] 
[INFO] [stdout] 
[INFO] [stdout] warning: enum `Perception` is never used
[INFO] [stdout]    --> src/planet/mod.rs:145:10
[INFO] [stdout]     |
[INFO] [stdout] 145 | pub enum Perception {
[INFO] [stdout]     |          ^^^^^^^^^^
[INFO] [stdout] 
[INFO] [stdout] 
[INFO] [stdout] warning: enum `Severity` is never used
[INFO] [stdout]    --> src/planet/mod.rs:155:10
[INFO] [stdout]     |
[INFO] [stdout] 155 | pub enum Severity {
[INFO] [stdout]     |          ^^^^^^^^
[INFO] [stdout] 
[INFO] [stdout] 
[INFO] [stdout] warning: struct `Constitution` is never constructed
[INFO] [stdout]    --> src/planet/mod.rs:163:12
[INFO] [stdout]     |
[INFO] [stdout] 163 | pub struct Constitution {
[INFO] [stdout]     |            ^^^^^^^^^^^^
[INFO] [stdout] 
[INFO] [stdout] 
[INFO] [stdout] warning: enum `LaborLawKind` is never used
[INFO] [stdout]    --> src/planet/mod.rs:168:10
[INFO] [stdout]     |
[INFO] [stdout] 168 | pub enum LaborLawKind {}
[INFO] [stdout]     |          ^^^^^^^^^^^^
[INFO] [stdout] 
[INFO] [stdout] 
[INFO] [stdout] warning: struct `Civic` is never constructed
[INFO] [stdout]    --> src/planet/mod.rs:170:12
[INFO] [stdout]     |
[INFO] [stdout] 170 | pub struct Civic {
[INFO] [stdout]     |            ^^^^^
[INFO] [stdout] 
[INFO] [stdout] 
[INFO] [stdout] warning: enum `Spot` is never used
[INFO] [stdout]    --> src/planet/mod.rs:181:10
[INFO] [stdout]     |
[INFO] [stdout] 181 | pub enum Spot {
[INFO] [stdout]     |          ^^^^
[INFO] [stdout] 
[INFO] [stdout] 
[INFO] [stdout] warning: fields `neighbours`, `stability`, `local_market`, `farms`, `pops`, and `crime` are never read
[INFO] [stdout]    --> src/planet/mod.rs:224:5
[INFO] [stdout]     |
[INFO] [stdout] 221 | pub struct Region {
[INFO] [stdout]     |            ------ fields in this struct
[INFO] [stdout] ...
[INFO] [stdout] 224 |     neighbours: HashSet<RegionId>,
[INFO] [stdout]     |     ^^^^^^^^^^
[INFO] [stdout] ...
[INFO] [stdout] 229 |     stability: u32,
[INFO] [stdout]     |     ^^^^^^^^^
[INFO] [stdout] 230 |
[INFO] [stdout] 231 |     local_market: LocalMarket,
[INFO] [stdout]     |     ^^^^^^^^^^^^
[INFO] [stdout] 232 |
[INFO] [stdout] 233 |     farms: HashMap<Ownership, Farm>,
[INFO] [stdout]     |     ^^^^^
[INFO] [stdout] 234 |
[INFO] [stdout] 235 |     pops: Pops,
[INFO] [stdout]     |     ^^^^
[INFO] [stdout] 236 |
[INFO] [stdout] 237 |     crime: HashMap<CharacterId, HashMap<CrimeKind, u32>>,
[INFO] [stdout]     |     ^^^^^
[INFO] [stdout]     |
[INFO] [stdout]     = note: `Region` has a derived impl for the trait `Clone`, but this is intentionally ignored during dead code analysis
[INFO] [stdout] 
[INFO] [stdout] 
[INFO] [stdout] warning: field `id` is never read
[INFO] [stdout]    --> src/planet/mod.rs:250:5
[INFO] [stdout]     |
[INFO] [stdout] 249 | pub struct Planet {
[INFO] [stdout]     |            ------ field in this struct
[INFO] [stdout] 250 |     id: GalaxyEntityId,
[INFO] [stdout]     |     ^^
[INFO] [stdout] 
[INFO] [stdout] 
[INFO] [stdout] warning: fields `workers`, `wage_rate`, `employed`, `ownership`, and `owned_land` are never read
[INFO] [stdout]   --> src/planet/producer/farm.rs:12:5
[INFO] [stdout]    |
[INFO] [stdout] 11 | pub struct Farm {
[INFO] [stdout]    |            ---- fields in this struct
[INFO] [stdout] 12 |     workers: HashSet<CharacterId>,
[INFO] [stdout]    |     ^^^^^^^
[INFO] [stdout] 13 |     wage_rate: Wage,
[INFO] [stdout]    |     ^^^^^^^^^
[INFO] [stdout] 14 |     employed: PopCount,
[INFO] [stdout]    |     ^^^^^^^^
[INFO] [stdout] 15 |     ownership: Ownership,
[INFO] [stdout]    |     ^^^^^^^^^
[INFO] [stdout] 16 |     owned_land: LandSize,
[INFO] [stdout]    |     ^^^^^^^^^^
[INFO] [stdout]    |
[INFO] [stdout]    = note: `Farm` has a derived impl for the trait `Clone`, but this is intentionally ignored during dead code analysis
[INFO] [stdout] 
[INFO] [stdout] 
[INFO] [stdout] warning: enum `Lifespan` is never used
[INFO] [stdout]   --> src/pop/mod.rs:15:10
[INFO] [stdout]    |
[INFO] [stdout] 15 | pub enum Lifespan {
[INFO] [stdout]    |          ^^^^^^^^
[INFO] [stdout] 
[INFO] [stdout] 
[INFO] [stdout] warning: enum `Traits` is never used
[INFO] [stdout]   --> src/pop/mod.rs:23:10
[INFO] [stdout]    |
[INFO] [stdout] 23 | pub enum Traits {
[INFO] [stdout]    |          ^^^^^^
[INFO] [stdout] 
[INFO] [stdout] 
[INFO] [stdout] warning: struct `Race` is never constructed
[INFO] [stdout]   --> src/pop/mod.rs:27:12
[INFO] [stdout]    |
[INFO] [stdout] 27 | pub struct Race {
[INFO] [stdout]    |            ^^^^
[INFO] [stdout] 
[INFO] [stdout] 
[INFO] [stdout] warning: struct `PopKey` is never constructed
[INFO] [stdout]   --> src/pop/mod.rs:42:12
[INFO] [stdout]    |
[INFO] [stdout] 42 | pub struct PopKey(RaceId, SocialClass, Education);
[INFO] [stdout]    |            ^^^^^^
[INFO] [stdout] 
[INFO] [stdout] 
[INFO] [stdout] warning: fields `number` and `employed` are never read
[INFO] [stdout]   --> src/pop/mod.rs:46:5
[INFO] [stdout]    |
[INFO] [stdout] 45 | pub struct PopData {
[INFO] [stdout]    |            ------- fields in this struct
[INFO] [stdout] 46 |     number: PopCount,
[INFO] [stdout]    |     ^^^^^^
[INFO] [stdout] 47 |     employed: PopCount,
[INFO] [stdout]    |     ^^^^^^^^
[INFO] [stdout]    |
[INFO] [stdout]    = note: `PopData` has a derived impl for the trait `Clone`, but this is intentionally ignored during dead code analysis
[INFO] [stdout] 
[INFO] [stdout] 
[INFO] [stdout] warning: methods `get_employed_count` and `get_unemployed_count` are never used
[INFO] [stdout]   --> src/pop/mod.rs:54:8
[INFO] [stdout]    |
[INFO] [stdout] 53 | impl PopData {
[INFO] [stdout]    | ------------ methods in this implementation
[INFO] [stdout] 54 |     fn get_employed_count(&self) -> PopCount {
[INFO] [stdout]    |        ^^^^^^^^^^^^^^^^^^
[INFO] [stdout] ...
[INFO] [stdout] 58 |     fn get_unemployed_count(&self) -> PopCount {
[INFO] [stdout]    |        ^^^^^^^^^^^^^^^^^^^^
[INFO] [stdout] 
[INFO] [stdout] 
[INFO] [stdout] warning: methods `get` and `get_mut` are never used
[INFO] [stdout]   --> src/pop/mod.rs:66:8
[INFO] [stdout]    |
[INFO] [stdout] 65 | impl Pops {
[INFO] [stdout]    | --------- methods in this implementation
[INFO] [stdout] 66 |     fn get(&self, PopKey(race_id, social_class, education): PopKey) -> Option<&PopData> {
[INFO] [stdout]    |        ^^^
[INFO] [stdout] ...
[INFO] [stdout] 77 |     fn get_mut(
[INFO] [stdout]    |        ^^^^^^^
[INFO] [stdout] 
[INFO] [stdout] 
[INFO] [stdout] warning: enum `AttackMove` is never used
[INFO] [stdout]  --> src/unit/mod.rs:5:6
[INFO] [stdout]   |
[INFO] [stdout] 5 | enum AttackMove {
[INFO] [stdout]   |      ^^^^^^^^^^
[INFO] [stdout] 
[INFO] [stdout] 
[INFO] [stdout] warning: struct `Unit` is never constructed
[INFO] [stdout]  --> src/unit/mod.rs:9:12
[INFO] [stdout]   |
[INFO] [stdout] 9 | pub struct Unit {
[INFO] [stdout]   |            ^^^^
[INFO] [stdout] 
[INFO] [stdout] 
[INFO] [stdout] warning: field `characters` is never read
[INFO] [stdout]   --> src/unit/mod.rs:20:5
[INFO] [stdout]    |
[INFO] [stdout] 19 | pub struct Party {
[INFO] [stdout]    |            ----- field in this struct
[INFO] [stdout] 20 |     characters: HashSet<CharacterId>,
[INFO] [stdout]    |     ^^^^^^^^^^
[INFO] [stdout] 
[INFO] [stdout] 
[INFO] [stdout] warning: field `free` is never read
[INFO] [stdout]   --> src/unit/mod.rs:25:5
[INFO] [stdout]    |
[INFO] [stdout] 24 | pub struct Parties {
[INFO] [stdout]    |            ------- field in this struct
[INFO] [stdout] 25 |     free: Tec<Party>,
[INFO] [stdout]    |     ^^^^
[INFO] [stdout] 
[INFO] [stdout] 
[INFO] [stdout] warning: field `entity_idgen` is never read
[INFO] [stdout]   --> src/universe/mod.rs:12:5
[INFO] [stdout]    |
[INFO] [stdout] 9  | pub struct Universe {
[INFO] [stdout]    |            -------- field in this struct
[INFO] [stdout] ...
[INFO] [stdout] 12 |     entity_idgen: Sequence<GalaxyEntityId>,
[INFO] [stdout]    |     ^^^^^^^^^^^^
[INFO] [stdout] 
[INFO] [stdout] 
[INFO] [stdout] warning: 48 warnings emitted
[INFO] [stdout] 
[INFO] [stdout] 
[INFO] [stderr]     Finished test [unoptimized + debuginfo] target(s) in 1.75s
[INFO] [stderr] warning: the following packages contain code that will be rejected by a future version of Rust: console_log v0.2.0
[INFO] [stderr] note: to see what the problems were, use the option `--future-incompat-report`, or run `cargo report future-incompatibilities --id 1`
[INFO] running `Command { std: "docker" "inspect" "5d614c7513d9f9b26ee388d97fb514faac3226d3478fb386bd48a34f6bed4d8b", kill_on_drop: false }`
[INFO] running `Command { std: "docker" "rm" "-f" "5d614c7513d9f9b26ee388d97fb514faac3226d3478fb386bd48a34f6bed4d8b", kill_on_drop: false }`
[INFO] [stdout] 5d614c7513d9f9b26ee388d97fb514faac3226d3478fb386bd48a34f6bed4d8b
[INFO] running `Command { std: "docker" "create" "-v" "/var/lib/crater-agent-workspace/builds/worker-1-tc2/target:/opt/rustwide/target:rw,Z" "-v" "/var/lib/crater-agent-workspace/builds/worker-1-tc2/source:/opt/rustwide/workdir:ro,Z" "-v" "/var/lib/crater-agent-workspace/cargo-home:/opt/rustwide/cargo-home:ro,Z" "-v" "/var/lib/crater-agent-workspace/rustup-home:/opt/rustwide/rustup-home:ro,Z" "-e" "SOURCE_DIR=/opt/rustwide/workdir" "-e" "CARGO_TARGET_DIR=/opt/rustwide/target" "-e" "CARGO_INCREMENTAL=0" "-e" "RUST_BACKTRACE=full" "-e" "RUSTFLAGS=--cap-lints=warn" "-e" "RUSTDOCFLAGS=--cap-lints=warn" "-e" "CARGO_HOME=/opt/rustwide/cargo-home" "-e" "RUSTUP_HOME=/opt/rustwide/rustup-home" "-w" "/opt/rustwide/workdir" "-m" "1610612736" "--user" "0:0" "--network" "none" "ghcr.io/rust-lang/crates-build-env/linux@sha256:5ff2268d62e97bff2cde7d5815dd6ed5b47097566f13b8d0ca110b04b60e07ed" "/opt/rustwide/cargo-home/bin/cargo" "+beta-2023-04-20" "test" "--frozen", kill_on_drop: false }`
[INFO] [stdout] 9f29f630a3a2a8960381adf6d9b37d8dc7b0be627974372c5d71e7dd4a3025da
[INFO] running `Command { std: "docker" "start" "-a" "9f29f630a3a2a8960381adf6d9b37d8dc7b0be627974372c5d71e7dd4a3025da", kill_on_drop: false }`
[INFO] [stderr] warning: fields `characters`, `dynasties`, `parties`, and `player_character_id` are never read
[INFO] [stderr]   --> src/lib.rs:48:5
[INFO] [stderr]    |
[INFO] [stderr] 46 | pub struct Game {
[INFO] [stderr]    |            ---- fields in this struct
[INFO] [stderr] 47 |     tick: u64,
[INFO] [stderr] 48 |     characters: Vec<Character>,
[INFO] [stderr]    |     ^^^^^^^^^^
[INFO] [stderr] 49 |     universes: Universes,
[INFO] [stderr] 50 |     dynasties: Vec<Dynasty>,
[INFO] [stderr]    |     ^^^^^^^^^
[INFO] [stderr] 51 |     parties: Parties,
[INFO] [stderr]    |     ^^^^^^^
[INFO] [stderr] 52 |     player_character_id: usize,
[INFO] [stderr]    |     ^^^^^^^^^^^^^^^^^^^
[INFO] [stderr]    |
[INFO] [stderr]    = note: `#[warn(dead_code)]` on by default
[INFO] [stderr] 
[INFO] [stderr] warning: struct `App` is never constructed
[INFO] [stderr]   --> src/app/mod.rs:21:12
[INFO] [stderr]    |
[INFO] [stderr] 21 | pub struct App {
[INFO] [stderr]    |            ^^^
[INFO] [stderr] 
[INFO] [stderr] warning: method `get_selected_universe_id` is never used
[INFO] [stderr]    --> src/app/view_model.rs:133:12
[INFO] [stderr]     |
[INFO] [stderr] 55  | impl Model {
[INFO] [stderr]     | ---------- method in this implementation
[INFO] [stderr] ...
[INFO] [stderr] 133 |     pub fn get_selected_universe_id(&self) -> UniverseId {
[INFO] [stderr]     |            ^^^^^^^^^^^^^^^^^^^^^^^^
[INFO] [stderr] 
[INFO] [stderr] warning: struct `Potential` is never constructed
[INFO] [stderr]   --> src/character/mod.rs:10:12
[INFO] [stderr]    |
[INFO] [stderr] 10 | pub struct Potential {
[INFO] [stderr]    |            ^^^^^^^^^
[INFO] [stderr] 
[INFO] [stderr] warning: multiple fields are never read
[INFO] [stderr]   --> src/character/mod.rs:23:5
[INFO] [stderr]    |
[INFO] [stderr] 22 | pub struct Experience {
[INFO] [stderr]    |            ---------- fields in this struct
[INFO] [stderr] 23 |     learning: u32,
[INFO] [stderr]    |     ^^^^^^^^
[INFO] [stderr] 24 |     driving: u32,    // the ability to drive any vehicles
[INFO] [stderr]    |     ^^^^^^^
[INFO] [stderr] 25 |     management: u32, // how well a character can run an organization
[INFO] [stderr]    |     ^^^^^^^^^^
[INFO] [stderr] 26 |     labor: u32,      // manual labor
[INFO] [stderr]    |     ^^^^^
[INFO] [stderr] 27 |     creation: u32,   // creating things or contents
[INFO] [stderr]    |     ^^^^^^^^
[INFO] [stderr] 28 |     warfare: u32,
[INFO] [stderr]    |     ^^^^^^^
[INFO] [stderr] 29 |     leadership: u32,
[INFO] [stderr]    |     ^^^^^^^^^^
[INFO] [stderr] 30 |     persuasion: u32,
[INFO] [stderr]    |     ^^^^^^^^^^
[INFO] [stderr] 31 |     social: u32,
[INFO] [stderr]    |     ^^^^^^
[INFO] [stderr] 32 |     adventuring: u32,
[INFO] [stderr]    |     ^^^^^^^^^^^
[INFO] [stderr] 33 |     cunning: u32,
[INFO] [stderr]    |     ^^^^^^^
[INFO] [stderr] 
[INFO] [stderr] warning: fields `math`, `science`, `alchemy`, `martial_arts`, and `elementalist` are never read
[INFO] [stderr]   --> src/character/mod.rs:38:5
[INFO] [stderr]    |
[INFO] [stderr] 37 | pub struct Skill {
[INFO] [stderr]    |            ----- fields in this struct
[INFO] [stderr] 38 |     math: u8,
[INFO] [stderr]    |     ^^^^
[INFO] [stderr] 39 |     science: u8,
[INFO] [stderr]    |     ^^^^^^^
[INFO] [stderr] 40 |     alchemy: u8,
[INFO] [stderr]    |     ^^^^^^^
[INFO] [stderr] 41 |     martial_arts: u8,
[INFO] [stderr]    |     ^^^^^^^^^^^^
[INFO] [stderr] 42 |     elementalist: u8,
[INFO] [stderr]    |     ^^^^^^^^^^^^
[INFO] [stderr] 
[INFO] [stderr] warning: fields `food`, `happiness`, `stress`, `health`, and `sleep` are never read
[INFO] [stderr]   --> src/character/mod.rs:47:5
[INFO] [stderr]    |
[INFO] [stderr] 46 | pub struct Wellbeing {
[INFO] [stderr]    |            --------- fields in this struct
[INFO] [stderr] 47 |     food: u32,
[INFO] [stderr]    |     ^^^^
[INFO] [stderr] 48 |     happiness: u32,
[INFO] [stderr]    |     ^^^^^^^^^
[INFO] [stderr] 49 |     stress: u32,
[INFO] [stderr]    |     ^^^^^^
[INFO] [stderr] 50 |     health: u32,
[INFO] [stderr]    |     ^^^^^^
[INFO] [stderr] 51 |     sleep: u32,
[INFO] [stderr]    |     ^^^^^
[INFO] [stderr] 
[INFO] [stderr] warning: multiple variants are never constructed
[INFO] [stderr]   --> src/character/mod.rs:56:5
[INFO] [stderr]    |
[INFO] [stderr] 55 | pub enum RelationshipKind {
[INFO] [stderr]    |          ---------------- variants in this enum
[INFO] [stderr] 56 |     Nemesis, // locked permanantly, unless...
[INFO] [stderr]    |     ^^^^^^^
[INFO] [stderr] 57 |     Rival,
[INFO] [stderr]    |     ^^^^^
[INFO] [stderr] 58 |     Known, // default
[INFO] [stderr]    |     ^^^^^
[INFO] [stderr] 59 |     Friend,
[INFO] [stderr]    |     ^^^^^^
[INFO] [stderr] 60 |     Bro, // gender-neutral close friend
[INFO] [stderr]    |     ^^^
[INFO] [stderr] 61 |     Romance,
[INFO] [stderr]    |     ^^^^^^^
[INFO] [stderr] 62 |     Marriage,
[INFO] [stderr]    |     ^^^^^^^^
[INFO] [stderr]    |
[INFO] [stderr]    = note: `RelationshipKind` has a derived impl for the trait `Clone`, but this is intentionally ignored during dead code analysis
[INFO] [stderr] 
[INFO] [stderr] warning: fields `favor` and `type` are never read
[INFO] [stderr]   --> src/character/mod.rs:67:5
[INFO] [stderr]    |
[INFO] [stderr] 66 | pub struct Relationship {
[INFO] [stderr]    |            ------------ fields in this struct
[INFO] [stderr] 67 |     favor: i16,
[INFO] [stderr]    |     ^^^^^
[INFO] [stderr] 68 |     r#type: RelationshipKind,
[INFO] [stderr]    |     ^^^^^^
[INFO] [stderr]    |
[INFO] [stderr]    = note: `Relationship` has a derived impl for the trait `Clone`, but this is intentionally ignored during dead code analysis
[INFO] [stderr] 
[INFO] [stderr] warning: fields `model_width` and `model_height` are never read
[INFO] [stderr]  --> src/coor.rs:8:5
[INFO] [stderr]   |
[INFO] [stderr] 5 | pub struct CoorCalculator {
[INFO] [stderr]   |            -------------- fields in this struct
[INFO] [stderr] ...
[INFO] [stderr] 8 |     model_width: f64,
[INFO] [stderr]   |     ^^^^^^^^^^^
[INFO] [stderr] 9 |     model_height: f64,
[INFO] [stderr]   |     ^^^^^^^^^^^^
[INFO] [stderr] 
[INFO] [stderr] warning: method `to_vp_coor` is never used
[INFO] [stderr]   --> src/coor.rs:26:12
[INFO] [stderr]    |
[INFO] [stderr] 12 | impl CoorCalculator {
[INFO] [stderr]    | ------------------- method in this implementation
[INFO] [stderr] ...
[INFO] [stderr] 26 |     pub fn to_vp_coor(&self, coor: Coor2) -> Coor2 {
[INFO] [stderr]    |            ^^^^^^^^^^
[INFO] [stderr] 
[INFO] [stderr] warning: struct `Product` is never constructed
[INFO] [stderr]   --> src/economy/mod.rs:67:12
[INFO] [stderr]    |
[INFO] [stderr] 67 | pub struct Product {
[INFO] [stderr]    |            ^^^^^^^
[INFO] [stderr] 
[INFO] [stderr] warning: struct `Company` is never constructed
[INFO] [stderr]   --> src/economy/mod.rs:72:12
[INFO] [stderr]    |
[INFO] [stderr] 72 | pub struct Company {
[INFO] [stderr]    |            ^^^^^^^
[INFO] [stderr] 
[INFO] [stderr] warning: struct `Brand` is never constructed
[INFO] [stderr]   --> src/economy/mod.rs:79:12
[INFO] [stderr]    |
[INFO] [stderr] 79 | pub struct Brand {
[INFO] [stderr]    |            ^^^^^
[INFO] [stderr] 
[INFO] [stderr] warning: variants `Company` and `Independent` are never constructed
[INFO] [stderr]   --> src/economy/mod.rs:88:5
[INFO] [stderr]    |
[INFO] [stderr] 87 | pub enum Ownership {
[INFO] [stderr]    |          --------- variants in this enum
[INFO] [stderr] 88 |     Company(CompanyId), // contributes to warehouses, then local market, then discard remaining
[INFO] [stderr]    |     ^^^^^^^
[INFO] [stderr] 89 |     Independent,        // contributes to local market
[INFO] [stderr]    |     ^^^^^^^^^^^
[INFO] [stderr]    |
[INFO] [stderr]    = note: `Ownership` has a derived impl for the trait `Clone`, but this is intentionally ignored during dead code analysis
[INFO] [stderr] 
[INFO] [stderr] warning: variants `Low`, `Normal`, and `High` are never constructed
[INFO] [stderr]   --> src/economy/mod.rs:94:5
[INFO] [stderr]    |
[INFO] [stderr] 93 | pub enum Wage {
[INFO] [stderr]    |          ---- variants in this enum
[INFO] [stderr] 94 |     Low,
[INFO] [stderr]    |     ^^^
[INFO] [stderr] 95 |     Normal,
[INFO] [stderr]    |     ^^^^^^
[INFO] [stderr] 96 |     High,
[INFO] [stderr]    |     ^^^^
[INFO] [stderr]    |
[INFO] [stderr]    = note: `Wage` has a derived impl for the trait `Clone`, but this is intentionally ignored during dead code analysis
[INFO] [stderr] 
[INFO] [stderr] warning: associated items `with_capacity` and `iter_mut` are never used
[INFO] [stderr]   --> src/entity/entities.rs:17:12
[INFO] [stderr]    |
[INFO] [stderr] 9  | impl<DataT, IndexT> Entities<DataT, IndexT>
[INFO] [stderr]    | ------------------------------------------- associated items in this implementation
[INFO] [stderr] ...
[INFO] [stderr] 17 |     pub fn with_capacity(capacity: usize) -> Self {
[INFO] [stderr]    |            ^^^^^^^^^^^^^
[INFO] [stderr] ...
[INFO] [stderr] 59 |     pub fn iter_mut(&mut self) -> impl Iterator<Item = (IndexT, &mut DataT)> {
[INFO] [stderr]    |            ^^^^^^^^
[INFO] [stderr] 
[INFO] [stderr] warning: associated function `new` is never used
[INFO] [stderr]  --> src/entity/sequence.rs:9:12
[INFO] [stderr]   |
[INFO] [stderr] 5 | impl<IndexT> Sequence<IndexT>
[INFO] [stderr]   | ----------------------------- associated function in this implementation
[INFO] [stderr] ...
[INFO] [stderr] 9 |     pub fn new(start: IndexT) -> Self {
[INFO] [stderr]   |            ^^^
[INFO] [stderr] 
[INFO] [stderr] warning: methods `is_empty`, `iter_mut`, `into_iter`, `utility_ratio`, and `coalesce` are never used
[INFO] [stderr]    --> src/entity/tomb_vec.rs:43:12
[INFO] [stderr]     |
[INFO] [stderr] 23  | impl<DataT, IndexT> Tec<DataT, IndexT>
[INFO] [stderr]     | -------------------------------------- methods in this implementation
[INFO] [stderr] ...
[INFO] [stderr] 43  |     pub fn is_empty(&self) -> bool {
[INFO] [stderr]     |            ^^^^^^^^
[INFO] [stderr] ...
[INFO] [stderr] 140 |     pub fn iter_mut(&mut self) -> impl Iterator<Item = (IndexT, &mut DataT)> {
[INFO] [stderr]     |            ^^^^^^^^
[INFO] [stderr] ...
[INFO] [stderr] 150 |     pub fn into_iter(self) -> impl Iterator<Item = (IndexT, DataT)> {
[INFO] [stderr]     |            ^^^^^^^^^
[INFO] [stderr] ...
[INFO] [stderr] 161 |     pub fn utility_ratio(&self) -> f64 {
[INFO] [stderr]     |            ^^^^^^^^^^^^^
[INFO] [stderr] ...
[INFO] [stderr] 176 |     pub fn coalesce<F>(&mut self, mut f: F)
[INFO] [stderr]     |            ^^^^^^^^
[INFO] [stderr] 
[INFO] [stderr] warning: fields `avg_quality`, `avg_brand`, and `quantity` are never read
[INFO] [stderr]   --> src/planet/mod.rs:62:5
[INFO] [stderr]    |
[INFO] [stderr] 61 | pub struct RetailerStorage {
[INFO] [stderr]    |            --------------- fields in this struct
[INFO] [stderr] 62 |     avg_quality: u32,
[INFO] [stderr]    |     ^^^^^^^^^^^
[INFO] [stderr] 63 |     avg_brand: u32,
[INFO] [stderr]    |     ^^^^^^^^^
[INFO] [stderr] 64 |     quantity: Quantity,
[INFO] [stderr]    |     ^^^^^^^^
[INFO] [stderr]    |
[INFO] [stderr]    = note: `RetailerStorage` has a derived impl for the trait `Clone`, but this is intentionally ignored during dead code analysis
[INFO] [stderr] 
[INFO] [stderr] warning: fields `manager`, `num_stores`, and `storage` are never read
[INFO] [stderr]   --> src/planet/mod.rs:85:5
[INFO] [stderr]    |
[INFO] [stderr] 84 | pub struct Retailer {
[INFO] [stderr]    |            -------- fields in this struct
[INFO] [stderr] 85 |     manager: Option<CharacterId>,
[INFO] [stderr]    |     ^^^^^^^
[INFO] [stderr] 86 |     // how many physical stores -> coverage
[INFO] [stderr] 87 |     num_stores: u32,
[INFO] [stderr]    |     ^^^^^^^^^^
[INFO] [stderr] 88 |     storage: EnumMap<Commodity, RetailerStorage>,
[INFO] [stderr]    |     ^^^^^^^
[INFO] [stderr]    |
[INFO] [stderr]    = note: `Retailer` has a derived impl for the trait `Clone`, but this is intentionally ignored during dead code analysis
[INFO] [stderr] 
[INFO] [stderr] warning: method `cal_market_penetration` is never used
[INFO] [stderr]   --> src/planet/mod.rs:92:12
[INFO] [stderr]    |
[INFO] [stderr] 91 | impl Retailer {
[INFO] [stderr]    | ------------- method in this implementation
[INFO] [stderr] 92 |     pub fn cal_market_penetration(&self) -> u32 {
[INFO] [stderr]    |            ^^^^^^^^^^^^^^^^^^^^^^
[INFO] [stderr] 
[INFO] [stderr] warning: fields `scale`, `quality`, and `storage` are never read
[INFO] [stderr]    --> src/planet/mod.rs:102:5
[INFO] [stderr]     |
[INFO] [stderr] 101 | pub struct Warehouse {
[INFO] [stderr]     |            --------- fields in this struct
[INFO] [stderr] 102 |     scale: u32,
[INFO] [stderr]     |     ^^^^^
[INFO] [stderr] 103 |     quality: Quality,
[INFO] [stderr]     |     ^^^^^^^
[INFO] [stderr] 104 |     storage: Storage,
[INFO] [stderr]     |     ^^^^^^^
[INFO] [stderr]     |
[INFO] [stderr]     = note: `Warehouse` has a derived impl for the trait `Clone`, but this is intentionally ignored during dead code analysis
[INFO] [stderr] 
[INFO] [stderr] warning: fields `scale` and `storage` are never read
[INFO] [stderr]    --> src/planet/mod.rs:112:5
[INFO] [stderr]     |
[INFO] [stderr] 111 | pub struct LocalMarket {
[INFO] [stderr]     |            ----------- fields in this struct
[INFO] [stderr] 112 |     scale: u32,
[INFO] [stderr]     |     ^^^^^
[INFO] [stderr] 113 |     storage: Storage,
[INFO] [stderr]     |     ^^^^^^^
[INFO] [stderr]     |
[INFO] [stderr]     = note: `LocalMarket` has a derived impl for the trait `Clone`, but this is intentionally ignored during dead code analysis
[INFO] [stderr] 
[INFO] [stderr] warning: variants `Theft`, `Arson`, `Assault`, `Murder`, `Fraud`, and `Espionage` are never constructed
[INFO] [stderr]    --> src/planet/mod.rs:120:5
[INFO] [stderr]     |
[INFO] [stderr] 119 | pub enum CrimeKind {
[INFO] [stderr]     |          --------- variants in this enum
[INFO] [stderr] 120 |     Theft,
[INFO] [stderr]     |     ^^^^^
[INFO] [stderr] 121 |     Arson,
[INFO] [stderr]     |     ^^^^^
[INFO] [stderr] 122 |     Assault,
[INFO] [stderr]     |     ^^^^^^^
[INFO] [stderr] 123 |     Murder,
[INFO] [stderr]     |     ^^^^^^
[INFO] [stderr] 124 |     Fraud,
[INFO] [stderr]     |     ^^^^^
[INFO] [stderr] 125 |     Espionage,
[INFO] [stderr]     |     ^^^^^^^^^
[INFO] [stderr]     |
[INFO] [stderr]     = note: `CrimeKind` has a derived impl for the trait `Clone`, but this is intentionally ignored during dead code analysis
[INFO] [stderr] 
[INFO] [stderr] warning: enum `LawEnforcementKind` is never used
[INFO] [stderr]    --> src/planet/mod.rs:128:10
[INFO] [stderr]     |
[INFO] [stderr] 128 | pub enum LawEnforcementKind {
[INFO] [stderr]     |          ^^^^^^^^^^^^^^^^^^
[INFO] [stderr] 
[INFO] [stderr] warning: enum `PunishmentKind` is never used
[INFO] [stderr]    --> src/planet/mod.rs:134:10
[INFO] [stderr]     |
[INFO] [stderr] 134 | pub enum PunishmentKind {
[INFO] [stderr]     |          ^^^^^^^^^^^^^^
[INFO] [stderr] 
[INFO] [stderr] warning: enum `Perception` is never used
[INFO] [stderr]    --> src/planet/mod.rs:145:10
[INFO] [stderr]     |
[INFO] [stderr] 145 | pub enum Perception {
[INFO] [stderr]     |          ^^^^^^^^^^
[INFO] [stderr] 
[INFO] [stderr] warning: enum `Severity` is never used
[INFO] [stderr]    --> src/planet/mod.rs:155:10
[INFO] [stderr]     |
[INFO] [stderr] 155 | pub enum Severity {
[INFO] [stderr]     |          ^^^^^^^^
[INFO] [stderr] 
[INFO] [stderr] warning: struct `Constitution` is never constructed
[INFO] [stderr]    --> src/planet/mod.rs:163:12
[INFO] [stderr]     |
[INFO] [stderr] 163 | pub struct Constitution {
[INFO] [stderr]     |            ^^^^^^^^^^^^
[INFO] [stderr] 
[INFO] [stderr] warning: enum `LaborLawKind` is never used
[INFO] [stderr]    --> src/planet/mod.rs:168:10
[INFO] [stderr]     |
[INFO] [stderr] 168 | pub enum LaborLawKind {}
[INFO] [stderr]     |          ^^^^^^^^^^^^
[INFO] [stderr] 
[INFO] [stderr] warning: struct `Civic` is never constructed
[INFO] [stderr]    --> src/planet/mod.rs:170:12
[INFO] [stderr]     |
[INFO] [stderr] 170 | pub struct Civic {
[INFO] [stderr]     |            ^^^^^
[INFO] [stderr] 
[INFO] [stderr] warning: enum `Spot` is never used
[INFO] [stderr]    --> src/planet/mod.rs:181:10
[INFO] [stderr]     |
[INFO] [stderr] 181 | pub enum Spot {
[INFO] [stderr]     |          ^^^^
[INFO] [stderr] 
[INFO] [stderr] warning: fields `neighbours`, `stability`, `local_market`, `farms`, `pops`, and `crime` are never read
[INFO] [stderr]    --> src/planet/mod.rs:224:5
[INFO] [stderr]     |
[INFO] [stderr] 221 | pub struct Region {
[INFO] [stderr]     |            ------ fields in this struct
[INFO] [stderr] ...
[INFO] [stderr] 224 |     neighbours: HashSet<RegionId>,
[INFO] [stderr]     |     ^^^^^^^^^^
[INFO] [stderr] ...
[INFO] [stderr] 229 |     stability: u32,
[INFO] [stderr]     |     ^^^^^^^^^
[INFO] [stderr] 230 |
[INFO] [stderr] 231 |     local_market: LocalMarket,
[INFO] [stderr]     |     ^^^^^^^^^^^^
[INFO] [stderr] 232 |
[INFO] [stderr] 233 |     farms: HashMap<Ownership, Farm>,
[INFO] [stderr]     |     ^^^^^
[INFO] [stderr] 234 |
[INFO] [stderr] 235 |     pops: Pops,
[INFO] [stderr]     |     ^^^^
[INFO] [stderr] 236 |
[INFO] [stderr] 237 |     crime: HashMap<CharacterId, HashMap<CrimeKind, u32>>,
[INFO] [stderr]     |     ^^^^^
[INFO] [stderr]     |
[INFO] [stderr]     = note: `Region` has a derived impl for the trait `Clone`, but this is intentionally ignored during dead code analysis
[INFO] [stderr] 
[INFO] [stderr] warning: field `id` is never read
[INFO] [stderr]    --> src/planet/mod.rs:250:5
[INFO] [stderr]     |
[INFO] [stderr] 249 | pub struct Planet {
[INFO] [stderr]     |            ------ field in this struct
[INFO] [stderr] 250 |     id: GalaxyEntityId,
[INFO] [stderr]     |     ^^
[INFO] [stderr] 
[INFO] [stderr] warning: fields `workers`, `wage_rate`, `employed`, `ownership`, and `owned_land` are never read
[INFO] [stderr]   --> src/planet/producer/farm.rs:12:5
[INFO] [stderr]    |
[INFO] [stderr] 11 | pub struct Farm {
[INFO] [stderr]    |            ---- fields in this struct
[INFO] [stderr] 12 |     workers: HashSet<CharacterId>,
[INFO] [stderr]    |     ^^^^^^^
[INFO] [stderr] 13 |     wage_rate: Wage,
[INFO] [stderr]    |     ^^^^^^^^^
[INFO] [stderr] 14 |     employed: PopCount,
[INFO] [stderr]    |     ^^^^^^^^
[INFO] [stderr] 15 |     ownership: Ownership,
[INFO] [stderr]    |     ^^^^^^^^^
[INFO] [stderr] 16 |     owned_land: LandSize,
[INFO] [stderr]    |     ^^^^^^^^^^
[INFO] [stderr]    |
[INFO] [stderr]    = note: `Farm` has a derived impl for the trait `Clone`, but this is intentionally ignored during dead code analysis
[INFO] [stderr] 
[INFO] [stderr] warning: enum `Lifespan` is never used
[INFO] [stderr]   --> src/pop/mod.rs:15:10
[INFO] [stderr]    |
[INFO] [stderr] 15 | pub enum Lifespan {
[INFO] [stderr]    |          ^^^^^^^^
[INFO] [stderr] 
[INFO] [stderr] warning: enum `Traits` is never used
[INFO] [stderr]   --> src/pop/mod.rs:23:10
[INFO] [stderr]    |
[INFO] [stderr] 23 | pub enum Traits {
[INFO] [stderr]    |          ^^^^^^
[INFO] [stderr] 
[INFO] [stderr] warning: struct `Race` is never constructed
[INFO] [stderr]   --> src/pop/mod.rs:27:12
[INFO] [stderr]    |
[INFO] [stderr] 27 | pub struct Race {
[INFO] [stderr]    |            ^^^^
[INFO] [stderr] 
[INFO] [stderr] warning: struct `PopKey` is never constructed
[INFO] [stderr]   --> src/pop/mod.rs:42:12
[INFO] [stderr]    |
[INFO] [stderr] 42 | pub struct PopKey(RaceId, SocialClass, Education);
[INFO] [stderr]    |            ^^^^^^
[INFO] [stderr] 
[INFO] [stderr] warning: fields `number` and `employed` are never read
[INFO] [stderr]   --> src/pop/mod.rs:46:5
[INFO] [stderr]    |
[INFO] [stderr] 45 | pub struct PopData {
[INFO] [stderr]    |            ------- fields in this struct
[INFO] [stderr] 46 |     number: PopCount,
[INFO] [stderr]    |     ^^^^^^
[INFO] [stderr] 47 |     employed: PopCount,
[INFO] [stderr]    |     ^^^^^^^^
[INFO] [stderr]    |
[INFO] [stderr]    = note: `PopData` has a derived impl for the trait `Clone`, but this is intentionally ignored during dead code analysis
[INFO] [stderr] 
[INFO] [stderr] warning: methods `get_employed_count` and `get_unemployed_count` are never used
[INFO] [stderr]   --> src/pop/mod.rs:54:8
[INFO] [stderr]    |
[INFO] [stderr] 53 | impl PopData {
[INFO] [stderr]    | ------------ methods in this implementation
[INFO] [stderr] 54 |     fn get_employed_count(&self) -> PopCount {
[INFO] [stderr]    |        ^^^^^^^^^^^^^^^^^^
[INFO] [stderr] ...
[INFO] [stderr] 58 |     fn get_unemployed_count(&self) -> PopCount {
[INFO] [stderr]    |        ^^^^^^^^^^^^^^^^^^^^
[INFO] [stderr] 
[INFO] [stderr] warning: methods `get` and `get_mut` are never used
[INFO] [stderr]   --> src/pop/mod.rs:66:8
[INFO] [stderr]    |
[INFO] [stderr] 65 | impl Pops {
[INFO] [stderr]    | --------- methods in this implementation
[INFO] [stderr] 66 |     fn get(&self, PopKey(race_id, social_class, education): PopKey) -> Option<&PopData> {
[INFO] [stderr]    |        ^^^
[INFO] [stderr] ...
[INFO] [stderr] 77 |     fn get_mut(
[INFO] [stderr]    |        ^^^^^^^
[INFO] [stderr] 
[INFO] [stderr] warning: enum `AttackMove` is never used
[INFO] [stderr]  --> src/unit/mod.rs:5:6
[INFO] [stderr]   |
[INFO] [stderr] 5 | enum AttackMove {
[INFO] [stderr]   |      ^^^^^^^^^^
[INFO] [stderr] 
[INFO] [stderr] warning: struct `Unit` is never constructed
[INFO] [stderr]  --> src/unit/mod.rs:9:12
[INFO] [stderr]   |
[INFO] [stderr] 9 | pub struct Unit {
[INFO] [stderr]   |            ^^^^
[INFO] [stderr] 
[INFO] [stderr] warning: field `characters` is never read
[INFO] [stderr]   --> src/unit/mod.rs:20:5
[INFO] [stderr]    |
[INFO] [stderr] 19 | pub struct Party {
[INFO] [stderr]    |            ----- field in this struct
[INFO] [stderr] 20 |     characters: HashSet<CharacterId>,
[INFO] [stderr]    |     ^^^^^^^^^^
[INFO] [stderr] 
[INFO] [stderr] warning: field `free` is never read
[INFO] [stderr]   --> src/unit/mod.rs:25:5
[INFO] [stderr]    |
[INFO] [stderr] 24 | pub struct Parties {
[INFO] [stderr]    |            ------- field in this struct
[INFO] [stderr] 25 |     free: Tec<Party>,
[INFO] [stderr]    |     ^^^^
[INFO] [stderr] 
[INFO] [stderr] warning: field `entity_idgen` is never read
[INFO] [stderr]   --> src/universe/mod.rs:12:5
[INFO] [stderr]    |
[INFO] [stderr] 9  | pub struct Universe {
[INFO] [stderr]    |            -------- field in this struct
[INFO] [stderr] ...
[INFO] [stderr] 12 |     entity_idgen: Sequence<GalaxyEntityId>,
[INFO] [stderr]    |     ^^^^^^^^^^^^
[INFO] [stderr] 
[INFO] [stderr] warning: `space6` (lib test) generated 48 warnings
[INFO] [stderr]     Finished test [unoptimized + debuginfo] target(s) in 0.07s
[INFO] [stderr] warning: the following packages contain code that will be rejected by a future version of Rust: console_log v0.2.0
[INFO] [stderr] note: to see what the problems were, use the option `--future-incompat-report`, or run `cargo report future-incompatibilities --id 1`
[INFO] [stderr]      Running unittests src/lib.rs (/opt/rustwide/target/debug/deps/space6-a344623f3a5840ee)
[INFO] [stdout] 
[INFO] [stdout] running 14 tests
[INFO] [stdout] test entity::eid::tests::claim_ids ... ok
[INFO] [stdout] test entity::entities::tests::normal ... ok
[INFO] [stdout] test entity::tomb_vec::tests::insert ... ok
[INFO] [stdout] test entity::tomb_vec::tests::it_works ... ok
[INFO] [stdout] test entity::tomb_vec::tests::remove ... ok
[INFO] [stdout] test entity::eid::tests::claim_over_max - should panic ... FAILED
[INFO] [stdout] test entity::eid::tests::double_free - should panic ... FAILED
[INFO] [stdout] test entity::entities::tests::access_out_of_bound_mut - should panic ... ok
[INFO] [stdout] test entity::entities::tests::access_out_of_bound - should panic ... ok
[INFO] [stdout] test entity::eid::tests::unclaim_invalid - should panic ... ok
[INFO] [stdout] test entity::tomb_vec::tests::index_overflow - should panic ... ok
[INFO] [stdout] test entity::tomb_vec::tests::remove_dead_element - should panic ... ok
[INFO] [stdout] test entity::tomb_vec::tests::remove_unallocated_element - should panic ... ok
[INFO] [stdout] test entity::tomb_vec::tests::alloc_over_max_capacity - should panic ... ok
[INFO] [stdout] 
[INFO] [stdout] failures:
[INFO] [stdout] 
[INFO] [stdout] ---- entity::eid::tests::claim_over_max stdout ----
[INFO] [stdout] thread 'entity::eid::tests::claim_over_max' panicked at 'storing more items that you can address', src/entity/eid.rs:27:17
[INFO] [stdout] stack backtrace:
[INFO] [stdout]    0:     0x5631ee01c93a - std::backtrace_rs::backtrace::libunwind::trace::h2f05d0192276a8f6
[INFO] [stdout]                                at /rustc/1b7dd2252b99671ce5d1cb9664c5f8636329436d/library/std/src/../../backtrace/src/backtrace/libunwind.rs:93:5
[INFO] [stdout]    1:     0x5631ee01c93a - std::backtrace_rs::backtrace::trace_unsynchronized::hedc23dff7a1af150
[INFO] [stdout]                                at /rustc/1b7dd2252b99671ce5d1cb9664c5f8636329436d/library/std/src/../../backtrace/src/backtrace/mod.rs:66:5
[INFO] [stdout]    2:     0x5631ee01c93a - std::sys_common::backtrace::_print_fmt::h17541ef7592f3ce2
[INFO] [stdout]                                at /rustc/1b7dd2252b99671ce5d1cb9664c5f8636329436d/library/std/src/sys_common/backtrace.rs:65:5
[INFO] [stdout]    3:     0x5631ee01c93a - <std::sys_common::backtrace::_print::DisplayBacktrace as core::fmt::Display>::fmt::h20f75df5ab0c0792
[INFO] [stdout]                                at /rustc/1b7dd2252b99671ce5d1cb9664c5f8636329436d/library/std/src/sys_common/backtrace.rs:44:22
[INFO] [stdout]    4:     0x5631ee04058f - core::fmt::write::h78109e6f466b3af6
[INFO] [stdout]                                at /rustc/1b7dd2252b99671ce5d1cb9664c5f8636329436d/library/core/src/fmt/mod.rs:1254:17
[INFO] [stdout]    5:     0x5631ee019c85 - std::io::Write::write_fmt::hd24bfb68a1b35a25
[INFO] [stdout]                                at /rustc/1b7dd2252b99671ce5d1cb9664c5f8636329436d/library/std/src/io/mod.rs:1698:15
[INFO] [stdout]    6:     0x5631ee01c705 - std::sys_common::backtrace::_print::h8dac57a9f8fbf9a5
[INFO] [stdout]                                at /rustc/1b7dd2252b99671ce5d1cb9664c5f8636329436d/library/std/src/sys_common/backtrace.rs:47:5
[INFO] [stdout]    7:     0x5631ee01c705 - std::sys_common::backtrace::print::hf9ecbf41d1aa712f
[INFO] [stdout]                                at /rustc/1b7dd2252b99671ce5d1cb9664c5f8636329436d/library/std/src/sys_common/backtrace.rs:34:9
[INFO] [stdout]    8:     0x5631ee01e3be - std::panicking::default_hook::{{closure}}::h04c07acfc84ca028
[INFO] [stdout]                                at /rustc/1b7dd2252b99671ce5d1cb9664c5f8636329436d/library/std/src/panicking.rs:269:22
[INFO] [stdout]    9:     0x5631ee01e0f1 - std::panicking::default_hook::h01f6bb23e1eceb2c
[INFO] [stdout]                                at /rustc/1b7dd2252b99671ce5d1cb9664c5f8636329436d/library/std/src/panicking.rs:285:9
[INFO] [stdout]   10:     0x5631edfe675b - <alloc::boxed::Box<F,A> as core::ops::function::Fn<Args>>::call::h87fe9f7b2fd49e4c
[INFO] [stdout]                                at /rustc/1b7dd2252b99671ce5d1cb9664c5f8636329436d/library/alloc/src/boxed.rs:1987:9
[INFO] [stdout]   11:     0x5631edfe675b - test::test_main::{{closure}}::he94d679243a7531b
[INFO] [stdout]                                at /rustc/1b7dd2252b99671ce5d1cb9664c5f8636329436d/library/test/src/lib.rs:134:21
[INFO] [stdout]   12:     0x5631ee01eaa4 - <alloc::boxed::Box<F,A> as core::ops::function::Fn<Args>>::call::h3f2d6d8b14c4769f
[INFO] [stdout]                                at /rustc/1b7dd2252b99671ce5d1cb9664c5f8636329436d/library/alloc/src/boxed.rs:1987:9
[INFO] [stdout]   13:     0x5631ee01eaa4 - std::panicking::rust_panic_with_hook::h2bb3722bbaf2f6df
[INFO] [stdout]                                at /rustc/1b7dd2252b99671ce5d1cb9664c5f8636329436d/library/std/src/panicking.rs:695:13
[INFO] [stdout]   14:     0x5631ee01e7d2 - std::panicking::begin_panic_handler::{{closure}}::h91bc7f36a4be011b
[INFO] [stdout]                                at /rustc/1b7dd2252b99671ce5d1cb9664c5f8636329436d/library/std/src/panicking.rs:580:13
[INFO] [stdout]   15:     0x5631ee01cda6 - std::sys_common::backtrace::__rust_end_short_backtrace::h8b3d3717114f9e59
[INFO] [stdout]                                at /rustc/1b7dd2252b99671ce5d1cb9664c5f8636329436d/library/std/src/sys_common/backtrace.rs:150:18
[INFO] [stdout]   16:     0x5631ee01e572 - rust_begin_unwind
[INFO] [stdout]                                at /rustc/1b7dd2252b99671ce5d1cb9664c5f8636329436d/library/std/src/panicking.rs:578:5
[INFO] [stdout]   17:     0x5631edf8dba3 - core::panicking::panic_fmt::hfd368e3fbdabea26
[INFO] [stdout]                                at /rustc/1b7dd2252b99671ce5d1cb9664c5f8636329436d/library/core/src/panicking.rs:67:14
[INFO] [stdout]   18:     0x5631edfa541a - space6::entity::eid::<impl space6::entity::Eids<IndexT>>::claim::{{closure}}::h0c8d068522d39f4f
[INFO] [stdout]                                at /opt/rustwide/workdir/src/entity/eid.rs:27:17
[INFO] [stdout]   19:     0x5631edfab682 - core::option::Option<T>::unwrap_or_else::h9b46993f41e88861
[INFO] [stdout]                                at /rustc/1b7dd2252b99671ce5d1cb9664c5f8636329436d/library/core/src/option.rs:1000:21
[INFO] [stdout]   20:     0x5631edfaf271 - space6::entity::eid::<impl space6::entity::Eids<IndexT>>::claim::h551024b3fd2d35c1
[INFO] [stdout]                                at /opt/rustwide/workdir/src/entity/eid.rs:14:9
[INFO] [stdout]   21:     0x5631edf9eb45 - space6::entity::eid::tests::claim_over_max::{{closure}}::h36a8998a09d764bc
[INFO] [stdout]                                at /opt/rustwide/workdir/src/entity/eid.rs:89:13
[INFO] [stdout]   22:     0x5631edfb241a - core::iter::traits::iterator::Iterator::for_each::call::{{closure}}::h3b60d3dc1402899b
[INFO] [stdout]                                at /rustc/1b7dd2252b99671ce5d1cb9664c5f8636329436d/library/core/src/iter/traits/iterator.rs:854:29
[INFO] [stdout]   23:     0x5631edfaec80 - core::iter::traits::iterator::Iterator::fold::h1ec3a0eea90e73e0
[INFO] [stdout]                                at /rustc/1b7dd2252b99671ce5d1cb9664c5f8636329436d/library/core/src/iter/traits/iterator.rs:2482:21
[INFO] [stdout]   24:     0x5631edfaee7e - core::iter::traits::iterator::Iterator::for_each::h2818f96eb2dcf9a8
[INFO] [stdout]                                at /rustc/1b7dd2252b99671ce5d1cb9664c5f8636329436d/library/core/src/iter/traits/iterator.rs:857:9
[INFO] [stdout]   25:     0x5631edf9eadd - space6::entity::eid::tests::claim_over_max::hf78974613f15436a
[INFO] [stdout]                                at /opt/rustwide/workdir/src/entity/eid.rs:88:9
[INFO] [stdout]   26:     0x5631edf9ea87 - space6::entity::eid::tests::claim_over_max::{{closure}}::h0cc6ba741d0e0c88
[INFO] [stdout]                                at /opt/rustwide/workdir/src/entity/eid.rs:86:25
[INFO] [stdout]   27:     0x5631edfa2b15 - core::ops::function::FnOnce::call_once::h5270522d4bbce6f5
[INFO] [stdout]                                at /rustc/1b7dd2252b99671ce5d1cb9664c5f8636329436d/library/core/src/ops/function.rs:250:5
[INFO] [stdout]   28:     0x5631edfeb62f - core::ops::function::FnOnce::call_once::ha6a70e79f7481a7e
[INFO] [stdout]                                at /rustc/1b7dd2252b99671ce5d1cb9664c5f8636329436d/library/core/src/ops/function.rs:250:5
[INFO] [stdout]   29:     0x5631edfeb62f - test::__rust_begin_short_backtrace::hce33033019b61e69
[INFO] [stdout]                                at /rustc/1b7dd2252b99671ce5d1cb9664c5f8636329436d/library/test/src/lib.rs:655:18
[INFO] [stdout]   30:     0x5631edfb8e1c - test::run_test::{{closure}}::h858d3528838ae3e5
[INFO] [stdout]                                at /rustc/1b7dd2252b99671ce5d1cb9664c5f8636329436d/library/test/src/lib.rs:646:30
[INFO] [stdout]   31:     0x5631edfb8e1c - core::ops::function::FnOnce::call_once{{vtable.shim}}::he8ac2b00f01ae79e
[INFO] [stdout]                                at /rustc/1b7dd2252b99671ce5d1cb9664c5f8636329436d/library/core/src/ops/function.rs:250:5
[INFO] [stdout]   32:     0x5631edfea706 - <alloc::boxed::Box<F,A> as core::ops::function::FnOnce<Args>>::call_once::h8093d25b522725ef
[INFO] [stdout]                                at /rustc/1b7dd2252b99671ce5d1cb9664c5f8636329436d/library/alloc/src/boxed.rs:1973:9
[INFO] [stdout]   33:     0x5631edfea706 - <core::panic::unwind_safe::AssertUnwindSafe<F> as core::ops::function::FnOnce<()>>::call_once::h5c334c204e4a3913
[INFO] [stdout]                                at /rustc/1b7dd2252b99671ce5d1cb9664c5f8636329436d/library/core/src/panic/unwind_safe.rs:271:9
[INFO] [stdout]   34:     0x5631edfea706 - std::panicking::try::do_call::ha8b740c7b9478074
[INFO] [stdout]                                at /rustc/1b7dd2252b99671ce5d1cb9664c5f8636329436d/library/std/src/panicking.rs:485:40
[INFO] [stdout]   35:     0x5631edfea706 - std::panicking::try::h5d34f63d0e41b64e
[INFO] [stdout]                                at /rustc/1b7dd2252b99671ce5d1cb9664c5f8636329436d/library/std/src/panicking.rs:449:19
[INFO] [stdout]   36:     0x5631edfea706 - std::panic::catch_unwind::hcfbb511e1aa7fc67
[INFO] [stdout]                                at /rustc/1b7dd2252b99671ce5d1cb9664c5f8636329436d/library/std/src/panic.rs:140:14
[INFO] [stdout]   37:     0x5631edfea706 - test::run_test_in_process::h9abda90f802eaf21
[INFO] [stdout]                                at /rustc/1b7dd2252b99671ce5d1cb9664c5f8636329436d/library/test/src/lib.rs:678:27
[INFO] [stdout]   38:     0x5631edfea706 - test::run_test::run_test_inner::{{closure}}::h0f058de91f6c6edf
[INFO] [stdout]                                at /rustc/1b7dd2252b99671ce5d1cb9664c5f8636329436d/library/test/src/lib.rs:572:39
[INFO] [stdout]   39:     0x5631edfb3625 - test::run_test::run_test_inner::{{closure}}::h5ca48a4c59c6c1fb
[INFO] [stdout]                                at /rustc/1b7dd2252b99671ce5d1cb9664c5f8636329436d/library/test/src/lib.rs:599:37
[INFO] [stdout]   40:     0x5631edfb3625 - std::sys_common::backtrace::__rust_begin_short_backtrace::h32bd51e1495d4a33
[INFO] [stdout]                                at /rustc/1b7dd2252b99671ce5d1cb9664c5f8636329436d/library/std/src/sys_common/backtrace.rs:134:18
[INFO] [stdout]   41:     0x5631edfb8b61 - std::thread::Builder::spawn_unchecked_::{{closure}}::{{closure}}::hc086fae9b128b2db
[INFO] [stdout]                                at /rustc/1b7dd2252b99671ce5d1cb9664c5f8636329436d/library/std/src/thread/mod.rs:526:17
[INFO] [stdout]   42:     0x5631edfb8b61 - <core::panic::unwind_safe::AssertUnwindSafe<F> as core::ops::function::FnOnce<()>>::call_once::hb66571888d270d43
[INFO] [stdout]                                at /rustc/1b7dd2252b99671ce5d1cb9664c5f8636329436d/library/core/src/panic/unwind_safe.rs:271:9
[INFO] [stdout]   43:     0x5631edfb8b61 - std::panicking::try::do_call::h4fa2ef4f6e51fecf
[INFO] [stdout]                                at /rustc/1b7dd2252b99671ce5d1cb9664c5f8636329436d/library/std/src/panicking.rs:485:40
[INFO] [stdout]   44:     0x5631edfb8b61 - std::panicking::try::h1e9e22b8584489b5
[INFO] [stdout]                                at /rustc/1b7dd2252b99671ce5d1cb9664c5f8636329436d/library/std/src/panicking.rs:449:19
[INFO] [stdout]   45:     0x5631edfb8b61 - std::panic::catch_unwind::h44698a3de0e0769e
[INFO] [stdout]                                at /rustc/1b7dd2252b99671ce5d1cb9664c5f8636329436d/library/std/src/panic.rs:140:14
[INFO] [stdout]   46:     0x5631edfb8b61 - std::thread::Builder::spawn_unchecked_::{{closure}}::h50153abde3fe239e
[INFO] [stdout]                                at /rustc/1b7dd2252b99671ce5d1cb9664c5f8636329436d/library/std/src/thread/mod.rs:525:30
[INFO] [stdout]   47:     0x5631edfb8b61 - core::ops::function::FnOnce::call_once{{vtable.shim}}::hbe5bbf6f38394364
[INFO] [stdout]                                at /rustc/1b7dd2252b99671ce5d1cb9664c5f8636329436d/library/core/src/ops/function.rs:250:5
[INFO] [stdout]   48:     0x5631ee022f75 - <alloc::boxed::Box<F,A> as core::ops::function::FnOnce<Args>>::call_once::h0d83cb2920a49046
[INFO] [stdout]                                at /rustc/1b7dd2252b99671ce5d1cb9664c5f8636329436d/library/alloc/src/boxed.rs:1973:9
[INFO] [stdout]   49:     0x5631ee022f75 - <alloc::boxed::Box<F,A> as core::ops::function::FnOnce<Args>>::call_once::hbe0a008aa7d9ef59
[INFO] [stdout]                                at /rustc/1b7dd2252b99671ce5d1cb9664c5f8636329436d/library/alloc/src/boxed.rs:1973:9
[INFO] [stdout]   50:     0x5631ee022f75 - std::sys::unix::thread::Thread::new::thread_start::h3a466996bdf6b1f9
[INFO] [stdout]                                at /rustc/1b7dd2252b99671ce5d1cb9664c5f8636329436d/library/std/src/sys/unix/thread.rs:108:17
[INFO] [stdout]   51:     0x7f28a2795b43 - <unknown>
[INFO] [stdout]   52:     0x7f28a2826bb4 - __clone
[INFO] [stdout]   53:                0x0 - <unknown>
[INFO] [stdout] note: panic did not contain expected string
[INFO] [stdout]       panic message: `"storing more items that you can address"`,
[INFO] [stdout]  expected substring: `"assertion failed: next < IndexT::max_value()"`
[INFO] [stdout] ---- entity::eid::tests::double_free stdout ----
[INFO] [stdout] thread 'entity::eid::tests::double_free' panicked at 'double-freeing entity', src/entity/eid.rs:39:9
[INFO] [stdout] stack backtrace:
[INFO] [stdout]    0:     0x5631ee01c93a - std::backtrace_rs::backtrace::libunwind::trace::h2f05d0192276a8f6
[INFO] [stdout]                                at /rustc/1b7dd2252b99671ce5d1cb9664c5f8636329436d/library/std/src/../../backtrace/src/backtrace/libunwind.rs:93:5
[INFO] [stdout]    1:     0x5631ee01c93a - std::backtrace_rs::backtrace::trace_unsynchronized::hedc23dff7a1af150
[INFO] [stdout]                                at /rustc/1b7dd2252b99671ce5d1cb9664c5f8636329436d/library/std/src/../../backtrace/src/backtrace/mod.rs:66:5
[INFO] [stdout]    2:     0x5631ee01c93a - std::sys_common::backtrace::_print_fmt::h17541ef7592f3ce2
[INFO] [stdout]                                at /rustc/1b7dd2252b99671ce5d1cb9664c5f8636329436d/library/std/src/sys_common/backtrace.rs:65:5
[INFO] [stdout]    3:     0x5631ee01c93a - <std::sys_common::backtrace::_print::DisplayBacktrace as core::fmt::Display>::fmt::h20f75df5ab0c0792
[INFO] [stdout]                                at /rustc/1b7dd2252b99671ce5d1cb9664c5f8636329436d/library/std/src/sys_common/backtrace.rs:44:22
[INFO] [stdout]    4:     0x5631ee04058f - core::fmt::write::h78109e6f466b3af6
[INFO] [stdout]                                at /rustc/1b7dd2252b99671ce5d1cb9664c5f8636329436d/library/core/src/fmt/mod.rs:1254:17
[INFO] [stdout]    5:     0x5631ee019c85 - std::io::Write::write_fmt::hd24bfb68a1b35a25
[INFO] [stdout]                                at /rustc/1b7dd2252b99671ce5d1cb9664c5f8636329436d/library/std/src/io/mod.rs:1698:15
[INFO] [stdout]    6:     0x5631ee01c705 - std::sys_common::backtrace::_print::h8dac57a9f8fbf9a5
[INFO] [stdout]                                at /rustc/1b7dd2252b99671ce5d1cb9664c5f8636329436d/library/std/src/sys_common/backtrace.rs:47:5
[INFO] [stdout]    7:     0x5631ee01c705 - std::sys_common::backtrace::print::hf9ecbf41d1aa712f
[INFO] [stdout]                                at /rustc/1b7dd2252b99671ce5d1cb9664c5f8636329436d/library/std/src/sys_common/backtrace.rs:34:9
[INFO] [stdout]    8:     0x5631ee01e3be - std::panicking::default_hook::{{closure}}::h04c07acfc84ca028
[INFO] [stdout]                                at /rustc/1b7dd2252b99671ce5d1cb9664c5f8636329436d/library/std/src/panicking.rs:269:22
[INFO] [stdout]    9:     0x5631ee01e0f1 - std::panicking::default_hook::h01f6bb23e1eceb2c
[INFO] [stdout]                                at /rustc/1b7dd2252b99671ce5d1cb9664c5f8636329436d/library/std/src/panicking.rs:285:9
[INFO] [stdout]   10:     0x5631edfe675b - <alloc::boxed::Box<F,A> as core::ops::function::Fn<Args>>::call::h87fe9f7b2fd49e4c
[INFO] [stdout]                                at /rustc/1b7dd2252b99671ce5d1cb9664c5f8636329436d/library/alloc/src/boxed.rs:1987:9
[INFO] [stdout]   11:     0x5631edfe675b - test::test_main::{{closure}}::he94d679243a7531b
[INFO] [stdout]                                at /rustc/1b7dd2252b99671ce5d1cb9664c5f8636329436d/library/test/src/lib.rs:134:21
[INFO] [stdout]   12:     0x5631ee01eaa4 - <alloc::boxed::Box<F,A> as core::ops::function::Fn<Args>>::call::h3f2d6d8b14c4769f
[INFO] [stdout]                                at /rustc/1b7dd2252b99671ce5d1cb9664c5f8636329436d/library/alloc/src/boxed.rs:1987:9
[INFO] [stdout]   13:     0x5631ee01eaa4 - std::panicking::rust_panic_with_hook::h2bb3722bbaf2f6df
[INFO] [stdout]                                at /rustc/1b7dd2252b99671ce5d1cb9664c5f8636329436d/library/std/src/panicking.rs:695:13
[INFO] [stdout]   14:     0x5631ee01e7d2 - std::panicking::begin_panic_handler::{{closure}}::h91bc7f36a4be011b
[INFO] [stdout]                                at /rustc/1b7dd2252b99671ce5d1cb9664c5f8636329436d/library/std/src/panicking.rs:580:13
[INFO] [stdout]   15:     0x5631ee01cda6 - std::sys_common::backtrace::__rust_end_short_backtrace::h8b3d3717114f9e59
[INFO] [stdout]                                at /rustc/1b7dd2252b99671ce5d1cb9664c5f8636329436d/library/std/src/sys_common/backtrace.rs:150:18
[INFO] [stdout]   16:     0x5631ee01e572 - rust_begin_unwind
[INFO] [stdout]                                at /rustc/1b7dd2252b99671ce5d1cb9664c5f8636329436d/library/std/src/panicking.rs:578:5
[INFO] [stdout]   17:     0x5631edf8dba3 - core::panicking::panic_fmt::hfd368e3fbdabea26
[INFO] [stdout]                                at /rustc/1b7dd2252b99671ce5d1cb9664c5f8636329436d/library/core/src/panicking.rs:67:14
[INFO] [stdout]   18:     0x5631edfaf33e - space6::entity::eid::<impl space6::entity::Eids<IndexT>>::unclaim::h2e116989db3f2a24
[INFO] [stdout]                                at /opt/rustwide/workdir/src/entity/eid.rs:39:9
[INFO] [stdout]   19:     0x5631edf9ea45 - space6::entity::eid::tests::double_free::h2468424963be2ddc
[INFO] [stdout]                                at /opt/rustwide/workdir/src/entity/eid.rs:81:9
[INFO] [stdout]   20:     0x5631edf9e9c7 - space6::entity::eid::tests::double_free::{{closure}}::h214f46a0c95f5b8c
[INFO] [stdout]                                at /opt/rustwide/workdir/src/entity/eid.rs:77:22
[INFO] [stdout]   21:     0x5631edfa2b55 - core::ops::function::FnOnce::call_once::h60913a515e438d4e
[INFO] [stdout]                                at /rustc/1b7dd2252b99671ce5d1cb9664c5f8636329436d/library/core/src/ops/function.rs:250:5
[INFO] [stdout]   22:     0x5631edfeb62f - core::ops::function::FnOnce::call_once::ha6a70e79f7481a7e
[INFO] [stdout]                                at /rustc/1b7dd2252b99671ce5d1cb9664c5f8636329436d/library/core/src/ops/function.rs:250:5
[INFO] [stdout]   23:     0x5631edfeb62f - test::__rust_begin_short_backtrace::hce33033019b61e69
[INFO] [stdout]                                at /rustc/1b7dd2252b99671ce5d1cb9664c5f8636329436d/library/test/src/lib.rs:655:18
[INFO] [stdout]   24:     0x5631edfb8e1c - test::run_test::{{closure}}::h858d3528838ae3e5
[INFO] [stdout]                                at /rustc/1b7dd2252b99671ce5d1cb9664c5f8636329436d/library/test/src/lib.rs:646:30
[INFO] [stdout]   25:     0x5631edfb8e1c - core::ops::function::FnOnce::call_once{{vtable.shim}}::he8ac2b00f01ae79e
[INFO] [stdout]                                at /rustc/1b7dd2252b99671ce5d1cb9664c5f8636329436d/library/core/src/ops/function.rs:250:5
[INFO] [stdout]   26:     0x5631edfea706 - <alloc::boxed::Box<F,A> as core::ops::function::FnOnce<Args>>::call_once::h8093d25b522725ef
[INFO] [stdout]                                at /rustc/1b7dd2252b99671ce5d1cb9664c5f8636329436d/library/alloc/src/boxed.rs:1973:9
[INFO] [stdout]   27:     0x5631edfea706 - <core::panic::unwind_safe::AssertUnwindSafe<F> as core::ops::function::FnOnce<()>>::call_once::h5c334c204e4a3913
[INFO] [stdout]                                at /rustc/1b7dd2252b99671ce5d1cb9664c5f8636329436d/library/core/src/panic/unwind_safe.rs:271:9
[INFO] [stdout]   28:     0x5631edfea706 - std::panicking::try::do_call::ha8b740c7b9478074
[INFO] [stdout]                                at /rustc/1b7dd2252b99671ce5d1cb9664c5f8636329436d/library/std/src/panicking.rs:485:40
[INFO] [stdout]   29:     0x5631edfea706 - std::panicking::try::h5d34f63d0e41b64e
[INFO] [stdout]                                at /rustc/1b7dd2252b99671ce5d1cb9664c5f8636329436d/library/std/src/panicking.rs:449:19
[INFO] [stdout]   30:     0x5631edfea706 - std::panic::catch_unwind::hcfbb511e1aa7fc67
[INFO] [stdout]                                at /rustc/1b7dd2252b99671ce5d1cb9664c5f8636329436d/library/std/src/panic.rs:140:14
[INFO] [stdout]   31:     0x5631edfea706 - test::run_test_in_process::h9abda90f802eaf21
[INFO] [stdout]                                at /rustc/1b7dd2252b99671ce5d1cb9664c5f8636329436d/library/test/src/lib.rs:678:27
[INFO] [stdout]   32:     0x5631edfea706 - test::run_test::run_test_inner::{{closure}}::h0f058de91f6c6edf
[INFO] [stdout]                                at /rustc/1b7dd2252b99671ce5d1cb9664c5f8636329436d/library/test/src/lib.rs:572:39
[INFO] [stdout]   33:     0x5631edfb3625 - test::run_test::run_test_inner::{{closure}}::h5ca48a4c59c6c1fb
[INFO] [stdout]                                at /rustc/1b7dd2252b99671ce5d1cb9664c5f8636329436d/library/test/src/lib.rs:599:37
[INFO] [stdout]   34:     0x5631edfb3625 - std::sys_common::backtrace::__rust_begin_short_backtrace::h32bd51e1495d4a33
[INFO] [stdout]                                at /rustc/1b7dd2252b99671ce5d1cb9664c5f8636329436d/library/std/src/sys_common/backtrace.rs:134:18
[INFO] [stdout]   35:     0x5631edfb8b61 - std::thread::Builder::spawn_unchecked_::{{closure}}::{{closure}}::hc086fae9b128b2db
[INFO] [stdout]                                at /rustc/1b7dd2252b99671ce5d1cb9664c5f8636329436d/library/std/src/thread/mod.rs:526:17
[INFO] [stdout]   36:     0x5631edfb8b61 - <core::panic::unwind_safe::AssertUnwindSafe<F> as core::ops::function::FnOnce<()>>::call_once::hb66571888d270d43
[INFO] [stdout]                                at /rustc/1b7dd2252b99671ce5d1cb9664c5f8636329436d/library/core/src/panic/unwind_safe.rs:271:9
[INFO] [stdout]   37:     0x5631edfb8b61 - std::panicking::try::do_call::h4fa2ef4f6e51fecf
[INFO] [stdout]                                at /rustc/1b7dd2252b99671ce5d1cb9664c5f8636329436d/library/std/src/panicking.rs:485:40
[INFO] [stdout]   38:     0x5631edfb8b61 - std::panicking::try::h1e9e22b8584489b5
[INFO] [stdout]                                at /rustc/1b7dd2252b99671ce5d1cb9664c5f8636329436d/library/std/src/panicking.rs:449:19
[INFO] [stdout]   39:     0x5631edfb8b61 - std::panic::catch_unwind::h44698a3de0e0769e
[INFO] [stdout]                                at /rustc/1b7dd2252b99671ce5d1cb9664c5f8636329436d/library/std/src/panic.rs:140:14
[INFO] [stdout]   40:     0x5631edfb8b61 - std::thread::Builder::spawn_unchecked_::{{closure}}::h50153abde3fe239e
[INFO] [stdout]                                at /rustc/1b7dd2252b99671ce5d1cb9664c5f8636329436d/library/std/src/thread/mod.rs:525:30
[INFO] [stdout]   41:     0x5631edfb8b61 - core::ops::function::FnOnce::call_once{{vtable.shim}}::hbe5bbf6f38394364
[INFO] [stdout]                                at /rustc/1b7dd2252b99671ce5d1cb9664c5f8636329436d/library/core/src/ops/function.rs:250:5
[INFO] [stdout]   42:     0x5631ee022f75 - <alloc::boxed::Box<F,A> as core::ops::function::FnOnce<Args>>::call_once::h0d83cb2920a49046
[INFO] [stdout]                                at /rustc/1b7dd2252b99671ce5d1cb9664c5f8636329436d/library/alloc/src/boxed.rs:1973:9
[INFO] [stdout]   43:     0x5631ee022f75 - <alloc::boxed::Box<F,A> as core::ops::function::FnOnce<Args>>::call_once::hbe0a008aa7d9ef59
[INFO] [stdout]                                at /rustc/1b7dd2252b99671ce5d1cb9664c5f8636329436d/library/alloc/src/boxed.rs:1973:9
[INFO] [stdout]   44:     0x5631ee022f75 - std::sys::unix::thread::Thread::new::thread_start::h3a466996bdf6b1f9
[INFO] [stdout]                                at /rustc/1b7dd2252b99671ce5d1cb9664c5f8636329436d/library/std/src/sys/unix/thread.rs:108:17
[INFO] [stdout]   45:     0x7f28a2795b43 - <unknown>
[INFO] [stdout]   46:     0x7f28a2826bb4 - __clone
[INFO] [stdout]   47:                0x0 - <unknown>
[INFO] [stdout] note: panic did not contain expected string
[INFO] [stdout]       panic message: `"double-freeing entity"`,
[INFO] [stdout]  expected substring: `"double-freed"`
[INFO] [stdout] 
[INFO] [stdout] failures:
[INFO] [stdout]     entity::eid::tests::claim_over_max
[INFO] [stdout]     entity::eid::tests::double_free
[INFO] [stdout] 
[INFO] [stdout] test result: FAILED. 12 passed; 2 failed; 0 ignored; 0 measured; 0 filtered out; finished in 0.02s
[INFO] [stdout] 
[INFO] [stderr] error: test failed, to rerun pass `--lib`
[INFO] running `Command { std: "docker" "inspect" "9f29f630a3a2a8960381adf6d9b37d8dc7b0be627974372c5d71e7dd4a3025da", kill_on_drop: false }`
[INFO] running `Command { std: "docker" "rm" "-f" "9f29f630a3a2a8960381adf6d9b37d8dc7b0be627974372c5d71e7dd4a3025da", kill_on_drop: false }`
[INFO] [stdout] 9f29f630a3a2a8960381adf6d9b37d8dc7b0be627974372c5d71e7dd4a3025da
