[INFO] cloning repository https://github.com/accusatorySteve/radish-lang
[INFO] running `Command { std: "git" "-c" "credential.helper=" "-c" "credential.helper=/workspace/cargo-home/bin/git-credential-null" "clone" "--bare" "https://github.com/accusatorySteve/radish-lang" "/workspace/cache/git-repos/https%3A%2F%2Fgithub.com%2FaccusatorySteve%2Fradish-lang", kill_on_drop: false }`
[INFO] [stderr] Cloning into bare repository '/workspace/cache/git-repos/https%3A%2F%2Fgithub.com%2FaccusatorySteve%2Fradish-lang'...
[INFO] running `Command { std: "git" "rev-parse" "HEAD", kill_on_drop: false }`
[INFO] [stdout] 6674ef4ede6c46f941bd738a8df4070fd4ada8ca
[INFO] testing accusatorySteve/radish-lang against beta-2023-04-20 for beta-1.70-1
[INFO] running `Command { std: "git" "clone" "/workspace/cache/git-repos/https%3A%2F%2Fgithub.com%2FaccusatorySteve%2Fradish-lang" "/workspace/builds/worker-3-tc2/source", kill_on_drop: false }`
[INFO] [stderr] Cloning into '/workspace/builds/worker-3-tc2/source'...
[INFO] [stderr] done.
[INFO] validating manifest of git repo https://github.com/accusatorySteve/radish-lang on toolchain beta-2023-04-20
[INFO] running `Command { std: CARGO_HOME="/workspace/cargo-home" RUSTUP_HOME="/workspace/rustup-home" "/workspace/cargo-home/bin/cargo" "+beta-2023-04-20" "metadata" "--manifest-path" "Cargo.toml" "--no-deps", kill_on_drop: false }`
[INFO] started tweaking git repo https://github.com/accusatorySteve/radish-lang
[INFO] finished tweaking git repo https://github.com/accusatorySteve/radish-lang
[INFO] tweaked toml for git repo https://github.com/accusatorySteve/radish-lang written to /workspace/builds/worker-3-tc2/source/Cargo.toml
[INFO] crate git repo https://github.com/accusatorySteve/radish-lang already has a lockfile, it will not be regenerated
[INFO] running `Command { std: CARGO_HOME="/workspace/cargo-home" RUSTUP_HOME="/workspace/rustup-home" "/workspace/cargo-home/bin/cargo" "+beta-2023-04-20" "fetch" "--manifest-path" "Cargo.toml", kill_on_drop: false }`
[INFO] [stderr]  Downloading crates ...
[INFO] [stderr]   Downloaded rustix v0.33.3
[INFO] [stderr]   Downloaded io-lifetimes v0.5.3
[INFO] [stderr]   Downloaded fd-lock v3.0.4
[INFO] [stderr]   Downloaded proc-macro2 v1.0.41
[INFO] [stderr]   Downloaded rustyline v9.1.2
[INFO] [stderr]   Downloaded windows_x86_64_msvc v0.30.0
[INFO] [stderr]   Downloaded linux-raw-sys v0.0.42
[INFO] [stderr]   Downloaded windows_i686_msvc v0.30.0
[INFO] [stderr]   Downloaded windows_aarch64_msvc v0.30.0
[INFO] [stderr]   Downloaded windows_i686_gnu v0.30.0
[INFO] [stderr]   Downloaded windows-sys v0.30.0
[INFO] [stderr]   Downloaded windows_x86_64_gnu v0.30.0
[INFO] running `Command { std: "docker" "create" "-v" "/var/lib/crater-agent-workspace/builds/worker-3-tc2/target:/opt/rustwide/target:rw,Z" "-v" "/var/lib/crater-agent-workspace/builds/worker-3-tc2/source:/opt/rustwide/workdir:ro,Z" "-v" "/var/lib/crater-agent-workspace/cargo-home:/opt/rustwide/cargo-home:ro,Z" "-v" "/var/lib/crater-agent-workspace/rustup-home:/opt/rustwide/rustup-home:ro,Z" "-e" "SOURCE_DIR=/opt/rustwide/workdir" "-e" "CARGO_TARGET_DIR=/opt/rustwide/target" "-e" "CARGO_HOME=/opt/rustwide/cargo-home" "-e" "RUSTUP_HOME=/opt/rustwide/rustup-home" "-w" "/opt/rustwide/workdir" "-m" "1610612736" "--user" "0:0" "--network" "none" "ghcr.io/rust-lang/crates-build-env/linux@sha256:5ff2268d62e97bff2cde7d5815dd6ed5b47097566f13b8d0ca110b04b60e07ed" "/opt/rustwide/cargo-home/bin/cargo" "+beta-2023-04-20" "metadata" "--no-deps" "--format-version=1", kill_on_drop: false }`
[INFO] [stdout] 1b880899810898fb2d3dc79754a36a69eb40a750809828db66bd12b5210d49c0
[INFO] running `Command { std: "docker" "start" "-a" "1b880899810898fb2d3dc79754a36a69eb40a750809828db66bd12b5210d49c0", kill_on_drop: false }`
[INFO] running `Command { std: "docker" "inspect" "1b880899810898fb2d3dc79754a36a69eb40a750809828db66bd12b5210d49c0", kill_on_drop: false }`
[INFO] running `Command { std: "docker" "rm" "-f" "1b880899810898fb2d3dc79754a36a69eb40a750809828db66bd12b5210d49c0", kill_on_drop: false }`
[INFO] [stdout] 1b880899810898fb2d3dc79754a36a69eb40a750809828db66bd12b5210d49c0
[INFO] running `Command { std: "docker" "create" "-v" "/var/lib/crater-agent-workspace/builds/worker-3-tc2/target:/opt/rustwide/target:rw,Z" "-v" "/var/lib/crater-agent-workspace/builds/worker-3-tc2/source:/opt/rustwide/workdir:ro,Z" "-v" "/var/lib/crater-agent-workspace/cargo-home:/opt/rustwide/cargo-home:ro,Z" "-v" "/var/lib/crater-agent-workspace/rustup-home:/opt/rustwide/rustup-home:ro,Z" "-e" "SOURCE_DIR=/opt/rustwide/workdir" "-e" "CARGO_TARGET_DIR=/opt/rustwide/target" "-e" "CARGO_INCREMENTAL=0" "-e" "RUST_BACKTRACE=full" "-e" "RUSTFLAGS=--cap-lints=warn" "-e" "RUSTDOCFLAGS=--cap-lints=warn" "-e" "CARGO_HOME=/opt/rustwide/cargo-home" "-e" "RUSTUP_HOME=/opt/rustwide/rustup-home" "-w" "/opt/rustwide/workdir" "-m" "1610612736" "--user" "0:0" "--network" "none" "ghcr.io/rust-lang/crates-build-env/linux@sha256:5ff2268d62e97bff2cde7d5815dd6ed5b47097566f13b8d0ca110b04b60e07ed" "/opt/rustwide/cargo-home/bin/cargo" "+beta-2023-04-20" "build" "--frozen" "--message-format=json", kill_on_drop: false }`
[INFO] [stdout] 10f4d889e1ec40ecc0a8e48f099764fd138092c3623ad659fa9931bec7bd0aab
[INFO] running `Command { std: "docker" "start" "-a" "10f4d889e1ec40ecc0a8e48f099764fd138092c3623ad659fa9931bec7bd0aab", kill_on_drop: false }`
[INFO] [stderr]    Compiling libc v0.2.119
[INFO] [stderr]    Compiling proc-macro2 v1.0.41
[INFO] [stderr]    Compiling quote v1.0.20
[INFO] [stderr]    Compiling unicode-ident v1.0.2
[INFO] [stderr]    Compiling bitflags v1.3.2
[INFO] [stderr]    Compiling syn v1.0.98
[INFO] [stderr]    Compiling cfg-if v1.0.0
[INFO] [stderr]    Compiling autocfg v1.1.0
[INFO] [stderr]    Compiling serde_derive v1.0.140
[INFO] [stderr]    Compiling io-lifetimes v0.5.3
[INFO] [stderr]    Compiling serde v1.0.140
[INFO] [stderr]    Compiling unicode-width v0.1.9
[INFO] [stderr]    Compiling memoffset v0.6.5
[INFO] [stderr]    Compiling rustix v0.33.3
[INFO] [stderr]    Compiling log v0.4.14
[INFO] [stderr]    Compiling smallvec v1.8.0
[INFO] [stderr]    Compiling memchr v2.4.1
[INFO] [stderr]    Compiling linux-raw-sys v0.0.42
[INFO] [stderr]    Compiling serde_json v1.0.82
[INFO] [stderr]    Compiling nibble_vec v0.1.0
[INFO] [stderr]    Compiling textwrap v0.11.0
[INFO] [stderr]    Compiling itoa v1.0.2
[INFO] [stderr]    Compiling ansi_term v0.12.1
[INFO] [stderr]    Compiling ryu v1.0.10
[INFO] [stderr]    Compiling strsim v0.8.0
[INFO] [stderr]    Compiling vec_map v0.8.2
[INFO] [stderr]    Compiling endian-type v0.1.2
[INFO] [stderr]    Compiling rustc-hash v1.1.0
[INFO] [stderr]    Compiling atty v0.2.14
[INFO] [stderr]    Compiling dirs-sys-next v0.1.2
[INFO] [stderr]    Compiling clap v2.34.0
[INFO] [stderr]    Compiling dirs-next v2.0.0
[INFO] [stderr]    Compiling radix_trie v0.2.1
[INFO] [stderr]    Compiling nix v0.23.1
[INFO] [stderr]    Compiling termcolor v1.1.3
[INFO] [stderr]    Compiling utf8parse v0.2.0
[INFO] [stderr]    Compiling lazy_static v1.4.0
[INFO] [stderr]    Compiling unicode-segmentation v1.9.0
[INFO] [stderr]    Compiling colored v2.0.0
[INFO] [stderr]    Compiling term_size v0.3.2
[INFO] [stderr]    Compiling fd-lock v3.0.4
[INFO] [stderr]    Compiling rustyline v9.1.2
[INFO] [stderr]    Compiling radish v0.2.0 (/opt/rustwide/workdir/radish)
[INFO] [stdout] warning: unused import: `cell::RefCell`
[INFO] [stdout]  --> radish/src/common/native.rs:4:13
[INFO] [stdout]   |
[INFO] [stdout] 4 |     rc::Rc, cell::RefCell,
[INFO] [stdout]   |             ^^^^^^^^^^^^^
[INFO] [stdout]   |
[INFO] [stdout]   = note: `#[warn(unused_imports)]` on by default
[INFO] [stdout] 
[INFO] [stdout] 
[INFO] [stdout] warning: variant `Construct` is never constructed
[INFO] [stdout]    --> radish/src/common/opcode.rs:184:5
[INFO] [stdout]     |
[INFO] [stdout] 7   | pub enum Opcode {
[INFO] [stdout]     |          ------ variant in this enum
[INFO] [stdout] ...
[INFO] [stdout] 184 |     Construct,
[INFO] [stdout]     |     ^^^^^^^^^
[INFO] [stdout]     |
[INFO] [stdout]     = note: `Opcode` has a derived impl for the trait `Debug`, but this is intentionally ignored during dead code analysis
[INFO] [stdout]     = note: `#[warn(dead_code)]` on by default
[INFO] [stdout] 
[INFO] [stdout] 
[INFO] [stdout] warning: method `add_field` is never used
[INFO] [stdout]    --> radish/src/common/class.rs:150:12
[INFO] [stdout]     |
[INFO] [stdout] 128 | impl ClassBuilder {
[INFO] [stdout]     | ----------------- method in this implementation
[INFO] [stdout] ...
[INFO] [stdout] 150 |     pub fn add_field<N, V>(mut self, name: N, value: V) -> Self
[INFO] [stdout]     |            ^^^^^^^^^
[INFO] [stdout] 
[INFO] [stdout] 
[INFO] [stdout] warning: 3 warnings emitted
[INFO] [stdout] 
[INFO] [stdout] 
[INFO] [stderr]    Compiling radish-cli v0.1.0 (/opt/rustwide/workdir/radish-cli)
[INFO] [stderr]     Finished dev [unoptimized + debuginfo] target(s) in 42.13s
[INFO] running `Command { std: "docker" "inspect" "10f4d889e1ec40ecc0a8e48f099764fd138092c3623ad659fa9931bec7bd0aab", kill_on_drop: false }`
[INFO] running `Command { std: "docker" "rm" "-f" "10f4d889e1ec40ecc0a8e48f099764fd138092c3623ad659fa9931bec7bd0aab", kill_on_drop: false }`
[INFO] [stdout] 10f4d889e1ec40ecc0a8e48f099764fd138092c3623ad659fa9931bec7bd0aab
[INFO] running `Command { std: "docker" "create" "-v" "/var/lib/crater-agent-workspace/builds/worker-3-tc2/target:/opt/rustwide/target:rw,Z" "-v" "/var/lib/crater-agent-workspace/builds/worker-3-tc2/source:/opt/rustwide/workdir:ro,Z" "-v" "/var/lib/crater-agent-workspace/cargo-home:/opt/rustwide/cargo-home:ro,Z" "-v" "/var/lib/crater-agent-workspace/rustup-home:/opt/rustwide/rustup-home:ro,Z" "-e" "SOURCE_DIR=/opt/rustwide/workdir" "-e" "CARGO_TARGET_DIR=/opt/rustwide/target" "-e" "CARGO_INCREMENTAL=0" "-e" "RUST_BACKTRACE=full" "-e" "RUSTFLAGS=--cap-lints=warn" "-e" "RUSTDOCFLAGS=--cap-lints=warn" "-e" "CARGO_HOME=/opt/rustwide/cargo-home" "-e" "RUSTUP_HOME=/opt/rustwide/rustup-home" "-w" "/opt/rustwide/workdir" "-m" "1610612736" "--user" "0:0" "--network" "none" "ghcr.io/rust-lang/crates-build-env/linux@sha256:5ff2268d62e97bff2cde7d5815dd6ed5b47097566f13b8d0ca110b04b60e07ed" "/opt/rustwide/cargo-home/bin/cargo" "+beta-2023-04-20" "test" "--frozen" "--no-run" "--message-format=json", kill_on_drop: false }`
[INFO] [stdout] 9a0c5777c5d7d93db5d1dea035e610dcdd17840a213932a5f98b73bedb687d96
[INFO] running `Command { std: "docker" "start" "-a" "9a0c5777c5d7d93db5d1dea035e610dcdd17840a213932a5f98b73bedb687d96", kill_on_drop: false }`
[INFO] [stderr]     Blocking waiting for file lock on package cache
[INFO] [stderr]     Blocking waiting for file lock on package cache
[INFO] [stderr]    Compiling aho-corasick v0.7.18
[INFO] [stderr]    Compiling regex-syntax v0.6.25
[INFO] [stdout] warning: unused import: `cell::RefCell`
[INFO] [stdout]  --> radish/src/common/native.rs:4:13
[INFO] [stdout]   |
[INFO] [stdout] 4 |     rc::Rc, cell::RefCell,
[INFO] [stdout]   |             ^^^^^^^^^^^^^
[INFO] [stdout]   |
[INFO] [stdout]   = note: `#[warn(unused_imports)]` on by default
[INFO] [stdout] 
[INFO] [stdout] 
[INFO] [stdout] warning: variant `Construct` is never constructed
[INFO] [stdout]    --> radish/src/common/opcode.rs:184:5
[INFO] [stdout]     |
[INFO] [stdout] 7   | pub enum Opcode {
[INFO] [stdout]     |          ------ variant in this enum
[INFO] [stdout] ...
[INFO] [stdout] 184 |     Construct,
[INFO] [stdout]     |     ^^^^^^^^^
[INFO] [stdout]     |
[INFO] [stdout]     = note: `Opcode` has a derived impl for the trait `Debug`, but this is intentionally ignored during dead code analysis
[INFO] [stdout]     = note: `#[warn(dead_code)]` on by default
[INFO] [stdout] 
[INFO] [stdout] 
[INFO] [stderr]    Compiling radish-cli v0.1.0 (/opt/rustwide/workdir/radish-cli)
[INFO] [stdout] warning: method `add_field` is never used
[INFO] [stdout]    --> radish/src/common/class.rs:150:12
[INFO] [stdout]     |
[INFO] [stdout] 128 | impl ClassBuilder {
[INFO] [stdout]     | ----------------- method in this implementation
[INFO] [stdout] ...
[INFO] [stdout] 150 |     pub fn add_field<N, V>(mut self, name: N, value: V) -> Self
[INFO] [stdout]     |            ^^^^^^^^^
[INFO] [stdout] 
[INFO] [stdout] 
[INFO] [stdout] warning: 3 warnings emitted
[INFO] [stdout] 
[INFO] [stdout] 
[INFO] [stderr]    Compiling regex v1.5.4
[INFO] [stderr]    Compiling radish v0.2.0 (/opt/rustwide/workdir/radish)
[INFO] [stdout] warning: unused import: `cell::RefCell`
[INFO] [stdout]  --> radish/src/common/native.rs:4:13
[INFO] [stdout]   |
[INFO] [stdout] 4 |     rc::Rc, cell::RefCell,
[INFO] [stdout]   |             ^^^^^^^^^^^^^
[INFO] [stdout]   |
[INFO] [stdout]   = note: `#[warn(unused_imports)]` on by default
[INFO] [stdout] 
[INFO] [stdout] 
[INFO] [stdout] warning: variant `Construct` is never constructed
[INFO] [stdout]    --> radish/src/common/opcode.rs:184:5
[INFO] [stdout]     |
[INFO] [stdout] 7   | pub enum Opcode {
[INFO] [stdout]     |          ------ variant in this enum
[INFO] [stdout] ...
[INFO] [stdout] 184 |     Construct,
[INFO] [stdout]     |     ^^^^^^^^^
[INFO] [stdout]     |
[INFO] [stdout]     = note: `Opcode` has a derived impl for the trait `Debug`, but this is intentionally ignored during dead code analysis
[INFO] [stdout]     = note: `#[warn(dead_code)]` on by default
[INFO] [stdout] 
[INFO] [stdout] 
[INFO] [stdout] warning: 2 warnings emitted
[INFO] [stdout] 
[INFO] [stdout] 
[INFO] [stderr]     Finished test [unoptimized + debuginfo] target(s) in 12.69s
[INFO] running `Command { std: "docker" "inspect" "9a0c5777c5d7d93db5d1dea035e610dcdd17840a213932a5f98b73bedb687d96", kill_on_drop: false }`
[INFO] running `Command { std: "docker" "rm" "-f" "9a0c5777c5d7d93db5d1dea035e610dcdd17840a213932a5f98b73bedb687d96", kill_on_drop: false }`
[INFO] [stdout] 9a0c5777c5d7d93db5d1dea035e610dcdd17840a213932a5f98b73bedb687d96
[INFO] running `Command { std: "docker" "create" "-v" "/var/lib/crater-agent-workspace/builds/worker-3-tc2/target:/opt/rustwide/target:rw,Z" "-v" "/var/lib/crater-agent-workspace/builds/worker-3-tc2/source:/opt/rustwide/workdir:ro,Z" "-v" "/var/lib/crater-agent-workspace/cargo-home:/opt/rustwide/cargo-home:ro,Z" "-v" "/var/lib/crater-agent-workspace/rustup-home:/opt/rustwide/rustup-home:ro,Z" "-e" "SOURCE_DIR=/opt/rustwide/workdir" "-e" "CARGO_TARGET_DIR=/opt/rustwide/target" "-e" "CARGO_INCREMENTAL=0" "-e" "RUST_BACKTRACE=full" "-e" "RUSTFLAGS=--cap-lints=warn" "-e" "RUSTDOCFLAGS=--cap-lints=warn" "-e" "CARGO_HOME=/opt/rustwide/cargo-home" "-e" "RUSTUP_HOME=/opt/rustwide/rustup-home" "-w" "/opt/rustwide/workdir" "-m" "1610612736" "--user" "0:0" "--network" "none" "ghcr.io/rust-lang/crates-build-env/linux@sha256:5ff2268d62e97bff2cde7d5815dd6ed5b47097566f13b8d0ca110b04b60e07ed" "/opt/rustwide/cargo-home/bin/cargo" "+beta-2023-04-20" "test" "--frozen", kill_on_drop: false }`
[INFO] [stdout] d353f66738789e0a0452d150d400beb93bdd421ed43a6f6b168c4fcc2de6a510
[INFO] running `Command { std: "docker" "start" "-a" "d353f66738789e0a0452d150d400beb93bdd421ed43a6f6b168c4fcc2de6a510", kill_on_drop: false }`
[INFO] [stderr] warning: unused import: `cell::RefCell`
[INFO] [stderr]  --> radish/src/common/native.rs:4:13
[INFO] [stderr]   |
[INFO] [stderr] 4 |     rc::Rc, cell::RefCell,
[INFO] [stderr]   |             ^^^^^^^^^^^^^
[INFO] [stderr]   |
[INFO] [stderr]   = note: `#[warn(unused_imports)]` on by default
[INFO] [stderr] 
[INFO] [stderr] warning: variant `Construct` is never constructed
[INFO] [stderr]    --> radish/src/common/opcode.rs:184:5
[INFO] [stderr]     |
[INFO] [stderr] 7   | pub enum Opcode {
[INFO] [stderr]     |          ------ variant in this enum
[INFO] [stderr] ...
[INFO] [stderr] 184 |     Construct,
[INFO] [stderr]     |     ^^^^^^^^^
[INFO] [stderr]     |
[INFO] [stderr]     = note: `Opcode` has a derived impl for the trait `Debug`, but this is intentionally ignored during dead code analysis
[INFO] [stderr]     = note: `#[warn(dead_code)]` on by default
[INFO] [stderr] 
[INFO] [stderr] warning: method `add_field` is never used
[INFO] [stderr]    --> radish/src/common/class.rs:150:12
[INFO] [stderr]     |
[INFO] [stderr] 128 | impl ClassBuilder {
[INFO] [stderr]     | ----------------- method in this implementation
[INFO] [stderr] ...
[INFO] [stderr] 150 |     pub fn add_field<N, V>(mut self, name: N, value: V) -> Self
[INFO] [stderr]     |            ^^^^^^^^^
[INFO] [stderr] 
[INFO] [stderr] warning: `radish` (lib) generated 3 warnings (run `cargo fix --lib -p radish` to apply 1 suggestion)
[INFO] [stderr] warning: `radish` (lib test) generated 2 warnings (2 duplicates)
[INFO] [stderr]     Finished test [unoptimized + debuginfo] target(s) in 0.05s
[INFO] [stderr]      Running unittests src/lib.rs (/opt/rustwide/target/debug/deps/radish-54ee0219b2bf4783)
[INFO] [stdout] 
[INFO] [stdout] running 21 tests
[INFO] [stdout] test common::module::tests::entry ... ok
[INFO] [stdout] test common::module::tests::variables ... ok
[INFO] [stdout] test common::args::tests::test_to_args ... ok
[INFO] [stdout] test common::class::tests::build_class ... ok
[INFO] [stdout] test common::source::tests::test_source_new ... ok
[INFO] [stdout] test common::span::tests::span_get_line_index ... ok
[INFO] [stdout] test common::value::tests::test_size ... ok
[INFO] [stdout] test common::span::tests::display_single_char_span ... ok
[INFO] [stdout] test compiler::error::tests::error_cause ... ok
[INFO] [stdout] test compiler::scanner::tests::scan_identifier_token ... ok
[INFO] [stdout] test common::span::tests::display_single_line_span ... ok
[INFO] [stdout] test common::span::tests::combine_span ... ok
[INFO] [stdout] test compiler::scanner::tests::scan_number_token ... ok
[INFO] [stdout] test compiler::scanner::tests::scan_single_line_comment ... ok
[INFO] [stdout] test compiler::scanner::tests::scan_string_token ... ok
[INFO] [stdout] test compiler::scanner::tests::token_span ... ok
[INFO] [stdout] test compiler::scanner::tests::scan_tokens ... ok
[INFO] [stdout] test compiler::scanner::tests::scan_unexpected_token ... ok
[INFO] [stdout] test compiler::scanner::tests::scan_empty_file ... ok
[INFO] [stdout] test compiler::scanner::tests::skip_whitespace ... ok
[INFO] [stdout] test compiler::scanner::tests::scan_newline_token ... ok
[INFO] [stdout] 
[INFO] [stdout] test result: ok. 21 passed; 0 failed; 0 ignored; 0 measured; 0 filtered out; finished in 0.03s
[INFO] [stdout] 
[INFO] [stderr]      Running unittests src/main.rs (/opt/rustwide/target/debug/deps/radish_cli-a89d2142838fed10)
[INFO] [stdout] 
[INFO] [stderr]    Doc-tests radish
[INFO] [stdout] running 0 tests
[INFO] [stdout] 
[INFO] [stdout] test result: ok. 0 passed; 0 failed; 0 ignored; 0 measured; 0 filtered out; finished in 0.00s
[INFO] [stdout] 
[INFO] [stdout] 
[INFO] [stdout] running 7 tests
[INFO] [stdout] test src/vm/eval.rs - vm::eval::VM::exec_file (line 59) - compile ... ok
[INFO] [stdout] test src/vm/load.rs - vm::load::VM::load_namespace (line 70) - compile ... ok
[INFO] [stdout] test src/vm/eval.rs - vm::eval::VM::eval_file (line 81) - compile ... ok
[INFO] [stdout] test src/vm/load.rs - vm::load::VM::load_module (line 37) ... ok
[INFO] [stdout] test src/vm/load.rs - vm::load::VM::load_module (line 22) ... ok
[INFO] [stdout] test src/vm/eval.rs - vm::eval::VM::exec (line 16) ... FAILED
[INFO] [stdout] test src/vm/eval.rs - vm::eval::VM::eval (line 38) ... FAILED
[INFO] [stdout] 
[INFO] [stdout] failures:
[INFO] [stdout] 
[INFO] [stdout] ---- src/vm/eval.rs - vm::eval::VM::exec (line 16) stdout ----
[INFO] [stdout] Test executable failed (exit status: 101).
[INFO] [stdout] 
[INFO] [stdout] stderr:
[INFO] [stdout] thread 'main' panicked at 'failed to write JSON to file: Os { code: 30, kind: ReadOnlyFilesystem, message: "Read-only file system" }', radish/src/compiler/pipeline.rs:94:42
[INFO] [stdout] stack backtrace:
[INFO] [stdout]    0:     0x5609b58a82ea - std::backtrace_rs::backtrace::libunwind::trace::h2f05d0192276a8f6
[INFO] [stdout]                                at /rustc/1b7dd2252b99671ce5d1cb9664c5f8636329436d/library/std/src/../../backtrace/src/backtrace/libunwind.rs:93:5
[INFO] [stdout]    1:     0x5609b58a82ea - std::backtrace_rs::backtrace::trace_unsynchronized::hedc23dff7a1af150
[INFO] [stdout]                                at /rustc/1b7dd2252b99671ce5d1cb9664c5f8636329436d/library/std/src/../../backtrace/src/backtrace/mod.rs:66:5
[INFO] [stdout]    2:     0x5609b58a82ea - std::sys_common::backtrace::_print_fmt::h17541ef7592f3ce2
[INFO] [stdout]                                at /rustc/1b7dd2252b99671ce5d1cb9664c5f8636329436d/library/std/src/sys_common/backtrace.rs:65:5
[INFO] [stdout]    3:     0x5609b58a82ea - <std::sys_common::backtrace::_print::DisplayBacktrace as core::fmt::Display>::fmt::h20f75df5ab0c0792
[INFO] [stdout]                                at /rustc/1b7dd2252b99671ce5d1cb9664c5f8636329436d/library/std/src/sys_common/backtrace.rs:44:22
[INFO] [stdout]    4:     0x5609b58c8fef - core::fmt::write::h78109e6f466b3af6
[INFO] [stdout]                                at /rustc/1b7dd2252b99671ce5d1cb9664c5f8636329436d/library/core/src/fmt/mod.rs:1254:17
[INFO] [stdout]    5:     0x5609b58a5c45 - std::io::Write::write_fmt::hc59e1b02dd273c8a
[INFO] [stdout]                                at /rustc/1b7dd2252b99671ce5d1cb9664c5f8636329436d/library/std/src/io/mod.rs:1698:15
[INFO] [stdout]    6:     0x5609b58a80b5 - std::sys_common::backtrace::_print::h8dac57a9f8fbf9a5
[INFO] [stdout]                                at /rustc/1b7dd2252b99671ce5d1cb9664c5f8636329436d/library/std/src/sys_common/backtrace.rs:47:5
[INFO] [stdout]    7:     0x5609b58a80b5 - std::sys_common::backtrace::print::hf9ecbf41d1aa712f
[INFO] [stdout]                                at /rustc/1b7dd2252b99671ce5d1cb9664c5f8636329436d/library/std/src/sys_common/backtrace.rs:34:9
[INFO] [stdout]    8:     0x5609b58a963e - std::panicking::default_hook::{{closure}}::h04c07acfc84ca028
[INFO] [stdout]                                at /rustc/1b7dd2252b99671ce5d1cb9664c5f8636329436d/library/std/src/panicking.rs:269:22
[INFO] [stdout]    9:     0x5609b58a93e5 - std::panicking::default_hook::h01f6bb23e1eceb2c
[INFO] [stdout]                                at /rustc/1b7dd2252b99671ce5d1cb9664c5f8636329436d/library/std/src/panicking.rs:288:9
[INFO] [stdout]   10:     0x5609b58a9b9e - std::panicking::rust_panic_with_hook::h2bb3722bbaf2f6df
[INFO] [stdout]                                at /rustc/1b7dd2252b99671ce5d1cb9664c5f8636329436d/library/std/src/panicking.rs:691:13
[INFO] [stdout]   11:     0x5609b58a9a99 - std::panicking::begin_panic_handler::{{closure}}::h91bc7f36a4be011b
[INFO] [stdout]                                at /rustc/1b7dd2252b99671ce5d1cb9664c5f8636329436d/library/std/src/panicking.rs:582:13
[INFO] [stdout]   12:     0x5609b58a8756 - std::sys_common::backtrace::__rust_end_short_backtrace::h8b3d3717114f9e59
[INFO] [stdout]                                at /rustc/1b7dd2252b99671ce5d1cb9664c5f8636329436d/library/std/src/sys_common/backtrace.rs:150:18
[INFO] [stdout]   13:     0x5609b58a97f2 - rust_begin_unwind
[INFO] [stdout]                                at /rustc/1b7dd2252b99671ce5d1cb9664c5f8636329436d/library/std/src/panicking.rs:578:5
[INFO] [stdout]   14:     0x5609b57ab443 - core::panicking::panic_fmt::hfd368e3fbdabea26
[INFO] [stdout]                                at /rustc/1b7dd2252b99671ce5d1cb9664c5f8636329436d/library/core/src/panicking.rs:67:14
[INFO] [stdout]   15:     0x5609b57ab9e3 - core::result::unwrap_failed::he54eb4b2f125b26f
[INFO] [stdout]                                at /rustc/1b7dd2252b99671ce5d1cb9664c5f8636329436d/library/core/src/result.rs:1687:5
[INFO] [stdout]   16:     0x5609b583671f - core::result::Result<T,E>::expect::h86cbf5a4d2215e63
[INFO] [stdout]                                at /rustc/1b7dd2252b99671ce5d1cb9664c5f8636329436d/library/core/src/result.rs:1046:23
[INFO] [stdout]   17:     0x5609b582ef8f - radish::compiler::pipeline::CompilerPipeLine::_compile::h39d4ff7defd63763
[INFO] [stdout]                                at /opt/rustwide/workdir/radish/src/compiler/pipeline.rs:94:9
[INFO] [stdout]   18:     0x5609b582eada - radish::compiler::pipeline::CompilerPipeLine::compile::he0194f67dc7923ac
[INFO] [stdout]                                at /opt/rustwide/workdir/radish/src/compiler/pipeline.rs:79:9
[INFO] [stdout]   19:     0x5609b57b1b3f - radish::vm::eval::<impl radish::vm::VM>::_eval::h2d75337ade013ea2
[INFO] [stdout]                                at /opt/rustwide/workdir/radish/src/vm/eval.rs:111:22
[INFO] [stdout]   20:     0x5609b57b19e6 - radish::vm::eval::<impl radish::vm::VM>::exec::he0cc6edb11187322
[INFO] [stdout]                                at /opt/rustwide/workdir/radish/src/vm/eval.rs:28:9
[INFO] [stdout]   21:     0x5609b57ad296 - rust_out::main::h8767247e24ef055b
[INFO] [stdout]   22:     0x5609b57ac0de - core::ops::function::FnOnce::call_once::hb721db566c5eed97
[INFO] [stdout]   23:     0x5609b57abe3d - std::sys_common::backtrace::__rust_begin_short_backtrace::h062bd4ad2c9f69d3
[INFO] [stdout]   24:     0x5609b57abea1 - std::rt::lang_start::{{closure}}::h38fba338e778d367
[INFO] [stdout]   25:     0x5609b58a20fe - core::ops::function::impls::<impl core::ops::function::FnOnce<A> for &F>::call_once::h2eb19b8ce4148df4
[INFO] [stdout]                                at /rustc/1b7dd2252b99671ce5d1cb9664c5f8636329436d/library/core/src/ops/function.rs:287:13
[INFO] [stdout]   26:     0x5609b58a20fe - std::panicking::try::do_call::h2e900feff5d504c5
[INFO] [stdout]                                at /rustc/1b7dd2252b99671ce5d1cb9664c5f8636329436d/library/std/src/panicking.rs:485:40
[INFO] [stdout]   27:     0x5609b58a20fe - std::panicking::try::h8854836cb85aa9f2
[INFO] [stdout]                                at /rustc/1b7dd2252b99671ce5d1cb9664c5f8636329436d/library/std/src/panicking.rs:449:19
[INFO] [stdout]   28:     0x5609b58a20fe - std::panic::catch_unwind::h706025dd4c48f64b
[INFO] [stdout]                                at /rustc/1b7dd2252b99671ce5d1cb9664c5f8636329436d/library/std/src/panic.rs:140:14
[INFO] [stdout]   29:     0x5609b58a20fe - std::rt::lang_start_internal::{{closure}}::h7be5b97f4a07a91a
[INFO] [stdout]                                at /rustc/1b7dd2252b99671ce5d1cb9664c5f8636329436d/library/std/src/rt.rs:148:48
[INFO] [stdout]   30:     0x5609b58a20fe - std::panicking::try::do_call::h59847e9d0a176965
[INFO] [stdout]                                at /rustc/1b7dd2252b99671ce5d1cb9664c5f8636329436d/library/std/src/panicking.rs:485:40
[INFO] [stdout]   31:     0x5609b58a20fe - std::panicking::try::h399a918ba8522823
[INFO] [stdout]                                at /rustc/1b7dd2252b99671ce5d1cb9664c5f8636329436d/library/std/src/panicking.rs:449:19
[INFO] [stdout]   32:     0x5609b58a20fe - std::panic::catch_unwind::hca7ca6c55b2a2e26
[INFO] [stdout]                                at /rustc/1b7dd2252b99671ce5d1cb9664c5f8636329436d/library/std/src/panic.rs:140:14
[INFO] [stdout]   33:     0x5609b58a20fe - std::rt::lang_start_internal::h2c807a81560459eb
[INFO] [stdout]                                at /rustc/1b7dd2252b99671ce5d1cb9664c5f8636329436d/library/std/src/rt.rs:148:20
[INFO] [stdout]   34:     0x5609b57abe77 - std::rt::lang_start::h30bc7caeb2f5d575
[INFO] [stdout]   35:     0x5609b57ad3d5 - main
[INFO] [stdout]   36:     0x7f33dd3d1d90 - <unknown>
[INFO] [stdout]   37:     0x7f33dd3d1e40 - __libc_start_main
[INFO] [stdout]   38:     0x5609b57abb75 - _start
[INFO] [stdout]   39:                0x0 - <unknown>
[INFO] [stdout] 
[INFO] [stdout] 
[INFO] [stdout] ---- src/vm/eval.rs - vm::eval::VM::eval (line 38) stdout ----
[INFO] [stdout] Test executable failed (exit status: 101).
[INFO] [stdout] 
[INFO] [stdout] stderr:
[INFO] [stdout] thread 'main' panicked at 'failed to write JSON to file: Os { code: 30, kind: ReadOnlyFilesystem, message: "Read-only file system" }', radish/src/compiler/pipeline.rs:94:42
[INFO] [stdout] stack backtrace:
[INFO] [stdout]    0:     0x556e8637032a - std::backtrace_rs::backtrace::libunwind::trace::h2f05d0192276a8f6
[INFO] [stdout]                                at /rustc/1b7dd2252b99671ce5d1cb9664c5f8636329436d/library/std/src/../../backtrace/src/backtrace/libunwind.rs:93:5
[INFO] [stdout]    1:     0x556e8637032a - std::backtrace_rs::backtrace::trace_unsynchronized::hedc23dff7a1af150
[INFO] [stdout]                                at /rustc/1b7dd2252b99671ce5d1cb9664c5f8636329436d/library/std/src/../../backtrace/src/backtrace/mod.rs:66:5
[INFO] [stdout]    2:     0x556e8637032a - std::sys_common::backtrace::_print_fmt::h17541ef7592f3ce2
[INFO] [stdout]                                at /rustc/1b7dd2252b99671ce5d1cb9664c5f8636329436d/library/std/src/sys_common/backtrace.rs:65:5
[INFO] [stdout]    3:     0x556e8637032a - <std::sys_common::backtrace::_print::DisplayBacktrace as core::fmt::Display>::fmt::h20f75df5ab0c0792
[INFO] [stdout]                                at /rustc/1b7dd2252b99671ce5d1cb9664c5f8636329436d/library/std/src/sys_common/backtrace.rs:44:22
[INFO] [stdout]    4:     0x556e8639102f - core::fmt::write::h78109e6f466b3af6
[INFO] [stdout]                                at /rustc/1b7dd2252b99671ce5d1cb9664c5f8636329436d/library/core/src/fmt/mod.rs:1254:17
[INFO] [stdout]    5:     0x556e8636dc85 - std::io::Write::write_fmt::hc59e1b02dd273c8a
[INFO] [stdout]                                at /rustc/1b7dd2252b99671ce5d1cb9664c5f8636329436d/library/std/src/io/mod.rs:1698:15
[INFO] [stdout]    6:     0x556e863700f5 - std::sys_common::backtrace::_print::h8dac57a9f8fbf9a5
[INFO] [stdout]                                at /rustc/1b7dd2252b99671ce5d1cb9664c5f8636329436d/library/std/src/sys_common/backtrace.rs:47:5
[INFO] [stdout]    7:     0x556e863700f5 - std::sys_common::backtrace::print::hf9ecbf41d1aa712f
[INFO] [stdout]                                at /rustc/1b7dd2252b99671ce5d1cb9664c5f8636329436d/library/std/src/sys_common/backtrace.rs:34:9
[INFO] [stdout]    8:     0x556e8637167e - std::panicking::default_hook::{{closure}}::h04c07acfc84ca028
[INFO] [stdout]                                at /rustc/1b7dd2252b99671ce5d1cb9664c5f8636329436d/library/std/src/panicking.rs:269:22
[INFO] [stdout]    9:     0x556e86371425 - std::panicking::default_hook::h01f6bb23e1eceb2c
[INFO] [stdout]                                at /rustc/1b7dd2252b99671ce5d1cb9664c5f8636329436d/library/std/src/panicking.rs:288:9
[INFO] [stdout]   10:     0x556e86371bde - std::panicking::rust_panic_with_hook::h2bb3722bbaf2f6df
[INFO] [stdout]                                at /rustc/1b7dd2252b99671ce5d1cb9664c5f8636329436d/library/std/src/panicking.rs:691:13
[INFO] [stdout]   11:     0x556e86371ad9 - std::panicking::begin_panic_handler::{{closure}}::h91bc7f36a4be011b
[INFO] [stdout]                                at /rustc/1b7dd2252b99671ce5d1cb9664c5f8636329436d/library/std/src/panicking.rs:582:13
[INFO] [stdout]   12:     0x556e86370796 - std::sys_common::backtrace::__rust_end_short_backtrace::h8b3d3717114f9e59
[INFO] [stdout]                                at /rustc/1b7dd2252b99671ce5d1cb9664c5f8636329436d/library/std/src/sys_common/backtrace.rs:150:18
[INFO] [stdout]   13:     0x556e86371832 - rust_begin_unwind
[INFO] [stdout]                                at /rustc/1b7dd2252b99671ce5d1cb9664c5f8636329436d/library/std/src/panicking.rs:578:5
[INFO] [stdout]   14:     0x556e86270443 - core::panicking::panic_fmt::hfd368e3fbdabea26
[INFO] [stdout]                                at /rustc/1b7dd2252b99671ce5d1cb9664c5f8636329436d/library/core/src/panicking.rs:67:14
[INFO] [stdout]   15:     0x556e862709e3 - core::result::unwrap_failed::he54eb4b2f125b26f
[INFO] [stdout]                                at /rustc/1b7dd2252b99671ce5d1cb9664c5f8636329436d/library/core/src/result.rs:1687:5
[INFO] [stdout]   16:     0x556e862fd30f - core::result::Result<T,E>::expect::h86cbf5a4d2215e63
[INFO] [stdout]                                at /rustc/1b7dd2252b99671ce5d1cb9664c5f8636329436d/library/core/src/result.rs:1046:23
[INFO] [stdout]   17:     0x556e862f5c0f - radish::compiler::pipeline::CompilerPipeLine::_compile::h39d4ff7defd63763
[INFO] [stdout]                                at /opt/rustwide/workdir/radish/src/compiler/pipeline.rs:94:9
[INFO] [stdout]   18:     0x556e862f575a - radish::compiler::pipeline::CompilerPipeLine::compile::he0194f67dc7923ac
[INFO] [stdout]                                at /opt/rustwide/workdir/radish/src/compiler/pipeline.rs:79:9
[INFO] [stdout]   19:     0x556e86271a07 - radish::vm::eval::<impl radish::vm::VM>::_eval::h99c7234573da2423
[INFO] [stdout]   20:     0x556e8627196d - radish::vm::eval::<impl radish::vm::VM>::eval::hacff1ef42b650fa7
[INFO] [stdout]   21:     0x556e86272662 - rust_out::main::h8767247e24ef055b
[INFO] [stdout]   22:     0x556e862710fe - core::ops::function::FnOnce::call_once::hb721db566c5eed97
[INFO] [stdout]   23:     0x556e86270e9d - std::sys_common::backtrace::__rust_begin_short_backtrace::h062bd4ad2c9f69d3
[INFO] [stdout]   24:     0x556e86270f01 - std::rt::lang_start::{{closure}}::h38fba338e778d367
[INFO] [stdout]   25:     0x556e8636a13e - core::ops::function::impls::<impl core::ops::function::FnOnce<A> for &F>::call_once::h2eb19b8ce4148df4
[INFO] [stdout]                                at /rustc/1b7dd2252b99671ce5d1cb9664c5f8636329436d/library/core/src/ops/function.rs:287:13
[INFO] [stdout]   26:     0x556e8636a13e - std::panicking::try::do_call::h2e900feff5d504c5
[INFO] [stdout]                                at /rustc/1b7dd2252b99671ce5d1cb9664c5f8636329436d/library/std/src/panicking.rs:485:40
[INFO] [stdout]   27:     0x556e8636a13e - std::panicking::try::h8854836cb85aa9f2
[INFO] [stdout]                                at /rustc/1b7dd2252b99671ce5d1cb9664c5f8636329436d/library/std/src/panicking.rs:449:19
[INFO] [stdout]   28:     0x556e8636a13e - std::panic::catch_unwind::h706025dd4c48f64b
[INFO] [stdout]                                at /rustc/1b7dd2252b99671ce5d1cb9664c5f8636329436d/library/std/src/panic.rs:140:14
[INFO] [stdout]   29:     0x556e8636a13e - std::rt::lang_start_internal::{{closure}}::h7be5b97f4a07a91a
[INFO] [stdout]                                at /rustc/1b7dd2252b99671ce5d1cb9664c5f8636329436d/library/std/src/rt.rs:148:48
[INFO] [stdout]   30:     0x556e8636a13e - std::panicking::try::do_call::h59847e9d0a176965
[INFO] [stdout]                                at /rustc/1b7dd2252b99671ce5d1cb9664c5f8636329436d/library/std/src/panicking.rs:485:40
[INFO] [stdout]   31:     0x556e8636a13e - std::panicking::try::h399a918ba8522823
[INFO] [stdout]                                at /rustc/1b7dd2252b99671ce5d1cb9664c5f8636329436d/library/std/src/panicking.rs:449:19
[INFO] [stdout]   32:     0x556e8636a13e - std::panic::catch_unwind::hca7ca6c55b2a2e26
[INFO] [stdout]                                at /rustc/1b7dd2252b99671ce5d1cb9664c5f8636329436d/library/std/src/panic.rs:140:14
[INFO] [stdout]   33:     0x556e8636a13e - std::rt::lang_start_internal::h2c807a81560459eb
[INFO] [stdout]                                at /rustc/1b7dd2252b99671ce5d1cb9664c5f8636329436d/library/std/src/rt.rs:148:20
[INFO] [stdout]   34:     0x556e86270ed7 - std::rt::lang_start::h30bc7caeb2f5d575
[INFO] [stdout]   35:     0x556e862727a5 - main
[INFO] [stdout]   36:     0x7fc0aeb5dd90 - <unknown>
[INFO] [stdout]   37:     0x7fc0aeb5de40 - __libc_start_main
[INFO] [stdout]   38:     0x556e86270b75 - _start
[INFO] [stdout]   39:                0x0 - <unknown>
[INFO] [stdout] 
[INFO] [stdout] 
[INFO] [stdout] 
[INFO] [stdout] failures:
[INFO] [stdout]     src/vm/eval.rs - vm::eval::VM::eval (line 38)
[INFO] [stdout]     src/vm/eval.rs - vm::eval::VM::exec (line 16)
[INFO] [stdout] 
[INFO] [stdout] test result: FAILED. 5 passed; 2 failed; 0 ignored; 0 measured; 0 filtered out; finished in 1.25s
[INFO] [stdout] 
[INFO] [stderr] error: doctest failed, to rerun pass `-p radish --doc`
[INFO] running `Command { std: "docker" "inspect" "d353f66738789e0a0452d150d400beb93bdd421ed43a6f6b168c4fcc2de6a510", kill_on_drop: false }`
[INFO] running `Command { std: "docker" "rm" "-f" "d353f66738789e0a0452d150d400beb93bdd421ed43a6f6b168c4fcc2de6a510", kill_on_drop: false }`
[INFO] [stdout] d353f66738789e0a0452d150d400beb93bdd421ed43a6f6b168c4fcc2de6a510
