[INFO] cloning repository https://github.com/abrahum/eve
[INFO] running `Command { std: "git" "-c" "credential.helper=" "-c" "credential.helper=/workspace/cargo-home/bin/git-credential-null" "clone" "--bare" "https://github.com/abrahum/eve" "/workspace/cache/git-repos/https%3A%2F%2Fgithub.com%2Fabrahum%2Feve", kill_on_drop: false }`
[INFO] [stderr] Cloning into bare repository '/workspace/cache/git-repos/https%3A%2F%2Fgithub.com%2Fabrahum%2Feve'...
[INFO] running `Command { std: "git" "rev-parse" "HEAD", kill_on_drop: false }`
[INFO] [stdout] 5387b63dabeaf7c12bcce1d85979cca99d82fb2b
[INFO] testing abrahum/eve against 1.69.0 for beta-1.70-1
[INFO] running `Command { std: "git" "clone" "/workspace/cache/git-repos/https%3A%2F%2Fgithub.com%2Fabrahum%2Feve" "/workspace/builds/worker-4-tc1/source", kill_on_drop: false }`
[INFO] [stderr] Cloning into '/workspace/builds/worker-4-tc1/source'...
[INFO] [stderr] done.
[INFO] validating manifest of git repo https://github.com/abrahum/eve on toolchain 1.69.0
[INFO] running `Command { std: CARGO_HOME="/workspace/cargo-home" RUSTUP_HOME="/workspace/rustup-home" "/workspace/cargo-home/bin/cargo" "+1.69.0" "metadata" "--manifest-path" "Cargo.toml" "--no-deps", kill_on_drop: false }`
[INFO] started tweaking git repo https://github.com/abrahum/eve
[INFO] finished tweaking git repo https://github.com/abrahum/eve
[INFO] tweaked toml for git repo https://github.com/abrahum/eve written to /workspace/builds/worker-4-tc1/source/Cargo.toml
[INFO] crate git repo https://github.com/abrahum/eve already has a lockfile, it will not be regenerated
[INFO] running `Command { std: CARGO_HOME="/workspace/cargo-home" RUSTUP_HOME="/workspace/rustup-home" "/workspace/cargo-home/bin/cargo" "+1.69.0" "fetch" "--manifest-path" "Cargo.toml", kill_on_drop: false }`
[INFO] [stderr]  Downloading crates ...
[INFO] [stderr]   Downloaded quick-protobuf v0.8.0
[INFO] [stderr]   Downloaded crypto-bigint v0.2.10
[INFO] [stderr]   Downloaded const-oid v0.6.1
[INFO] [stderr]   Downloaded p256 v0.9.0
[INFO] [stderr]   Downloaded tracing-appender v0.2.0
[INFO] [stderr]   Downloaded time v0.3.3
[INFO] [stderr]   Downloaded der v0.4.3
[INFO] running `Command { std: "docker" "create" "-v" "/var/lib/crater-agent-workspace/builds/worker-4-tc1/target:/opt/rustwide/target:rw,Z" "-v" "/var/lib/crater-agent-workspace/builds/worker-4-tc1/source:/opt/rustwide/workdir:ro,Z" "-v" "/var/lib/crater-agent-workspace/cargo-home:/opt/rustwide/cargo-home:ro,Z" "-v" "/var/lib/crater-agent-workspace/rustup-home:/opt/rustwide/rustup-home:ro,Z" "-e" "SOURCE_DIR=/opt/rustwide/workdir" "-e" "CARGO_TARGET_DIR=/opt/rustwide/target" "-e" "CARGO_HOME=/opt/rustwide/cargo-home" "-e" "RUSTUP_HOME=/opt/rustwide/rustup-home" "-w" "/opt/rustwide/workdir" "-m" "1610612736" "--user" "0:0" "--network" "none" "ghcr.io/rust-lang/crates-build-env/linux@sha256:5ff2268d62e97bff2cde7d5815dd6ed5b47097566f13b8d0ca110b04b60e07ed" "/opt/rustwide/cargo-home/bin/cargo" "+1.69.0" "metadata" "--no-deps" "--format-version=1", kill_on_drop: false }`
[INFO] [stdout] 036b5ff91a9f3c29be608246440d56fcb4b8d5c6343346a1ef9ba2f0ca2f6a36
[INFO] running `Command { std: "docker" "start" "-a" "036b5ff91a9f3c29be608246440d56fcb4b8d5c6343346a1ef9ba2f0ca2f6a36", kill_on_drop: false }`
[INFO] running `Command { std: "docker" "inspect" "036b5ff91a9f3c29be608246440d56fcb4b8d5c6343346a1ef9ba2f0ca2f6a36", kill_on_drop: false }`
[INFO] running `Command { std: "docker" "rm" "-f" "036b5ff91a9f3c29be608246440d56fcb4b8d5c6343346a1ef9ba2f0ca2f6a36", kill_on_drop: false }`
[INFO] [stdout] 036b5ff91a9f3c29be608246440d56fcb4b8d5c6343346a1ef9ba2f0ca2f6a36
[INFO] running `Command { std: "docker" "create" "-v" "/var/lib/crater-agent-workspace/builds/worker-4-tc1/target:/opt/rustwide/target:rw,Z" "-v" "/var/lib/crater-agent-workspace/builds/worker-4-tc1/source:/opt/rustwide/workdir:ro,Z" "-v" "/var/lib/crater-agent-workspace/cargo-home:/opt/rustwide/cargo-home:ro,Z" "-v" "/var/lib/crater-agent-workspace/rustup-home:/opt/rustwide/rustup-home:ro,Z" "-e" "SOURCE_DIR=/opt/rustwide/workdir" "-e" "CARGO_TARGET_DIR=/opt/rustwide/target" "-e" "CARGO_INCREMENTAL=0" "-e" "RUST_BACKTRACE=full" "-e" "RUSTFLAGS=--cap-lints=warn" "-e" "RUSTDOCFLAGS=--cap-lints=warn" "-e" "CARGO_HOME=/opt/rustwide/cargo-home" "-e" "RUSTUP_HOME=/opt/rustwide/rustup-home" "-w" "/opt/rustwide/workdir" "-m" "1610612736" "--user" "0:0" "--network" "none" "ghcr.io/rust-lang/crates-build-env/linux@sha256:5ff2268d62e97bff2cde7d5815dd6ed5b47097566f13b8d0ca110b04b60e07ed" "/opt/rustwide/cargo-home/bin/cargo" "+1.69.0" "build" "--frozen" "--message-format=json", kill_on_drop: false }`
[INFO] [stdout] 8082c97039496bfb4d12695144a9ceec6c31981691b746edd4f41c1f7f9c8838
[INFO] running `Command { std: "docker" "start" "-a" "8082c97039496bfb4d12695144a9ceec6c31981691b746edd4f41c1f7f9c8838", kill_on_drop: false }`
[INFO] [stderr]    Compiling autocfg v1.0.1
[INFO] [stderr]    Compiling libc v0.2.102
[INFO] [stderr]    Compiling proc-macro2 v1.0.29
[INFO] [stderr]    Compiling syn v1.0.77
[INFO] [stderr]    Compiling log v0.4.14
[INFO] [stderr]    Compiling typenum v1.14.0
[INFO] [stderr]    Compiling version_check v0.9.3
[INFO] [stderr]    Compiling pin-project-lite v0.2.7
[INFO] [stderr]    Compiling once_cell v1.8.0
[INFO] [stderr]    Compiling smallvec v1.6.1
[INFO] [stderr]    Compiling pkg-config v0.3.20
[INFO] [stderr]    Compiling cc v1.0.70
[INFO] [stderr]    Compiling generic-array v0.14.4
[INFO] [stderr]    Compiling instant v0.1.11
[INFO] [stderr]    Compiling futures-core v0.3.17
[INFO] [stderr]    Compiling lock_api v0.4.5
[INFO] [stderr]    Compiling tokio v1.12.0
[INFO] [stderr]    Compiling tracing-core v0.1.20
[INFO] [stderr]    Compiling quote v1.0.9
[INFO] [stderr]    Compiling getrandom v0.2.3
[INFO] [stderr]    Compiling parking_lot_core v0.8.5
[INFO] [stderr]    Compiling subtle v2.4.1
[INFO] [stderr]    Compiling rand_core v0.6.3
[INFO] [stderr]    Compiling parking_lot v0.11.2
[INFO] [stderr]    Compiling signal-hook-registry v1.4.0
[INFO] [stderr]    Compiling num_cpus v1.13.0
[INFO] [stderr]    Compiling openssl-sys v0.9.67
[INFO] [stderr]    Compiling mio v0.7.13
[INFO] [stderr]    Compiling futures-macro v0.3.17
[INFO] [stderr]    Compiling futures-task v0.3.17
[INFO] [stderr]    Compiling serde_derive v1.0.130
[INFO] [stderr]    Compiling proc-macro-nested v0.1.7
[INFO] [stderr]    Compiling indexmap v1.7.0
[INFO] [stderr]    Compiling futures-util v0.3.17
[INFO] [stderr]    Compiling const-oid v0.6.1
[INFO] [stderr]    Compiling openssl v0.10.36
[INFO] [stderr]    Compiling serde v1.0.130
[INFO] [stderr]    Compiling futures-sink v0.3.17
[INFO] [stderr]    Compiling der v0.4.3
[INFO] [stderr]    Compiling http v0.2.5
[INFO] [stderr]    Compiling digest v0.9.0
[INFO] [stderr]    Compiling httparse v1.5.1
[INFO] [stderr]    Compiling futures-channel v0.3.17
[INFO] [stderr]    Compiling slab v0.4.4
[INFO] [stderr]    Compiling ryu v1.0.5
[INFO] [stderr]    Compiling spki v0.4.1
[INFO] [stderr]    Compiling tinyvec v1.5.0
[INFO] [stderr]    Compiling native-tls v0.2.8
[INFO] [stderr]    Compiling ff v0.10.1
[INFO] [stderr]    Compiling num-traits v0.2.14
[INFO] [stderr]    Compiling openssl-probe v0.1.4
[INFO] [stderr]    Compiling zeroize v1.4.2
[INFO] [stderr]    Compiling want v0.3.0
[INFO] [stderr]    Compiling crypto-bigint v0.2.10
[INFO] [stderr]    Compiling group v0.10.0
[INFO] [stderr]    Compiling pkcs8 v0.7.6
[INFO] [stderr]    Compiling unicode-normalization v0.1.19
[INFO] [stderr]    Compiling crypto-mac v0.11.1
[INFO] [stderr]    Compiling http-body v0.4.3
[INFO] [stderr]    Compiling socket2 v0.4.2
[INFO] [stderr]    Compiling num-integer v0.1.44
[INFO] [stderr]    Compiling encoding_rs v0.8.28
[INFO] [stderr]    Compiling unicode-bidi v0.3.6
[INFO] [stderr]    Compiling httpdate v1.0.1
[INFO] [stderr]    Compiling elliptic-curve v0.10.6
[INFO] [stderr]    Compiling idna v0.2.3
[INFO] [stderr]    Compiling hmac v0.11.0
[INFO] [stderr]    Compiling signature v1.3.1
[INFO] [stderr]    Compiling block-buffer v0.9.0
[INFO] [stderr]    Compiling ppv-lite86 v0.2.10
[INFO] [stderr]    Compiling crossbeam-utils v0.8.5
[INFO] [stderr]    Compiling serde_json v1.0.68
[INFO] [stderr]    Compiling cpufeatures v0.2.1
[INFO] [stderr]    Compiling rand_chacha v0.3.1
[INFO] [stderr]    Compiling sha2 v0.9.8
[INFO] [stderr]    Compiling url v2.2.2
[INFO] [stderr]    Compiling ecdsa v0.12.4
[INFO] [stderr]    Compiling regex-automata v0.1.10
[INFO] [stderr]    Compiling time v0.1.44
[INFO] [stderr]    Compiling miniz_oxide v0.4.4
[INFO] [stderr]    Compiling hex v0.4.3
[INFO] [stderr]    Compiling crc32fast v1.2.1
[INFO] [stderr]    Compiling chrono v0.4.19
[INFO] [stderr]    Compiling matchers v0.1.0
[INFO] [stderr]    Compiling p256 v0.9.0
[INFO] [stderr]    Compiling rand v0.8.4
[INFO] [stderr]    Compiling regex v1.5.4
[INFO] [stderr]    Compiling tracing-log v0.1.2
[INFO] [stderr]    Compiling thread_local v1.1.3
[INFO] [stderr]    Compiling tokio-macros v1.3.0
[INFO] [stderr]    Compiling tracing-attributes v0.1.16
[INFO] [stderr]    Compiling sharded-slab v0.1.3
[INFO] [stderr]    Compiling md5 v0.7.0
[INFO] [stderr]    Compiling adler v1.0.2
[INFO] [stderr]    Compiling byteorder v1.4.3
[INFO] [stderr]    Compiling ansi_term v0.12.1
[INFO] [stderr]    Compiling async-trait v0.1.51
[INFO] [stderr]    Compiling quick-protobuf v0.8.0
[INFO] [stderr]    Compiling jcers_proc v0.1.0 (/opt/rustwide/workdir/jcers_proc)
[INFO] [stderr]    Compiling crossbeam-channel v0.5.1
[INFO] [stderr]    Compiling tracing v0.1.28
[INFO] [stderr]    Compiling tracing-subscriber v0.3.0
[INFO] [stderr]    Compiling atty v0.2.14
[INFO] [stderr]    Compiling time v0.3.3
[INFO] [stderr]    Compiling colored v2.0.0
[INFO] [stderr]    Compiling flate2 v1.0.22
[INFO] [stderr]    Compiling jcers v0.1.0 (/opt/rustwide/workdir/jcers)
[INFO] [stderr]    Compiling protobuf v0.1.0 (/opt/rustwide/workdir/protobuf)
[INFO] [stderr]    Compiling async-recursion v0.3.2
[INFO] [stderr]    Compiling tracing-appender v0.2.0
[INFO] [stderr]    Compiling tokio-util v0.6.8
[INFO] [stderr]    Compiling tokio-native-tls v0.3.0
[INFO] [stderr]    Compiling h2 v0.3.4
[INFO] [stderr]    Compiling serde_urlencoded v0.7.0
[INFO] [stderr]    Compiling toml v0.5.8
[INFO] [stderr]    Compiling hyper v0.14.13
[INFO] [stderr]    Compiling hyper-tls v0.5.0
[INFO] [stderr]    Compiling reqwest v0.11.4
[INFO] [stderr]    Compiling crypto v0.1.0 (/opt/rustwide/workdir/crypto)
[INFO] [stdout] warning: unused variable: `share`
[INFO] [stdout]   --> crypto/src/ecdh.rs:64:13
[INFO] [stdout]    |
[INFO] [stdout] 64 |         let share = key.diffie_hellman(&pub_key);
[INFO] [stdout]    |             ^^^^^ help: if this is intentional, prefix it with an underscore: `_share`
[INFO] [stdout]    |
[INFO] [stdout]    = note: `#[warn(unused_variables)]` on by default
[INFO] [stdout] 
[INFO] [stdout] 
[INFO] [stderr]    Compiling protocol v0.1.0 (/opt/rustwide/workdir/protocol)
[INFO] [stdout] warning: 1 warning emitted
[INFO] [stdout] 
[INFO] [stdout] 
[INFO] [stderr]    Compiling eve-core v0.1.0 (/opt/rustwide/workdir)
[INFO] [stdout] warning: unused variable: `code`
[INFO] [stdout]   --> src/client/login.rs:48:25
[INFO] [stdout]    |
[INFO] [stdout] 48 |     async fn submit_sms(code: String) {
[INFO] [stdout]    |                         ^^^^ help: if this is intentional, prefix it with an underscore: `_code`
[INFO] [stdout]    |
[INFO] [stdout]    = note: `#[warn(unused_variables)]` on by default
[INFO] [stdout] 
[INFO] [stdout] 
[INFO] [stdout] warning: unused variable: `s`
[INFO] [stdout]   --> src/client/login.rs:55:39
[INFO] [stdout]    |
[INFO] [stdout] 55 |             LoginResponse::SliderNeed(s) => {
[INFO] [stdout]    |                                       ^ help: if this is intentional, prefix it with an underscore: `_s`
[INFO] [stdout] 
[INFO] [stdout] 
[INFO] [stdout] warning: unused variable: `msg`
[INFO] [stdout]   --> src/client/login.rs:69:43
[INFO] [stdout]    |
[INFO] [stdout] 69 |             LoginResponse::SMSNeed(phone, msg) => {
[INFO] [stdout]    |                                           ^^^ help: if this is intentional, prefix it with an underscore: `_msg`
[INFO] [stdout] 
[INFO] [stdout] 
[INFO] [stdout] warning: unused variable: `code`
[INFO] [stdout]  --> src/client/outcome_packet/sms_code.rs:4:51
[INFO] [stdout]   |
[INFO] [stdout] 4 |     pub(crate) async fn build_sms_code_pkt(&self, code: String) -> OutComePacket {
[INFO] [stdout]   |                                                   ^^^^ help: if this is intentional, prefix it with an underscore: `_code`
[INFO] [stdout] 
[INFO] [stdout] 
[INFO] [stdout] warning: unused variable: `seq`
[INFO] [stdout]  --> src/client/outcome_packet/sms_code.rs:5:13
[INFO] [stdout]   |
[INFO] [stdout] 5 |         let seq = self.next_seq();
[INFO] [stdout]   |             ^^^ help: if this is intentional, prefix it with an underscore: `_seq`
[INFO] [stdout] 
[INFO] [stdout] 
[INFO] [stdout] warning: variant `OtherLoginError` is never constructed
[INFO] [stdout]   --> src/client/income_packet/login_resp.rs:25:5
[INFO] [stdout]    |
[INFO] [stdout] 9  | pub enum LoginResponse {
[INFO] [stdout]    |          ------------- variant in this enum
[INFO] [stdout] ...
[INFO] [stdout] 25 |     OtherLoginError(String),
[INFO] [stdout]    |     ^^^^^^^^^^^^^^^
[INFO] [stdout]    |
[INFO] [stdout]    = note: `LoginResponse` has a derived impl for the trait `Debug`, but this is intentionally ignored during dead code analysis
[INFO] [stdout]    = note: `#[warn(dead_code)]` on by default
[INFO] [stdout] 
[INFO] [stdout] 
[INFO] [stdout] warning: associated function `submit_sms` is never used
[INFO] [stdout]   --> src/client/login.rs:48:14
[INFO] [stdout]    |
[INFO] [stdout] 48 |     async fn submit_sms(code: String) {
[INFO] [stdout]    |              ^^^^^^^^^^
[INFO] [stdout] 
[INFO] [stdout] 
[INFO] [stdout] warning: method `build_sms_code_pkt` is never used
[INFO] [stdout]  --> src/client/outcome_packet/sms_code.rs:4:25
[INFO] [stdout]   |
[INFO] [stdout] 4 |     pub(crate) async fn build_sms_code_pkt(&self, code: String) -> OutComePacket {
[INFO] [stdout]   |                         ^^^^^^^^^^^^^^^^^^
[INFO] [stdout] 
[INFO] [stdout] 
[INFO] [stdout] warning: method `build_change_sig_pkt` is never used
[INFO] [stdout]  --> src/client/outcome_packet/change_sig.rs:5:25
[INFO] [stdout]   |
[INFO] [stdout] 5 |     pub(crate) async fn build_change_sig_pkt(&self) -> super::OutComePacket {
[INFO] [stdout]   |                         ^^^^^^^^^^^^^^^^^^^^
[INFO] [stdout] 
[INFO] [stdout] 
[INFO] [stdout] warning: 9 warnings emitted
[INFO] [stdout] 
[INFO] [stdout] 
[INFO] [stderr]     Finished dev [unoptimized + debuginfo] target(s) in 43.17s
[INFO] running `Command { std: "docker" "inspect" "8082c97039496bfb4d12695144a9ceec6c31981691b746edd4f41c1f7f9c8838", kill_on_drop: false }`
[INFO] running `Command { std: "docker" "rm" "-f" "8082c97039496bfb4d12695144a9ceec6c31981691b746edd4f41c1f7f9c8838", kill_on_drop: false }`
[INFO] [stdout] 8082c97039496bfb4d12695144a9ceec6c31981691b746edd4f41c1f7f9c8838
[INFO] running `Command { std: "docker" "create" "-v" "/var/lib/crater-agent-workspace/builds/worker-4-tc1/target:/opt/rustwide/target:rw,Z" "-v" "/var/lib/crater-agent-workspace/builds/worker-4-tc1/source:/opt/rustwide/workdir:ro,Z" "-v" "/var/lib/crater-agent-workspace/cargo-home:/opt/rustwide/cargo-home:ro,Z" "-v" "/var/lib/crater-agent-workspace/rustup-home:/opt/rustwide/rustup-home:ro,Z" "-e" "SOURCE_DIR=/opt/rustwide/workdir" "-e" "CARGO_TARGET_DIR=/opt/rustwide/target" "-e" "CARGO_INCREMENTAL=0" "-e" "RUST_BACKTRACE=full" "-e" "RUSTFLAGS=--cap-lints=warn" "-e" "RUSTDOCFLAGS=--cap-lints=warn" "-e" "CARGO_HOME=/opt/rustwide/cargo-home" "-e" "RUSTUP_HOME=/opt/rustwide/rustup-home" "-w" "/opt/rustwide/workdir" "-m" "1610612736" "--user" "0:0" "--network" "none" "ghcr.io/rust-lang/crates-build-env/linux@sha256:5ff2268d62e97bff2cde7d5815dd6ed5b47097566f13b8d0ca110b04b60e07ed" "/opt/rustwide/cargo-home/bin/cargo" "+1.69.0" "test" "--frozen" "--no-run" "--message-format=json", kill_on_drop: false }`
[INFO] [stdout] c6b7e0b8b488f9ea975900add4b6dbd391be49a078bd10f273b7b33ce9cf62f6
[INFO] running `Command { std: "docker" "start" "-a" "c6b7e0b8b488f9ea975900add4b6dbd391be49a078bd10f273b7b33ce9cf62f6", kill_on_drop: false }`
[INFO] [stderr]     Blocking waiting for file lock on package cache
[INFO] [stdout] warning: unused variable: `share`
[INFO] [stdout]   --> crypto/src/ecdh.rs:64:13
[INFO] [stdout]    |
[INFO] [stdout] 64 |         let share = key.diffie_hellman(&pub_key);
[INFO] [stdout]    |             ^^^^^ help: if this is intentional, prefix it with an underscore: `_share`
[INFO] [stdout]    |
[INFO] [stdout]    = note: `#[warn(unused_variables)]` on by default
[INFO] [stdout] 
[INFO] [stdout] 
[INFO] [stdout] warning: 1 warning emitted
[INFO] [stdout] 
[INFO] [stdout] 
[INFO] [stdout] warning: unused variable: `code`
[INFO] [stdout]   --> src/client/login.rs:48:25
[INFO] [stdout]    |
[INFO] [stdout] 48 |     async fn submit_sms(code: String) {
[INFO] [stdout]    |                         ^^^^ help: if this is intentional, prefix it with an underscore: `_code`
[INFO] [stdout]    |
[INFO] [stdout]    = note: `#[warn(unused_variables)]` on by default
[INFO] [stdout] 
[INFO] [stdout] 
[INFO] [stdout] warning: unused variable: `s`
[INFO] [stdout]   --> src/client/login.rs:55:39
[INFO] [stdout]    |
[INFO] [stdout] 55 |             LoginResponse::SliderNeed(s) => {
[INFO] [stdout]    |                                       ^ help: if this is intentional, prefix it with an underscore: `_s`
[INFO] [stdout] 
[INFO] [stdout] 
[INFO] [stdout] warning: unused variable: `msg`
[INFO] [stdout]   --> src/client/login.rs:69:43
[INFO] [stdout]    |
[INFO] [stdout] 69 |             LoginResponse::SMSNeed(phone, msg) => {
[INFO] [stdout]    |                                           ^^^ help: if this is intentional, prefix it with an underscore: `_msg`
[INFO] [stdout] 
[INFO] [stdout] 
[INFO] [stdout] warning: unused variable: `code`
[INFO] [stdout]  --> src/client/outcome_packet/sms_code.rs:4:51
[INFO] [stdout]   |
[INFO] [stdout] 4 |     pub(crate) async fn build_sms_code_pkt(&self, code: String) -> OutComePacket {
[INFO] [stdout]   |                                                   ^^^^ help: if this is intentional, prefix it with an underscore: `_code`
[INFO] [stdout] 
[INFO] [stdout] 
[INFO] [stdout] warning: unused variable: `seq`
[INFO] [stdout]  --> src/client/outcome_packet/sms_code.rs:5:13
[INFO] [stdout]   |
[INFO] [stdout] 5 |         let seq = self.next_seq();
[INFO] [stdout]   |             ^^^ help: if this is intentional, prefix it with an underscore: `_seq`
[INFO] [stdout] 
[INFO] [stdout] 
[INFO] [stdout] warning: variant `OtherLoginError` is never constructed
[INFO] [stdout]   --> src/client/income_packet/login_resp.rs:25:5
[INFO] [stdout]    |
[INFO] [stdout] 9  | pub enum LoginResponse {
[INFO] [stdout]    |          ------------- variant in this enum
[INFO] [stdout] ...
[INFO] [stdout] 25 |     OtherLoginError(String),
[INFO] [stdout]    |     ^^^^^^^^^^^^^^^
[INFO] [stdout]    |
[INFO] [stdout]    = note: `LoginResponse` has a derived impl for the trait `Debug`, but this is intentionally ignored during dead code analysis
[INFO] [stdout]    = note: `#[warn(dead_code)]` on by default
[INFO] [stdout] 
[INFO] [stdout] 
[INFO] [stdout] warning: associated function `submit_sms` is never used
[INFO] [stdout]   --> src/client/login.rs:48:14
[INFO] [stdout]    |
[INFO] [stdout] 48 |     async fn submit_sms(code: String) {
[INFO] [stdout]    |              ^^^^^^^^^^
[INFO] [stdout] 
[INFO] [stdout] 
[INFO] [stdout] warning: method `build_sms_code_pkt` is never used
[INFO] [stdout]  --> src/client/outcome_packet/sms_code.rs:4:25
[INFO] [stdout]   |
[INFO] [stdout] 4 |     pub(crate) async fn build_sms_code_pkt(&self, code: String) -> OutComePacket {
[INFO] [stdout]   |                         ^^^^^^^^^^^^^^^^^^
[INFO] [stdout] 
[INFO] [stdout] 
[INFO] [stderr]    Compiling eve-core v0.1.0 (/opt/rustwide/workdir)
[INFO] [stdout] warning: method `build_change_sig_pkt` is never used
[INFO] [stdout]  --> src/client/outcome_packet/change_sig.rs:5:25
[INFO] [stdout]   |
[INFO] [stdout] 5 |     pub(crate) async fn build_change_sig_pkt(&self) -> super::OutComePacket {
[INFO] [stdout]   |                         ^^^^^^^^^^^^^^^^^^^^
[INFO] [stdout] 
[INFO] [stdout] 
[INFO] [stdout] warning: 9 warnings emitted
[INFO] [stdout] 
[INFO] [stdout] 
[INFO] [stdout] warning: unused variable: `code`
[INFO] [stdout]   --> src/client/login.rs:48:25
[INFO] [stdout]    |
[INFO] [stdout] 48 |     async fn submit_sms(code: String) {
[INFO] [stdout]    |                         ^^^^ help: if this is intentional, prefix it with an underscore: `_code`
[INFO] [stdout]    |
[INFO] [stdout]    = note: `#[warn(unused_variables)]` on by default
[INFO] [stdout] 
[INFO] [stdout] 
[INFO] [stdout] warning: unused variable: `s`
[INFO] [stdout]   --> src/client/login.rs:55:39
[INFO] [stdout]    |
[INFO] [stdout] 55 |             LoginResponse::SliderNeed(s) => {
[INFO] [stdout]    |                                       ^ help: if this is intentional, prefix it with an underscore: `_s`
[INFO] [stdout] 
[INFO] [stdout] 
[INFO] [stdout] warning: unused variable: `msg`
[INFO] [stdout]   --> src/client/login.rs:69:43
[INFO] [stdout]    |
[INFO] [stdout] 69 |             LoginResponse::SMSNeed(phone, msg) => {
[INFO] [stdout]    |                                           ^^^ help: if this is intentional, prefix it with an underscore: `_msg`
[INFO] [stdout] 
[INFO] [stdout] 
[INFO] [stdout] warning: unused variable: `code`
[INFO] [stdout]  --> src/client/outcome_packet/sms_code.rs:4:51
[INFO] [stdout]   |
[INFO] [stdout] 4 |     pub(crate) async fn build_sms_code_pkt(&self, code: String) -> OutComePacket {
[INFO] [stdout]   |                                                   ^^^^ help: if this is intentional, prefix it with an underscore: `_code`
[INFO] [stdout] 
[INFO] [stdout] 
[INFO] [stdout] warning: unused variable: `seq`
[INFO] [stdout]  --> src/client/outcome_packet/sms_code.rs:5:13
[INFO] [stdout]   |
[INFO] [stdout] 5 |         let seq = self.next_seq();
[INFO] [stdout]   |             ^^^ help: if this is intentional, prefix it with an underscore: `_seq`
[INFO] [stdout] 
[INFO] [stdout] 
[INFO] [stdout] warning: unused variable: `pkt`
[INFO] [stdout]    --> src/client/outcome_packet/login.rs:123:9
[INFO] [stdout]     |
[INFO] [stdout] 123 |     let pkt = cli.build_login_pkt().await;
[INFO] [stdout]     |         ^^^ help: if this is intentional, prefix it with an underscore: `_pkt`
[INFO] [stdout] 
[INFO] [stdout] 
[INFO] [stdout] warning: variant `OtherLoginError` is never constructed
[INFO] [stdout]   --> src/client/income_packet/login_resp.rs:25:5
[INFO] [stdout]    |
[INFO] [stdout] 9  | pub enum LoginResponse {
[INFO] [stdout]    |          ------------- variant in this enum
[INFO] [stdout] ...
[INFO] [stdout] 25 |     OtherLoginError(String),
[INFO] [stdout]    |     ^^^^^^^^^^^^^^^
[INFO] [stdout]    |
[INFO] [stdout]    = note: `LoginResponse` has a derived impl for the trait `Debug`, but this is intentionally ignored during dead code analysis
[INFO] [stdout]    = note: `#[warn(dead_code)]` on by default
[INFO] [stdout] 
[INFO] [stdout] 
[INFO] [stdout] warning: associated function `submit_sms` is never used
[INFO] [stdout]   --> src/client/login.rs:48:14
[INFO] [stdout]    |
[INFO] [stdout] 48 |     async fn submit_sms(code: String) {
[INFO] [stdout]    |              ^^^^^^^^^^
[INFO] [stdout] 
[INFO] [stdout] 
[INFO] [stdout] warning: method `build_sms_code_pkt` is never used
[INFO] [stdout]  --> src/client/outcome_packet/sms_code.rs:4:25
[INFO] [stdout]   |
[INFO] [stdout] 4 |     pub(crate) async fn build_sms_code_pkt(&self, code: String) -> OutComePacket {
[INFO] [stdout]   |                         ^^^^^^^^^^^^^^^^^^
[INFO] [stdout] 
[INFO] [stdout] 
[INFO] [stdout] warning: method `build_change_sig_pkt` is never used
[INFO] [stdout]  --> src/client/outcome_packet/change_sig.rs:5:25
[INFO] [stdout]   |
[INFO] [stdout] 5 |     pub(crate) async fn build_change_sig_pkt(&self) -> super::OutComePacket {
[INFO] [stdout]   |                         ^^^^^^^^^^^^^^^^^^^^
[INFO] [stdout] 
[INFO] [stdout] 
[INFO] [stdout] warning: 10 warnings emitted
[INFO] [stdout] 
[INFO] [stdout] 
[INFO] [stderr]     Finished test [unoptimized + debuginfo] target(s) in 5.61s
[INFO] running `Command { std: "docker" "inspect" "c6b7e0b8b488f9ea975900add4b6dbd391be49a078bd10f273b7b33ce9cf62f6", kill_on_drop: false }`
[INFO] running `Command { std: "docker" "rm" "-f" "c6b7e0b8b488f9ea975900add4b6dbd391be49a078bd10f273b7b33ce9cf62f6", kill_on_drop: false }`
[INFO] [stdout] c6b7e0b8b488f9ea975900add4b6dbd391be49a078bd10f273b7b33ce9cf62f6
[INFO] running `Command { std: "docker" "create" "-v" "/var/lib/crater-agent-workspace/builds/worker-4-tc1/target:/opt/rustwide/target:rw,Z" "-v" "/var/lib/crater-agent-workspace/builds/worker-4-tc1/source:/opt/rustwide/workdir:ro,Z" "-v" "/var/lib/crater-agent-workspace/cargo-home:/opt/rustwide/cargo-home:ro,Z" "-v" "/var/lib/crater-agent-workspace/rustup-home:/opt/rustwide/rustup-home:ro,Z" "-e" "SOURCE_DIR=/opt/rustwide/workdir" "-e" "CARGO_TARGET_DIR=/opt/rustwide/target" "-e" "CARGO_INCREMENTAL=0" "-e" "RUST_BACKTRACE=full" "-e" "RUSTFLAGS=--cap-lints=warn" "-e" "RUSTDOCFLAGS=--cap-lints=warn" "-e" "CARGO_HOME=/opt/rustwide/cargo-home" "-e" "RUSTUP_HOME=/opt/rustwide/rustup-home" "-w" "/opt/rustwide/workdir" "-m" "1610612736" "--user" "0:0" "--network" "none" "ghcr.io/rust-lang/crates-build-env/linux@sha256:5ff2268d62e97bff2cde7d5815dd6ed5b47097566f13b8d0ca110b04b60e07ed" "/opt/rustwide/cargo-home/bin/cargo" "+1.69.0" "test" "--frozen", kill_on_drop: false }`
[INFO] [stdout] 123ab794db59313d1b83725f83afb62c2e81587a1cfdceee31da61f0acb32a66
[INFO] running `Command { std: "docker" "start" "-a" "123ab794db59313d1b83725f83afb62c2e81587a1cfdceee31da61f0acb32a66", kill_on_drop: false }`
[INFO] [stderr] warning: unused variable: `share`
[INFO] [stderr]   --> crypto/src/ecdh.rs:64:13
[INFO] [stderr]    |
[INFO] [stderr] 64 |         let share = key.diffie_hellman(&pub_key);
[INFO] [stderr]    |             ^^^^^ help: if this is intentional, prefix it with an underscore: `_share`
[INFO] [stderr]    |
[INFO] [stderr]    = note: `#[warn(unused_variables)]` on by default
[INFO] [stderr] 
[INFO] [stderr] warning: `crypto` (lib) generated 1 warning (run `cargo fix --lib -p crypto` to apply 1 suggestion)
[INFO] [stderr] warning: unused variable: `code`
[INFO] [stderr]   --> src/client/login.rs:48:25
[INFO] [stderr]    |
[INFO] [stderr] 48 |     async fn submit_sms(code: String) {
[INFO] [stderr]    |                         ^^^^ help: if this is intentional, prefix it with an underscore: `_code`
[INFO] [stderr]    |
[INFO] [stderr]    = note: `#[warn(unused_variables)]` on by default
[INFO] [stderr] 
[INFO] [stderr] warning: unused variable: `s`
[INFO] [stderr]   --> src/client/login.rs:55:39
[INFO] [stderr]    |
[INFO] [stderr] 55 |             LoginResponse::SliderNeed(s) => {
[INFO] [stderr]    |                                       ^ help: if this is intentional, prefix it with an underscore: `_s`
[INFO] [stderr] 
[INFO] [stderr] warning: unused variable: `msg`
[INFO] [stderr]   --> src/client/login.rs:69:43
[INFO] [stderr]    |
[INFO] [stderr] 69 |             LoginResponse::SMSNeed(phone, msg) => {
[INFO] [stderr]    |                                           ^^^ help: if this is intentional, prefix it with an underscore: `_msg`
[INFO] [stderr] 
[INFO] [stderr] warning: unused variable: `code`
[INFO] [stderr]  --> src/client/outcome_packet/sms_code.rs:4:51
[INFO] [stderr]   |
[INFO] [stderr] 4 |     pub(crate) async fn build_sms_code_pkt(&self, code: String) -> OutComePacket {
[INFO] [stderr]   |                                                   ^^^^ help: if this is intentional, prefix it with an underscore: `_code`
[INFO] [stderr] 
[INFO] [stderr] warning: unused variable: `seq`
[INFO] [stderr]  --> src/client/outcome_packet/sms_code.rs:5:13
[INFO] [stderr]   |
[INFO] [stderr] 5 |         let seq = self.next_seq();
[INFO] [stderr]   |             ^^^ help: if this is intentional, prefix it with an underscore: `_seq`
[INFO] [stderr] 
[INFO] [stderr] warning: variant `OtherLoginError` is never constructed
[INFO] [stderr]   --> src/client/income_packet/login_resp.rs:25:5
[INFO] [stderr]    |
[INFO] [stderr] 9  | pub enum LoginResponse {
[INFO] [stderr]    |          ------------- variant in this enum
[INFO] [stderr] ...
[INFO] [stderr] 25 |     OtherLoginError(String),
[INFO] [stderr]    |     ^^^^^^^^^^^^^^^
[INFO] [stderr]    |
[INFO] [stderr]    = note: `LoginResponse` has a derived impl for the trait `Debug`, but this is intentionally ignored during dead code analysis
[INFO] [stderr]    = note: `#[warn(dead_code)]` on by default
[INFO] [stderr] 
[INFO] [stderr] warning: associated function `submit_sms` is never used
[INFO] [stderr]   --> src/client/login.rs:48:14
[INFO] [stderr]    |
[INFO] [stderr] 48 |     async fn submit_sms(code: String) {
[INFO] [stderr]    |              ^^^^^^^^^^
[INFO] [stderr] 
[INFO] [stderr] warning: method `build_sms_code_pkt` is never used
[INFO] [stderr]  --> src/client/outcome_packet/sms_code.rs:4:25
[INFO] [stderr]   |
[INFO] [stderr] 4 |     pub(crate) async fn build_sms_code_pkt(&self, code: String) -> OutComePacket {
[INFO] [stderr]   |                         ^^^^^^^^^^^^^^^^^^
[INFO] [stderr] 
[INFO] [stderr] warning: method `build_change_sig_pkt` is never used
[INFO] [stderr]  --> src/client/outcome_packet/change_sig.rs:5:25
[INFO] [stderr]   |
[INFO] [stderr] 5 |     pub(crate) async fn build_change_sig_pkt(&self) -> super::OutComePacket {
[INFO] [stderr]   |                         ^^^^^^^^^^^^^^^^^^^^
[INFO] [stderr] 
[INFO] [stderr] warning: unused variable: `pkt`
[INFO] [stderr]    --> src/client/outcome_packet/login.rs:123:9
[INFO] [stderr]     |
[INFO] [stderr] 123 |     let pkt = cli.build_login_pkt().await;
[INFO] [stderr]     |         ^^^ help: if this is intentional, prefix it with an underscore: `_pkt`
[INFO] [stderr] 
[INFO] [stderr] warning: `eve-core` (lib) generated 9 warnings (run `cargo fix --lib -p eve-core` to apply 5 suggestions)
[INFO] [stderr] warning: `eve-core` (lib test) generated 10 warnings (9 duplicates) (run `cargo fix --lib -p eve-core --tests` to apply 1 suggestion)
[INFO] [stderr]     Finished test [unoptimized + debuginfo] target(s) in 0.16s
[INFO] [stderr]      Running unittests src/lib.rs (/opt/rustwide/target/debug/deps/eve_core-e5b59d1e259cacd7)
[INFO] [stdout] 
[INFO] [stdout] running 6 tests
[INFO] [stdout] test client::device::device_info::gen_uuid_test ... ok
[INFO] [stdout] test client::device::gen_rand_number_test ... ok
[INFO] [stdout] test client::outcome_packet::login::just_teso ... ok
[INFO] [stdout] test client::device::gen_rand_string_test ... ok
[INFO] [stdout] test jce::test::sso_address_resp_decode ... ok
[INFO] [stdout] test client::outcome_packet::login::test ... FAILED
[INFO] [stdout] 
[INFO] [stdout] failures:
[INFO] [stdout] 
[INFO] [stdout] ---- client::outcome_packet::login::test stdout ----
[INFO] [stdout] thread 'client::outcome_packet::login::test' panicked at 'called `Result::unwrap()` on an `Err` value: Os { code: 30, kind: ReadOnlyFilesystem, message: "Read-only file system" }', src/config/mod.rs:39:43
[INFO] [stdout] stack backtrace:
[INFO] [stdout]    0:     0x5571f09d942a - std::backtrace_rs::backtrace::libunwind::trace::ha9053a9a07ca49cb
[INFO] [stdout]                                at /rustc/84c898d65adf2f39a5a98507f1fe0ce10a2b8dbc/library/std/src/../../backtrace/src/backtrace/libunwind.rs:93:5
[INFO] [stdout]    1:     0x5571f09d942a - std::backtrace_rs::backtrace::trace_unsynchronized::h9c2852a457ad564e
[INFO] [stdout]                                at /rustc/84c898d65adf2f39a5a98507f1fe0ce10a2b8dbc/library/std/src/../../backtrace/src/backtrace/mod.rs:66:5
[INFO] [stdout]    2:     0x5571f09d942a - std::sys_common::backtrace::_print_fmt::h457936fbfaa0070f
[INFO] [stdout]                                at /rustc/84c898d65adf2f39a5a98507f1fe0ce10a2b8dbc/library/std/src/sys_common/backtrace.rs:65:5
[INFO] [stdout]    3:     0x5571f09d942a - <std::sys_common::backtrace::_print::DisplayBacktrace as core::fmt::Display>::fmt::h5779d7bf7f70cb0c
[INFO] [stdout]                                at /rustc/84c898d65adf2f39a5a98507f1fe0ce10a2b8dbc/library/std/src/sys_common/backtrace.rs:44:22
[INFO] [stdout]    4:     0x5571f0a00bae - core::fmt::write::h5a4baaff1bcd3eb5
[INFO] [stdout]                                at /rustc/84c898d65adf2f39a5a98507f1fe0ce10a2b8dbc/library/core/src/fmt/mod.rs:1232:17
[INFO] [stdout]    5:     0x5571f09d5e15 - std::io::Write::write_fmt::h478f79c628ef31d1
[INFO] [stdout]                                at /rustc/84c898d65adf2f39a5a98507f1fe0ce10a2b8dbc/library/std/src/io/mod.rs:1684:15
[INFO] [stdout]    6:     0x5571f09d91f5 - std::sys_common::backtrace::_print::h5fcdc36060f177e8
[INFO] [stdout]                                at /rustc/84c898d65adf2f39a5a98507f1fe0ce10a2b8dbc/library/std/src/sys_common/backtrace.rs:47:5
[INFO] [stdout]    7:     0x5571f09d91f5 - std::sys_common::backtrace::print::h54ca9458b876c8bf
[INFO] [stdout]                                at /rustc/84c898d65adf2f39a5a98507f1fe0ce10a2b8dbc/library/std/src/sys_common/backtrace.rs:34:9
[INFO] [stdout]    8:     0x5571f09dafbf - std::panicking::default_hook::{{closure}}::hbe471161c7664ed6
[INFO] [stdout]                                at /rustc/84c898d65adf2f39a5a98507f1fe0ce10a2b8dbc/library/std/src/panicking.rs:271:22
[INFO] [stdout]    9:     0x5571f09dac7f - std::panicking::default_hook::ha3500da57aa4ac4f
[INFO] [stdout]                                at /rustc/84c898d65adf2f39a5a98507f1fe0ce10a2b8dbc/library/std/src/panicking.rs:287:9
[INFO] [stdout]   10:     0x5571f04ff237 - <alloc::boxed::Box<F,A> as core::ops::function::Fn<Args>>::call::hdf1b89dd137ece34
[INFO] [stdout]                                at /rustc/84c898d65adf2f39a5a98507f1fe0ce10a2b8dbc/library/alloc/src/boxed.rs:2001:9
[INFO] [stdout]   11:     0x5571f04ff237 - test::test_main::{{closure}}::h9081a79f20e75698
[INFO] [stdout]                                at /rustc/84c898d65adf2f39a5a98507f1fe0ce10a2b8dbc/library/test/src/lib.rs:135:21
[INFO] [stdout]   12:     0x5571f09db6ed - <alloc::boxed::Box<F,A> as core::ops::function::Fn<Args>>::call::h6507bddc3eebb4a5
[INFO] [stdout]                                at /rustc/84c898d65adf2f39a5a98507f1fe0ce10a2b8dbc/library/alloc/src/boxed.rs:2001:9
[INFO] [stdout]   13:     0x5571f09db6ed - std::panicking::rust_panic_with_hook::h50c09d000dc561d2
[INFO] [stdout]                                at /rustc/84c898d65adf2f39a5a98507f1fe0ce10a2b8dbc/library/std/src/panicking.rs:696:13
[INFO] [stdout]   14:     0x5571f09db469 - std::panicking::begin_panic_handler::{{closure}}::h9e2b2176e00e0d9c
[INFO] [stdout]                                at /rustc/84c898d65adf2f39a5a98507f1fe0ce10a2b8dbc/library/std/src/panicking.rs:583:13
[INFO] [stdout]   15:     0x5571f09d9896 - std::sys_common::backtrace::__rust_end_short_backtrace::h5739b8e512c09d02
[INFO] [stdout]                                at /rustc/84c898d65adf2f39a5a98507f1fe0ce10a2b8dbc/library/std/src/sys_common/backtrace.rs:150:18
[INFO] [stdout]   16:     0x5571f09db172 - rust_begin_unwind
[INFO] [stdout]                                at /rustc/84c898d65adf2f39a5a98507f1fe0ce10a2b8dbc/library/std/src/panicking.rs:579:5
[INFO] [stdout]   17:     0x5571f03fb4b3 - core::panicking::panic_fmt::hf33a1475b4dc5c3e
[INFO] [stdout]                                at /rustc/84c898d65adf2f39a5a98507f1fe0ce10a2b8dbc/library/core/src/panicking.rs:64:14
[INFO] [stdout]   18:     0x5571f03fb963 - core::result::unwrap_failed::hdff5465d74574b44
[INFO] [stdout]                                at /rustc/84c898d65adf2f39a5a98507f1fe0ce10a2b8dbc/library/core/src/result.rs:1750:5
[INFO] [stdout]   19:     0x5571f065020d - core::result::Result<T,E>::unwrap::hc55cc737e31f85ff
[INFO] [stdout]                                at /rustc/84c898d65adf2f39a5a98507f1fe0ce10a2b8dbc/library/core/src/result.rs:1090:23
[INFO] [stdout]   20:     0x5571f041cb2b - eve_core::config::Config::load_or_new::h8c0d6d89dcd16a45
[INFO] [stdout]                                at /opt/rustwide/workdir/src/config/mod.rs:39:13
[INFO] [stdout]   21:     0x5571f042e303 - eve_core::client::outcome_packet::login::test::{{closure}}::h899c5b026a63e2e9
[INFO] [stdout]                                at /opt/rustwide/workdir/src/client/outcome_packet/login.rs:114:18
[INFO] [stdout]   22:     0x5571f0476b3b - <core::pin::Pin<P> as core::future::future::Future>::poll::h503000e2e5c1942b
[INFO] [stdout]                                at /rustc/84c898d65adf2f39a5a98507f1fe0ce10a2b8dbc/library/core/src/future/future.rs:125:9
[INFO] [stdout]   23:     0x5571f0426894 - tokio::runtime::basic_scheduler::Inner<P>::block_on::{{closure}}::{{closure}}::h3d44eeaf66c935e9
[INFO] [stdout]                                at /opt/rustwide/cargo-home/registry/src/github.com-1ecc6299db9ec823/tokio-1.12.0/src/runtime/basic_scheduler.rs:230:62
[INFO] [stdout]   24:     0x5571f0442dc0 - tokio::coop::with_budget::{{closure}}::h0dc0a2635804a987
[INFO] [stdout]                                at /opt/rustwide/cargo-home/registry/src/github.com-1ecc6299db9ec823/tokio-1.12.0/src/coop.rs:106:9
[INFO] [stdout]   25:     0x5571f048ee84 - std::thread::local::LocalKey<T>::try_with::h8b8f5df122ce629a
[INFO] [stdout]                                at /rustc/84c898d65adf2f39a5a98507f1fe0ce10a2b8dbc/library/std/src/thread/local.rs:446:16
[INFO] [stdout]   26:     0x5571f048ebda - std::thread::local::LocalKey<T>::with::hd0b54e182fe32893
[INFO] [stdout]                                at /rustc/84c898d65adf2f39a5a98507f1fe0ce10a2b8dbc/library/std/src/thread/local.rs:422:9
[INFO] [stdout]   27:     0x5571f042602b - tokio::coop::with_budget::h7a6c7b2d1e9f8aab
[INFO] [stdout]                                at /opt/rustwide/cargo-home/registry/src/github.com-1ecc6299db9ec823/tokio-1.12.0/src/coop.rs:99:5
[INFO] [stdout]   28:     0x5571f042602b - tokio::coop::budget::h65b2403f3280301d
[INFO] [stdout]                                at /opt/rustwide/cargo-home/registry/src/github.com-1ecc6299db9ec823/tokio-1.12.0/src/coop.rs:76:5
[INFO] [stdout]   29:     0x5571f042602b - tokio::runtime::basic_scheduler::Inner<P>::block_on::{{closure}}::h2df5071e2f6496c2
[INFO] [stdout]                                at /opt/rustwide/cargo-home/registry/src/github.com-1ecc6299db9ec823/tokio-1.12.0/src/runtime/basic_scheduler.rs:230:39
[INFO] [stdout]   30:     0x5571f04273d1 - tokio::runtime::basic_scheduler::enter::{{closure}}::h9fdd8874147bd08b
[INFO] [stdout]                                at /opt/rustwide/cargo-home/registry/src/github.com-1ecc6299db9ec823/tokio-1.12.0/src/runtime/basic_scheduler.rs:339:29
[INFO] [stdout]   31:     0x5571f0417f57 - tokio::macros::scoped_tls::ScopedKey<T>::set::hada05def63d11cf0
[INFO] [stdout]                                at /opt/rustwide/cargo-home/registry/src/github.com-1ecc6299db9ec823/tokio-1.12.0/src/macros/scoped_tls.rs:61:9
[INFO] [stdout]   32:     0x5571f042734d - tokio::runtime::basic_scheduler::enter::hb723fa3a76479a92
[INFO] [stdout]                                at /opt/rustwide/cargo-home/registry/src/github.com-1ecc6299db9ec823/tokio-1.12.0/src/runtime/basic_scheduler.rs:339:5
[INFO] [stdout]   33:     0x5571f0425c9b - tokio::runtime::basic_scheduler::Inner<P>::block_on::h603189a2f4996f87
[INFO] [stdout]                                at /opt/rustwide/cargo-home/registry/src/github.com-1ecc6299db9ec823/tokio-1.12.0/src/runtime/basic_scheduler.rs:218:9
[INFO] [stdout]   34:     0x5571f04269c2 - tokio::runtime::basic_scheduler::InnerGuard<P>::block_on::h58d626932ad00233
[INFO] [stdout]                                at /opt/rustwide/cargo-home/registry/src/github.com-1ecc6299db9ec823/tokio-1.12.0/src/runtime/basic_scheduler.rs:489:9
[INFO] [stdout]   35:     0x5571f0426cc9 - tokio::runtime::basic_scheduler::BasicScheduler<P>::block_on::h4b26f7b13eee69a8
[INFO] [stdout]                                at /opt/rustwide/cargo-home/registry/src/github.com-1ecc6299db9ec823/tokio-1.12.0/src/runtime/basic_scheduler.rs:178:24
[INFO] [stdout]   36:     0x5571f0433a3c - tokio::runtime::Runtime::block_on::ha63c4c33f37e8a81
[INFO] [stdout]                                at /opt/rustwide/cargo-home/registry/src/github.com-1ecc6299db9ec823/tokio-1.12.0/src/runtime/mod.rs:461:46
[INFO] [stdout]   37:     0x5571f042e254 - eve_core::client::outcome_packet::login::test::ha86bbed8f8f20368
[INFO] [stdout]                                at /opt/rustwide/workdir/src/client/outcome_packet/login.rs:123:5
[INFO] [stdout]   38:     0x5571f042e137 - eve_core::client::outcome_packet::login::test::{{closure}}::h33a1671d4876e99d
[INFO] [stdout]                                at /opt/rustwide/workdir/src/client/outcome_packet/login.rs:112:17
[INFO] [stdout]   39:     0x5571f04556f5 - core::ops::function::FnOnce::call_once::h592f46d0b229a203
[INFO] [stdout]                                at /rustc/84c898d65adf2f39a5a98507f1fe0ce10a2b8dbc/library/core/src/ops/function.rs:250:5
[INFO] [stdout]   40:     0x5571f050461f - core::ops::function::FnOnce::call_once::h7d969581be7d0075
[INFO] [stdout]                                at /rustc/84c898d65adf2f39a5a98507f1fe0ce10a2b8dbc/library/core/src/ops/function.rs:250:5
[INFO] [stdout]   41:     0x5571f050461f - test::__rust_begin_short_backtrace::hca25a52684e56655
[INFO] [stdout]                                at /rustc/84c898d65adf2f39a5a98507f1fe0ce10a2b8dbc/library/test/src/lib.rs:656:18
[INFO] [stdout]   42:     0x5571f04d5c3c - test::run_test::{{closure}}::ha8ac744c4af1a4bb
[INFO] [stdout]                                at /rustc/84c898d65adf2f39a5a98507f1fe0ce10a2b8dbc/library/test/src/lib.rs:647:30
[INFO] [stdout]   43:     0x5571f04d5c3c - core::ops::function::FnOnce::call_once{{vtable.shim}}::h7b411a9ed45bdecf
[INFO] [stdout]                                at /rustc/84c898d65adf2f39a5a98507f1fe0ce10a2b8dbc/library/core/src/ops/function.rs:250:5
[INFO] [stdout]   44:     0x5571f05035e6 - <alloc::boxed::Box<F,A> as core::ops::function::FnOnce<Args>>::call_once::hd05328869a8ed200
[INFO] [stdout]                                at /rustc/84c898d65adf2f39a5a98507f1fe0ce10a2b8dbc/library/alloc/src/boxed.rs:1987:9
[INFO] [stdout]   45:     0x5571f05035e6 - <core::panic::unwind_safe::AssertUnwindSafe<F> as core::ops::function::FnOnce<()>>::call_once::h0c601ce20bd5b2be
[INFO] [stdout]                                at /rustc/84c898d65adf2f39a5a98507f1fe0ce10a2b8dbc/library/core/src/panic/unwind_safe.rs:271:9
[INFO] [stdout]   46:     0x5571f05035e6 - std::panicking::try::do_call::ha4be5c164fe30854
[INFO] [stdout]                                at /rustc/84c898d65adf2f39a5a98507f1fe0ce10a2b8dbc/library/std/src/panicking.rs:487:40
[INFO] [stdout]   47:     0x5571f05035e6 - std::panicking::try::h604546f3609af05f
[INFO] [stdout]                                at /rustc/84c898d65adf2f39a5a98507f1fe0ce10a2b8dbc/library/std/src/panicking.rs:451:19
[INFO] [stdout]   48:     0x5571f05035e6 - std::panic::catch_unwind::h5bfa8afe44c9c2f9
[INFO] [stdout]                                at /rustc/84c898d65adf2f39a5a98507f1fe0ce10a2b8dbc/library/std/src/panic.rs:140:14
[INFO] [stdout]   49:     0x5571f05035e6 - test::run_test_in_process::hd50dee55dd63e6aa
[INFO] [stdout]                                at /rustc/84c898d65adf2f39a5a98507f1fe0ce10a2b8dbc/library/test/src/lib.rs:679:27
[INFO] [stdout]   50:     0x5571f05035e6 - test::run_test::run_test_inner::{{closure}}::h4aa0f433aa85cea8
[INFO] [stdout]                                at /rustc/84c898d65adf2f39a5a98507f1fe0ce10a2b8dbc/library/test/src/lib.rs:573:39
[INFO] [stdout]   51:     0x5571f04d02b1 - test::run_test::run_test_inner::{{closure}}::had56431adf24b4d6
[INFO] [stdout]                                at /rustc/84c898d65adf2f39a5a98507f1fe0ce10a2b8dbc/library/test/src/lib.rs:600:37
[INFO] [stdout]   52:     0x5571f04d02b1 - std::sys_common::backtrace::__rust_begin_short_backtrace::ha8d9890e0c73bf13
[INFO] [stdout]                                at /rustc/84c898d65adf2f39a5a98507f1fe0ce10a2b8dbc/library/std/src/sys_common/backtrace.rs:134:18
[INFO] [stdout]   53:     0x5571f04d5ccb - std::thread::Builder::spawn_unchecked_::{{closure}}::{{closure}}::h251832bcb4a95327
[INFO] [stdout]                                at /rustc/84c898d65adf2f39a5a98507f1fe0ce10a2b8dbc/library/std/src/thread/mod.rs:560:17
[INFO] [stdout]   54:     0x5571f04d5ccb - <core::panic::unwind_safe::AssertUnwindSafe<F> as core::ops::function::FnOnce<()>>::call_once::h8fdff598fa414831
[INFO] [stdout]                                at /rustc/84c898d65adf2f39a5a98507f1fe0ce10a2b8dbc/library/core/src/panic/unwind_safe.rs:271:9
[INFO] [stdout]   55:     0x5571f04d5ccb - std::panicking::try::do_call::h455dd2f7764a950f
[INFO] [stdout]                                at /rustc/84c898d65adf2f39a5a98507f1fe0ce10a2b8dbc/library/std/src/panicking.rs:487:40
[INFO] [stdout]   56:     0x5571f04d5ccb - std::panicking::try::had6f23b7b73ae72a
[INFO] [stdout]                                at /rustc/84c898d65adf2f39a5a98507f1fe0ce10a2b8dbc/library/std/src/panicking.rs:451:19
[INFO] [stdout]   57:     0x5571f04d5ccb - std::panic::catch_unwind::ha6a5ca3915b4dad0
[INFO] [stdout]                                at /rustc/84c898d65adf2f39a5a98507f1fe0ce10a2b8dbc/library/std/src/panic.rs:140:14
[INFO] [stdout]   58:     0x5571f04d5ccb - std::thread::Builder::spawn_unchecked_::{{closure}}::h883b72ef75da6231
[INFO] [stdout]                                at /rustc/84c898d65adf2f39a5a98507f1fe0ce10a2b8dbc/library/std/src/thread/mod.rs:559:30
[INFO] [stdout]   59:     0x5571f04d5ccb - core::ops::function::FnOnce::call_once{{vtable.shim}}::hb7dff73dc8bd2ccb
[INFO] [stdout]                                at /rustc/84c898d65adf2f39a5a98507f1fe0ce10a2b8dbc/library/core/src/ops/function.rs:250:5
[INFO] [stdout]   60:     0x5571f09dfc73 - <alloc::boxed::Box<F,A> as core::ops::function::FnOnce<Args>>::call_once::h39990b24eedef2ab
[INFO] [stdout]                                at /rustc/84c898d65adf2f39a5a98507f1fe0ce10a2b8dbc/library/alloc/src/boxed.rs:1987:9
[INFO] [stdout]   61:     0x5571f09dfc73 - <alloc::boxed::Box<F,A> as core::ops::function::FnOnce<Args>>::call_once::h01a027258444143b
[INFO] [stdout]                                at /rustc/84c898d65adf2f39a5a98507f1fe0ce10a2b8dbc/library/alloc/src/boxed.rs:1987:9
[INFO] [stdout]   62:     0x5571f09dfc73 - std::sys::unix::thread::Thread::new::thread_start::ha4f1cdd9c25884ba
[INFO] [stdout]                                at /rustc/84c898d65adf2f39a5a98507f1fe0ce10a2b8dbc/library/std/src/sys/unix/thread.rs:108:17
[INFO] [stdout]   63:     0x7fb126a52b43 - <unknown>
[INFO] [stdout]   64:     0x7fb126ae3bb4 - __clone
[INFO] [stdout]   65:                0x0 - <unknown>
[INFO] [stdout] 
[INFO] [stdout] 
[INFO] [stdout] failures:
[INFO] [stdout]     client::outcome_packet::login::test
[INFO] [stdout] 
[INFO] [stdout] test result: FAILED. 5 passed; 1 failed; 0 ignored; 0 measured; 0 filtered out; finished in 0.06s
[INFO] [stdout] 
[INFO] [stderr] error: test failed, to rerun pass `--lib`
[INFO] running `Command { std: "docker" "inspect" "123ab794db59313d1b83725f83afb62c2e81587a1cfdceee31da61f0acb32a66", kill_on_drop: false }`
[INFO] running `Command { std: "docker" "rm" "-f" "123ab794db59313d1b83725f83afb62c2e81587a1cfdceee31da61f0acb32a66", kill_on_drop: false }`
[INFO] [stdout] 123ab794db59313d1b83725f83afb62c2e81587a1cfdceee31da61f0acb32a66
