[INFO] cloning repository https://github.com/WowLabz/authentication_service
[INFO] running `Command { std: "git" "-c" "credential.helper=" "-c" "credential.helper=/workspace/cargo-home/bin/git-credential-null" "clone" "--bare" "https://github.com/WowLabz/authentication_service" "/workspace/cache/git-repos/https%3A%2F%2Fgithub.com%2FWowLabz%2Fauthentication_service", kill_on_drop: false }`
[INFO] [stderr] Cloning into bare repository '/workspace/cache/git-repos/https%3A%2F%2Fgithub.com%2FWowLabz%2Fauthentication_service'...
[INFO] running `Command { std: "git" "rev-parse" "HEAD", kill_on_drop: false }`
[INFO] [stdout] d32fada22c15fd926359c19e420021791de3cf9f
[INFO] testing WowLabz/authentication_service against 1.69.0 for beta-1.70-1
[INFO] running `Command { std: "git" "clone" "/workspace/cache/git-repos/https%3A%2F%2Fgithub.com%2FWowLabz%2Fauthentication_service" "/workspace/builds/worker-5-tc1/source", kill_on_drop: false }`
[INFO] [stderr] Cloning into '/workspace/builds/worker-5-tc1/source'...
[INFO] [stderr] done.
[INFO] validating manifest of git repo https://github.com/WowLabz/authentication_service on toolchain 1.69.0
[INFO] running `Command { std: CARGO_HOME="/workspace/cargo-home" RUSTUP_HOME="/workspace/rustup-home" "/workspace/cargo-home/bin/cargo" "+1.69.0" "metadata" "--manifest-path" "Cargo.toml" "--no-deps", kill_on_drop: false }`
[INFO] started tweaking git repo https://github.com/WowLabz/authentication_service
[INFO] finished tweaking git repo https://github.com/WowLabz/authentication_service
[INFO] tweaked toml for git repo https://github.com/WowLabz/authentication_service written to /workspace/builds/worker-5-tc1/source/Cargo.toml
[INFO] crate git repo https://github.com/WowLabz/authentication_service already has a lockfile, it will not be regenerated
[INFO] running `Command { std: CARGO_HOME="/workspace/cargo-home" RUSTUP_HOME="/workspace/rustup-home" "/workspace/cargo-home/bin/cargo" "+1.69.0" "fetch" "--manifest-path" "Cargo.toml", kill_on_drop: false }`
[INFO] [stderr]  Downloading crates ...
[INFO] [stderr]   Downloaded if_chain v1.0.1
[INFO] [stderr]   Downloaded serde_with v1.9.4
[INFO] [stderr]   Downloaded color-backtrace v0.4.2
[INFO] [stderr]   Downloaded loom v0.5.1
[INFO] [stderr]   Downloaded validator_derive v0.10.1
[INFO] [stderr]   Downloaded validator v0.10.1
[INFO] [stderr]   Downloaded blake3 v1.0.0
[INFO] [stderr]   Downloaded multer v2.0.1
[INFO] [stderr]   Downloaded mongodb v1.2.2
[INFO] [stderr]   Downloaded color-eyre v0.3.4
[INFO] [stderr]   Downloaded eyre v0.4.3
[INFO] [stderr]   Downloaded rocket-multipart-form-data v0.10.0
[INFO] [stderr]   Downloaded rocket-download-response v0.5.0
[INFO] [stderr]   Downloaded url-escape v0.1.0
[INFO] running `Command { std: "docker" "create" "-v" "/var/lib/crater-agent-workspace/builds/worker-5-tc1/target:/opt/rustwide/target:rw,Z" "-v" "/var/lib/crater-agent-workspace/builds/worker-5-tc1/source:/opt/rustwide/workdir:ro,Z" "-v" "/var/lib/crater-agent-workspace/cargo-home:/opt/rustwide/cargo-home:ro,Z" "-v" "/var/lib/crater-agent-workspace/rustup-home:/opt/rustwide/rustup-home:ro,Z" "-e" "SOURCE_DIR=/opt/rustwide/workdir" "-e" "CARGO_TARGET_DIR=/opt/rustwide/target" "-e" "CARGO_HOME=/opt/rustwide/cargo-home" "-e" "RUSTUP_HOME=/opt/rustwide/rustup-home" "-w" "/opt/rustwide/workdir" "-m" "1610612736" "--user" "0:0" "--network" "none" "ghcr.io/rust-lang/crates-build-env/linux@sha256:5ff2268d62e97bff2cde7d5815dd6ed5b47097566f13b8d0ca110b04b60e07ed" "/opt/rustwide/cargo-home/bin/cargo" "+1.69.0" "metadata" "--no-deps" "--format-version=1", kill_on_drop: false }`
[INFO] [stdout] 1059a73686e0f1499fc3a51ee2eb33ef718cb98c54ed26e91fa449b210a0440e
[INFO] running `Command { std: "docker" "start" "-a" "1059a73686e0f1499fc3a51ee2eb33ef718cb98c54ed26e91fa449b210a0440e", kill_on_drop: false }`
[INFO] running `Command { std: "docker" "inspect" "1059a73686e0f1499fc3a51ee2eb33ef718cb98c54ed26e91fa449b210a0440e", kill_on_drop: false }`
[INFO] running `Command { std: "docker" "rm" "-f" "1059a73686e0f1499fc3a51ee2eb33ef718cb98c54ed26e91fa449b210a0440e", kill_on_drop: false }`
[INFO] [stdout] 1059a73686e0f1499fc3a51ee2eb33ef718cb98c54ed26e91fa449b210a0440e
[INFO] running `Command { std: "docker" "create" "-v" "/var/lib/crater-agent-workspace/builds/worker-5-tc1/target:/opt/rustwide/target:rw,Z" "-v" "/var/lib/crater-agent-workspace/builds/worker-5-tc1/source:/opt/rustwide/workdir:ro,Z" "-v" "/var/lib/crater-agent-workspace/cargo-home:/opt/rustwide/cargo-home:ro,Z" "-v" "/var/lib/crater-agent-workspace/rustup-home:/opt/rustwide/rustup-home:ro,Z" "-e" "SOURCE_DIR=/opt/rustwide/workdir" "-e" "CARGO_TARGET_DIR=/opt/rustwide/target" "-e" "CARGO_INCREMENTAL=0" "-e" "RUST_BACKTRACE=full" "-e" "RUSTFLAGS=--cap-lints=warn" "-e" "RUSTDOCFLAGS=--cap-lints=warn" "-e" "CARGO_HOME=/opt/rustwide/cargo-home" "-e" "RUSTUP_HOME=/opt/rustwide/rustup-home" "-w" "/opt/rustwide/workdir" "-m" "1610612736" "--user" "0:0" "--network" "none" "ghcr.io/rust-lang/crates-build-env/linux@sha256:5ff2268d62e97bff2cde7d5815dd6ed5b47097566f13b8d0ca110b04b60e07ed" "/opt/rustwide/cargo-home/bin/cargo" "+1.69.0" "build" "--frozen" "--message-format=json", kill_on_drop: false }`
[INFO] [stdout] 93b6f4309626528499eaf7a0ae266fd3ecc77a1c082543ce7539f82deabaabbc
[INFO] running `Command { std: "docker" "start" "-a" "93b6f4309626528499eaf7a0ae266fd3ecc77a1c082543ce7539f82deabaabbc", kill_on_drop: false }`
[INFO] [stderr]     Blocking waiting for file lock on package cache
[INFO] [stderr]    Compiling proc-macro2 v1.0.28
[INFO] [stderr]    Compiling unicode-xid v0.2.2
[INFO] [stderr]    Compiling version_check v0.9.3
[INFO] [stderr]    Compiling syn v1.0.74
[INFO] [stderr]    Compiling libc v0.2.99
[INFO] [stderr]    Compiling autocfg v1.0.1
[INFO] [stderr]    Compiling cfg-if v1.0.0
[INFO] [stderr]    Compiling memchr v2.4.0
[INFO] [stderr]    Compiling typenum v1.13.0
[INFO] [stderr]    Compiling log v0.4.14
[INFO] [stderr]    Compiling once_cell v1.8.0
[INFO] [stderr]    Compiling pin-project-lite v0.2.7
[INFO] [stderr]    Compiling serde_derive v1.0.127
[INFO] [stderr]    Compiling lazy_static v1.4.0
[INFO] [stderr]    Compiling serde v1.0.127
[INFO] [stderr]    Compiling futures-core v0.3.16
[INFO] [stderr]    Compiling cc v1.0.69
[INFO] [stderr]    Compiling proc-macro-hack v0.5.19
[INFO] [stderr]    Compiling slab v0.4.4
[INFO] [stderr]    Compiling futures-io v0.3.16
[INFO] [stderr]    Compiling fnv v1.0.7
[INFO] [stderr]    Compiling itoa v0.4.7
[INFO] [stderr]    Compiling hashbrown v0.11.2
[INFO] [stderr]    Compiling futures-task v0.3.16
[INFO] [stderr]    Compiling proc-macro-nested v0.1.7
[INFO] [stderr]    Compiling indexmap v1.7.0
[INFO] [stderr]    Compiling num-traits v0.2.14
[INFO] [stderr]    Compiling num-integer v0.1.44
[INFO] [stderr]    Compiling futures-macro v0.3.16
[INFO] [stderr]    Compiling futures-channel v0.3.16
[INFO] [stderr]    Compiling futures-sink v0.3.16
[INFO] [stderr]    Compiling value-bag v1.0.0-alpha.7
[INFO] [stderr]    Compiling generic-array v0.14.4
[INFO] [stderr]    Compiling futures-util v0.3.16
[INFO] [stderr]    Compiling tracing-core v0.1.18
[INFO] [stderr]    Compiling pin-utils v0.1.0
[INFO] [stderr]    Compiling untrusted v0.7.1
[INFO] [stderr]    Compiling ryu v1.0.5
[INFO] [stderr]    Compiling ppv-lite86 v0.2.10
[INFO] [stderr]    Compiling spin v0.5.2
[INFO] [stderr]    Compiling quote v1.0.9
[INFO] [stderr]    Compiling num_cpus v1.13.0
[INFO] [stderr]    Compiling percent-encoding v2.1.0
[INFO] [stderr]    Compiling serde_json v1.0.66
[INFO] [stderr]    Compiling yansi v0.5.0
[INFO] [stderr]    Compiling futures v0.1.31
[INFO] [stderr]    Compiling bytes v1.0.1
[INFO] [stderr]    Compiling smallvec v1.6.1
[INFO] [stderr]    Compiling getrandom v0.2.3
[INFO] [stderr]    Compiling ring v0.16.20
[INFO] [stderr]    Compiling proc-macro2-diagnostics v0.9.1
[INFO] [stderr]    Compiling tokio v1.12.0
[INFO] [stderr]    Compiling subtle v2.4.1
[INFO] [stderr]    Compiling base64 v0.13.0
[INFO] [stderr]    Compiling signal-hook-registry v1.4.0
[INFO] [stderr]    Compiling opaque-debug v0.3.0
[INFO] [stderr]    Compiling standback v0.2.17
[INFO] [stderr]    Compiling regex-syntax v0.6.25
[INFO] [stderr]    Compiling socket2 v0.4.1
[INFO] [stderr]    Compiling getrandom v0.1.16
[INFO] [stderr]    Compiling tinyvec_macros v0.1.0
[INFO] [stderr]    Compiling http v0.2.4
[INFO] [stderr]    Compiling rand_core v0.6.3
[INFO] [stderr]    Compiling tinyvec v1.3.1
[INFO] [stderr]    Compiling cipher v0.2.5
[INFO] [stderr]    Compiling digest v0.9.0
[INFO] [stderr]    Compiling universal-hash v0.4.1
[INFO] [stderr]    Compiling generic-array v0.12.4
[INFO] [stderr]    Compiling time v0.1.44
[INFO] [stderr]    Compiling aho-corasick v0.7.18
[INFO] [stderr]    Compiling const_fn v0.4.8
[INFO] [stderr]    Compiling httparse v1.4.1
[INFO] [stderr]    Compiling cpuid-bool v0.2.0
[INFO] [stderr]    Compiling polyval v0.4.5
[INFO] [stderr]    Compiling aes-soft v0.6.4
[INFO] [stderr]    Compiling rand_chacha v0.3.1
[INFO] [stderr]    Compiling crypto-mac v0.10.1
[INFO] [stderr]    Compiling uncased v0.9.6
[INFO] [stderr]    Compiling time v0.2.27
[INFO] [stderr]    Compiling miniz_oxide v0.4.4
[INFO] [stderr]    Compiling unicode-bidi v0.3.6
[INFO] [stderr]    Compiling async-trait v0.1.51
[INFO] [stderr]    Compiling matches v0.1.9
[INFO] [stderr]    Compiling cache-padded v1.1.1
[INFO] [stderr]    Compiling bitflags v1.3.1
[INFO] [stderr]    Compiling concurrent-queue v1.2.2
[INFO] [stderr]    Compiling rand v0.8.4
[INFO] [stderr]    Compiling aes v0.6.0
[INFO] [stderr]    Compiling unicode-normalization v0.1.19
[INFO] [stderr]    Compiling rand_core v0.5.1
[INFO] [stderr]    Compiling ghash v0.3.1
[INFO] [stderr]    Compiling hmac v0.10.1
[INFO] [stderr]    Compiling ctr v0.6.0
[INFO] [stderr]    Compiling aead v0.3.2
[INFO] [stderr]    Compiling block-buffer v0.9.0
[INFO] [stderr]    Compiling backtrace v0.3.61
[INFO] [stderr]    Compiling cookie v0.15.1
[INFO] [stderr]    Compiling instant v0.1.10
[INFO] [stderr]    Compiling rustversion v1.0.5
[INFO] [stderr]    Compiling parking v2.0.0
[INFO] [stderr]    Compiling fastrand v1.5.0
[INFO] [stderr]    Compiling cpufeatures v0.1.5
[INFO] [stderr]    Compiling gimli v0.25.0
[INFO] [stderr]    Compiling inlinable_string v0.1.14
[INFO] [stderr]    Compiling waker-fn v1.1.0
[INFO] [stderr]    Compiling scopeguard v1.1.0
[INFO] [stderr]    Compiling cfg-if v0.1.10
[INFO] [stderr]    Compiling regex v1.5.4
[INFO] [stderr]    Compiling mime v0.3.16
[INFO] [stderr]    Compiling try-lock v0.2.3
[INFO] [stderr]    Compiling ref-cast v1.0.6
[INFO] [stderr]    Compiling adler v1.0.2
[INFO] [stderr]    Compiling event-listener v2.5.1
[INFO] [stderr]    Compiling http-body v0.4.3
[INFO] [stderr]    Compiling lock_api v0.4.4
[INFO] [stderr]    Compiling idna v0.2.3
[INFO] [stderr]    Compiling futures-lite v1.12.0
[INFO] [stderr]    Compiling net2 v0.2.37
[INFO] [stderr]    Compiling sha2 v0.9.5
[INFO] [stderr]    Compiling parking_lot_core v0.8.3
[INFO] [stderr]    Compiling aes-gcm v0.8.0
[INFO] [stderr]    Compiling hkdf v0.10.0
[INFO] [stderr]    Compiling form_urlencoded v1.0.1
[INFO] [stderr]    Compiling iovec v0.1.4
[INFO] [stderr]    Compiling object v0.26.0
[INFO] [stderr]    Compiling unicase v2.6.0
[INFO] [stderr]    Compiling byte-tools v0.3.1
[INFO] [stderr]    Compiling encoding_rs v0.8.28
[INFO] [stderr]    Compiling ident_case v1.0.1
[INFO] [stderr]    Compiling rustc-demangle v0.1.20
[INFO] [stderr]    Compiling unicode-segmentation v1.8.0
[INFO] [stderr]    Compiling byteorder v1.4.3
[INFO] [stderr]    Compiling httpdate v1.0.1
[INFO] [stderr]    Compiling tower-service v0.3.1
[INFO] [stderr]    Compiling strsim v0.10.0
[INFO] [stderr]    Compiling block-padding v0.1.5
[INFO] [stderr]    Compiling url v2.2.2
[INFO] [stderr]    Compiling heck v0.3.3
[INFO] [stderr]    Compiling parking_lot v0.11.1
[INFO] [stderr]    Compiling regex-automata v0.1.10
[INFO] [stderr]    Compiling rand_pcg v0.2.1
[INFO] [stderr]    Compiling rand_chacha v0.2.2
[INFO] [stderr]    Compiling digest v0.8.1
[INFO] [stderr]    Compiling atty v0.2.14
[INFO] [stderr]    Compiling stable-pattern v0.1.0
[INFO] [stderr]    Compiling proc-macro-error-attr v1.0.4
[INFO] [stderr]    Compiling figment v0.10.6
[INFO] [stderr]    Compiling multer v2.0.1
[INFO] [stderr]    Compiling atomic v0.5.0
[INFO] [stderr]    Compiling addr2line v0.16.0
[INFO] [stderr]    Compiling darling_core v0.13.0
[INFO] [stderr]    Compiling num-bigint v0.4.2
[INFO] [stderr]    Compiling either v1.6.1
[INFO] [stderr]    Compiling pin-project-lite v0.1.12
[INFO] [stderr]    Compiling webpki v0.21.4
[INFO] [stderr]    Compiling sct v0.6.1
[INFO] [stderr]    Compiling devise_core v0.3.1
[INFO] [stderr]    Compiling state v0.5.2
[INFO] [stderr]    Compiling unchecked-index v0.2.2
[INFO] [stderr]    Compiling crossbeam-utils v0.8.5
[INFO] [stderr]    Compiling async-task v4.0.3
[INFO] [stderr]    Compiling bytes v0.5.6
[INFO] [stderr]    Compiling twoway v0.2.2
[INFO] [stderr]    Compiling matchers v0.0.1
[INFO] [stderr]    Compiling rand v0.7.3
[INFO] [stderr]    Compiling block-buffer v0.7.3
[INFO] [stderr]    Compiling async-channel v1.6.1
[INFO] [stderr]    Compiling rocket v0.5.0-rc.1
[INFO] [stderr]    Compiling proc-macro-error v1.0.4
[INFO] [stderr]    Compiling num-bigint v0.2.6
[INFO] [stderr]    Compiling thread_local v1.1.3
[INFO] [stderr]    Compiling sharded-slab v0.1.3
[INFO] [stderr]    Compiling spin v0.9.2
[INFO] [stderr]    Compiling remove_dir_all v0.5.3
[INFO] [stderr]    Compiling atomic-waker v1.0.0
[INFO] [stderr]    Compiling glob v0.3.0
[INFO] [stderr]    Compiling opaque-debug v0.2.3
[INFO] [stderr]    Compiling subtle v1.0.0
[INFO] [stderr]    Compiling match_cfg v0.1.0
[INFO] [stderr]    Compiling linked-hash-map v0.5.4
[INFO] [stderr]    Compiling ansi_term v0.12.1
[INFO] [stderr]    Compiling hostname v0.3.1
[INFO] [stderr]    Compiling blocking v1.0.2
[INFO] [stderr]    Compiling crypto-mac v0.7.0
[INFO] [stderr]    Compiling tempfile v3.2.0
[INFO] [stderr]    Compiling mime_guess v2.0.3
[INFO] [stderr]    Compiling async-executor v1.4.1
[INFO] [stderr]    Compiling err-derive v0.2.4
[INFO] [stderr]    Compiling async-mutex v1.4.0
[INFO] [stderr]    Compiling arrayref v0.3.6
[INFO] [stderr]    Compiling constant_time_eq v0.1.5
[INFO] [stderr]    Compiling binascii v0.1.4
[INFO] [stderr]    Compiling quick-error v1.2.3
[INFO] [stderr]    Compiling eyre v0.4.3
[INFO] [stderr]    Compiling fake-simd v0.1.2
[INFO] [stderr]    Compiling base64 v0.11.0
[INFO] [stderr]    Compiling resolv-conf v0.7.0
[INFO] [stderr]    Compiling lru-cache v0.1.2
[INFO] [stderr]    Compiling synstructure v0.12.5
[INFO] [stderr]    Compiling async-lock v2.4.0
[INFO] [stderr]    Compiling uuid v0.8.2
[INFO] [stderr]    Compiling blake3 v1.0.0
[INFO] [stderr]    Compiling owo-colors v1.3.0
[INFO] [stderr]    Compiling arrayvec v0.5.2
[INFO] [stderr]    Compiling termcolor v1.1.2
[INFO] [stderr]    Compiling indenter v0.3.3
[INFO] [stderr]    Compiling hex v0.4.3
[INFO] [stderr]    Compiling sha-1 v0.8.2
[INFO] [stderr]    Compiling blake2b_simd v0.5.11
[INFO] [stderr]    Compiling color-backtrace v0.4.2
[INFO] [stderr]    Compiling sha2 v0.8.2
[INFO] [stderr]    Compiling ctor v0.1.20
[INFO] [stderr]    Compiling tracing-attributes v0.1.15
[INFO] [stderr]    Compiling tokio-macros v1.3.0
[INFO] [stderr]    Compiling time-macros-impl v0.1.2
[INFO] [stderr]    Compiling pear_codegen v0.2.3
[INFO] [stderr]    Compiling ref-cast-impl v1.0.6
[INFO] [stderr]    Compiling devise_codegen v0.3.1
[INFO] [stderr]    Compiling tokio-macros v0.2.6
[INFO] [stderr]    Compiling darling_macro v0.13.0
[INFO] [stderr]    Compiling thiserror-impl v1.0.26
[INFO] [stderr]    Compiling async-stream-impl v0.3.2
[INFO] [stderr]    Compiling enum-as-inner v0.3.3
[INFO] [stderr]    Compiling time-macros v0.1.1
[INFO] [stderr]    Compiling enum-ordinalize v3.1.10
[INFO] [stderr]    Compiling pin-project-internal v1.0.8
[INFO] [stderr]    Compiling mio v0.7.13
[INFO] [stderr]    Compiling tracing v0.1.26
[INFO] [stderr]    Compiling pear v0.2.3
[INFO] [stderr]    Compiling want v0.3.0
[INFO] [stderr]    Compiling rustls v0.19.1
[INFO] [stderr]    Compiling mio v0.6.23
[INFO] [stderr]    Compiling devise v0.3.1
[INFO] [stderr]    Compiling tracing-log v0.1.2
[INFO] [stderr]    Compiling polling v2.1.0
[INFO] [stderr]    Compiling async-stream v0.3.2
[INFO] [stderr]    Compiling darling v0.13.0
[INFO] [stderr]    Compiling async-io v1.6.0
[INFO] [stderr]    Compiling serde_with_macros v1.4.2
[INFO] [stderr]    Compiling rustls v0.17.0
[INFO] [stderr]    Compiling kv-log-macro v1.0.7
[INFO] [stderr]    Compiling thiserror v1.0.26
[INFO] [stderr]    Compiling async-attributes v1.1.2
[INFO] [stderr]    Compiling tokio v0.2.25
[INFO] [stderr]    Compiling async-global-executor v2.0.2
[INFO] [stderr]    Compiling educe v0.4.18
[INFO] [stderr]    Compiling os_info v3.0.7
[INFO] [stderr]    Compiling typed-builder v0.4.1
[INFO] [stderr]    Compiling derivative v2.2.0
[INFO] [stderr]    Compiling pin-project v1.0.8
[INFO] [stderr]    Compiling async-std v1.10.0
[INFO] [stderr]    Compiling pbkdf2 v0.3.0
[INFO] [stderr]    Compiling hmac v0.7.1
[INFO] [stderr]    Compiling md-5 v0.8.0
[INFO] [stderr]    Compiling webpki-roots v0.18.0
[INFO] [stderr]    Compiling pem v0.8.3
[INFO] [stderr]    Compiling stringprep v0.1.2
[INFO] [stderr]    Compiling url-escape v0.1.0
[INFO] [stderr]    Compiling socket2 v0.3.19
[INFO] [stderr]    Compiling arrayvec v0.7.1
[INFO] [stderr]    Compiling ansi_term v0.11.0
[INFO] [stderr]    Compiling take_mut v0.2.2
[INFO] [stderr]    Compiling base64 v0.12.3
[INFO] [stderr]    Compiling if_chain v1.0.1
[INFO] [stderr]    Compiling tracing-futures v0.2.5
[INFO] [stderr]    Compiling rust-argon2 v0.8.3
[INFO] [stderr]    Compiling strum_macros v0.22.0
[INFO] [stderr]    Compiling strum v0.22.0
[INFO] [stderr]    Compiling dotenv v0.15.0
[INFO] [stderr]    Compiling futures-executor v0.3.16
[INFO] [stderr]    Compiling futures v0.3.16
[INFO] [stderr]    Compiling trust-dns-proto v0.19.7
[INFO] [stderr]    Compiling tokio-rustls v0.13.1
[INFO] [stderr]    Compiling tokio-util v0.6.7
[INFO] [stderr]    Compiling tokio-rustls v0.22.0
[INFO] [stderr]    Compiling tokio-stream v0.1.7
[INFO] [stderr]    Compiling trust-dns-resolver v0.19.7
[INFO] [stderr]    Compiling chrono v0.4.19
[INFO] [stderr]    Compiling tracing-serde v0.1.2
[INFO] [stderr]    Compiling toml v0.5.8
[INFO] [stderr]    Compiling ubyte v0.10.1
[INFO] [stderr]    Compiling serde_with v1.9.4
[INFO] [stderr]    Compiling h2 v0.3.3
[INFO] [stderr]    Compiling simple_asn1 v0.4.1
[INFO] [stderr]    Compiling tracing-subscriber v0.2.19
[INFO] [stderr]    Compiling validator v0.10.1
[INFO] [stderr]    Compiling bson v1.2.3
[INFO] [stderr]    Compiling jsonwebtoken v7.2.0
[INFO] [stderr]    Compiling validator_derive v0.10.1
[INFO] [stderr]    Compiling mongodb v1.2.2
[INFO] [stderr]    Compiling tracing-error v0.1.2
[INFO] [stderr]    Compiling color-spantrace v0.1.6
[INFO] [stderr]    Compiling color-eyre v0.3.4
[INFO] [stderr]    Compiling hyper v0.14.11
[INFO] [stderr]    Compiling rocket_http v0.5.0-rc.1
[INFO] [stderr]    Compiling rocket_codegen v0.5.0-rc.1
[INFO] [stderr]    Compiling rocket-multipart-form-data v0.10.0
[INFO] [stderr]    Compiling rocket-download-response v0.5.0
[INFO] [stderr]    Compiling authentication_server_rocket v0.1.0 (/opt/rustwide/workdir)
[INFO] [stdout] warning: unused import: `futures::compat::Future01CompatExt`
[INFO] [stdout]  --> src/config/crypto.rs:5:5
[INFO] [stdout]   |
[INFO] [stdout] 5 | use futures::compat::Future01CompatExt;
[INFO] [stdout]   |     ^^^^^^^^^^^^^^^^^^^^^^^^^^^^^^^^^^
[INFO] [stdout]   |
[INFO] [stdout]   = note: `#[warn(unused_imports)]` on by default
[INFO] [stdout] 
[INFO] [stdout] 
[INFO] [stdout] warning: unused import: `std::sync::Arc`
[INFO] [stdout]  --> src/config/crypto.rs:6:5
[INFO] [stdout]   |
[INFO] [stdout] 6 | use std::sync::Arc;
[INFO] [stdout]   |     ^^^^^^^^^^^^^^
[INFO] [stdout] 
[INFO] [stdout] 
[INFO] [stdout] warning: unused imports: `MultipartFormDataField`, `MultipartFormDataOptions`, `MultipartFormData`
[INFO] [stdout]  --> src/controller/file_controller.rs:9:5
[INFO] [stdout]   |
[INFO] [stdout] 9 |     MultipartFormData, MultipartFormDataField, MultipartFormDataOptions,
[INFO] [stdout]   |     ^^^^^^^^^^^^^^^^^  ^^^^^^^^^^^^^^^^^^^^^^  ^^^^^^^^^^^^^^^^^^^^^^^^
[INFO] [stdout] 
[INFO] [stdout] 
[INFO] [stdout] warning: unused import: `async_std::io::prelude::*`
[INFO] [stdout]   --> src/controller/file_controller.rs:12:5
[INFO] [stdout]    |
[INFO] [stdout] 12 | use async_std::io::prelude::*;
[INFO] [stdout]    |     ^^^^^^^^^^^^^^^^^^^^^^^^^
[INFO] [stdout] 
[INFO] [stdout] 
[INFO] [stdout] warning: unused imports: `Value`, `json`
[INFO] [stdout]  --> src/models/user.rs:5:18
[INFO] [stdout]   |
[INFO] [stdout] 5 | use serde_json::{json, Value};
[INFO] [stdout]   |                  ^^^^  ^^^^^
[INFO] [stdout] 
[INFO] [stdout] 
[INFO] [stdout] warning: unused import: `Status`
[INFO] [stdout]  --> src/services/file_service.rs:3:33
[INFO] [stdout]   |
[INFO] [stdout] 3 | use rocket::http::{ContentType, Status};
[INFO] [stdout]   |                                 ^^^^^^
[INFO] [stdout] 
[INFO] [stdout] 
[INFO] [stdout] warning: unused import: `rocket::response::status`
[INFO] [stdout]  --> src/services/file_service.rs:4:5
[INFO] [stdout]   |
[INFO] [stdout] 4 | use rocket::response::status;
[INFO] [stdout]   |     ^^^^^^^^^^^^^^^^^^^^^^^^
[INFO] [stdout] 
[INFO] [stdout] 
[INFO] [stdout] warning: unused variable: `config`
[INFO] [stdout]   --> src/config/crypto.rs:32:13
[INFO] [stdout]    |
[INFO] [stdout] 32 |         let config = Config::default();
[INFO] [stdout]    |             ^^^^^^ help: if this is intentional, prefix it with an underscore: `_config`
[INFO] [stdout]    |
[INFO] [stdout]    = note: `#[warn(unused_variables)]` on by default
[INFO] [stdout] 
[INFO] [stdout] 
[INFO] [stdout] warning: field `somefile` is never read
[INFO] [stdout]   --> src/controller/file_controller.rs:21:5
[INFO] [stdout]    |
[INFO] [stdout] 20 | pub struct UploadForm<'a> {
[INFO] [stdout]    |            ---------- field in this struct
[INFO] [stdout] 21 |     somefile: TempFile<'a>,
[INFO] [stdout]    |     ^^^^^^^^
[INFO] [stdout]    |
[INFO] [stdout]    = note: `UploadForm` has a derived impl for the trait `Debug`, but this is intentionally ignored during dead code analysis
[INFO] [stdout]    = note: `#[warn(dead_code)]` on by default
[INFO] [stdout] 
[INFO] [stdout] 
[INFO] [stdout] warning: associated function `find_all` is never used
[INFO] [stdout]   --> src/utils/mongo_util.rs:80:18
[INFO] [stdout]    |
[INFO] [stdout] 80 |     pub async fn find_all() -> Result<Vec<Document>, Error> {
[INFO] [stdout]    |                  ^^^^^^^^
[INFO] [stdout] 
[INFO] [stdout] 
[INFO] [stdout] warning: associated function `update_one` is never used
[INFO] [stdout]   --> src/utils/mongo_util.rs:87:18
[INFO] [stdout]    |
[INFO] [stdout] 87 |     pub async fn update_one(id: ObjectId, new_data: RegisterUser) -> Result<Option<User>, Error> {
[INFO] [stdout]    |                  ^^^^^^^^^^
[INFO] [stdout] 
[INFO] [stdout] 
[INFO] [stdout] warning: associated function `delete_one` is never used
[INFO] [stdout]    --> src/utils/mongo_util.rs:109:18
[INFO] [stdout]     |
[INFO] [stdout] 109 |     pub async fn delete_one(id: ObjectId) -> Result<DeleteResult, Error> {
[INFO] [stdout]     |                  ^^^^^^^^^^
[INFO] [stdout] 
[INFO] [stdout] 
[INFO] [stdout] warning: 12 warnings emitted
[INFO] [stdout] 
[INFO] [stdout] 
[INFO] [stderr]     Finished dev [unoptimized + debuginfo] target(s) in 49.74s
[INFO] [stderr] warning: the following packages contain code that will be rejected by a future version of Rust: bson v1.2.3, ubyte v0.10.1
[INFO] [stderr] note: to see what the problems were, use the option `--future-incompat-report`, or run `cargo report future-incompatibilities --id 1`
[INFO] running `Command { std: "docker" "inspect" "93b6f4309626528499eaf7a0ae266fd3ecc77a1c082543ce7539f82deabaabbc", kill_on_drop: false }`
[INFO] running `Command { std: "docker" "rm" "-f" "93b6f4309626528499eaf7a0ae266fd3ecc77a1c082543ce7539f82deabaabbc", kill_on_drop: false }`
[INFO] [stdout] 93b6f4309626528499eaf7a0ae266fd3ecc77a1c082543ce7539f82deabaabbc
[INFO] running `Command { std: "docker" "create" "-v" "/var/lib/crater-agent-workspace/builds/worker-5-tc1/target:/opt/rustwide/target:rw,Z" "-v" "/var/lib/crater-agent-workspace/builds/worker-5-tc1/source:/opt/rustwide/workdir:ro,Z" "-v" "/var/lib/crater-agent-workspace/cargo-home:/opt/rustwide/cargo-home:ro,Z" "-v" "/var/lib/crater-agent-workspace/rustup-home:/opt/rustwide/rustup-home:ro,Z" "-e" "SOURCE_DIR=/opt/rustwide/workdir" "-e" "CARGO_TARGET_DIR=/opt/rustwide/target" "-e" "CARGO_INCREMENTAL=0" "-e" "RUST_BACKTRACE=full" "-e" "RUSTFLAGS=--cap-lints=warn" "-e" "RUSTDOCFLAGS=--cap-lints=warn" "-e" "CARGO_HOME=/opt/rustwide/cargo-home" "-e" "RUSTUP_HOME=/opt/rustwide/rustup-home" "-w" "/opt/rustwide/workdir" "-m" "1610612736" "--user" "0:0" "--network" "none" "ghcr.io/rust-lang/crates-build-env/linux@sha256:5ff2268d62e97bff2cde7d5815dd6ed5b47097566f13b8d0ca110b04b60e07ed" "/opt/rustwide/cargo-home/bin/cargo" "+1.69.0" "test" "--frozen" "--no-run" "--message-format=json", kill_on_drop: false }`
[INFO] [stdout] 2241f5c4c5d99194fbdefa8695d5caf716e00bae7bd538fa73b981aedfea10c0
[INFO] running `Command { std: "docker" "start" "-a" "2241f5c4c5d99194fbdefa8695d5caf716e00bae7bd538fa73b981aedfea10c0", kill_on_drop: false }`
[INFO] [stderr]    Compiling authentication_server_rocket v0.1.0 (/opt/rustwide/workdir)
[INFO] [stdout] warning: unused import: `futures::compat::Future01CompatExt`
[INFO] [stdout]  --> src/config/crypto.rs:5:5
[INFO] [stdout]   |
[INFO] [stdout] 5 | use futures::compat::Future01CompatExt;
[INFO] [stdout]   |     ^^^^^^^^^^^^^^^^^^^^^^^^^^^^^^^^^^
[INFO] [stdout]   |
[INFO] [stdout]   = note: `#[warn(unused_imports)]` on by default
[INFO] [stdout] 
[INFO] [stdout] 
[INFO] [stdout] warning: unused import: `std::sync::Arc`
[INFO] [stdout]  --> src/config/crypto.rs:6:5
[INFO] [stdout]   |
[INFO] [stdout] 6 | use std::sync::Arc;
[INFO] [stdout]   |     ^^^^^^^^^^^^^^
[INFO] [stdout] 
[INFO] [stdout] 
[INFO] [stdout] warning: unused imports: `MultipartFormDataField`, `MultipartFormDataOptions`, `MultipartFormData`
[INFO] [stdout]  --> src/controller/file_controller.rs:9:5
[INFO] [stdout]   |
[INFO] [stdout] 9 |     MultipartFormData, MultipartFormDataField, MultipartFormDataOptions,
[INFO] [stdout]   |     ^^^^^^^^^^^^^^^^^  ^^^^^^^^^^^^^^^^^^^^^^  ^^^^^^^^^^^^^^^^^^^^^^^^
[INFO] [stdout] 
[INFO] [stdout] 
[INFO] [stdout] warning: unused import: `async_std::io::prelude::*`
[INFO] [stdout]   --> src/controller/file_controller.rs:12:5
[INFO] [stdout]    |
[INFO] [stdout] 12 | use async_std::io::prelude::*;
[INFO] [stdout]    |     ^^^^^^^^^^^^^^^^^^^^^^^^^
[INFO] [stdout] 
[INFO] [stdout] 
[INFO] [stdout] warning: unused imports: `Value`, `json`
[INFO] [stdout]  --> src/models/user.rs:5:18
[INFO] [stdout]   |
[INFO] [stdout] 5 | use serde_json::{json, Value};
[INFO] [stdout]   |                  ^^^^  ^^^^^
[INFO] [stdout] 
[INFO] [stdout] 
[INFO] [stdout] warning: unused import: `Status`
[INFO] [stdout]  --> src/services/file_service.rs:3:33
[INFO] [stdout]   |
[INFO] [stdout] 3 | use rocket::http::{ContentType, Status};
[INFO] [stdout]   |                                 ^^^^^^
[INFO] [stdout] 
[INFO] [stdout] 
[INFO] [stdout] warning: unused import: `rocket::response::status`
[INFO] [stdout]  --> src/services/file_service.rs:4:5
[INFO] [stdout]   |
[INFO] [stdout] 4 | use rocket::response::status;
[INFO] [stdout]   |     ^^^^^^^^^^^^^^^^^^^^^^^^
[INFO] [stdout] 
[INFO] [stdout] 
[INFO] [stdout] warning: unused variable: `config`
[INFO] [stdout]   --> src/config/crypto.rs:32:13
[INFO] [stdout]    |
[INFO] [stdout] 32 |         let config = Config::default();
[INFO] [stdout]    |             ^^^^^^ help: if this is intentional, prefix it with an underscore: `_config`
[INFO] [stdout]    |
[INFO] [stdout]    = note: `#[warn(unused_variables)]` on by default
[INFO] [stdout] 
[INFO] [stdout] 
[INFO] [stdout] warning: field `somefile` is never read
[INFO] [stdout]   --> src/controller/file_controller.rs:21:5
[INFO] [stdout]    |
[INFO] [stdout] 20 | pub struct UploadForm<'a> {
[INFO] [stdout]    |            ---------- field in this struct
[INFO] [stdout] 21 |     somefile: TempFile<'a>,
[INFO] [stdout]    |     ^^^^^^^^
[INFO] [stdout]    |
[INFO] [stdout]    = note: `UploadForm` has a derived impl for the trait `Debug`, but this is intentionally ignored during dead code analysis
[INFO] [stdout]    = note: `#[warn(dead_code)]` on by default
[INFO] [stdout] 
[INFO] [stdout] 
[INFO] [stdout] warning: associated function `find_all` is never used
[INFO] [stdout]   --> src/utils/mongo_util.rs:80:18
[INFO] [stdout]    |
[INFO] [stdout] 80 |     pub async fn find_all() -> Result<Vec<Document>, Error> {
[INFO] [stdout]    |                  ^^^^^^^^
[INFO] [stdout] 
[INFO] [stdout] 
[INFO] [stdout] warning: associated function `update_one` is never used
[INFO] [stdout]   --> src/utils/mongo_util.rs:87:18
[INFO] [stdout]    |
[INFO] [stdout] 87 |     pub async fn update_one(id: ObjectId, new_data: RegisterUser) -> Result<Option<User>, Error> {
[INFO] [stdout]    |                  ^^^^^^^^^^
[INFO] [stdout] 
[INFO] [stdout] 
[INFO] [stdout] warning: associated function `delete_one` is never used
[INFO] [stdout]    --> src/utils/mongo_util.rs:109:18
[INFO] [stdout]     |
[INFO] [stdout] 109 |     pub async fn delete_one(id: ObjectId) -> Result<DeleteResult, Error> {
[INFO] [stdout]     |                  ^^^^^^^^^^
[INFO] [stdout] 
[INFO] [stdout] 
[INFO] [stdout] warning: 12 warnings emitted
[INFO] [stdout] 
[INFO] [stdout] 
[INFO] [stderr]     Finished test [unoptimized + debuginfo] target(s) in 11.09s
[INFO] [stderr] warning: the following packages contain code that will be rejected by a future version of Rust: bson v1.2.3, ubyte v0.10.1
[INFO] [stderr] note: to see what the problems were, use the option `--future-incompat-report`, or run `cargo report future-incompatibilities --id 1`
[INFO] running `Command { std: "docker" "inspect" "2241f5c4c5d99194fbdefa8695d5caf716e00bae7bd538fa73b981aedfea10c0", kill_on_drop: false }`
[INFO] running `Command { std: "docker" "rm" "-f" "2241f5c4c5d99194fbdefa8695d5caf716e00bae7bd538fa73b981aedfea10c0", kill_on_drop: false }`
[INFO] [stdout] 2241f5c4c5d99194fbdefa8695d5caf716e00bae7bd538fa73b981aedfea10c0
[INFO] running `Command { std: "docker" "create" "-v" "/var/lib/crater-agent-workspace/builds/worker-5-tc1/target:/opt/rustwide/target:rw,Z" "-v" "/var/lib/crater-agent-workspace/builds/worker-5-tc1/source:/opt/rustwide/workdir:ro,Z" "-v" "/var/lib/crater-agent-workspace/cargo-home:/opt/rustwide/cargo-home:ro,Z" "-v" "/var/lib/crater-agent-workspace/rustup-home:/opt/rustwide/rustup-home:ro,Z" "-e" "SOURCE_DIR=/opt/rustwide/workdir" "-e" "CARGO_TARGET_DIR=/opt/rustwide/target" "-e" "CARGO_INCREMENTAL=0" "-e" "RUST_BACKTRACE=full" "-e" "RUSTFLAGS=--cap-lints=warn" "-e" "RUSTDOCFLAGS=--cap-lints=warn" "-e" "CARGO_HOME=/opt/rustwide/cargo-home" "-e" "RUSTUP_HOME=/opt/rustwide/rustup-home" "-w" "/opt/rustwide/workdir" "-m" "1610612736" "--user" "0:0" "--network" "none" "ghcr.io/rust-lang/crates-build-env/linux@sha256:5ff2268d62e97bff2cde7d5815dd6ed5b47097566f13b8d0ca110b04b60e07ed" "/opt/rustwide/cargo-home/bin/cargo" "+1.69.0" "test" "--frozen", kill_on_drop: false }`
[INFO] [stdout] 64e6585df920816b9679d63080e38592dcd17a0d1230f8172d98a47b6c516e53
[INFO] running `Command { std: "docker" "start" "-a" "64e6585df920816b9679d63080e38592dcd17a0d1230f8172d98a47b6c516e53", kill_on_drop: false }`
[INFO] [stderr]     Blocking waiting for file lock on package cache
[INFO] [stderr] warning: unused import: `futures::compat::Future01CompatExt`
[INFO] [stderr]  --> src/config/crypto.rs:5:5
[INFO] [stderr]   |
[INFO] [stderr] 5 | use futures::compat::Future01CompatExt;
[INFO] [stderr]   |     ^^^^^^^^^^^^^^^^^^^^^^^^^^^^^^^^^^
[INFO] [stderr]   |
[INFO] [stderr]   = note: `#[warn(unused_imports)]` on by default
[INFO] [stderr] 
[INFO] [stderr] warning: unused import: `std::sync::Arc`
[INFO] [stderr]  --> src/config/crypto.rs:6:5
[INFO] [stderr]   |
[INFO] [stderr] 6 | use std::sync::Arc;
[INFO] [stderr]   |     ^^^^^^^^^^^^^^
[INFO] [stderr] 
[INFO] [stderr] warning: unused imports: `MultipartFormDataField`, `MultipartFormDataOptions`, `MultipartFormData`
[INFO] [stderr]  --> src/controller/file_controller.rs:9:5
[INFO] [stderr]   |
[INFO] [stderr] 9 |     MultipartFormData, MultipartFormDataField, MultipartFormDataOptions,
[INFO] [stderr]   |     ^^^^^^^^^^^^^^^^^  ^^^^^^^^^^^^^^^^^^^^^^  ^^^^^^^^^^^^^^^^^^^^^^^^
[INFO] [stderr] 
[INFO] [stderr] warning: unused import: `async_std::io::prelude::*`
[INFO] [stderr]   --> src/controller/file_controller.rs:12:5
[INFO] [stderr]    |
[INFO] [stderr] 12 | use async_std::io::prelude::*;
[INFO] [stderr]    |     ^^^^^^^^^^^^^^^^^^^^^^^^^
[INFO] [stderr] 
[INFO] [stderr] warning: unused imports: `Value`, `json`
[INFO] [stderr]  --> src/models/user.rs:5:18
[INFO] [stderr]   |
[INFO] [stderr] 5 | use serde_json::{json, Value};
[INFO] [stderr]   |                  ^^^^  ^^^^^
[INFO] [stderr] 
[INFO] [stderr] warning: unused import: `Status`
[INFO] [stderr]  --> src/services/file_service.rs:3:33
[INFO] [stderr]   |
[INFO] [stderr] 3 | use rocket::http::{ContentType, Status};
[INFO] [stderr]   |                                 ^^^^^^
[INFO] [stderr] 
[INFO] [stderr] warning: unused import: `rocket::response::status`
[INFO] [stderr]  --> src/services/file_service.rs:4:5
[INFO] [stderr]   |
[INFO] [stderr] 4 | use rocket::response::status;
[INFO] [stderr]   |     ^^^^^^^^^^^^^^^^^^^^^^^^
[INFO] [stderr] 
[INFO] [stderr] warning: unused variable: `config`
[INFO] [stderr]   --> src/config/crypto.rs:32:13
[INFO] [stderr]    |
[INFO] [stderr] 32 |         let config = Config::default();
[INFO] [stderr]    |             ^^^^^^ help: if this is intentional, prefix it with an underscore: `_config`
[INFO] [stderr]    |
[INFO] [stderr]    = note: `#[warn(unused_variables)]` on by default
[INFO] [stderr] 
[INFO] [stderr] warning: field `somefile` is never read
[INFO] [stderr]   --> src/controller/file_controller.rs:21:5
[INFO] [stderr]    |
[INFO] [stderr] 20 | pub struct UploadForm<'a> {
[INFO] [stderr]    |            ---------- field in this struct
[INFO] [stderr] 21 |     somefile: TempFile<'a>,
[INFO] [stderr]    |     ^^^^^^^^
[INFO] [stderr]    |
[INFO] [stderr]    = note: `UploadForm` has a derived impl for the trait `Debug`, but this is intentionally ignored during dead code analysis
[INFO] [stderr]    = note: `#[warn(dead_code)]` on by default
[INFO] [stderr] 
[INFO] [stderr] warning: associated function `find_all` is never used
[INFO] [stderr]   --> src/utils/mongo_util.rs:80:18
[INFO] [stderr]    |
[INFO] [stderr] 80 |     pub async fn find_all() -> Result<Vec<Document>, Error> {
[INFO] [stderr]    |                  ^^^^^^^^
[INFO] [stderr] 
[INFO] [stderr] warning: associated function `update_one` is never used
[INFO] [stderr]   --> src/utils/mongo_util.rs:87:18
[INFO] [stderr]    |
[INFO] [stderr] 87 |     pub async fn update_one(id: ObjectId, new_data: RegisterUser) -> Result<Option<User>, Error> {
[INFO] [stderr]    |                  ^^^^^^^^^^
[INFO] [stderr] 
[INFO] [stderr] warning: associated function `delete_one` is never used
[INFO] [stderr]    --> src/utils/mongo_util.rs:109:18
[INFO] [stderr]     |
[INFO] [stderr] 109 |     pub async fn delete_one(id: ObjectId) -> Result<DeleteResult, Error> {
[INFO] [stderr]     |                  ^^^^^^^^^^
[INFO] [stderr] 
[INFO] [stderr] warning: `authentication_server_rocket` (bin "authentication_server_rocket" test) generated 12 warnings (run `cargo fix --bin "authentication_server_rocket" --tests` to apply 8 suggestions)
[INFO] [stderr]     Finished test [unoptimized + debuginfo] target(s) in 0.40s
[INFO] [stderr] warning: the following packages contain code that will be rejected by a future version of Rust: bson v1.2.3, ubyte v0.10.1
[INFO] [stderr] note: to see what the problems were, use the option `--future-incompat-report`, or run `cargo report future-incompatibilities --id 1`
[INFO] [stderr]      Running unittests src/main.rs (/opt/rustwide/target/debug/deps/authentication_server_rocket-6f470c2d2d4b09c6)
[INFO] [stdout] 
[INFO] [stdout] running 9 tests
[INFO] [stdout] test test::it_works_with_correct_status_for_getting_all_user_tags ... ok
[INFO] [stdout] test test::it_works_with_correct_status_for_api_home_route ... ok
[INFO] [stdout] test test::correct_response_for_page_not_found ... ok
[INFO] [stdout] test test::upload_and_download_file ... FAILED
[INFO] [stdout] test test::correct_error_for_user_sign_in_without_sign_up ... ok
[INFO] [stdout] test test::correct_error_for_incorrect_password_sign_in has been running for over 60 seconds
[INFO] [stdout] test test::correct_error_response_if_user_already_registered has been running for over 60 seconds
[INFO] [stdout] test test::it_works_for_sign_in has been running for over 60 seconds
[INFO] [stdout] test test::it_works_for_sign_up_and_delete_user_once_signed_up has been running for over 60 seconds
[INFO] [stdout] test test::it_works_for_sign_in ... FAILED
[INFO] [stdout] test test::correct_error_for_incorrect_password_sign_in ... FAILED
[INFO] [stdout] test test::correct_error_response_if_user_already_registered ... FAILED
[INFO] [stdout] test test::it_works_for_sign_up_and_delete_user_once_signed_up ... FAILED
[INFO] [stdout] 
[INFO] [stdout] failures:
[INFO] [stdout] 
[INFO] [stdout] ---- test::upload_and_download_file stdout ----
[INFO] [stdout] Configured for debug.
[INFO] [stdout]    >> address: 0.0.0.0
[INFO] [stdout]    >> port: 7001
[INFO] [stdout]    >> workers: 16
[INFO] [stdout]    >> ident: Rocket
[INFO] [stdout]    >> keep-alive: 5s
[INFO] [stdout]    >> limits: bytes = 8KiB, data-form = 2MiB, file = 1MiB, form = 32KiB, json = 1MiB, msgpack = 1MiB, string = 8KiB
[INFO] [stdout]    >> tls: disabled
[INFO] [stdout]    >> secret key: [generated]
[INFO] [stdout] Warning: secrets enabled without a stable `secret_key`
[INFO] [stdout]    >> disable `secrets` feature or configure a `secret_key`
[INFO] [stdout]    >> this becomes an error in non-debug profiles
[INFO] [stdout]    >> temp dir: /tmp
[INFO] [stdout]    >> log level: normal
[INFO] [stdout]    >> cli colors: true
[INFO] [stdout]    >> shutdown: ctrlc = true, force = true, signals = [SIGTERM], grace = 2s, mercy = 3s
[INFO] [stdout] Routes:
[INFO] [stdout]    >> (api_home) GET /
[INFO] [stdout]    >> (file_home) GET /files
[INFO] [stdout]    >> (sign_in) POST /auth/sign-in
[INFO] [stdout]    >> (sign_up) POST /auth/sign-up
[INFO] [stdout]    >> (find_user) POST /auth/find-user
[INFO] [stdout]    >> (delete_user) POST /auth/delete-user
[INFO] [stdout]    >> (get_user_tags) GET /auth/get-user-tags
[INFO] [stdout]    >> (upload_file) POST /files/
[INFO] [stdout]    >> (download_file) GET /files/<filename>
[INFO] [stdout] Catchers:
[INFO] [stdout]    >> (not_found) 404
[INFO] [stdout] Fairings:
[INFO] [stdout]    >> Shield (liftoff, response, singleton)
[INFO] [stdout]    >> Add CORS headers to responses (response)
[INFO] [stdout] Shield:
[INFO] [stdout]    >> X-Frame-Options: SAMEORIGIN
[INFO] [stdout]    >> X-Content-Type-Options: nosniff
[INFO] [stdout]    >> Permissions-Policy: interest-cohort=()
[INFO] [stdout] Rocket has launched into local orbit
[INFO] [stdout] POST /files multipart/form-data:
[INFO] [stdout]    >> Matched: (upload_file) POST /files/
[INFO] [stdout] thread 'test::upload_and_download_file' panicked at 'called `Result::unwrap()` on an `Err` value: IOError(Custom { kind: ReadOnlyFilesystem, error: VerboseError { source: Os { code: 30, kind: ReadOnlyFilesystem, message: "Read-only file system" }, message: "could not create directory `./uploads`" } })', src/controller/file_controller.rs:39:52
[INFO] [stdout] stack backtrace:
[INFO] [stdout]    0:     0x56264bbabd0a - std::backtrace_rs::backtrace::libunwind::trace::ha9053a9a07ca49cb
[INFO] [stdout]                                at /rustc/84c898d65adf2f39a5a98507f1fe0ce10a2b8dbc/library/std/src/../../backtrace/src/backtrace/libunwind.rs:93:5
[INFO] [stdout]    1:     0x56264bbabd0a - std::backtrace_rs::backtrace::trace_unsynchronized::h9c2852a457ad564e
[INFO] [stdout]                                at /rustc/84c898d65adf2f39a5a98507f1fe0ce10a2b8dbc/library/std/src/../../backtrace/src/backtrace/mod.rs:66:5
[INFO] [stdout]    2:     0x56264bbabd0a - std::sys_common::backtrace::_print_fmt::h457936fbfaa0070f
[INFO] [stdout]                                at /rustc/84c898d65adf2f39a5a98507f1fe0ce10a2b8dbc/library/std/src/sys_common/backtrace.rs:65:5
[INFO] [stdout]    3:     0x56264bbabd0a - <std::sys_common::backtrace::_print::DisplayBacktrace as core::fmt::Display>::fmt::h5779d7bf7f70cb0c
[INFO] [stdout]                                at /rustc/84c898d65adf2f39a5a98507f1fe0ce10a2b8dbc/library/std/src/sys_common/backtrace.rs:44:22
[INFO] [stdout]    4:     0x56264bbd5f3e - core::fmt::write::h5a4baaff1bcd3eb5
[INFO] [stdout]                                at /rustc/84c898d65adf2f39a5a98507f1fe0ce10a2b8dbc/library/core/src/fmt/mod.rs:1232:17
[INFO] [stdout]    5:     0x56264bba8415 - std::io::Write::write_fmt::h478f79c628ef31d1
[INFO] [stdout]                                at /rustc/84c898d65adf2f39a5a98507f1fe0ce10a2b8dbc/library/std/src/io/mod.rs:1684:15
[INFO] [stdout]    6:     0x56264bbabad5 - std::sys_common::backtrace::_print::h5fcdc36060f177e8
[INFO] [stdout]                                at /rustc/84c898d65adf2f39a5a98507f1fe0ce10a2b8dbc/library/std/src/sys_common/backtrace.rs:47:5
[INFO] [stdout]    7:     0x56264bbabad5 - std::sys_common::backtrace::print::h54ca9458b876c8bf
[INFO] [stdout]                                at /rustc/84c898d65adf2f39a5a98507f1fe0ce10a2b8dbc/library/std/src/sys_common/backtrace.rs:34:9
[INFO] [stdout]    8:     0x56264bbad89f - std::panicking::default_hook::{{closure}}::hbe471161c7664ed6
[INFO] [stdout]                                at /rustc/84c898d65adf2f39a5a98507f1fe0ce10a2b8dbc/library/std/src/panicking.rs:271:22
[INFO] [stdout]    9:     0x56264bbad55f - std::panicking::default_hook::ha3500da57aa4ac4f
[INFO] [stdout]                                at /rustc/84c898d65adf2f39a5a98507f1fe0ce10a2b8dbc/library/std/src/panicking.rs:287:9
[INFO] [stdout]   10:     0x56264ae524f7 - <alloc::boxed::Box<F,A> as core::ops::function::Fn<Args>>::call::hdf1b89dd137ece34
[INFO] [stdout]                                at /rustc/84c898d65adf2f39a5a98507f1fe0ce10a2b8dbc/library/alloc/src/boxed.rs:2001:9
[INFO] [stdout]   11:     0x56264ae524f7 - test::test_main::{{closure}}::h9081a79f20e75698
[INFO] [stdout]                                at /rustc/84c898d65adf2f39a5a98507f1fe0ce10a2b8dbc/library/test/src/lib.rs:135:21
[INFO] [stdout]   12:     0x56264bbadfcd - <alloc::boxed::Box<F,A> as core::ops::function::Fn<Args>>::call::h6507bddc3eebb4a5
[INFO] [stdout]                                at /rustc/84c898d65adf2f39a5a98507f1fe0ce10a2b8dbc/library/alloc/src/boxed.rs:2001:9
[INFO] [stdout]   13:     0x56264bbadfcd - std::panicking::rust_panic_with_hook::h50c09d000dc561d2
[INFO] [stdout]                                at /rustc/84c898d65adf2f39a5a98507f1fe0ce10a2b8dbc/library/std/src/panicking.rs:696:13
[INFO] [stdout]   14:     0x56264bbadd49 - std::panicking::begin_panic_handler::{{closure}}::h9e2b2176e00e0d9c
[INFO] [stdout]                                at /rustc/84c898d65adf2f39a5a98507f1fe0ce10a2b8dbc/library/std/src/panicking.rs:583:13
[INFO] [stdout]   15:     0x56264bbac176 - std::sys_common::backtrace::__rust_end_short_backtrace::h5739b8e512c09d02
[INFO] [stdout]                                at /rustc/84c898d65adf2f39a5a98507f1fe0ce10a2b8dbc/library/std/src/sys_common/backtrace.rs:150:18
[INFO] [stdout]   16:     0x56264bbada52 - rust_begin_unwind
[INFO] [stdout]                                at /rustc/84c898d65adf2f39a5a98507f1fe0ce10a2b8dbc/library/std/src/panicking.rs:579:5
[INFO] [stdout]   17:     0x56264acf2633 - core::panicking::panic_fmt::hf33a1475b4dc5c3e
[INFO] [stdout]                                at /rustc/84c898d65adf2f39a5a98507f1fe0ce10a2b8dbc/library/core/src/panicking.rs:64:14
[INFO] [stdout]   18:     0x56264acf2ae3 - core::result::unwrap_failed::hdff5465d74574b44
[INFO] [stdout]                                at /rustc/84c898d65adf2f39a5a98507f1fe0ce10a2b8dbc/library/core/src/result.rs:1750:5
[INFO] [stdout]   19:     0x56264ad395f6 - core::result::Result<T,E>::unwrap::he7583467513f37f3
[INFO] [stdout]                                at /rustc/84c898d65adf2f39a5a98507f1fe0ce10a2b8dbc/library/core/src/result.rs:1090:23
[INFO] [stdout]   20:     0x56264adcfb93 - authentication_server_rocket::controller::file_controller::upload_file::{{closure}}::hc978572caa789097
[INFO] [stdout]                                at /opt/rustwide/workdir/src/controller/file_controller.rs:39:21
[INFO] [stdout]   21:     0x56264add20aa - authentication_server_rocket::controller::file_controller::upload_file::into_info::monomorphized_function::{{closure}}::h91fad72330c6758d
[INFO] [stdout]                                at /opt/rustwide/workdir/src/controller/file_controller.rs:25:5
[INFO] [stdout]   22:     0x56264b5e924e - <core::pin::Pin<P> as core::future::future::Future>::poll::hb52e63195a9217d8
[INFO] [stdout]                                at /rustc/84c898d65adf2f39a5a98507f1fe0ce10a2b8dbc/library/core/src/future/future.rs:125:9
[INFO] [stdout]   23:     0x56264b6e76d6 - <core::panic::unwind_safe::AssertUnwindSafe<F> as core::future::future::Future>::poll::hef1fed117302cc74
[INFO] [stdout]                                at /rustc/84c898d65adf2f39a5a98507f1fe0ce10a2b8dbc/library/core/src/panic/unwind_safe.rs:296:9
[INFO] [stdout]   24:     0x56264b7430a8 - <futures_util::future::future::catch_unwind::CatchUnwind<Fut> as core::future::future::Future>::poll::{{closure}}::h0948590dc8f8dee1
[INFO] [stdout]                                at /opt/rustwide/cargo-home/registry/src/github.com-1ecc6299db9ec823/futures-util-0.3.16/src/future/future/catch_unwind.rs:36:42
[INFO] [stdout]   25:     0x56264b6e7b6c - <core::panic::unwind_safe::AssertUnwindSafe<F> as core::ops::function::FnOnce<()>>::call_once::h7862776975665b92
[INFO] [stdout]                                at /rustc/84c898d65adf2f39a5a98507f1fe0ce10a2b8dbc/library/core/src/panic/unwind_safe.rs:271:9
[INFO] [stdout]   26:     0x56264b688da8 - std::panicking::try::do_call::ha250777fd3177656
[INFO] [stdout]                                at /rustc/84c898d65adf2f39a5a98507f1fe0ce10a2b8dbc/library/std/src/panicking.rs:487:40
[INFO] [stdout]   27:     0x56264b6a7a0b - __rust_try
[INFO] [stdout]   28:     0x56264b68828f - std::panicking::try::h016d20f2b1cb0dda
[INFO] [stdout]                                at /rustc/84c898d65adf2f39a5a98507f1fe0ce10a2b8dbc/library/std/src/panicking.rs:451:19
[INFO] [stdout]   29:     0x56264b7714eb - std::panic::catch_unwind::h2c77737bb3dde29e
[INFO] [stdout]                                at /rustc/84c898d65adf2f39a5a98507f1fe0ce10a2b8dbc/library/std/src/panic.rs:140:14
[INFO] [stdout]   30:     0x56264b742fea - <futures_util::future::future::catch_unwind::CatchUnwind<Fut> as core::future::future::Future>::poll::hea0892adf6509962
[INFO] [stdout]                                at /opt/rustwide/cargo-home/registry/src/github.com-1ecc6299db9ec823/futures-util-0.3.16/src/future/future/catch_unwind.rs:36:9
[INFO] [stdout]   31:     0x56264b6d0ac5 - rocket::server::handle::{{closure}}::h9888d8e6f4a292c2
[INFO] [stdout]                                at /opt/rustwide/cargo-home/registry/src/github.com-1ecc6299db9ec823/rocket-0.5.0-rc.1/src/server.rs:55:9
[INFO] [stdout]   32:     0x56264b6d6f91 - rocket::server::<impl rocket::rocket::Rocket<rocket::phase::Orbit>>::route::{{closure}}::h5fb80a632c65fe16
[INFO] [stdout]                                at /opt/rustwide/cargo-home/registry/src/github.com-1ecc6299db9ec823/rocket-0.5.0-rc.1/src/server.rs:280:79
[INFO] [stdout]   33:     0x56264b6d5440 - rocket::server::<impl rocket::rocket::Rocket<rocket::phase::Orbit>>::route_and_process::{{closure}}::h358622ffdc6ee02a
[INFO] [stdout]                                at /opt/rustwide/cargo-home/registry/src/github.com-1ecc6299db9ec823/rocket-0.5.0-rc.1/src/server.rs:235:59
[INFO] [stdout]   34:     0x56264b6d476e - rocket::server::<impl rocket::rocket::Rocket<rocket::phase::Orbit>>::dispatch::{{closure}}::hf4c377e2756e6b59
[INFO] [stdout]                                at /opt/rustwide/cargo-home/registry/src/github.com-1ecc6299db9ec823/rocket-0.5.0-rc.1/src/server.rs:209:65
[INFO] [stdout]   35:     0x56264b686fd7 - rocket::local::asynchronous::response::LocalResponse::new::{{closure}}::h776e1f64f56eecfd
[INFO] [stdout]                                at /opt/rustwide/cargo-home/registry/src/github.com-1ecc6299db9ec823/rocket-0.5.0-rc.1/src/local/asynchronous/response.rs:90:52
[INFO] [stdout]   36:     0x56264b69e61d - rocket::local::asynchronous::request::LocalRequest::_dispatch::{{closure}}::h05b8214d50a36ecc
[INFO] [stdout]                                at /opt/rustwide/cargo-home/registry/src/github.com-1ecc6299db9ec823/rocket-0.5.0-rc.1/src/local/asynchronous/request.rs:100:11
[INFO] [stdout]   37:     0x56264b6a7747 - rocket::local::asynchronous::request::LocalRequest::dispatch::{{closure}}::hc318ba124503f437
[INFO] [stdout]                                at /opt/rustwide/cargo-home/registry/src/github.com-1ecc6299db9ec823/rocket-0.5.0-rc.1/src/local/request.rs:326:9
[INFO] [stdout]   38:     0x56264adaa178 - authentication_server_rocket::test::upload_and_download_file::{{closure}}::hdcc809d2f281aaab
[INFO] [stdout]                                at /opt/rustwide/workdir/src/main.rs:298:13
[INFO] [stdout]   39:     0x56264ad9a354 - tokio::park::thread::CachedParkThread::block_on::{{closure}}::hc096b2a4642698f6
[INFO] [stdout]                                at /opt/rustwide/cargo-home/registry/src/github.com-1ecc6299db9ec823/tokio-1.12.0/src/park/thread.rs:263:54
[INFO] [stdout]   40:     0x56264ad47ac0 - tokio::coop::with_budget::{{closure}}::h7bf4f35721306632
[INFO] [stdout]                                at /opt/rustwide/cargo-home/registry/src/github.com-1ecc6299db9ec823/tokio-1.12.0/src/coop.rs:106:9
[INFO] [stdout]   41:     0x56264ad4f3f4 - std::thread::local::LocalKey<T>::try_with::h7f2e3937b9ffcf2a
[INFO] [stdout]                                at /rustc/84c898d65adf2f39a5a98507f1fe0ce10a2b8dbc/library/std/src/thread/local.rs:446:16
[INFO] [stdout]   42:     0x56264ad4c1ba - std::thread::local::LocalKey<T>::with::h14d463108eb1594d
[INFO] [stdout]                                at /rustc/84c898d65adf2f39a5a98507f1fe0ce10a2b8dbc/library/std/src/thread/local.rs:422:9
[INFO] [stdout]   43:     0x56264ad98582 - tokio::coop::with_budget::h71e28e7f1d816ec5
[INFO] [stdout]                                at /opt/rustwide/cargo-home/registry/src/github.com-1ecc6299db9ec823/tokio-1.12.0/src/coop.rs:99:5
[INFO] [stdout]   44:     0x56264ad98582 - tokio::coop::budget::hf554b1a162082c5c
[INFO] [stdout]                                at /opt/rustwide/cargo-home/registry/src/github.com-1ecc6299db9ec823/tokio-1.12.0/src/coop.rs:76:5
[INFO] [stdout]   45:     0x56264ad98582 - tokio::park::thread::CachedParkThread::block_on::h8c42ff11e29ef0ec
[INFO] [stdout]                                at /opt/rustwide/cargo-home/registry/src/github.com-1ecc6299db9ec823/tokio-1.12.0/src/park/thread.rs:263:31
[INFO] [stdout]   46:     0x56264adddf9b - tokio::runtime::enter::Enter::block_on::hbf8dae9ca9b6ad73
[INFO] [stdout]                                at /opt/rustwide/cargo-home/registry/src/github.com-1ecc6299db9ec823/tokio-1.12.0/src/runtime/enter.rs:151:13
[INFO] [stdout]   47:     0x56264ad655d7 - tokio::runtime::thread_pool::ThreadPool::block_on::ha4808170d491e2d4
[INFO] [stdout]                                at /opt/rustwide/cargo-home/registry/src/github.com-1ecc6299db9ec823/tokio-1.12.0/src/runtime/thread_pool/mod.rs:77:9
[INFO] [stdout]   48:     0x56264adc2285 - tokio::runtime::Runtime::block_on::hf5ff36a29103a361
[INFO] [stdout]                                at /opt/rustwide/cargo-home/registry/src/github.com-1ecc6299db9ec823/tokio-1.12.0/src/runtime/mod.rs:463:43
[INFO] [stdout]   49:     0x56264ad9bb7b - rocket::async_test::h9a3bfdf7bf79f624
[INFO] [stdout]                                at /opt/rustwide/cargo-home/registry/src/github.com-1ecc6299db9ec823/rocket-0.5.0-rc.1/src/lib.rs:210:5
[INFO] [stdout]   50:     0x56264ada98b1 - authentication_server_rocket::test::upload_and_download_file::h8980feb58cc000ab
[INFO] [stdout]                                at /opt/rustwide/workdir/src/main.rs:274:41
[INFO] [stdout]   51:     0x56264ada9867 - authentication_server_rocket::test::upload_and_download_file::{{closure}}::h2b649a3de6a24936
[INFO] [stdout]                                at /opt/rustwide/workdir/src/main.rs:274:41
[INFO] [stdout]   52:     0x56264ad209a5 - core::ops::function::FnOnce::call_once::h3d33b28fffbb599b
[INFO] [stdout]                                at /rustc/84c898d65adf2f39a5a98507f1fe0ce10a2b8dbc/library/core/src/ops/function.rs:250:5
[INFO] [stdout]   53:     0x56264ae578df - core::ops::function::FnOnce::call_once::h7d969581be7d0075
[INFO] [stdout]                                at /rustc/84c898d65adf2f39a5a98507f1fe0ce10a2b8dbc/library/core/src/ops/function.rs:250:5
[INFO] [stdout]   54:     0x56264ae578df - test::__rust_begin_short_backtrace::hca25a52684e56655
[INFO] [stdout]                                at /rustc/84c898d65adf2f39a5a98507f1fe0ce10a2b8dbc/library/test/src/lib.rs:656:18
[INFO] [stdout]   55:     0x56264ae28efc - test::run_test::{{closure}}::ha8ac744c4af1a4bb
[INFO] [stdout]                                at /rustc/84c898d65adf2f39a5a98507f1fe0ce10a2b8dbc/library/test/src/lib.rs:647:30
[INFO] [stdout]   56:     0x56264ae28efc - core::ops::function::FnOnce::call_once{{vtable.shim}}::h7b411a9ed45bdecf
[INFO] [stdout]                                at /rustc/84c898d65adf2f39a5a98507f1fe0ce10a2b8dbc/library/core/src/ops/function.rs:250:5
[INFO] [stdout]   57:     0x56264ae568a6 - <alloc::boxed::Box<F,A> as core::ops::function::FnOnce<Args>>::call_once::hd05328869a8ed200
[INFO] [stdout]                                at /rustc/84c898d65adf2f39a5a98507f1fe0ce10a2b8dbc/library/alloc/src/boxed.rs:1987:9
[INFO] [stdout]   58:     0x56264ae568a6 - <core::panic::unwind_safe::AssertUnwindSafe<F> as core::ops::function::FnOnce<()>>::call_once::h0c601ce20bd5b2be
[INFO] [stdout]                                at /rustc/84c898d65adf2f39a5a98507f1fe0ce10a2b8dbc/library/core/src/panic/unwind_safe.rs:271:9
[INFO] [stdout]   59:     0x56264ae568a6 - std::panicking::try::do_call::ha4be5c164fe30854
[INFO] [stdout]                                at /rustc/84c898d65adf2f39a5a98507f1fe0ce10a2b8dbc/library/std/src/panicking.rs:487:40
[INFO] [stdout]   60:     0x56264ae568a6 - std::panicking::try::h604546f3609af05f
[INFO] [stdout]                                at /rustc/84c898d65adf2f39a5a98507f1fe0ce10a2b8dbc/library/std/src/panicking.rs:451:19
[INFO] [stdout]   61:     0x56264ae568a6 - std::panic::catch_unwind::h5bfa8afe44c9c2f9
[INFO] [stdout]                                at /rustc/84c898d65adf2f39a5a98507f1fe0ce10a2b8dbc/library/std/src/panic.rs:140:14
[INFO] [stdout]   62:     0x56264ae568a6 - test::run_test_in_process::hd50dee55dd63e6aa
[INFO] [stdout]                                at /rustc/84c898d65adf2f39a5a98507f1fe0ce10a2b8dbc/library/test/src/lib.rs:679:27
[INFO] [stdout]   63:     0x56264ae568a6 - test::run_test::run_test_inner::{{closure}}::h4aa0f433aa85cea8
[INFO] [stdout]                                at /rustc/84c898d65adf2f39a5a98507f1fe0ce10a2b8dbc/library/test/src/lib.rs:573:39
[INFO] [stdout]   64:     0x56264ae23571 - test::run_test::run_test_inner::{{closure}}::had56431adf24b4d6
[INFO] [stdout]                                at /rustc/84c898d65adf2f39a5a98507f1fe0ce10a2b8dbc/library/test/src/lib.rs:600:37
[INFO] [stdout]   65:     0x56264ae23571 - std::sys_common::backtrace::__rust_begin_short_backtrace::ha8d9890e0c73bf13
[INFO] [stdout]                                at /rustc/84c898d65adf2f39a5a98507f1fe0ce10a2b8dbc/library/std/src/sys_common/backtrace.rs:134:18
[INFO] [stdout]   66:     0x56264ae28f8b - std::thread::Builder::spawn_unchecked_::{{closure}}::{{closure}}::h251832bcb4a95327
[INFO] [stdout]                                at /rustc/84c898d65adf2f39a5a98507f1fe0ce10a2b8dbc/library/std/src/thread/mod.rs:560:17
[INFO] [stdout]   67:     0x56264ae28f8b - <core::panic::unwind_safe::AssertUnwindSafe<F> as core::ops::function::FnOnce<()>>::call_once::h8fdff598fa414831
[INFO] [stdout]                                at /rustc/84c898d65adf2f39a5a98507f1fe0ce10a2b8dbc/library/core/src/panic/unwind_safe.rs:271:9
[INFO] [stdout]   68:     0x56264ae28f8b - std::panicking::try::do_call::h455dd2f7764a950f
[INFO] [stdout]                                at /rustc/84c898d65adf2f39a5a98507f1fe0ce10a2b8dbc/library/std/src/panicking.rs:487:40
[INFO] [stdout]   69:     0x56264ae28f8b - std::panicking::try::had6f23b7b73ae72a
[INFO] [stdout]                                at /rustc/84c898d65adf2f39a5a98507f1fe0ce10a2b8dbc/library/std/src/panicking.rs:451:19
[INFO] [stdout]   70:     0x56264ae28f8b - std::panic::catch_unwind::ha6a5ca3915b4dad0
[INFO] [stdout]                                at /rustc/84c898d65adf2f39a5a98507f1fe0ce10a2b8dbc/library/std/src/panic.rs:140:14
[INFO] [stdout]   71:     0x56264ae28f8b - std::thread::Builder::spawn_unchecked_::{{closure}}::h883b72ef75da6231
[INFO] [stdout]                                at /rustc/84c898d65adf2f39a5a98507f1fe0ce10a2b8dbc/library/std/src/thread/mod.rs:559:30
[INFO] [stdout]   72:     0x56264ae28f8b - core::ops::function::FnOnce::call_once{{vtable.shim}}::hb7dff73dc8bd2ccb
[INFO] [stdout]                                at /rustc/84c898d65adf2f39a5a98507f1fe0ce10a2b8dbc/library/core/src/ops/function.rs:250:5
[INFO] [stdout]   73:     0x56264bbb2933 - <alloc::boxed::Box<F,A> as core::ops::function::FnOnce<Args>>::call_once::h39990b24eedef2ab
[INFO] [stdout]                                at /rustc/84c898d65adf2f39a5a98507f1fe0ce10a2b8dbc/library/alloc/src/boxed.rs:1987:9
[INFO] [stdout]   74:     0x56264bbb2933 - <alloc::boxed::Box<F,A> as core::ops::function::FnOnce<Args>>::call_once::h01a027258444143b
[INFO] [stdout]                                at /rustc/84c898d65adf2f39a5a98507f1fe0ce10a2b8dbc/library/alloc/src/boxed.rs:1987:9
[INFO] [stdout]   75:     0x56264bbb2933 - std::sys::unix::thread::Thread::new::thread_start::ha4f1cdd9c25884ba
[INFO] [stdout]                                at /rustc/84c898d65adf2f39a5a98507f1fe0ce10a2b8dbc/library/std/src/sys/unix/thread.rs:108:17
[INFO] [stdout]   76:     0x7fb246e05b43 - <unknown>
[INFO] [stdout]   77:     0x7fb246e96bb4 - __clone
[INFO] [stdout]   78:                0x0 - <unknown>
[INFO] [stdout]    >> Handler upload_file panicked.
[INFO] [stdout]    >> This is an application bug.
[INFO] [stdout]    >> A panic in Rust must be treated as an exceptional event.
[INFO] [stdout]    >> Panicking is not a suitable error handling mechanism.
[INFO] [stdout]    >> Unwinding, the result of a panic, is an expensive operation.
[INFO] [stdout]    >> Panics will severely degrade application performance.
[INFO] [stdout]    >> Instead of panicking, return `Option` and/or `Result`.
[INFO] [stdout]    >> Values of either type can be returned directly from handlers.
[INFO] [stdout]    >> A panic is treated as an internal server error.
[INFO] [stdout]    >> Outcome: Failure
[INFO] [stdout]    >> No 500 catcher registered. Using Rocket default.
[INFO] [stdout] thread 'test::upload_and_download_file' panicked at 'assertion failed: `(left == right)`
[INFO] [stdout]   left: `Status { code: 500 }`,
[INFO] [stdout]  right: `Status { code: 200 }`', src/main.rs:299:9
[INFO] [stdout] stack backtrace:
[INFO] [stdout]    0:     0x56264bbabd0a - std::backtrace_rs::backtrace::libunwind::trace::ha9053a9a07ca49cb
[INFO] [stdout]                                at /rustc/84c898d65adf2f39a5a98507f1fe0ce10a2b8dbc/library/std/src/../../backtrace/src/backtrace/libunwind.rs:93:5
[INFO] [stdout]    1:     0x56264bbabd0a - std::backtrace_rs::backtrace::trace_unsynchronized::h9c2852a457ad564e
[INFO] [stdout]                                at /rustc/84c898d65adf2f39a5a98507f1fe0ce10a2b8dbc/library/std/src/../../backtrace/src/backtrace/mod.rs:66:5
[INFO] [stdout]    2:     0x56264bbabd0a - std::sys_common::backtrace::_print_fmt::h457936fbfaa0070f
[INFO] [stdout]                                at /rustc/84c898d65adf2f39a5a98507f1fe0ce10a2b8dbc/library/std/src/sys_common/backtrace.rs:65:5
[INFO] [stdout]    3:     0x56264bbabd0a - <std::sys_common::backtrace::_print::DisplayBacktrace as core::fmt::Display>::fmt::h5779d7bf7f70cb0c
[INFO] [stdout]                                at /rustc/84c898d65adf2f39a5a98507f1fe0ce10a2b8dbc/library/std/src/sys_common/backtrace.rs:44:22
[INFO] [stdout]    4:     0x56264bbd5f3e - core::fmt::write::h5a4baaff1bcd3eb5
[INFO] [stdout]                                at /rustc/84c898d65adf2f39a5a98507f1fe0ce10a2b8dbc/library/core/src/fmt/mod.rs:1232:17
[INFO] [stdout]    5:     0x56264bba8415 - std::io::Write::write_fmt::h478f79c628ef31d1
[INFO] [stdout]                                at /rustc/84c898d65adf2f39a5a98507f1fe0ce10a2b8dbc/library/std/src/io/mod.rs:1684:15
[INFO] [stdout]    6:     0x56264bbabad5 - std::sys_common::backtrace::_print::h5fcdc36060f177e8
[INFO] [stdout]                                at /rustc/84c898d65adf2f39a5a98507f1fe0ce10a2b8dbc/library/std/src/sys_common/backtrace.rs:47:5
[INFO] [stdout]    7:     0x56264bbabad5 - std::sys_common::backtrace::print::h54ca9458b876c8bf
[INFO] [stdout]                                at /rustc/84c898d65adf2f39a5a98507f1fe0ce10a2b8dbc/library/std/src/sys_common/backtrace.rs:34:9
[INFO] [stdout]    8:     0x56264bbad89f - std::panicking::default_hook::{{closure}}::hbe471161c7664ed6
[INFO] [stdout]                                at /rustc/84c898d65adf2f39a5a98507f1fe0ce10a2b8dbc/library/std/src/panicking.rs:271:22
[INFO] [stdout]    9:     0x56264bbad55f - std::panicking::default_hook::ha3500da57aa4ac4f
[INFO] [stdout]                                at /rustc/84c898d65adf2f39a5a98507f1fe0ce10a2b8dbc/library/std/src/panicking.rs:287:9
[INFO] [stdout]   10:     0x56264ae524f7 - <alloc::boxed::Box<F,A> as core::ops::function::Fn<Args>>::call::hdf1b89dd137ece34
[INFO] [stdout]                                at /rustc/84c898d65adf2f39a5a98507f1fe0ce10a2b8dbc/library/alloc/src/boxed.rs:2001:9
[INFO] [stdout]   11:     0x56264ae524f7 - test::test_main::{{closure}}::h9081a79f20e75698
[INFO] [stdout]                                at /rustc/84c898d65adf2f39a5a98507f1fe0ce10a2b8dbc/library/test/src/lib.rs:135:21
[INFO] [stdout]   12:     0x56264bbadfcd - <alloc::boxed::Box<F,A> as core::ops::function::Fn<Args>>::call::h6507bddc3eebb4a5
[INFO] [stdout]                                at /rustc/84c898d65adf2f39a5a98507f1fe0ce10a2b8dbc/library/alloc/src/boxed.rs:2001:9
[INFO] [stdout]   13:     0x56264bbadfcd - std::panicking::rust_panic_with_hook::h50c09d000dc561d2
[INFO] [stdout]                                at /rustc/84c898d65adf2f39a5a98507f1fe0ce10a2b8dbc/library/std/src/panicking.rs:696:13
[INFO] [stdout]   14:     0x56264bbadd49 - std::panicking::begin_panic_handler::{{closure}}::h9e2b2176e00e0d9c
[INFO] [stdout]                                at /rustc/84c898d65adf2f39a5a98507f1fe0ce10a2b8dbc/library/std/src/panicking.rs:583:13
[INFO] [stdout]   15:     0x56264bbac176 - std::sys_common::backtrace::__rust_end_short_backtrace::h5739b8e512c09d02
[INFO] [stdout]                                at /rustc/84c898d65adf2f39a5a98507f1fe0ce10a2b8dbc/library/std/src/sys_common/backtrace.rs:150:18
[INFO] [stdout]   16:     0x56264bbada52 - rust_begin_unwind
[INFO] [stdout]                                at /rustc/84c898d65adf2f39a5a98507f1fe0ce10a2b8dbc/library/std/src/panicking.rs:579:5
[INFO] [stdout]   17:     0x56264acf2633 - core::panicking::panic_fmt::hf33a1475b4dc5c3e
[INFO] [stdout]                                at /rustc/84c898d65adf2f39a5a98507f1fe0ce10a2b8dbc/library/core/src/panicking.rs:64:14
[INFO] [stdout]   18:     0x56264acf296f - core::panicking::assert_failed_inner::haf9816227b20b6f2
[INFO] [stdout]   19:     0x56264add948a - core::panicking::assert_failed::ha72231ecae5c19bf
[INFO] [stdout]                                at /rustc/84c898d65adf2f39a5a98507f1fe0ce10a2b8dbc/library/core/src/panicking.rs:211:5
[INFO] [stdout]   20:     0x56264adaa3b1 - authentication_server_rocket::test::upload_and_download_file::{{closure}}::hdcc809d2f281aaab
[INFO] [stdout]                                at /opt/rustwide/workdir/src/main.rs:299:9
[INFO] [stdout]   21:     0x56264ad9a354 - tokio::park::thread::CachedParkThread::block_on::{{closure}}::hc096b2a4642698f6
[INFO] [stdout]                                at /opt/rustwide/cargo-home/registry/src/github.com-1ecc6299db9ec823/tokio-1.12.0/src/park/thread.rs:263:54
[INFO] [stdout]   22:     0x56264ad47ac0 - tokio::coop::with_budget::{{closure}}::h7bf4f35721306632
[INFO] [stdout]                                at /opt/rustwide/cargo-home/registry/src/github.com-1ecc6299db9ec823/tokio-1.12.0/src/coop.rs:106:9
[INFO] [stdout]   23:     0x56264ad4f3f4 - std::thread::local::LocalKey<T>::try_with::h7f2e3937b9ffcf2a
[INFO] [stdout]                                at /rustc/84c898d65adf2f39a5a98507f1fe0ce10a2b8dbc/library/std/src/thread/local.rs:446:16
[INFO] [stdout]   24:     0x56264ad4c1ba - std::thread::local::LocalKey<T>::with::h14d463108eb1594d
[INFO] [stdout]                                at /rustc/84c898d65adf2f39a5a98507f1fe0ce10a2b8dbc/library/std/src/thread/local.rs:422:9
[INFO] [stdout]   25:     0x56264ad98582 - tokio::coop::with_budget::h71e28e7f1d816ec5
[INFO] [stdout]                                at /opt/rustwide/cargo-home/registry/src/github.com-1ecc6299db9ec823/tokio-1.12.0/src/coop.rs:99:5
[INFO] [stdout]   26:     0x56264ad98582 - tokio::coop::budget::hf554b1a162082c5c
[INFO] [stdout]                                at /opt/rustwide/cargo-home/registry/src/github.com-1ecc6299db9ec823/tokio-1.12.0/src/coop.rs:76:5
[INFO] [stdout]   27:     0x56264ad98582 - tokio::park::thread::CachedParkThread::block_on::h8c42ff11e29ef0ec
[INFO] [stdout]                                at /opt/rustwide/cargo-home/registry/src/github.com-1ecc6299db9ec823/tokio-1.12.0/src/park/thread.rs:263:31
[INFO] [stdout]   28:     0x56264adddf9b - tokio::runtime::enter::Enter::block_on::hbf8dae9ca9b6ad73
[INFO] [stdout]                                at /opt/rustwide/cargo-home/registry/src/github.com-1ecc6299db9ec823/tokio-1.12.0/src/runtime/enter.rs:151:13
[INFO] [stdout]   29:     0x56264ad655d7 - tokio::runtime::thread_pool::ThreadPool::block_on::ha4808170d491e2d4
[INFO] [stdout]                                at /opt/rustwide/cargo-home/registry/src/github.com-1ecc6299db9ec823/tokio-1.12.0/src/runtime/thread_pool/mod.rs:77:9
[INFO] [stdout]   30:     0x56264adc2285 - tokio::runtime::Runtime::block_on::hf5ff36a29103a361
[INFO] [stdout]                                at /opt/rustwide/cargo-home/registry/src/github.com-1ecc6299db9ec823/tokio-1.12.0/src/runtime/mod.rs:463:43
[INFO] [stdout]   31:     0x56264ad9bb7b - rocket::async_test::h9a3bfdf7bf79f624
[INFO] [stdout]                                at /opt/rustwide/cargo-home/registry/src/github.com-1ecc6299db9ec823/rocket-0.5.0-rc.1/src/lib.rs:210:5
[INFO] [stdout]   32:     0x56264ada98b1 - authentication_server_rocket::test::upload_and_download_file::h8980feb58cc000ab
[INFO] [stdout]                                at /opt/rustwide/workdir/src/main.rs:274:41
[INFO] [stdout]   33:     0x56264ada9867 - authentication_server_rocket::test::upload_and_download_file::{{closure}}::h2b649a3de6a24936
[INFO] [stdout]                                at /opt/rustwide/workdir/src/main.rs:274:41
[INFO] [stdout]   34:     0x56264ad209a5 - core::ops::function::FnOnce::call_once::h3d33b28fffbb599b
[INFO] [stdout]                                at /rustc/84c898d65adf2f39a5a98507f1fe0ce10a2b8dbc/library/core/src/ops/function.rs:250:5
[INFO] [stdout]   35:     0x56264ae578df - core::ops::function::FnOnce::call_once::h7d969581be7d0075
[INFO] [stdout]                                at /rustc/84c898d65adf2f39a5a98507f1fe0ce10a2b8dbc/library/core/src/ops/function.rs:250:5
[INFO] [stdout]   36:     0x56264ae578df - test::__rust_begin_short_backtrace::hca25a52684e56655
[INFO] [stdout]                                at /rustc/84c898d65adf2f39a5a98507f1fe0ce10a2b8dbc/library/test/src/lib.rs:656:18
[INFO] [stdout]   37:     0x56264ae28efc - test::run_test::{{closure}}::ha8ac744c4af1a4bb
[INFO] [stdout]                                at /rustc/84c898d65adf2f39a5a98507f1fe0ce10a2b8dbc/library/test/src/lib.rs:647:30
[INFO] [stdout]   38:     0x56264ae28efc - core::ops::function::FnOnce::call_once{{vtable.shim}}::h7b411a9ed45bdecf
[INFO] [stdout]                                at /rustc/84c898d65adf2f39a5a98507f1fe0ce10a2b8dbc/library/core/src/ops/function.rs:250:5
[INFO] [stdout]   39:     0x56264ae568a6 - <alloc::boxed::Box<F,A> as core::ops::function::FnOnce<Args>>::call_once::hd05328869a8ed200
[INFO] [stdout]                                at /rustc/84c898d65adf2f39a5a98507f1fe0ce10a2b8dbc/library/alloc/src/boxed.rs:1987:9
[INFO] [stdout]   40:     0x56264ae568a6 - <core::panic::unwind_safe::AssertUnwindSafe<F> as core::ops::function::FnOnce<()>>::call_once::h0c601ce20bd5b2be
[INFO] [stdout]                                at /rustc/84c898d65adf2f39a5a98507f1fe0ce10a2b8dbc/library/core/src/panic/unwind_safe.rs:271:9
[INFO] [stdout]   41:     0x56264ae568a6 - std::panicking::try::do_call::ha4be5c164fe30854
[INFO] [stdout]                                at /rustc/84c898d65adf2f39a5a98507f1fe0ce10a2b8dbc/library/std/src/panicking.rs:487:40
[INFO] [stdout]   42:     0x56264ae568a6 - std::panicking::try::h604546f3609af05f
[INFO] [stdout]                                at /rustc/84c898d65adf2f39a5a98507f1fe0ce10a2b8dbc/library/std/src/panicking.rs:451:19
[INFO] [stdout]   43:     0x56264ae568a6 - std::panic::catch_unwind::h5bfa8afe44c9c2f9
[INFO] [stdout]                                at /rustc/84c898d65adf2f39a5a98507f1fe0ce10a2b8dbc/library/std/src/panic.rs:140:14
[INFO] [stdout]   44:     0x56264ae568a6 - test::run_test_in_process::hd50dee55dd63e6aa
[INFO] [stdout]                                at /rustc/84c898d65adf2f39a5a98507f1fe0ce10a2b8dbc/library/test/src/lib.rs:679:27
[INFO] [stdout]   45:     0x56264ae568a6 - test::run_test::run_test_inner::{{closure}}::h4aa0f433aa85cea8
[INFO] [stdout]                                at /rustc/84c898d65adf2f39a5a98507f1fe0ce10a2b8dbc/library/test/src/lib.rs:573:39
[INFO] [stdout]   46:     0x56264ae23571 - test::run_test::run_test_inner::{{closure}}::had56431adf24b4d6
[INFO] [stdout]                                at /rustc/84c898d65adf2f39a5a98507f1fe0ce10a2b8dbc/library/test/src/lib.rs:600:37
[INFO] [stdout]   47:     0x56264ae23571 - std::sys_common::backtrace::__rust_begin_short_backtrace::ha8d9890e0c73bf13
[INFO] [stdout]                                at /rustc/84c898d65adf2f39a5a98507f1fe0ce10a2b8dbc/library/std/src/sys_common/backtrace.rs:134:18
[INFO] [stdout]   48:     0x56264ae28f8b - std::thread::Builder::spawn_unchecked_::{{closure}}::{{closure}}::h251832bcb4a95327
[INFO] [stdout]                                at /rustc/84c898d65adf2f39a5a98507f1fe0ce10a2b8dbc/library/std/src/thread/mod.rs:560:17
[INFO] [stdout]   49:     0x56264ae28f8b - <core::panic::unwind_safe::AssertUnwindSafe<F> as core::ops::function::FnOnce<()>>::call_once::h8fdff598fa414831
[INFO] [stdout]                                at /rustc/84c898d65adf2f39a5a98507f1fe0ce10a2b8dbc/library/core/src/panic/unwind_safe.rs:271:9
[INFO] [stdout]   50:     0x56264ae28f8b - std::panicking::try::do_call::h455dd2f7764a950f
[INFO] [stdout]                                at /rustc/84c898d65adf2f39a5a98507f1fe0ce10a2b8dbc/library/std/src/panicking.rs:487:40
[INFO] [stdout]   51:     0x56264ae28f8b - std::panicking::try::had6f23b7b73ae72a
[INFO] [stdout]                                at /rustc/84c898d65adf2f39a5a98507f1fe0ce10a2b8dbc/library/std/src/panicking.rs:451:19
[INFO] [stdout]   52:     0x56264ae28f8b - std::panic::catch_unwind::ha6a5ca3915b4dad0
[INFO] [stdout]                                at /rustc/84c898d65adf2f39a5a98507f1fe0ce10a2b8dbc/library/std/src/panic.rs:140:14
[INFO] [stdout]   53:     0x56264ae28f8b - std::thread::Builder::spawn_unchecked_::{{closure}}::h883b72ef75da6231
[INFO] [stdout]                                at /rustc/84c898d65adf2f39a5a98507f1fe0ce10a2b8dbc/library/std/src/thread/mod.rs:559:30
[INFO] [stdout]   54:     0x56264ae28f8b - core::ops::function::FnOnce::call_once{{vtable.shim}}::hb7dff73dc8bd2ccb
[INFO] [stdout]                                at /rustc/84c898d65adf2f39a5a98507f1fe0ce10a2b8dbc/library/core/src/ops/function.rs:250:5
[INFO] [stdout]   55:     0x56264bbb2933 - <alloc::boxed::Box<F,A> as core::ops::function::FnOnce<Args>>::call_once::h39990b24eedef2ab
[INFO] [stdout]                                at /rustc/84c898d65adf2f39a5a98507f1fe0ce10a2b8dbc/library/alloc/src/boxed.rs:1987:9
[INFO] [stdout]   56:     0x56264bbb2933 - <alloc::boxed::Box<F,A> as core::ops::function::FnOnce<Args>>::call_once::h01a027258444143b
[INFO] [stdout]                                at /rustc/84c898d65adf2f39a5a98507f1fe0ce10a2b8dbc/library/alloc/src/boxed.rs:1987:9
[INFO] [stdout]   57:     0x56264bbb2933 - std::sys::unix::thread::Thread::new::thread_start::ha4f1cdd9c25884ba
[INFO] [stdout]                                at /rustc/84c898d65adf2f39a5a98507f1fe0ce10a2b8dbc/library/std/src/sys/unix/thread.rs:108:17
[INFO] [stdout]   58:     0x7fb246e05b43 - <unknown>
[INFO] [stdout]   59:     0x7fb246e96bb4 - __clone
[INFO] [stdout]   60:                0x0 - <unknown>
[INFO] [stdout] 
[INFO] [stdout] ---- test::it_works_for_sign_in stdout ----
[INFO] [stdout] Configured for debug.
[INFO] [stdout]    >> address: 0.0.0.0
[INFO] [stdout]    >> port: 7001
[INFO] [stdout]    >> workers: 16
[INFO] [stdout]    >> ident: Rocket
[INFO] [stdout]    >> keep-alive: 5s
[INFO] [stdout]    >> limits: bytes = 8KiB, data-form = 2MiB, file = 1MiB, form = 32KiB, json = 1MiB, msgpack = 1MiB, string = 8KiB
[INFO] [stdout]    >> tls: disabled
[INFO] [stdout]    >> secret key: [generated]
[INFO] [stdout] Warning: secrets enabled without a stable `secret_key`
[INFO] [stdout]    >> disable `secrets` feature or configure a `secret_key`
[INFO] [stdout]    >> this becomes an error in non-debug profiles
[INFO] [stdout]    >> temp dir: /tmp
[INFO] [stdout]    >> log level: normal
[INFO] [stdout]    >> cli colors: true
[INFO] [stdout]    >> shutdown: ctrlc = true, force = true, signals = [SIGTERM], grace = 2s, mercy = 3s
[INFO] [stdout] Routes:
[INFO] [stdout]    >> (api_home) GET /
[INFO] [stdout]    >> (file_home) GET /files
[INFO] [stdout]    >> (sign_in) POST /auth/sign-in
[INFO] [stdout]    >> (sign_up) POST /auth/sign-up
[INFO] [stdout]    >> (find_user) POST /auth/find-user
[INFO] [stdout]    >> (delete_user) POST /auth/delete-user
[INFO] [stdout]    >> (get_user_tags) GET /auth/get-user-tags
[INFO] [stdout]    >> (upload_file) POST /files/
[INFO] [stdout]    >> (download_file) GET /files/<filename>
[INFO] [stdout] Catchers:
[INFO] [stdout]    >> (not_found) 404
[INFO] [stdout] Fairings:
[INFO] [stdout]    >> Add CORS headers to responses (response)
[INFO] [stdout]    >> Shield (liftoff, response, singleton)
[INFO] [stdout] Shield:
[INFO] [stdout]    >> Permissions-Policy: interest-cohort=()
[INFO] [stdout]    >> X-Frame-Options: SAMEORIGIN
[INFO] [stdout]    >> X-Content-Type-Options: nosniff
[INFO] [stdout] Rocket has launched into local orbit
[INFO] [stdout] POST /auth/sign-up application/x-www-form-urlencoded:
[INFO] [stdout]    >> Matched: (sign_up) POST /auth/sign-up
[INFO] [stdout] password_hash : RegisterUser {
[INFO] [stdout]     first_name: "kakashi",
[INFO] [stdout]     last_name: "hatake",
[INFO] [stdout]     user_type: Customer,
[INFO] [stdout]     user_tags: [
[INFO] [stdout]         WebDevelopment,
[INFO] [stdout]         MobileDevelopment,
[INFO] [stdout]     ],
[INFO] [stdout]     email_id: "kakashi@gmail.com",
[INFO] [stdout]     password: "$argon2i$v=19$m=4096,t=3,p=1$bXktc2VjcmV0a2V5LXRvLWNoYW5nZS1pbi1wcm9k$sQ6ORgOjJ/6njlzOVbTQyn8f312mUCG3MygDxnJeZPo",
[INFO] [stdout] }
[INFO] [stdout] Connected to mongodb
[INFO] [stdout] Connected to mongodb
[INFO] [stdout] thread 'test::it_works_for_sign_in' panicked at 'called `Result::unwrap()` on an `Err` value: Error { kind: ServerSelectionError { message: "Server selection timeout: No available servers. Topology: { Type: Unknown, Servers: [ { Address: localhost:27017, Type: Unknown, Error: Cannot assign requested address (os error 99) }, ] }" }, labels: [] }', src/utils/mongo_util.rs:51:62
[INFO] [stdout] stack backtrace:
[INFO] [stdout]    0:     0x56264bbabd0a - std::backtrace_rs::backtrace::libunwind::trace::ha9053a9a07ca49cb
[INFO] [stdout]                                at /rustc/84c898d65adf2f39a5a98507f1fe0ce10a2b8dbc/library/std/src/../../backtrace/src/backtrace/libunwind.rs:93:5
[INFO] [stdout]    1:     0x56264bbabd0a - std::backtrace_rs::backtrace::trace_unsynchronized::h9c2852a457ad564e
[INFO] [stdout]                                at /rustc/84c898d65adf2f39a5a98507f1fe0ce10a2b8dbc/library/std/src/../../backtrace/src/backtrace/mod.rs:66:5
[INFO] [stdout]    2:     0x56264bbabd0a - std::sys_common::backtrace::_print_fmt::h457936fbfaa0070f
[INFO] [stdout]                                at /rustc/84c898d65adf2f39a5a98507f1fe0ce10a2b8dbc/library/std/src/sys_common/backtrace.rs:65:5
[INFO] [stdout]    3:     0x56264bbabd0a - <std::sys_common::backtrace::_print::DisplayBacktrace as core::fmt::Display>::fmt::h5779d7bf7f70cb0c
[INFO] [stdout]                                at /rustc/84c898d65adf2f39a5a98507f1fe0ce10a2b8dbc/library/std/src/sys_common/backtrace.rs:44:22
[INFO] [stdout]    4:     0x56264bbd5f3e - core::fmt::write::h5a4baaff1bcd3eb5
[INFO] [stdout]                                at /rustc/84c898d65adf2f39a5a98507f1fe0ce10a2b8dbc/library/core/src/fmt/mod.rs:1232:17
[INFO] [stdout]    5:     0x56264bba8415 - std::io::Write::write_fmt::h478f79c628ef31d1
[INFO] [stdout]                                at /rustc/84c898d65adf2f39a5a98507f1fe0ce10a2b8dbc/library/std/src/io/mod.rs:1684:15
[INFO] [stdout]    6:     0x56264bbabad5 - std::sys_common::backtrace::_print::h5fcdc36060f177e8
[INFO] [stdout]                                at /rustc/84c898d65adf2f39a5a98507f1fe0ce10a2b8dbc/library/std/src/sys_common/backtrace.rs:47:5
[INFO] [stdout]    7:     0x56264bbabad5 - std::sys_common::backtrace::print::h54ca9458b876c8bf
[INFO] [stdout]                                at /rustc/84c898d65adf2f39a5a98507f1fe0ce10a2b8dbc/library/std/src/sys_common/backtrace.rs:34:9
[INFO] [stdout]    8:     0x56264bbad89f - std::panicking::default_hook::{{closure}}::hbe471161c7664ed6
[INFO] [stdout]                                at /rustc/84c898d65adf2f39a5a98507f1fe0ce10a2b8dbc/library/std/src/panicking.rs:271:22
[INFO] [stdout]    9:     0x56264bbad55f - std::panicking::default_hook::ha3500da57aa4ac4f
[INFO] [stdout]                                at /rustc/84c898d65adf2f39a5a98507f1fe0ce10a2b8dbc/library/std/src/panicking.rs:287:9
[INFO] [stdout]   10:     0x56264ae524f7 - <alloc::boxed::Box<F,A> as core::ops::function::Fn<Args>>::call::hdf1b89dd137ece34
[INFO] [stdout]                                at /rustc/84c898d65adf2f39a5a98507f1fe0ce10a2b8dbc/library/alloc/src/boxed.rs:2001:9
[INFO] [stdout]   11:     0x56264ae524f7 - test::test_main::{{closure}}::h9081a79f20e75698
[INFO] [stdout]                                at /rustc/84c898d65adf2f39a5a98507f1fe0ce10a2b8dbc/library/test/src/lib.rs:135:21
[INFO] [stdout]   12:     0x56264bbadfcd - <alloc::boxed::Box<F,A> as core::ops::function::Fn<Args>>::call::h6507bddc3eebb4a5
[INFO] [stdout]                                at /rustc/84c898d65adf2f39a5a98507f1fe0ce10a2b8dbc/library/alloc/src/boxed.rs:2001:9
[INFO] [stdout]   13:     0x56264bbadfcd - std::panicking::rust_panic_with_hook::h50c09d000dc561d2
[INFO] [stdout]                                at /rustc/84c898d65adf2f39a5a98507f1fe0ce10a2b8dbc/library/std/src/panicking.rs:696:13
[INFO] [stdout]   14:     0x56264bbadd49 - std::panicking::begin_panic_handler::{{closure}}::h9e2b2176e00e0d9c
[INFO] [stdout]                                at /rustc/84c898d65adf2f39a5a98507f1fe0ce10a2b8dbc/library/std/src/panicking.rs:583:13
[INFO] [stdout]   15:     0x56264bbac176 - std::sys_common::backtrace::__rust_end_short_backtrace::h5739b8e512c09d02
[INFO] [stdout]                                at /rustc/84c898d65adf2f39a5a98507f1fe0ce10a2b8dbc/library/std/src/sys_common/backtrace.rs:150:18
[INFO] [stdout]   16:     0x56264bbada52 - rust_begin_unwind
[INFO] [stdout]                                at /rustc/84c898d65adf2f39a5a98507f1fe0ce10a2b8dbc/library/std/src/panicking.rs:579:5
[INFO] [stdout]   17:     0x56264acf2633 - core::panicking::panic_fmt::hf33a1475b4dc5c3e
[INFO] [stdout]                                at /rustc/84c898d65adf2f39a5a98507f1fe0ce10a2b8dbc/library/core/src/panicking.rs:64:14
[INFO] [stdout]   18:     0x56264acf2ae3 - core::result::unwrap_failed::hdff5465d74574b44
[INFO] [stdout]                                at /rustc/84c898d65adf2f39a5a98507f1fe0ce10a2b8dbc/library/core/src/result.rs:1750:5
[INFO] [stdout]   19:     0x56264ad39305 - core::result::Result<T,E>::unwrap::h742a9f203c5fd482
[INFO] [stdout]                                at /rustc/84c898d65adf2f39a5a98507f1fe0ce10a2b8dbc/library/core/src/result.rs:1090:23
[INFO] [stdout]   20:     0x56264ae21101 - authentication_server_rocket::utils::mongo_util::MongoUtil::insert_one::{{closure}}::ha3f2afdba976344c
[INFO] [stdout]                                at /opt/rustwide/workdir/src/utils/mongo_util.rs:51:24
[INFO] [stdout]   21:     0x56264ada0ec7 - authentication_server_rocket::services::user_service::UserService::register::{{closure}}::hcbfcae78ee0067a7
[INFO] [stdout]                                at /opt/rustwide/workdir/src/services/user_service.rs:16:67
[INFO] [stdout]   22:     0x56264adc85e9 - authentication_server_rocket::controller::user_controller::sign_up::{{closure}}::h7900de01ce7d95bf
[INFO] [stdout]                                at /opt/rustwide/workdir/src/controller/user_controller.rs:41:71
[INFO] [stdout]   23:     0x56264adca368 - authentication_server_rocket::controller::user_controller::sign_up::into_info::monomorphized_function::{{closure}}::hddc9f3d1f4c8b467
[INFO] [stdout]                                at /opt/rustwide/workdir/src/controller/user_controller.rs:33:5
[INFO] [stdout]   24:     0x56264b5e924e - <core::pin::Pin<P> as core::future::future::Future>::poll::hb52e63195a9217d8
[INFO] [stdout]                                at /rustc/84c898d65adf2f39a5a98507f1fe0ce10a2b8dbc/library/core/src/future/future.rs:125:9
[INFO] [stdout]   25:     0x56264b6e76d6 - <core::panic::unwind_safe::AssertUnwindSafe<F> as core::future::future::Future>::poll::hef1fed117302cc74
[INFO] [stdout]                                at /rustc/84c898d65adf2f39a5a98507f1fe0ce10a2b8dbc/library/core/src/panic/unwind_safe.rs:296:9
[INFO] [stdout]   26:     0x56264b7430a8 - <futures_util::future::future::catch_unwind::CatchUnwind<Fut> as core::future::future::Future>::poll::{{closure}}::h0948590dc8f8dee1
[INFO] [stdout]                                at /opt/rustwide/cargo-home/registry/src/github.com-1ecc6299db9ec823/futures-util-0.3.16/src/future/future/catch_unwind.rs:36:42
[INFO] [stdout]   27:     0x56264b6e7b6c - <core::panic::unwind_safe::AssertUnwindSafe<F> as core::ops::function::FnOnce<()>>::call_once::h7862776975665b92
[INFO] [stdout]                                at /rustc/84c898d65adf2f39a5a98507f1fe0ce10a2b8dbc/library/core/src/panic/unwind_safe.rs:271:9
[INFO] [stdout]   28:     0x56264b688da8 - std::panicking::try::do_call::ha250777fd3177656
[INFO] [stdout]                                at /rustc/84c898d65adf2f39a5a98507f1fe0ce10a2b8dbc/library/std/src/panicking.rs:487:40
[INFO] [stdout]   29:     0x56264b6a7a0b - __rust_try
[INFO] [stdout]   30:     0x56264b68828f - std::panicking::try::h016d20f2b1cb0dda
[INFO] [stdout]                                at /rustc/84c898d65adf2f39a5a98507f1fe0ce10a2b8dbc/library/std/src/panicking.rs:451:19
[INFO] [stdout]   31:     0x56264b7714eb - std::panic::catch_unwind::h2c77737bb3dde29e
[INFO] [stdout]                                at /rustc/84c898d65adf2f39a5a98507f1fe0ce10a2b8dbc/library/std/src/panic.rs:140:14
[INFO] [stdout]   32:     0x56264b742fea - <futures_util::future::future::catch_unwind::CatchUnwind<Fut> as core::future::future::Future>::poll::hea0892adf6509962
[INFO] [stdout]                                at /opt/rustwide/cargo-home/registry/src/github.com-1ecc6299db9ec823/futures-util-0.3.16/src/future/future/catch_unwind.rs:36:9
[INFO] [stdout]   33:     0x56264b6d0ac5 - rocket::server::handle::{{closure}}::h9888d8e6f4a292c2
[INFO] [stdout]                                at /opt/rustwide/cargo-home/registry/src/github.com-1ecc6299db9ec823/rocket-0.5.0-rc.1/src/server.rs:55:9
[INFO] [stdout]   34:     0x56264b6d6f91 - rocket::server::<impl rocket::rocket::Rocket<rocket::phase::Orbit>>::route::{{closure}}::h5fb80a632c65fe16
[INFO] [stdout]                                at /opt/rustwide/cargo-home/registry/src/github.com-1ecc6299db9ec823/rocket-0.5.0-rc.1/src/server.rs:280:79
[INFO] [stdout]   35:     0x56264b6d5440 - rocket::server::<impl rocket::rocket::Rocket<rocket::phase::Orbit>>::route_and_process::{{closure}}::h358622ffdc6ee02a
[INFO] [stdout]                                at /opt/rustwide/cargo-home/registry/src/github.com-1ecc6299db9ec823/rocket-0.5.0-rc.1/src/server.rs:235:59
[INFO] [stdout]   36:     0x56264b6d476e - rocket::server::<impl rocket::rocket::Rocket<rocket::phase::Orbit>>::dispatch::{{closure}}::hf4c377e2756e6b59
[INFO] [stdout]                                at /opt/rustwide/cargo-home/registry/src/github.com-1ecc6299db9ec823/rocket-0.5.0-rc.1/src/server.rs:209:65
[INFO] [stdout]   37:     0x56264b686fd7 - rocket::local::asynchronous::response::LocalResponse::new::{{closure}}::h776e1f64f56eecfd
[INFO] [stdout]                                at /opt/rustwide/cargo-home/registry/src/github.com-1ecc6299db9ec823/rocket-0.5.0-rc.1/src/local/asynchronous/response.rs:90:52
[INFO] [stdout]   38:     0x56264b69e61d - rocket::local::asynchronous::request::LocalRequest::_dispatch::{{closure}}::h05b8214d50a36ecc
[INFO] [stdout]                                at /opt/rustwide/cargo-home/registry/src/github.com-1ecc6299db9ec823/rocket-0.5.0-rc.1/src/local/asynchronous/request.rs:100:11
[INFO] [stdout]   39:     0x56264b6a7747 - rocket::local::asynchronous::request::LocalRequest::dispatch::{{closure}}::hc318ba124503f437
[INFO] [stdout]                                at /opt/rustwide/cargo-home/registry/src/github.com-1ecc6299db9ec823/rocket-0.5.0-rc.1/src/local/request.rs:326:9
[INFO] [stdout]   40:     0x56264ada531a - authentication_server_rocket::test::it_works_for_sign_in::{{closure}}::hf33799f36cce32f1
[INFO] [stdout]                                at /opt/rustwide/workdir/src/main.rs:175:28
[INFO] [stdout]   41:     0x56264ad9a154 - tokio::park::thread::CachedParkThread::block_on::{{closure}}::h3b0d330aa6d3dd17
[INFO] [stdout]                                at /opt/rustwide/cargo-home/registry/src/github.com-1ecc6299db9ec823/tokio-1.12.0/src/park/thread.rs:263:54
[INFO] [stdout]   42:     0x56264ad487d0 - tokio::coop::with_budget::{{closure}}::hbdc7db0c1f0d831f
[INFO] [stdout]                                at /opt/rustwide/cargo-home/registry/src/github.com-1ecc6299db9ec823/tokio-1.12.0/src/coop.rs:106:9
[INFO] [stdout]   43:     0x56264ad4e774 - std::thread::local::LocalKey<T>::try_with::h6a3e973266888c34
[INFO] [stdout]                                at /rustc/84c898d65adf2f39a5a98507f1fe0ce10a2b8dbc/library/std/src/thread/local.rs:446:16
[INFO] [stdout]   44:     0x56264ad4c88a - std::thread::local::LocalKey<T>::with::hd6dd87795263d438
[INFO] [stdout]                                at /rustc/84c898d65adf2f39a5a98507f1fe0ce10a2b8dbc/library/std/src/thread/local.rs:422:9
[INFO] [stdout]   45:     0x56264ad9682f - tokio::coop::with_budget::hf09ac99a146155c4
[INFO] [stdout]                                at /opt/rustwide/cargo-home/registry/src/github.com-1ecc6299db9ec823/tokio-1.12.0/src/coop.rs:99:5
[INFO] [stdout]   46:     0x56264ad9682f - tokio::coop::budget::haaf3c77de5ce2007
[INFO] [stdout]                                at /opt/rustwide/cargo-home/registry/src/github.com-1ecc6299db9ec823/tokio-1.12.0/src/coop.rs:76:5
[INFO] [stdout]   47:     0x56264ad9682f - tokio::park::thread::CachedParkThread::block_on::h1c556c550b9a3702
[INFO] [stdout]                                at /opt/rustwide/cargo-home/registry/src/github.com-1ecc6299db9ec823/tokio-1.12.0/src/park/thread.rs:263:31
[INFO] [stdout]   48:     0x56264addda59 - tokio::runtime::enter::Enter::block_on::h757e61ccd81f8268
[INFO] [stdout]                                at /opt/rustwide/cargo-home/registry/src/github.com-1ecc6299db9ec823/tokio-1.12.0/src/runtime/enter.rs:151:13
[INFO] [stdout]   49:     0x56264ad64eb5 - tokio::runtime::thread_pool::ThreadPool::block_on::h27f1b7615c367848
[INFO] [stdout]                                at /opt/rustwide/cargo-home/registry/src/github.com-1ecc6299db9ec823/tokio-1.12.0/src/runtime/thread_pool/mod.rs:77:9
[INFO] [stdout]   50:     0x56264adc20e5 - tokio::runtime::Runtime::block_on::hb114b33d8d238d05
[INFO] [stdout]                                at /opt/rustwide/cargo-home/registry/src/github.com-1ecc6299db9ec823/tokio-1.12.0/src/runtime/mod.rs:463:43
[INFO] [stdout]   51:     0x56264ad9b999 - rocket::async_test::h7ec29c900e53e3ef
[INFO] [stdout]                                at /opt/rustwide/cargo-home/registry/src/github.com-1ecc6299db9ec823/rocket-0.5.0-rc.1/src/lib.rs:210:5
[INFO] [stdout]   52:     0x56264ada4601 - authentication_server_rocket::test::it_works_for_sign_in::h1107f6af3672dea0
[INFO] [stdout]                                at /opt/rustwide/workdir/src/main.rs:157:37
[INFO] [stdout]   53:     0x56264ada45b7 - authentication_server_rocket::test::it_works_for_sign_in::{{closure}}::haaa959f4b4379c5a
[INFO] [stdout]                                at /opt/rustwide/workdir/src/main.rs:157:37
[INFO] [stdout]   54:     0x56264ad20d05 - core::ops::function::FnOnce::call_once::h98f9e194801bc7b5
[INFO] [stdout]                                at /rustc/84c898d65adf2f39a5a98507f1fe0ce10a2b8dbc/library/core/src/ops/function.rs:250:5
[INFO] [stdout]   55:     0x56264ae578df - core::ops::function::FnOnce::call_once::h7d969581be7d0075
[INFO] [stdout]                                at /rustc/84c898d65adf2f39a5a98507f1fe0ce10a2b8dbc/library/core/src/ops/function.rs:250:5
[INFO] [stdout]   56:     0x56264ae578df - test::__rust_begin_short_backtrace::hca25a52684e56655
[INFO] [stdout]                                at /rustc/84c898d65adf2f39a5a98507f1fe0ce10a2b8dbc/library/test/src/lib.rs:656:18
[INFO] [stdout]   57:     0x56264ae28efc - test::run_test::{{closure}}::ha8ac744c4af1a4bb
[INFO] [stdout]                                at /rustc/84c898d65adf2f39a5a98507f1fe0ce10a2b8dbc/library/test/src/lib.rs:647:30
[INFO] [stdout]   58:     0x56264ae28efc - core::ops::function::FnOnce::call_once{{vtable.shim}}::h7b411a9ed45bdecf
[INFO] [stdout]                                at /rustc/84c898d65adf2f39a5a98507f1fe0ce10a2b8dbc/library/core/src/ops/function.rs:250:5
[INFO] [stdout]   59:     0x56264ae568a6 - <alloc::boxed::Box<F,A> as core::ops::function::FnOnce<Args>>::call_once::hd05328869a8ed200
[INFO] [stdout]                                at /rustc/84c898d65adf2f39a5a98507f1fe0ce10a2b8dbc/library/alloc/src/boxed.rs:1987:9
[INFO] [stdout]   60:     0x56264ae568a6 - <core::panic::unwind_safe::AssertUnwindSafe<F> as core::ops::function::FnOnce<()>>::call_once::h0c601ce20bd5b2be
[INFO] [stdout]                                at /rustc/84c898d65adf2f39a5a98507f1fe0ce10a2b8dbc/library/core/src/panic/unwind_safe.rs:271:9
[INFO] [stdout]   61:     0x56264ae568a6 - std::panicking::try::do_call::ha4be5c164fe30854
[INFO] [stdout]                                at /rustc/84c898d65adf2f39a5a98507f1fe0ce10a2b8dbc/library/std/src/panicking.rs:487:40
[INFO] [stdout]   62:     0x56264ae568a6 - std::panicking::try::h604546f3609af05f
[INFO] [stdout]                                at /rustc/84c898d65adf2f39a5a98507f1fe0ce10a2b8dbc/library/std/src/panicking.rs:451:19
[INFO] [stdout]   63:     0x56264ae568a6 - std::panic::catch_unwind::h5bfa8afe44c9c2f9
[INFO] [stdout]                                at /rustc/84c898d65adf2f39a5a98507f1fe0ce10a2b8dbc/library/std/src/panic.rs:140:14
[INFO] [stdout]   64:     0x56264ae568a6 - test::run_test_in_process::hd50dee55dd63e6aa
[INFO] [stdout]                                at /rustc/84c898d65adf2f39a5a98507f1fe0ce10a2b8dbc/library/test/src/lib.rs:679:27
[INFO] [stdout]   65:     0x56264ae568a6 - test::run_test::run_test_inner::{{closure}}::h4aa0f433aa85cea8
[INFO] [stdout]                                at /rustc/84c898d65adf2f39a5a98507f1fe0ce10a2b8dbc/library/test/src/lib.rs:573:39
[INFO] [stdout]   66:     0x56264ae23571 - test::run_test::run_test_inner::{{closure}}::had56431adf24b4d6
[INFO] [stdout]                                at /rustc/84c898d65adf2f39a5a98507f1fe0ce10a2b8dbc/library/test/src/lib.rs:600:37
[INFO] [stdout]   67:     0x56264ae23571 - std::sys_common::backtrace::__rust_begin_short_backtrace::ha8d9890e0c73bf13
[INFO] [stdout]                                at /rustc/84c898d65adf2f39a5a98507f1fe0ce10a2b8dbc/library/std/src/sys_common/backtrace.rs:134:18
[INFO] [stdout]   68:     0x56264ae28f8b - std::thread::Builder::spawn_unchecked_::{{closure}}::{{closure}}::h251832bcb4a95327
[INFO] [stdout]                                at /rustc/84c898d65adf2f39a5a98507f1fe0ce10a2b8dbc/library/std/src/thread/mod.rs:560:17
[INFO] [stdout]   69:     0x56264ae28f8b - <core::panic::unwind_safe::AssertUnwindSafe<F> as core::ops::function::FnOnce<()>>::call_once::h8fdff598fa414831
[INFO] [stdout]                                at /rustc/84c898d65adf2f39a5a98507f1fe0ce10a2b8dbc/library/core/src/panic/unwind_safe.rs:271:9
[INFO] [stdout]   70:     0x56264ae28f8b - std::panicking::try::do_call::h455dd2f7764a950f
[INFO] [stdout]                                at /rustc/84c898d65adf2f39a5a98507f1fe0ce10a2b8dbc/library/std/src/panicking.rs:487:40
[INFO] [stdout]   71:     0x56264ae28f8b - std::panicking::try::had6f23b7b73ae72a
[INFO] [stdout]                                at /rustc/84c898d65adf2f39a5a98507f1fe0ce10a2b8dbc/library/std/src/panicking.rs:451:19
[INFO] [stdout]   72:     0x56264ae28f8b - std::panic::catch_unwind::ha6a5ca3915b4dad0
[INFO] [stdout]                                at /rustc/84c898d65adf2f39a5a98507f1fe0ce10a2b8dbc/library/std/src/panic.rs:140:14
[INFO] [stdout]   73:     0x56264ae28f8b - std::thread::Builder::spawn_unchecked_::{{closure}}::h883b72ef75da6231
[INFO] [stdout]                                at /rustc/84c898d65adf2f39a5a98507f1fe0ce10a2b8dbc/library/std/src/thread/mod.rs:559:30
[INFO] [stdout]   74:     0x56264ae28f8b - core::ops::function::FnOnce::call_once{{vtable.shim}}::hb7dff73dc8bd2ccb
[INFO] [stdout]                                at /rustc/84c898d65adf2f39a5a98507f1fe0ce10a2b8dbc/library/core/src/ops/function.rs:250:5
[INFO] [stdout]   75:     0x56264bbb2933 - <alloc::boxed::Box<F,A> as core::ops::function::FnOnce<Args>>::call_once::h39990b24eedef2ab
[INFO] [stdout]                                at /rustc/84c898d65adf2f39a5a98507f1fe0ce10a2b8dbc/library/alloc/src/boxed.rs:1987:9
[INFO] [stdout]   76:     0x56264bbb2933 - <alloc::boxed::Box<F,A> as core::ops::function::FnOnce<Args>>::call_once::h01a027258444143b
[INFO] [stdout]                                at /rustc/84c898d65adf2f39a5a98507f1fe0ce10a2b8dbc/library/alloc/src/boxed.rs:1987:9
[INFO] [stdout]   77:     0x56264bbb2933 - std::sys::unix::thread::Thread::new::thread_start::ha4f1cdd9c25884ba
[INFO] [stdout]                                at /rustc/84c898d65adf2f39a5a98507f1fe0ce10a2b8dbc/library/std/src/sys/unix/thread.rs:108:17
[INFO] [stdout]   78:     0x7fb246e05b43 - <unknown>
[INFO] [stdout]   79:     0x7fb246e96bb4 - __clone
[INFO] [stdout]   80:                0x0 - <unknown>
[INFO] [stdout]    >> Handler sign_up panicked.
[INFO] [stdout]    >> This is an application bug.
[INFO] [stdout]    >> A panic in Rust must be treated as an exceptional event.
[INFO] [stdout]    >> Panicking is not a suitable error handling mechanism.
[INFO] [stdout]    >> Unwinding, the result of a panic, is an expensive operation.
[INFO] [stdout]    >> Panics will severely degrade application performance.
[INFO] [stdout]    >> Instead of panicking, return `Option` and/or `Result`.
[INFO] [stdout]    >> Values of either type can be returned directly from handlers.
[INFO] [stdout]    >> A panic is treated as an internal server error.
[INFO] [stdout]    >> Outcome: Failure
[INFO] [stdout]    >> No 500 catcher registered. Using Rocket default.
[INFO] [stdout] thread 'test::it_works_for_sign_in' panicked at 'assertion failed: `(left == right)`
[INFO] [stdout]   left: `Status { code: 500 }`,
[INFO] [stdout]  right: `Status { code: 200 }`', src/main.rs:175:9
[INFO] [stdout] stack backtrace:
[INFO] [stdout]    0:     0x56264bbabd0a - std::backtrace_rs::backtrace::libunwind::trace::ha9053a9a07ca49cb
[INFO] [stdout]                                at /rustc/84c898d65adf2f39a5a98507f1fe0ce10a2b8dbc/library/std/src/../../backtrace/src/backtrace/libunwind.rs:93:5
[INFO] [stdout]    1:     0x56264bbabd0a - std::backtrace_rs::backtrace::trace_unsynchronized::h9c2852a457ad564e
[INFO] [stdout]                                at /rustc/84c898d65adf2f39a5a98507f1fe0ce10a2b8dbc/library/std/src/../../backtrace/src/backtrace/mod.rs:66:5
[INFO] [stdout]    2:     0x56264bbabd0a - std::sys_common::backtrace::_print_fmt::h457936fbfaa0070f
[INFO] [stdout]                                at /rustc/84c898d65adf2f39a5a98507f1fe0ce10a2b8dbc/library/std/src/sys_common/backtrace.rs:65:5
[INFO] [stdout]    3:     0x56264bbabd0a - <std::sys_common::backtrace::_print::DisplayBacktrace as core::fmt::Display>::fmt::h5779d7bf7f70cb0c
[INFO] [stdout]                                at /rustc/84c898d65adf2f39a5a98507f1fe0ce10a2b8dbc/library/std/src/sys_common/backtrace.rs:44:22
[INFO] [stdout]    4:     0x56264bbd5f3e - core::fmt::write::h5a4baaff1bcd3eb5
[INFO] [stdout]                                at /rustc/84c898d65adf2f39a5a98507f1fe0ce10a2b8dbc/library/core/src/fmt/mod.rs:1232:17
[INFO] [stdout]    5:     0x56264bba8415 - std::io::Write::write_fmt::h478f79c628ef31d1
[INFO] [stdout]                                at /rustc/84c898d65adf2f39a5a98507f1fe0ce10a2b8dbc/library/std/src/io/mod.rs:1684:15
[INFO] [stdout]    6:     0x56264bbabad5 - std::sys_common::backtrace::_print::h5fcdc36060f177e8
[INFO] [stdout]                                at /rustc/84c898d65adf2f39a5a98507f1fe0ce10a2b8dbc/library/std/src/sys_common/backtrace.rs:47:5
[INFO] [stdout]    7:     0x56264bbabad5 - std::sys_common::backtrace::print::h54ca9458b876c8bf
[INFO] [stdout]                                at /rustc/84c898d65adf2f39a5a98507f1fe0ce10a2b8dbc/library/std/src/sys_common/backtrace.rs:34:9
[INFO] [stdout]    8:     0x56264bbad89f - std::panicking::default_hook::{{closure}}::hbe471161c7664ed6
[INFO] [stdout]                                at /rustc/84c898d65adf2f39a5a98507f1fe0ce10a2b8dbc/library/std/src/panicking.rs:271:22
[INFO] [stdout]    9:     0x56264bbad55f - std::panicking::default_hook::ha3500da57aa4ac4f
[INFO] [stdout]                                at /rustc/84c898d65adf2f39a5a98507f1fe0ce10a2b8dbc/library/std/src/panicking.rs:287:9
[INFO] [stdout]   10:     0x56264ae524f7 - <alloc::boxed::Box<F,A> as core::ops::function::Fn<Args>>::call::hdf1b89dd137ece34
[INFO] [stdout]                                at /rustc/84c898d65adf2f39a5a98507f1fe0ce10a2b8dbc/library/alloc/src/boxed.rs:2001:9
[INFO] [stdout]   11:     0x56264ae524f7 - test::test_main::{{closure}}::h9081a79f20e75698
[INFO] [stdout]                                at /rustc/84c898d65adf2f39a5a98507f1fe0ce10a2b8dbc/library/test/src/lib.rs:135:21
[INFO] [stdout]   12:     0x56264bbadfcd - <alloc::boxed::Box<F,A> as core::ops::function::Fn<Args>>::call::h6507bddc3eebb4a5
[INFO] [stdout]                                at /rustc/84c898d65adf2f39a5a98507f1fe0ce10a2b8dbc/library/alloc/src/boxed.rs:2001:9
[INFO] [stdout]   13:     0x56264bbadfcd - std::panicking::rust_panic_with_hook::h50c09d000dc561d2
[INFO] [stdout]                                at /rustc/84c898d65adf2f39a5a98507f1fe0ce10a2b8dbc/library/std/src/panicking.rs:696:13
[INFO] [stdout]   14:     0x56264bbadd49 - std::panicking::begin_panic_handler::{{closure}}::h9e2b2176e00e0d9c
[INFO] [stdout]                                at /rustc/84c898d65adf2f39a5a98507f1fe0ce10a2b8dbc/library/std/src/panicking.rs:583:13
[INFO] [stdout]   15:     0x56264bbac176 - std::sys_common::backtrace::__rust_end_short_backtrace::h5739b8e512c09d02
[INFO] [stdout]                                at /rustc/84c898d65adf2f39a5a98507f1fe0ce10a2b8dbc/library/std/src/sys_common/backtrace.rs:150:18
[INFO] [stdout]   16:     0x56264bbada52 - rust_begin_unwind
[INFO] [stdout]                                at /rustc/84c898d65adf2f39a5a98507f1fe0ce10a2b8dbc/library/std/src/panicking.rs:579:5
[INFO] [stdout]   17:     0x56264acf2633 - core::panicking::panic_fmt::hf33a1475b4dc5c3e
[INFO] [stdout]                                at /rustc/84c898d65adf2f39a5a98507f1fe0ce10a2b8dbc/library/core/src/panicking.rs:64:14
[INFO] [stdout]   18:     0x56264acf296f - core::panicking::assert_failed_inner::haf9816227b20b6f2
[INFO] [stdout]   19:     0x56264add948a - core::panicking::assert_failed::ha72231ecae5c19bf
[INFO] [stdout]                                at /rustc/84c898d65adf2f39a5a98507f1fe0ce10a2b8dbc/library/core/src/panicking.rs:211:5
[INFO] [stdout]   20:     0x56264ada5526 - authentication_server_rocket::test::it_works_for_sign_in::{{closure}}::hf33799f36cce32f1
[INFO] [stdout]                                at /opt/rustwide/workdir/src/main.rs:175:9
[INFO] [stdout]   21:     0x56264ad9a154 - tokio::park::thread::CachedParkThread::block_on::{{closure}}::h3b0d330aa6d3dd17
[INFO] [stdout]                                at /opt/rustwide/cargo-home/registry/src/github.com-1ecc6299db9ec823/tokio-1.12.0/src/park/thread.rs:263:54
[INFO] [stdout]   22:     0x56264ad487d0 - tokio::coop::with_budget::{{closure}}::hbdc7db0c1f0d831f
[INFO] [stdout]                                at /opt/rustwide/cargo-home/registry/src/github.com-1ecc6299db9ec823/tokio-1.12.0/src/coop.rs:106:9
[INFO] [stdout]   23:     0x56264ad4e774 - std::thread::local::LocalKey<T>::try_with::h6a3e973266888c34
[INFO] [stdout]                                at /rustc/84c898d65adf2f39a5a98507f1fe0ce10a2b8dbc/library/std/src/thread/local.rs:446:16
[INFO] [stdout]   24:     0x56264ad4c88a - std::thread::local::LocalKey<T>::with::hd6dd87795263d438
[INFO] [stdout]                                at /rustc/84c898d65adf2f39a5a98507f1fe0ce10a2b8dbc/library/std/src/thread/local.rs:422:9
[INFO] [stdout]   25:     0x56264ad9682f - tokio::coop::with_budget::hf09ac99a146155c4
[INFO] [stdout]                                at /opt/rustwide/cargo-home/registry/src/github.com-1ecc6299db9ec823/tokio-1.12.0/src/coop.rs:99:5
[INFO] [stdout]   26:     0x56264ad9682f - tokio::coop::budget::haaf3c77de5ce2007
[INFO] [stdout]                                at /opt/rustwide/cargo-home/registry/src/github.com-1ecc6299db9ec823/tokio-1.12.0/src/coop.rs:76:5
[INFO] [stdout]   27:     0x56264ad9682f - tokio::park::thread::CachedParkThread::block_on::h1c556c550b9a3702
[INFO] [stdout]                                at /opt/rustwide/cargo-home/registry/src/github.com-1ecc6299db9ec823/tokio-1.12.0/src/park/thread.rs:263:31
[INFO] [stdout]   28:     0x56264addda59 - tokio::runtime::enter::Enter::block_on::h757e61ccd81f8268
[INFO] [stdout]                                at /opt/rustwide/cargo-home/registry/src/github.com-1ecc6299db9ec823/tokio-1.12.0/src/runtime/enter.rs:151:13
[INFO] [stdout]   29:     0x56264ad64eb5 - tokio::runtime::thread_pool::ThreadPool::block_on::h27f1b7615c367848
[INFO] [stdout]                                at /opt/rustwide/cargo-home/registry/src/github.com-1ecc6299db9ec823/tokio-1.12.0/src/runtime/thread_pool/mod.rs:77:9
[INFO] [stdout]   30:     0x56264adc20e5 - tokio::runtime::Runtime::block_on::hb114b33d8d238d05
[INFO] [stdout]                                at /opt/rustwide/cargo-home/registry/src/github.com-1ecc6299db9ec823/tokio-1.12.0/src/runtime/mod.rs:463:43
[INFO] [stdout]   31:     0x56264ad9b999 - rocket::async_test::h7ec29c900e53e3ef
[INFO] [stdout]                                at /opt/rustwide/cargo-home/registry/src/github.com-1ecc6299db9ec823/rocket-0.5.0-rc.1/src/lib.rs:210:5
[INFO] [stdout]   32:     0x56264ada4601 - authentication_server_rocket::test::it_works_for_sign_in::h1107f6af3672dea0
[INFO] [stdout]                                at /opt/rustwide/workdir/src/main.rs:157:37
[INFO] [stdout]   33:     0x56264ada45b7 - authentication_server_rocket::test::it_works_for_sign_in::{{closure}}::haaa959f4b4379c5a
[INFO] [stdout]                                at /opt/rustwide/workdir/src/main.rs:157:37
[INFO] [stdout]   34:     0x56264ad20d05 - core::ops::function::FnOnce::call_once::h98f9e194801bc7b5
[INFO] [stdout]                                at /rustc/84c898d65adf2f39a5a98507f1fe0ce10a2b8dbc/library/core/src/ops/function.rs:250:5
[INFO] [stdout]   35:     0x56264ae578df - core::ops::function::FnOnce::call_once::h7d969581be7d0075
[INFO] [stdout]                                at /rustc/84c898d65adf2f39a5a98507f1fe0ce10a2b8dbc/library/core/src/ops/function.rs:250:5
[INFO] [stdout]   36:     0x56264ae578df - test::__rust_begin_short_backtrace::hca25a52684e56655
[INFO] [stdout]                                at /rustc/84c898d65adf2f39a5a98507f1fe0ce10a2b8dbc/library/test/src/lib.rs:656:18
[INFO] [stdout]   37:     0x56264ae28efc - test::run_test::{{closure}}::ha8ac744c4af1a4bb
[INFO] [stdout]                                at /rustc/84c898d65adf2f39a5a98507f1fe0ce10a2b8dbc/library/test/src/lib.rs:647:30
[INFO] [stdout]   38:     0x56264ae28efc - core::ops::function::FnOnce::call_once{{vtable.shim}}::h7b411a9ed45bdecf
[INFO] [stdout]                                at /rustc/84c898d65adf2f39a5a98507f1fe0ce10a2b8dbc/library/core/src/ops/function.rs:250:5
[INFO] [stdout]   39:     0x56264ae568a6 - <alloc::boxed::Box<F,A> as core::ops::function::FnOnce<Args>>::call_once::hd05328869a8ed200
[INFO] [stdout]                                at /rustc/84c898d65adf2f39a5a98507f1fe0ce10a2b8dbc/library/alloc/src/boxed.rs:1987:9
[INFO] [stdout]   40:     0x56264ae568a6 - <core::panic::unwind_safe::AssertUnwindSafe<F> as core::ops::function::FnOnce<()>>::call_once::h0c601ce20bd5b2be
[INFO] [stdout]                                at /rustc/84c898d65adf2f39a5a98507f1fe0ce10a2b8dbc/library/core/src/panic/unwind_safe.rs:271:9
[INFO] [stdout]   41:     0x56264ae568a6 - std::panicking::try::do_call::ha4be5c164fe30854
[INFO] [stdout]                                at /rustc/84c898d65adf2f39a5a98507f1fe0ce10a2b8dbc/library/std/src/panicking.rs:487:40
[INFO] [stdout]   42:     0x56264ae568a6 - std::panicking::try::h604546f3609af05f
[INFO] [stdout]                                at /rustc/84c898d65adf2f39a5a98507f1fe0ce10a2b8dbc/library/std/src/panicking.rs:451:19
[INFO] [stdout]   43:     0x56264ae568a6 - std::panic::catch_unwind::h5bfa8afe44c9c2f9
[INFO] [stdout]                                at /rustc/84c898d65adf2f39a5a98507f1fe0ce10a2b8dbc/library/std/src/panic.rs:140:14
[INFO] [stdout]   44:     0x56264ae568a6 - test::run_test_in_process::hd50dee55dd63e6aa
[INFO] [stdout]                                at /rustc/84c898d65adf2f39a5a98507f1fe0ce10a2b8dbc/library/test/src/lib.rs:679:27
[INFO] [stdout]   45:     0x56264ae568a6 - test::run_test::run_test_inner::{{closure}}::h4aa0f433aa85cea8
[INFO] [stdout]                                at /rustc/84c898d65adf2f39a5a98507f1fe0ce10a2b8dbc/library/test/src/lib.rs:573:39
[INFO] [stdout]   46:     0x56264ae23571 - test::run_test::run_test_inner::{{closure}}::had56431adf24b4d6
[INFO] [stdout]                                at /rustc/84c898d65adf2f39a5a98507f1fe0ce10a2b8dbc/library/test/src/lib.rs:600:37
[INFO] [stdout]   47:     0x56264ae23571 - std::sys_common::backtrace::__rust_begin_short_backtrace::ha8d9890e0c73bf13
[INFO] [stdout]                                at /rustc/84c898d65adf2f39a5a98507f1fe0ce10a2b8dbc/library/std/src/sys_common/backtrace.rs:134:18
[INFO] [stdout]   48:     0x56264ae28f8b - std::thread::Builder::spawn_unchecked_::{{closure}}::{{closure}}::h251832bcb4a95327
[INFO] [stdout]                                at /rustc/84c898d65adf2f39a5a98507f1fe0ce10a2b8dbc/library/std/src/thread/mod.rs:560:17
[INFO] [stdout]   49:     0x56264ae28f8b - <core::panic::unwind_safe::AssertUnwindSafe<F> as core::ops::function::FnOnce<()>>::call_once::h8fdff598fa414831
[INFO] [stdout]                                at /rustc/84c898d65adf2f39a5a98507f1fe0ce10a2b8dbc/library/core/src/panic/unwind_safe.rs:271:9
[INFO] [stdout]   50:     0x56264ae28f8b - std::panicking::try::do_call::h455dd2f7764a950f
[INFO] [stdout]                                at /rustc/84c898d65adf2f39a5a98507f1fe0ce10a2b8dbc/library/std/src/panicking.rs:487:40
[INFO] [stdout]   51:     0x56264ae28f8b - std::panicking::try::had6f23b7b73ae72a
[INFO] [stdout]                                at /rustc/84c898d65adf2f39a5a98507f1fe0ce10a2b8dbc/library/std/src/panicking.rs:451:19
[INFO] [stdout]   52:     0x56264ae28f8b - std::panic::catch_unwind::ha6a5ca3915b4dad0
[INFO] [stdout]                                at /rustc/84c898d65adf2f39a5a98507f1fe0ce10a2b8dbc/library/std/src/panic.rs:140:14
[INFO] [stdout]   53:     0x56264ae28f8b - std::thread::Builder::spawn_unchecked_::{{closure}}::h883b72ef75da6231
[INFO] [stdout]                                at /rustc/84c898d65adf2f39a5a98507f1fe0ce10a2b8dbc/library/std/src/thread/mod.rs:559:30
[INFO] [stdout]   54:     0x56264ae28f8b - core::ops::function::FnOnce::call_once{{vtable.shim}}::hb7dff73dc8bd2ccb
[INFO] [stdout]                                at /rustc/84c898d65adf2f39a5a98507f1fe0ce10a2b8dbc/library/core/src/ops/function.rs:250:5
[INFO] [stdout]   55:     0x56264bbb2933 - <alloc::boxed::Box<F,A> as core::ops::function::FnOnce<Args>>::call_once::h39990b24eedef2ab
[INFO] [stdout]                                at /rustc/84c898d65adf2f39a5a98507f1fe0ce10a2b8dbc/library/alloc/src/boxed.rs:1987:9
[INFO] [stdout]   56:     0x56264bbb2933 - <alloc::boxed::Box<F,A> as core::ops::function::FnOnce<Args>>::call_once::h01a027258444143b
[INFO] [stdout]                                at /rustc/84c898d65adf2f39a5a98507f1fe0ce10a2b8dbc/library/alloc/src/boxed.rs:1987:9
[INFO] [stdout]   57:     0x56264bbb2933 - std::sys::unix::thread::Thread::new::thread_start::ha4f1cdd9c25884ba
[INFO] [stdout]                                at /rustc/84c898d65adf2f39a5a98507f1fe0ce10a2b8dbc/library/std/src/sys/unix/thread.rs:108:17
[INFO] [stdout]   58:     0x7fb246e05b43 - <unknown>
[INFO] [stdout]   59:     0x7fb246e96bb4 - __clone
[INFO] [stdout]   60:                0x0 - <unknown>
[INFO] [stdout] 
[INFO] [stdout] ---- test::correct_error_for_incorrect_password_sign_in stdout ----
[INFO] [stdout] Configured for debug.
[INFO] [stdout]    >> address: 0.0.0.0
[INFO] [stdout]    >> port: 7001
[INFO] [stdout]    >> workers: 16
[INFO] [stdout]    >> ident: Rocket
[INFO] [stdout]    >> keep-alive: 5s
[INFO] [stdout]    >> limits: bytes = 8KiB, data-form = 2MiB, file = 1MiB, form = 32KiB, json = 1MiB, msgpack = 1MiB, string = 8KiB
[INFO] [stdout]    >> tls: disabled
[INFO] [stdout]    >> secret key: [generated]
[INFO] [stdout] Warning: secrets enabled without a stable `secret_key`
[INFO] [stdout]    >> disable `secrets` feature or configure a `secret_key`
[INFO] [stdout]    >> this becomes an error in non-debug profiles
[INFO] [stdout]    >> temp dir: /tmp
[INFO] [stdout]    >> log level: normal
[INFO] [stdout]    >> cli colors: true
[INFO] [stdout]    >> shutdown: ctrlc = true, force = true, signals = [SIGTERM], grace = 2s, mercy = 3s
[INFO] [stdout] Routes:
[INFO] [stdout]    >> (api_home) GET /
[INFO] [stdout]    >> (file_home) GET /files
[INFO] [stdout]    >> (sign_in) POST /auth/sign-in
[INFO] [stdout]    >> (sign_up) POST /auth/sign-up
[INFO] [stdout]    >> (find_user) POST /auth/find-user
[INFO] [stdout]    >> (delete_user) POST /auth/delete-user
[INFO] [stdout]    >> (get_user_tags) GET /auth/get-user-tags
[INFO] [stdout]    >> (upload_file) POST /files/
[INFO] [stdout]    >> (download_file) GET /files/<filename>
[INFO] [stdout] Catchers:
[INFO] [stdout]    >> (not_found) 404
[INFO] [stdout] Fairings:
[INFO] [stdout]    >> Shield (liftoff, response, singleton)
[INFO] [stdout]    >> Add CORS headers to responses (response)
[INFO] [stdout] Shield:
[INFO] [stdout]    >> Permissions-Policy: interest-cohort=()
[INFO] [stdout]    >> X-Content-Type-Options: nosniff
[INFO] [stdout]    >> X-Frame-Options: SAMEORIGIN
[INFO] [stdout] Rocket has launched into local orbit
[INFO] [stdout] POST /auth/sign-up application/x-www-form-urlencoded:
[INFO] [stdout]    >> Matched: (sign_up) POST /auth/sign-up
[INFO] [stdout] password_hash : RegisterUser {
[INFO] [stdout]     first_name: "kakashi",
[INFO] [stdout]     last_name: "hatake",
[INFO] [stdout]     user_type: Customer,
[INFO] [stdout]     user_tags: [
[INFO] [stdout]         WebDevelopment,
[INFO] [stdout]         MobileDevelopment,
[INFO] [stdout]     ],
[INFO] [stdout]     email_id: "kakashi@gmail.com",
[INFO] [stdout]     password: "$argon2i$v=19$m=4096,t=3,p=1$bXktc2VjcmV0a2V5LXRvLWNoYW5nZS1pbi1wcm9k$sQ6ORgOjJ/6njlzOVbTQyn8f312mUCG3MygDxnJeZPo",
[INFO] [stdout] }
[INFO] [stdout] Connected to mongodb
[INFO] [stdout] Connected to mongodb
[INFO] [stdout] thread 'test::correct_error_for_incorrect_password_sign_in' panicked at 'called `Result::unwrap()` on an `Err` value: Error { kind: ServerSelectionError { message: "Server selection timeout: No available servers. Topology: { Type: Unknown, Servers: [ { Address: localhost:27017, Type: Unknown, Error: Cannot assign requested address (os error 99) }, ] }" }, labels: [] }', src/utils/mongo_util.rs:51:62
[INFO] [stdout] stack backtrace:
[INFO] [stdout]    0:     0x56264bbabd0a - std::backtrace_rs::backtrace::libunwind::trace::ha9053a9a07ca49cb
[INFO] [stdout]                                at /rustc/84c898d65adf2f39a5a98507f1fe0ce10a2b8dbc/library/std/src/../../backtrace/src/backtrace/libunwind.rs:93:5
[INFO] [stdout]    1:     0x56264bbabd0a - std::backtrace_rs::backtrace::trace_unsynchronized::h9c2852a457ad564e
[INFO] [stdout]                                at /rustc/84c898d65adf2f39a5a98507f1fe0ce10a2b8dbc/library/std/src/../../backtrace/src/backtrace/mod.rs:66:5
[INFO] [stdout]    2:     0x56264bbabd0a - std::sys_common::backtrace::_print_fmt::h457936fbfaa0070f
[INFO] [stdout]                                at /rustc/84c898d65adf2f39a5a98507f1fe0ce10a2b8dbc/library/std/src/sys_common/backtrace.rs:65:5
[INFO] [stdout]    3:     0x56264bbabd0a - <std::sys_common::backtrace::_print::DisplayBacktrace as core::fmt::Display>::fmt::h5779d7bf7f70cb0c
[INFO] [stdout]                                at /rustc/84c898d65adf2f39a5a98507f1fe0ce10a2b8dbc/library/std/src/sys_common/backtrace.rs:44:22
[INFO] [stdout]    4:     0x56264bbd5f3e - core::fmt::write::h5a4baaff1bcd3eb5
[INFO] [stdout]                                at /rustc/84c898d65adf2f39a5a98507f1fe0ce10a2b8dbc/library/core/src/fmt/mod.rs:1232:17
[INFO] [stdout]    5:     0x56264bba8415 - std::io::Write::write_fmt::h478f79c628ef31d1
[INFO] [stdout]                                at /rustc/84c898d65adf2f39a5a98507f1fe0ce10a2b8dbc/library/std/src/io/mod.rs:1684:15
[INFO] [stdout]    6:     0x56264bbabad5 - std::sys_common::backtrace::_print::h5fcdc36060f177e8
[INFO] [stdout]                                at /rustc/84c898d65adf2f39a5a98507f1fe0ce10a2b8dbc/library/std/src/sys_common/backtrace.rs:47:5
[INFO] [stdout]    7:     0x56264bbabad5 - std::sys_common::backtrace::print::h54ca9458b876c8bf
[INFO] [stdout]                                at /rustc/84c898d65adf2f39a5a98507f1fe0ce10a2b8dbc/library/std/src/sys_common/backtrace.rs:34:9
[INFO] [stdout]    8:     0x56264bbad89f - std::panicking::default_hook::{{closure}}::hbe471161c7664ed6
[INFO] [stdout]                                at /rustc/84c898d65adf2f39a5a98507f1fe0ce10a2b8dbc/library/std/src/panicking.rs:271:22
[INFO] [stdout]    9:     0x56264bbad55f - std::panicking::default_hook::ha3500da57aa4ac4f
[INFO] [stdout]                                at /rustc/84c898d65adf2f39a5a98507f1fe0ce10a2b8dbc/library/std/src/panicking.rs:287:9
[INFO] [stdout]   10:     0x56264ae524f7 - <alloc::boxed::Box<F,A> as core::ops::function::Fn<Args>>::call::hdf1b89dd137ece34
[INFO] [stdout]                                at /rustc/84c898d65adf2f39a5a98507f1fe0ce10a2b8dbc/library/alloc/src/boxed.rs:2001:9
[INFO] [stdout]   11:     0x56264ae524f7 - test::test_main::{{closure}}::h9081a79f20e75698
[INFO] [stdout]                                at /rustc/84c898d65adf2f39a5a98507f1fe0ce10a2b8dbc/library/test/src/lib.rs:135:21
[INFO] [stdout]   12:     0x56264bbadfcd - <alloc::boxed::Box<F,A> as core::ops::function::Fn<Args>>::call::h6507bddc3eebb4a5
[INFO] [stdout]                                at /rustc/84c898d65adf2f39a5a98507f1fe0ce10a2b8dbc/library/alloc/src/boxed.rs:2001:9
[INFO] [stdout]   13:     0x56264bbadfcd - std::panicking::rust_panic_with_hook::h50c09d000dc561d2
[INFO] [stdout]                                at /rustc/84c898d65adf2f39a5a98507f1fe0ce10a2b8dbc/library/std/src/panicking.rs:696:13
[INFO] [stdout]   14:     0x56264bbadd49 - std::panicking::begin_panic_handler::{{closure}}::h9e2b2176e00e0d9c
[INFO] [stdout]                                at /rustc/84c898d65adf2f39a5a98507f1fe0ce10a2b8dbc/library/std/src/panicking.rs:583:13
[INFO] [stdout]   15:     0x56264bbac176 - std::sys_common::backtrace::__rust_end_short_backtrace::h5739b8e512c09d02
[INFO] [stdout]                                at /rustc/84c898d65adf2f39a5a98507f1fe0ce10a2b8dbc/library/std/src/sys_common/backtrace.rs:150:18
[INFO] [stdout]   16:     0x56264bbada52 - rust_begin_unwind
[INFO] [stdout]                                at /rustc/84c898d65adf2f39a5a98507f1fe0ce10a2b8dbc/library/std/src/panicking.rs:579:5
[INFO] [stdout]   17:     0x56264acf2633 - core::panicking::panic_fmt::hf33a1475b4dc5c3e
[INFO] [stdout]                                at /rustc/84c898d65adf2f39a5a98507f1fe0ce10a2b8dbc/library/core/src/panicking.rs:64:14
[INFO] [stdout]   18:     0x56264acf2ae3 - core::result::unwrap_failed::hdff5465d74574b44
[INFO] [stdout]                                at /rustc/84c898d65adf2f39a5a98507f1fe0ce10a2b8dbc/library/core/src/result.rs:1750:5
[INFO] [stdout]   19:     0x56264ad39305 - core::result::Result<T,E>::unwrap::h742a9f203c5fd482
[INFO] [stdout]                                at /rustc/84c898d65adf2f39a5a98507f1fe0ce10a2b8dbc/library/core/src/result.rs:1090:23
[INFO] [stdout]   20:     0x56264ae21101 - authentication_server_rocket::utils::mongo_util::MongoUtil::insert_one::{{closure}}::ha3f2afdba976344c
[INFO] [stdout]                                at /opt/rustwide/workdir/src/utils/mongo_util.rs:51:24
[INFO] [stdout]   21:     0x56264ada0ec7 - authentication_server_rocket::services::user_service::UserService::register::{{closure}}::hcbfcae78ee0067a7
[INFO] [stdout]                                at /opt/rustwide/workdir/src/services/user_service.rs:16:67
[INFO] [stdout]   22:     0x56264adc85e9 - authentication_server_rocket::controller::user_controller::sign_up::{{closure}}::h7900de01ce7d95bf
[INFO] [stdout]                                at /opt/rustwide/workdir/src/controller/user_controller.rs:41:71
[INFO] [stdout]   23:     0x56264adca368 - authentication_server_rocket::controller::user_controller::sign_up::into_info::monomorphized_function::{{closure}}::hddc9f3d1f4c8b467
[INFO] [stdout]                                at /opt/rustwide/workdir/src/controller/user_controller.rs:33:5
[INFO] [stdout]   24:     0x56264b5e924e - <core::pin::Pin<P> as core::future::future::Future>::poll::hb52e63195a9217d8
[INFO] [stdout]                                at /rustc/84c898d65adf2f39a5a98507f1fe0ce10a2b8dbc/library/core/src/future/future.rs:125:9
[INFO] [stdout]   25:     0x56264b6e76d6 - <core::panic::unwind_safe::AssertUnwindSafe<F> as core::future::future::Future>::poll::hef1fed117302cc74
[INFO] [stdout]                                at /rustc/84c898d65adf2f39a5a98507f1fe0ce10a2b8dbc/library/core/src/panic/unwind_safe.rs:296:9
[INFO] [stdout]   26:     0x56264b7430a8 - <futures_util::future::future::catch_unwind::CatchUnwind<Fut> as core::future::future::Future>::poll::{{closure}}::h0948590dc8f8dee1
[INFO] [stdout]                                at /opt/rustwide/cargo-home/registry/src/github.com-1ecc6299db9ec823/futures-util-0.3.16/src/future/future/catch_unwind.rs:36:42
[INFO] [stdout]   27:     0x56264b6e7b6c - <core::panic::unwind_safe::AssertUnwindSafe<F> as core::ops::function::FnOnce<()>>::call_once::h7862776975665b92
[INFO] [stdout]                                at /rustc/84c898d65adf2f39a5a98507f1fe0ce10a2b8dbc/library/core/src/panic/unwind_safe.rs:271:9
[INFO] [stdout]   28:     0x56264b688da8 - std::panicking::try::do_call::ha250777fd3177656
[INFO] [stdout]                                at /rustc/84c898d65adf2f39a5a98507f1fe0ce10a2b8dbc/library/std/src/panicking.rs:487:40
[INFO] [stdout]   29:     0x56264b6a7a0b - __rust_try
[INFO] [stdout]   30:     0x56264b68828f - std::panicking::try::h016d20f2b1cb0dda
[INFO] [stdout]                                at /rustc/84c898d65adf2f39a5a98507f1fe0ce10a2b8dbc/library/std/src/panicking.rs:451:19
[INFO] [stdout]   31:     0x56264b7714eb - std::panic::catch_unwind::h2c77737bb3dde29e
[INFO] [stdout]                                at /rustc/84c898d65adf2f39a5a98507f1fe0ce10a2b8dbc/library/std/src/panic.rs:140:14
[INFO] [stdout]   32:     0x56264b742fea - <futures_util::future::future::catch_unwind::CatchUnwind<Fut> as core::future::future::Future>::poll::hea0892adf6509962
[INFO] [stdout]                                at /opt/rustwide/cargo-home/registry/src/github.com-1ecc6299db9ec823/futures-util-0.3.16/src/future/future/catch_unwind.rs:36:9
[INFO] [stdout]   33:     0x56264b6d0ac5 - rocket::server::handle::{{closure}}::h9888d8e6f4a292c2
[INFO] [stdout]                                at /opt/rustwide/cargo-home/registry/src/github.com-1ecc6299db9ec823/rocket-0.5.0-rc.1/src/server.rs:55:9
[INFO] [stdout]   34:     0x56264b6d6f91 - rocket::server::<impl rocket::rocket::Rocket<rocket::phase::Orbit>>::route::{{closure}}::h5fb80a632c65fe16
[INFO] [stdout]                                at /opt/rustwide/cargo-home/registry/src/github.com-1ecc6299db9ec823/rocket-0.5.0-rc.1/src/server.rs:280:79
[INFO] [stdout]   35:     0x56264b6d5440 - rocket::server::<impl rocket::rocket::Rocket<rocket::phase::Orbit>>::route_and_process::{{closure}}::h358622ffdc6ee02a
[INFO] [stdout]                                at /opt/rustwide/cargo-home/registry/src/github.com-1ecc6299db9ec823/rocket-0.5.0-rc.1/src/server.rs:235:59
[INFO] [stdout]   36:     0x56264b6d476e - rocket::server::<impl rocket::rocket::Rocket<rocket::phase::Orbit>>::dispatch::{{closure}}::hf4c377e2756e6b59
[INFO] [stdout]                                at /opt/rustwide/cargo-home/registry/src/github.com-1ecc6299db9ec823/rocket-0.5.0-rc.1/src/server.rs:209:65
[INFO] [stdout]   37:     0x56264b686fd7 - rocket::local::asynchronous::response::LocalResponse::new::{{closure}}::h776e1f64f56eecfd
[INFO] [stdout]                                at /opt/rustwide/cargo-home/registry/src/github.com-1ecc6299db9ec823/rocket-0.5.0-rc.1/src/local/asynchronous/response.rs:90:52
[INFO] [stdout]   38:     0x56264b69e61d - rocket::local::asynchronous::request::LocalRequest::_dispatch::{{closure}}::h05b8214d50a36ecc
[INFO] [stdout]                                at /opt/rustwide/cargo-home/registry/src/github.com-1ecc6299db9ec823/rocket-0.5.0-rc.1/src/local/asynchronous/request.rs:100:11
[INFO] [stdout]   39:     0x56264b6a7747 - rocket::local::asynchronous::request::LocalRequest::dispatch::{{closure}}::hc318ba124503f437
[INFO] [stdout]                                at /opt/rustwide/cargo-home/registry/src/github.com-1ecc6299db9ec823/rocket-0.5.0-rc.1/src/local/request.rs:326:9
[INFO] [stdout]   40:     0x56264ada8d20 - authentication_server_rocket::test::correct_error_for_incorrect_password_sign_in::{{closure}}::h8e43e2f59782feaf
[INFO] [stdout]                                at /opt/rustwide/workdir/src/main.rs:255:28
[INFO] [stdout]   41:     0x56264ad9a454 - tokio::park::thread::CachedParkThread::block_on::{{closure}}::he06eb4b4c7fbf350
[INFO] [stdout]                                at /opt/rustwide/cargo-home/registry/src/github.com-1ecc6299db9ec823/tokio-1.12.0/src/park/thread.rs:263:54
[INFO] [stdout]   42:     0x56264ad48b60 - tokio::coop::with_budget::{{closure}}::hc8edb4ca2ebf0088
[INFO] [stdout]                                at /opt/rustwide/cargo-home/registry/src/github.com-1ecc6299db9ec823/tokio-1.12.0/src/coop.rs:106:9
[INFO] [stdout]   43:     0x56264ad4f124 - std::thread::local::LocalKey<T>::try_with::h720aa96536761045
[INFO] [stdout]                                at /rustc/84c898d65adf2f39a5a98507f1fe0ce10a2b8dbc/library/std/src/thread/local.rs:446:16
[INFO] [stdout]   44:     0x56264ad4c85a - std::thread::local::LocalKey<T>::with::hd190e9a476e26e4d
[INFO] [stdout]                                at /rustc/84c898d65adf2f39a5a98507f1fe0ce10a2b8dbc/library/std/src/thread/local.rs:422:9
[INFO] [stdout]   45:     0x56264ad97d1f - tokio::coop::with_budget::hc568cdd136ad2963
[INFO] [stdout]                                at /opt/rustwide/cargo-home/registry/src/github.com-1ecc6299db9ec823/tokio-1.12.0/src/coop.rs:99:5
[INFO] [stdout]   46:     0x56264ad97d1f - tokio::coop::budget::hc6d618c58905b26e
[INFO] [stdout]                                at /opt/rustwide/cargo-home/registry/src/github.com-1ecc6299db9ec823/tokio-1.12.0/src/coop.rs:76:5
[INFO] [stdout]   47:     0x56264ad97d1f - tokio::park::thread::CachedParkThread::block_on::h561f55b675e775b4
[INFO] [stdout]                                at /opt/rustwide/cargo-home/registry/src/github.com-1ecc6299db9ec823/tokio-1.12.0/src/park/thread.rs:263:31
[INFO] [stdout]   48:     0x56264adddd69 - tokio::runtime::enter::Enter::block_on::h8c8faaf7835a621e
[INFO] [stdout]                                at /opt/rustwide/cargo-home/registry/src/github.com-1ecc6299db9ec823/tokio-1.12.0/src/runtime/enter.rs:151:13
[INFO] [stdout]   49:     0x56264ad654a5 - tokio::runtime::thread_pool::ThreadPool::block_on::h55c39c8df783a74b
[INFO] [stdout]                                at /opt/rustwide/cargo-home/registry/src/github.com-1ecc6299db9ec823/tokio-1.12.0/src/runtime/thread_pool/mod.rs:77:9
[INFO] [stdout]   50:     0x56264adc1da5 - tokio::runtime::Runtime::block_on::h7cf554b0d742b275
[INFO] [stdout]                                at /opt/rustwide/cargo-home/registry/src/github.com-1ecc6299db9ec823/tokio-1.12.0/src/runtime/mod.rs:463:43
[INFO] [stdout]   51:     0x56264ad9c119 - rocket::async_test::hd1f03e975fc41b2b
[INFO] [stdout]                                at /opt/rustwide/cargo-home/registry/src/github.com-1ecc6299db9ec823/rocket-0.5.0-rc.1/src/lib.rs:210:5
[INFO] [stdout]   52:     0x56264ada8271 - authentication_server_rocket::test::correct_error_for_incorrect_password_sign_in::h73b08af44b9cacc4
[INFO] [stdout]                                at /opt/rustwide/workdir/src/main.rs:242:61
[INFO] [stdout]   53:     0x56264ada8227 - authentication_server_rocket::test::correct_error_for_incorrect_password_sign_in::{{closure}}::h40b4b68d6eb24fed
[INFO] [stdout]                                at /opt/rustwide/workdir/src/main.rs:242:61
[INFO] [stdout]   54:     0x56264ad20865 - core::ops::function::FnOnce::call_once::h19b96599421a1368
[INFO] [stdout]                                at /rustc/84c898d65adf2f39a5a98507f1fe0ce10a2b8dbc/library/core/src/ops/function.rs:250:5
[INFO] [stdout]   55:     0x56264ae578df - core::ops::function::FnOnce::call_once::h7d969581be7d0075
[INFO] [stdout]                                at /rustc/84c898d65adf2f39a5a98507f1fe0ce10a2b8dbc/library/core/src/ops/function.rs:250:5
[INFO] [stdout]   56:     0x56264ae578df - test::__rust_begin_short_backtrace::hca25a52684e56655
[INFO] [stdout]                                at /rustc/84c898d65adf2f39a5a98507f1fe0ce10a2b8dbc/library/test/src/lib.rs:656:18
[INFO] [stdout]   57:     0x56264ae28efc - test::run_test::{{closure}}::ha8ac744c4af1a4bb
[INFO] [stdout]                                at /rustc/84c898d65adf2f39a5a98507f1fe0ce10a2b8dbc/library/test/src/lib.rs:647:30
[INFO] [stdout]   58:     0x56264ae28efc - core::ops::function::FnOnce::call_once{{vtable.shim}}::h7b411a9ed45bdecf
[INFO] [stdout]                                at /rustc/84c898d65adf2f39a5a98507f1fe0ce10a2b8dbc/library/core/src/ops/function.rs:250:5
[INFO] [stdout]   59:     0x56264ae568a6 - <alloc::boxed::Box<F,A> as core::ops::function::FnOnce<Args>>::call_once::hd05328869a8ed200
[INFO] [stdout]                                at /rustc/84c898d65adf2f39a5a98507f1fe0ce10a2b8dbc/library/alloc/src/boxed.rs:1987:9
[INFO] [stdout]   60:     0x56264ae568a6 - <core::panic::unwind_safe::AssertUnwindSafe<F> as core::ops::function::FnOnce<()>>::call_once::h0c601ce20bd5b2be
[INFO] [stdout]                                at /rustc/84c898d65adf2f39a5a98507f1fe0ce10a2b8dbc/library/core/src/panic/unwind_safe.rs:271:9
[INFO] [stdout]   61:     0x56264ae568a6 - std::panicking::try::do_call::ha4be5c164fe30854
[INFO] [stdout]                                at /rustc/84c898d65adf2f39a5a98507f1fe0ce10a2b8dbc/library/std/src/panicking.rs:487:40
[INFO] [stdout]   62:     0x56264ae568a6 - std::panicking::try::h604546f3609af05f
[INFO] [stdout]                                at /rustc/84c898d65adf2f39a5a98507f1fe0ce10a2b8dbc/library/std/src/panicking.rs:451:19
[INFO] [stdout]   63:     0x56264ae568a6 - std::panic::catch_unwind::h5bfa8afe44c9c2f9
[INFO] [stdout]                                at /rustc/84c898d65adf2f39a5a98507f1fe0ce10a2b8dbc/library/std/src/panic.rs:140:14
[INFO] [stdout]   64:     0x56264ae568a6 - test::run_test_in_process::hd50dee55dd63e6aa
[INFO] [stdout]                                at /rustc/84c898d65adf2f39a5a98507f1fe0ce10a2b8dbc/library/test/src/lib.rs:679:27
[INFO] [stdout]   65:     0x56264ae568a6 - test::run_test::run_test_inner::{{closure}}::h4aa0f433aa85cea8
[INFO] [stdout]                                at /rustc/84c898d65adf2f39a5a98507f1fe0ce10a2b8dbc/library/test/src/lib.rs:573:39
[INFO] [stdout]   66:     0x56264ae23571 - test::run_test::run_test_inner::{{closure}}::had56431adf24b4d6
[INFO] [stdout]                                at /rustc/84c898d65adf2f39a5a98507f1fe0ce10a2b8dbc/library/test/src/lib.rs:600:37
[INFO] [stdout]   67:     0x56264ae23571 - std::sys_common::backtrace::__rust_begin_short_backtrace::ha8d9890e0c73bf13
[INFO] [stdout]                                at /rustc/84c898d65adf2f39a5a98507f1fe0ce10a2b8dbc/library/std/src/sys_common/backtrace.rs:134:18
[INFO] [stdout]   68:     0x56264ae28f8b - std::thread::Builder::spawn_unchecked_::{{closure}}::{{closure}}::h251832bcb4a95327
[INFO] [stdout]                                at /rustc/84c898d65adf2f39a5a98507f1fe0ce10a2b8dbc/library/std/src/thread/mod.rs:560:17
[INFO] [stdout]   69:     0x56264ae28f8b - <core::panic::unwind_safe::AssertUnwindSafe<F> as core::ops::function::FnOnce<()>>::call_once::h8fdff598fa414831
[INFO] [stdout]                                at /rustc/84c898d65adf2f39a5a98507f1fe0ce10a2b8dbc/library/core/src/panic/unwind_safe.rs:271:9
[INFO] [stdout]   70:     0x56264ae28f8b - std::panicking::try::do_call::h455dd2f7764a950f
[INFO] [stdout]                                at /rustc/84c898d65adf2f39a5a98507f1fe0ce10a2b8dbc/library/std/src/panicking.rs:487:40
[INFO] [stdout]   71:     0x56264ae28f8b - std::panicking::try::had6f23b7b73ae72a
[INFO] [stdout]                                at /rustc/84c898d65adf2f39a5a98507f1fe0ce10a2b8dbc/library/std/src/panicking.rs:451:19
[INFO] [stdout]   72:     0x56264ae28f8b - std::panic::catch_unwind::ha6a5ca3915b4dad0
[INFO] [stdout]                                at /rustc/84c898d65adf2f39a5a98507f1fe0ce10a2b8dbc/library/std/src/panic.rs:140:14
[INFO] [stdout]   73:     0x56264ae28f8b - std::thread::Builder::spawn_unchecked_::{{closure}}::h883b72ef75da6231
[INFO] [stdout]                                at /rustc/84c898d65adf2f39a5a98507f1fe0ce10a2b8dbc/library/std/src/thread/mod.rs:559:30
[INFO] [stdout]   74:     0x56264ae28f8b - core::ops::function::FnOnce::call_once{{vtable.shim}}::hb7dff73dc8bd2ccb
[INFO] [stdout]                                at /rustc/84c898d65adf2f39a5a98507f1fe0ce10a2b8dbc/library/core/src/ops/function.rs:250:5
[INFO] [stdout]   75:     0x56264bbb2933 - <alloc::boxed::Box<F,A> as core::ops::function::FnOnce<Args>>::call_once::h39990b24eedef2ab
[INFO] [stdout]                                at /rustc/84c898d65adf2f39a5a98507f1fe0ce10a2b8dbc/library/alloc/src/boxed.rs:1987:9
[INFO] [stdout]   76:     0x56264bbb2933 - <alloc::boxed::Box<F,A> as core::ops::function::FnOnce<Args>>::call_once::h01a027258444143b
[INFO] [stdout]                                at /rustc/84c898d65adf2f39a5a98507f1fe0ce10a2b8dbc/library/alloc/src/boxed.rs:1987:9
[INFO] [stdout]   77:     0x56264bbb2933 - std::sys::unix::thread::Thread::new::thread_start::ha4f1cdd9c25884ba
[INFO] [stdout]                                at /rustc/84c898d65adf2f39a5a98507f1fe0ce10a2b8dbc/library/std/src/sys/unix/thread.rs:108:17
[INFO] [stdout]   78:     0x7fb246e05b43 - <unknown>
[INFO] [stdout]   79:     0x7fb246e96bb4 - __clone
[INFO] [stdout]   80:                0x0 - <unknown>
[INFO] [stdout]    >> Handler sign_up panicked.
[INFO] [stdout]    >> This is an application bug.
[INFO] [stdout]    >> A panic in Rust must be treated as an exceptional event.
[INFO] [stdout]    >> Panicking is not a suitable error handling mechanism.
[INFO] [stdout]    >> Unwinding, the result of a panic, is an expensive operation.
[INFO] [stdout]    >> Panics will severely degrade application performance.
[INFO] [stdout]    >> Instead of panicking, return `Option` and/or `Result`.
[INFO] [stdout]    >> Values of either type can be returned directly from handlers.
[INFO] [stdout]    >> A panic is treated as an internal server error.
[INFO] [stdout]    >> Outcome: Failure
[INFO] [stdout]    >> No 500 catcher registered. Using Rocket default.
[INFO] [stdout] thread 'test::correct_error_for_incorrect_password_sign_in' panicked at 'assertion failed: `(left == right)`
[INFO] [stdout]   left: `Status { code: 500 }`,
[INFO] [stdout]  right: `Status { code: 200 }`', src/main.rs:255:9
[INFO] [stdout] stack backtrace:
[INFO] [stdout]    0:     0x56264bbabd0a - std::backtrace_rs::backtrace::libunwind::trace::ha9053a9a07ca49cb
[INFO] [stdout]                                at /rustc/84c898d65adf2f39a5a98507f1fe0ce10a2b8dbc/library/std/src/../../backtrace/src/backtrace/libunwind.rs:93:5
[INFO] [stdout]    1:     0x56264bbabd0a - std::backtrace_rs::backtrace::trace_unsynchronized::h9c2852a457ad564e
[INFO] [stdout]                                at /rustc/84c898d65adf2f39a5a98507f1fe0ce10a2b8dbc/library/std/src/../../backtrace/src/backtrace/mod.rs:66:5
[INFO] [stdout]    2:     0x56264bbabd0a - std::sys_common::backtrace::_print_fmt::h457936fbfaa0070f
[INFO] [stdout]                                at /rustc/84c898d65adf2f39a5a98507f1fe0ce10a2b8dbc/library/std/src/sys_common/backtrace.rs:65:5
[INFO] [stdout]    3:     0x56264bbabd0a - <std::sys_common::backtrace::_print::DisplayBacktrace as core::fmt::Display>::fmt::h5779d7bf7f70cb0c
[INFO] [stdout]                                at /rustc/84c898d65adf2f39a5a98507f1fe0ce10a2b8dbc/library/std/src/sys_common/backtrace.rs:44:22
[INFO] [stdout]    4:     0x56264bbd5f3e - core::fmt::write::h5a4baaff1bcd3eb5
[INFO] [stdout]                                at /rustc/84c898d65adf2f39a5a98507f1fe0ce10a2b8dbc/library/core/src/fmt/mod.rs:1232:17
[INFO] [stdout]    5:     0x56264bba8415 - std::io::Write::write_fmt::h478f79c628ef31d1
[INFO] [stdout]                                at /rustc/84c898d65adf2f39a5a98507f1fe0ce10a2b8dbc/library/std/src/io/mod.rs:1684:15
[INFO] [stdout]    6:     0x56264bbabad5 - std::sys_common::backtrace::_print::h5fcdc36060f177e8
[INFO] [stdout]                                at /rustc/84c898d65adf2f39a5a98507f1fe0ce10a2b8dbc/library/std/src/sys_common/backtrace.rs:47:5
[INFO] [stdout]    7:     0x56264bbabad5 - std::sys_common::backtrace::print::h54ca9458b876c8bf
[INFO] [stdout]                                at /rustc/84c898d65adf2f39a5a98507f1fe0ce10a2b8dbc/library/std/src/sys_common/backtrace.rs:34:9
[INFO] [stdout]    8:     0x56264bbad89f - std::panicking::default_hook::{{closure}}::hbe471161c7664ed6
[INFO] [stdout]                                at /rustc/84c898d65adf2f39a5a98507f1fe0ce10a2b8dbc/library/std/src/panicking.rs:271:22
[INFO] [stdout]    9:     0x56264bbad55f - std::panicking::default_hook::ha3500da57aa4ac4f
[INFO] [stdout]                                at /rustc/84c898d65adf2f39a5a98507f1fe0ce10a2b8dbc/library/std/src/panicking.rs:287:9
[INFO] [stdout]   10:     0x56264ae524f7 - <alloc::boxed::Box<F,A> as core::ops::function::Fn<Args>>::call::hdf1b89dd137ece34
[INFO] [stdout]                                at /rustc/84c898d65adf2f39a5a98507f1fe0ce10a2b8dbc/library/alloc/src/boxed.rs:2001:9
[INFO] [stdout]   11:     0x56264ae524f7 - test::test_main::{{closure}}::h9081a79f20e75698
[INFO] [stdout]                                at /rustc/84c898d65adf2f39a5a98507f1fe0ce10a2b8dbc/library/test/src/lib.rs:135:21
[INFO] [stdout]   12:     0x56264bbadfcd - <alloc::boxed::Box<F,A> as core::ops::function::Fn<Args>>::call::h6507bddc3eebb4a5
[INFO] [stdout]                                at /rustc/84c898d65adf2f39a5a98507f1fe0ce10a2b8dbc/library/alloc/src/boxed.rs:2001:9
[INFO] [stdout]   13:     0x56264bbadfcd - std::panicking::rust_panic_with_hook::h50c09d000dc561d2
[INFO] [stdout]                                at /rustc/84c898d65adf2f39a5a98507f1fe0ce10a2b8dbc/library/std/src/panicking.rs:696:13
[INFO] [stdout]   14:     0x56264bbadd49 - std::panicking::begin_panic_handler::{{closure}}::h9e2b2176e00e0d9c
[INFO] [stdout]                                at /rustc/84c898d65adf2f39a5a98507f1fe0ce10a2b8dbc/library/std/src/panicking.rs:583:13
[INFO] [stdout]   15:     0x56264bbac176 - std::sys_common::backtrace::__rust_end_short_backtrace::h5739b8e512c09d02
[INFO] [stdout]                                at /rustc/84c898d65adf2f39a5a98507f1fe0ce10a2b8dbc/library/std/src/sys_common/backtrace.rs:150:18
[INFO] [stdout]   16:     0x56264bbada52 - rust_begin_unwind
[INFO] [stdout]                                at /rustc/84c898d65adf2f39a5a98507f1fe0ce10a2b8dbc/library/std/src/panicking.rs:579:5
[INFO] [stdout]   17:     0x56264acf2633 - core::panicking::panic_fmt::hf33a1475b4dc5c3e
[INFO] [stdout]                                at /rustc/84c898d65adf2f39a5a98507f1fe0ce10a2b8dbc/library/core/src/panicking.rs:64:14
[INFO] [stdout]   18:     0x56264acf296f - core::panicking::assert_failed_inner::haf9816227b20b6f2
[INFO] [stdout]   19:     0x56264add948a - core::panicking::assert_failed::ha72231ecae5c19bf
[INFO] [stdout]                                at /rustc/84c898d65adf2f39a5a98507f1fe0ce10a2b8dbc/library/core/src/panicking.rs:211:5
[INFO] [stdout]   20:     0x56264ada8f2c - authentication_server_rocket::test::correct_error_for_incorrect_password_sign_in::{{closure}}::h8e43e2f59782feaf
[INFO] [stdout]                                at /opt/rustwide/workdir/src/main.rs:255:9
[INFO] [stdout]   21:     0x56264ad9a454 - tokio::park::thread::CachedParkThread::block_on::{{closure}}::he06eb4b4c7fbf350
[INFO] [stdout]                                at /opt/rustwide/cargo-home/registry/src/github.com-1ecc6299db9ec823/tokio-1.12.0/src/park/thread.rs:263:54
[INFO] [stdout]   22:     0x56264ad48b60 - tokio::coop::with_budget::{{closure}}::hc8edb4ca2ebf0088
[INFO] [stdout]                                at /opt/rustwide/cargo-home/registry/src/github.com-1ecc6299db9ec823/tokio-1.12.0/src/coop.rs:106:9
[INFO] [stdout]   23:     0x56264ad4f124 - std::thread::local::LocalKey<T>::try_with::h720aa96536761045
[INFO] [stdout]                                at /rustc/84c898d65adf2f39a5a98507f1fe0ce10a2b8dbc/library/std/src/thread/local.rs:446:16
[INFO] [stdout]   24:     0x56264ad4c85a - std::thread::local::LocalKey<T>::with::hd190e9a476e26e4d
[INFO] [stdout]                                at /rustc/84c898d65adf2f39a5a98507f1fe0ce10a2b8dbc/library/std/src/thread/local.rs:422:9
[INFO] [stdout]   25:     0x56264ad97d1f - tokio::coop::with_budget::hc568cdd136ad2963
[INFO] [stdout]                                at /opt/rustwide/cargo-home/registry/src/github.com-1ecc6299db9ec823/tokio-1.12.0/src/coop.rs:99:5
[INFO] [stdout]   26:     0x56264ad97d1f - tokio::coop::budget::hc6d618c58905b26e
[INFO] [stdout]                                at /opt/rustwide/cargo-home/registry/src/github.com-1ecc6299db9ec823/tokio-1.12.0/src/coop.rs:76:5
[INFO] [stdout]   27:     0x56264ad97d1f - tokio::park::thread::CachedParkThread::block_on::h561f55b675e775b4
[INFO] [stdout]                                at /opt/rustwide/cargo-home/registry/src/github.com-1ecc6299db9ec823/tokio-1.12.0/src/park/thread.rs:263:31
[INFO] [stdout]   28:     0x56264adddd69 - tokio::runtime::enter::Enter::block_on::h8c8faaf7835a621e
[INFO] [stdout]                                at /opt/rustwide/cargo-home/registry/src/github.com-1ecc6299db9ec823/tokio-1.12.0/src/runtime/enter.rs:151:13
[INFO] [stdout]   29:     0x56264ad654a5 - tokio::runtime::thread_pool::ThreadPool::block_on::h55c39c8df783a74b
[INFO] [stdout]                                at /opt/rustwide/cargo-home/registry/src/github.com-1ecc6299db9ec823/tokio-1.12.0/src/runtime/thread_pool/mod.rs:77:9
[INFO] [stdout]   30:     0x56264adc1da5 - tokio::runtime::Runtime::block_on::h7cf554b0d742b275
[INFO] [stdout]                                at /opt/rustwide/cargo-home/registry/src/github.com-1ecc6299db9ec823/tokio-1.12.0/src/runtime/mod.rs:463:43
[INFO] [stdout]   31:     0x56264ad9c119 - rocket::async_test::hd1f03e975fc41b2b
[INFO] [stdout]                                at /opt/rustwide/cargo-home/registry/src/github.com-1ecc6299db9ec823/rocket-0.5.0-rc.1/src/lib.rs:210:5
[INFO] [stdout]   32:     0x56264ada8271 - authentication_server_rocket::test::correct_error_for_incorrect_password_sign_in::h73b08af44b9cacc4
[INFO] [stdout]                                at /opt/rustwide/workdir/src/main.rs:242:61
[INFO] [stdout]   33:     0x56264ada8227 - authentication_server_rocket::test::correct_error_for_incorrect_password_sign_in::{{closure}}::h40b4b68d6eb24fed
[INFO] [stdout]                                at /opt/rustwide/workdir/src/main.rs:242:61
[INFO] [stdout]   34:     0x56264ad20865 - core::ops::function::FnOnce::call_once::h19b96599421a1368
[INFO] [stdout]                                at /rustc/84c898d65adf2f39a5a98507f1fe0ce10a2b8dbc/library/core/src/ops/function.rs:250:5
[INFO] [stdout]   35:     0x56264ae578df - core::ops::function::FnOnce::call_once::h7d969581be7d0075
[INFO] [stdout]                                at /rustc/84c898d65adf2f39a5a98507f1fe0ce10a2b8dbc/library/core/src/ops/function.rs:250:5
[INFO] [stdout]   36:     0x56264ae578df - test::__rust_begin_short_backtrace::hca25a52684e56655
[INFO] [stdout]                                at /rustc/84c898d65adf2f39a5a98507f1fe0ce10a2b8dbc/library/test/src/lib.rs:656:18
[INFO] [stdout]   37:     0x56264ae28efc - test::run_test::{{closure}}::ha8ac744c4af1a4bb
[INFO] [stdout]                                at /rustc/84c898d65adf2f39a5a98507f1fe0ce10a2b8dbc/library/test/src/lib.rs:647:30
[INFO] [stdout]   38:     0x56264ae28efc - core::ops::function::FnOnce::call_once{{vtable.shim}}::h7b411a9ed45bdecf
[INFO] [stdout]                                at /rustc/84c898d65adf2f39a5a98507f1fe0ce10a2b8dbc/library/core/src/ops/function.rs:250:5
[INFO] [stdout]   39:     0x56264ae568a6 - <alloc::boxed::Box<F,A> as core::ops::function::FnOnce<Args>>::call_once::hd05328869a8ed200
[INFO] [stdout]                                at /rustc/84c898d65adf2f39a5a98507f1fe0ce10a2b8dbc/library/alloc/src/boxed.rs:1987:9
[INFO] [stdout]   40:     0x56264ae568a6 - <core::panic::unwind_safe::AssertUnwindSafe<F> as core::ops::function::FnOnce<()>>::call_once::h0c601ce20bd5b2be
[INFO] [stdout]                                at /rustc/84c898d65adf2f39a5a98507f1fe0ce10a2b8dbc/library/core/src/panic/unwind_safe.rs:271:9
[INFO] [stdout]   41:     0x56264ae568a6 - std::panicking::try::do_call::ha4be5c164fe30854
[INFO] [stdout]                                at /rustc/84c898d65adf2f39a5a98507f1fe0ce10a2b8dbc/library/std/src/panicking.rs:487:40
[INFO] [stdout]   42:     0x56264ae568a6 - std::panicking::try::h604546f3609af05f
[INFO] [stdout]                                at /rustc/84c898d65adf2f39a5a98507f1fe0ce10a2b8dbc/library/std/src/panicking.rs:451:19
[INFO] [stdout]   43:     0x56264ae568a6 - std::panic::catch_unwind::h5bfa8afe44c9c2f9
[INFO] [stdout]                                at /rustc/84c898d65adf2f39a5a98507f1fe0ce10a2b8dbc/library/std/src/panic.rs:140:14
[INFO] [stdout]   44:     0x56264ae568a6 - test::run_test_in_process::hd50dee55dd63e6aa
[INFO] [stdout]                                at /rustc/84c898d65adf2f39a5a98507f1fe0ce10a2b8dbc/library/test/src/lib.rs:679:27
[INFO] [stdout]   45:     0x56264ae568a6 - test::run_test::run_test_inner::{{closure}}::h4aa0f433aa85cea8
[INFO] [stdout]                                at /rustc/84c898d65adf2f39a5a98507f1fe0ce10a2b8dbc/library/test/src/lib.rs:573:39
[INFO] [stdout]   46:     0x56264ae23571 - test::run_test::run_test_inner::{{closure}}::had56431adf24b4d6
[INFO] [stdout]                                at /rustc/84c898d65adf2f39a5a98507f1fe0ce10a2b8dbc/library/test/src/lib.rs:600:37
[INFO] [stdout]   47:     0x56264ae23571 - std::sys_common::backtrace::__rust_begin_short_backtrace::ha8d9890e0c73bf13
[INFO] [stdout]                                at /rustc/84c898d65adf2f39a5a98507f1fe0ce10a2b8dbc/library/std/src/sys_common/backtrace.rs:134:18
[INFO] [stdout]   48:     0x56264ae28f8b - std::thread::Builder::spawn_unchecked_::{{closure}}::{{closure}}::h251832bcb4a95327
[INFO] [stdout]                                at /rustc/84c898d65adf2f39a5a98507f1fe0ce10a2b8dbc/library/std/src/thread/mod.rs:560:17
[INFO] [stdout]   49:     0x56264ae28f8b - <core::panic::unwind_safe::AssertUnwindSafe<F> as core::ops::function::FnOnce<()>>::call_once::h8fdff598fa414831
[INFO] [stdout]                                at /rustc/84c898d65adf2f39a5a98507f1fe0ce10a2b8dbc/library/core/src/panic/unwind_safe.rs:271:9
[INFO] [stdout]   50:     0x56264ae28f8b - std::panicking::try::do_call::h455dd2f7764a950f
[INFO] [stdout]                                at /rustc/84c898d65adf2f39a5a98507f1fe0ce10a2b8dbc/library/std/src/panicking.rs:487:40
[INFO] [stdout]   51:     0x56264ae28f8b - std::panicking::try::had6f23b7b73ae72a
[INFO] [stdout]                                at /rustc/84c898d65adf2f39a5a98507f1fe0ce10a2b8dbc/library/std/src/panicking.rs:451:19
[INFO] [stdout]   52:     0x56264ae28f8b - std::panic::catch_unwind::ha6a5ca3915b4dad0
[INFO] [stdout]                                at /rustc/84c898d65adf2f39a5a98507f1fe0ce10a2b8dbc/library/std/src/panic.rs:140:14
[INFO] [stdout]   53:     0x56264ae28f8b - std::thread::Builder::spawn_unchecked_::{{closure}}::h883b72ef75da6231
[INFO] [stdout]                                at /rustc/84c898d65adf2f39a5a98507f1fe0ce10a2b8dbc/library/std/src/thread/mod.rs:559:30
[INFO] [stdout]   54:     0x56264ae28f8b - core::ops::function::FnOnce::call_once{{vtable.shim}}::hb7dff73dc8bd2ccb
[INFO] [stdout]                                at /rustc/84c898d65adf2f39a5a98507f1fe0ce10a2b8dbc/library/core/src/ops/function.rs:250:5
[INFO] [stdout]   55:     0x56264bbb2933 - <alloc::boxed::Box<F,A> as core::ops::function::FnOnce<Args>>::call_once::h39990b24eedef2ab
[INFO] [stdout]                                at /rustc/84c898d65adf2f39a5a98507f1fe0ce10a2b8dbc/library/alloc/src/boxed.rs:1987:9
[INFO] [stdout]   56:     0x56264bbb2933 - <alloc::boxed::Box<F,A> as core::ops::function::FnOnce<Args>>::call_once::h01a027258444143b
[INFO] [stdout]                                at /rustc/84c898d65adf2f39a5a98507f1fe0ce10a2b8dbc/library/alloc/src/boxed.rs:1987:9
[INFO] [stdout]   57:     0x56264bbb2933 - std::sys::unix::thread::Thread::new::thread_start::ha4f1cdd9c25884ba
[INFO] [stdout]                                at /rustc/84c898d65adf2f39a5a98507f1fe0ce10a2b8dbc/library/std/src/sys/unix/thread.rs:108:17
[INFO] [stdout]   58:     0x7fb246e05b43 - <unknown>
[INFO] [stdout]   59:     0x7fb246e96bb4 - __clone
[INFO] [stdout]   60:                0x0 - <unknown>
[INFO] [stdout] 
[INFO] [stdout] ---- test::correct_error_response_if_user_already_registered stdout ----
[INFO] [stdout] Configured for debug.
[INFO] [stdout]    >> address: 0.0.0.0
[INFO] [stdout]    >> port: 7001
[INFO] [stdout]    >> workers: 16
[INFO] [stdout]    >> ident: Rocket
[INFO] [stdout]    >> keep-alive: 5s
[INFO] [stdout]    >> limits: bytes = 8KiB, data-form = 2MiB, file = 1MiB, form = 32KiB, json = 1MiB, msgpack = 1MiB, string = 8KiB
[INFO] [stdout]    >> tls: disabled
[INFO] [stdout]    >> secret key: [generated]
[INFO] [stdout] Warning: secrets enabled without a stable `secret_key`
[INFO] [stdout]    >> disable `secrets` feature or configure a `secret_key`
[INFO] [stdout]    >> this becomes an error in non-debug profiles
[INFO] [stdout]    >> temp dir: /tmp
[INFO] [stdout]    >> log level: normal
[INFO] [stdout]    >> cli colors: true
[INFO] [stdout]    >> shutdown: ctrlc = true, force = true, signals = [SIGTERM], grace = 2s, mercy = 3s
[INFO] [stdout] Routes:
[INFO] [stdout]    >> (api_home) GET /
[INFO] [stdout]    >> (file_home) GET /files
[INFO] [stdout]    >> (sign_in) POST /auth/sign-in
[INFO] [stdout]    >> (sign_up) POST /auth/sign-up
[INFO] [stdout]    >> (find_user) POST /auth/find-user
[INFO] [stdout]    >> (delete_user) POST /auth/delete-user
[INFO] [stdout]    >> (get_user_tags) GET /auth/get-user-tags
[INFO] [stdout]    >> (upload_file) POST /files/
[INFO] [stdout]    >> (download_file) GET /files/<filename>
[INFO] [stdout] Catchers:
[INFO] [stdout]    >> (not_found) 404
[INFO] [stdout] Fairings:
[INFO] [stdout]    >> Add CORS headers to responses (response)
[INFO] [stdout]    >> Shield (liftoff, response, singleton)
[INFO] [stdout] Shield:
[INFO] [stdout]    >> Permissions-Policy: interest-cohort=()
[INFO] [stdout]    >> X-Content-Type-Options: nosniff
[INFO] [stdout]    >> X-Frame-Options: SAMEORIGIN
[INFO] [stdout] Rocket has launched into local orbit
[INFO] [stdout] POST /auth/sign-up application/x-www-form-urlencoded:
[INFO] [stdout]    >> Matched: (sign_up) POST /auth/sign-up
[INFO] [stdout] password_hash : RegisterUser {
[INFO] [stdout]     first_name: "kakashi",
[INFO] [stdout]     last_name: "hatake",
[INFO] [stdout]     user_type: Customer,
[INFO] [stdout]     user_tags: [
[INFO] [stdout]         WebDevelopment,
[INFO] [stdout]         MobileDevelopment,
[INFO] [stdout]     ],
[INFO] [stdout]     email_id: "kakashi@gmail.com",
[INFO] [stdout]     password: "$argon2i$v=19$m=4096,t=3,p=1$bXktc2VjcmV0a2V5LXRvLWNoYW5nZS1pbi1wcm9k$sQ6ORgOjJ/6njlzOVbTQyn8f312mUCG3MygDxnJeZPo",
[INFO] [stdout] }
[INFO] [stdout] Connected to mongodb
[INFO] [stdout] Connected to mongodb
[INFO] [stdout] thread 'test::correct_error_response_if_user_already_registered' panicked at 'called `Result::unwrap()` on an `Err` value: Error { kind: ServerSelectionError { message: "Server selection timeout: No available servers. Topology: { Type: Unknown, Servers: [ { Address: localhost:27017, Type: Unknown, Error: Cannot assign requested address (os error 99) }, ] }" }, labels: [] }', src/utils/mongo_util.rs:51:62
[INFO] [stdout] stack backtrace:
[INFO] [stdout]    0:     0x56264bbabd0a - std::backtrace_rs::backtrace::libunwind::trace::ha9053a9a07ca49cb
[INFO] [stdout]                                at /rustc/84c898d65adf2f39a5a98507f1fe0ce10a2b8dbc/library/std/src/../../backtrace/src/backtrace/libunwind.rs:93:5
[INFO] [stdout]    1:     0x56264bbabd0a - std::backtrace_rs::backtrace::trace_unsynchronized::h9c2852a457ad564e
[INFO] [stdout]                                at /rustc/84c898d65adf2f39a5a98507f1fe0ce10a2b8dbc/library/std/src/../../backtrace/src/backtrace/mod.rs:66:5
[INFO] [stdout]    2:     0x56264bbabd0a - std::sys_common::backtrace::_print_fmt::h457936fbfaa0070f
[INFO] [stdout]                                at /rustc/84c898d65adf2f39a5a98507f1fe0ce10a2b8dbc/library/std/src/sys_common/backtrace.rs:65:5
[INFO] [stdout]    3:     0x56264bbabd0a - <std::sys_common::backtrace::_print::DisplayBacktrace as core::fmt::Display>::fmt::h5779d7bf7f70cb0c
[INFO] [stdout]                                at /rustc/84c898d65adf2f39a5a98507f1fe0ce10a2b8dbc/library/std/src/sys_common/backtrace.rs:44:22
[INFO] [stdout]    4:     0x56264bbd5f3e - core::fmt::write::h5a4baaff1bcd3eb5
[INFO] [stdout]                                at /rustc/84c898d65adf2f39a5a98507f1fe0ce10a2b8dbc/library/core/src/fmt/mod.rs:1232:17
[INFO] [stdout]    5:     0x56264bba8415 - std::io::Write::write_fmt::h478f79c628ef31d1
[INFO] [stdout]                                at /rustc/84c898d65adf2f39a5a98507f1fe0ce10a2b8dbc/library/std/src/io/mod.rs:1684:15
[INFO] [stdout]    6:     0x56264bbabad5 - std::sys_common::backtrace::_print::h5fcdc36060f177e8
[INFO] [stdout]                                at /rustc/84c898d65adf2f39a5a98507f1fe0ce10a2b8dbc/library/std/src/sys_common/backtrace.rs:47:5
[INFO] [stdout]    7:     0x56264bbabad5 - std::sys_common::backtrace::print::h54ca9458b876c8bf
[INFO] [stdout]                                at /rustc/84c898d65adf2f39a5a98507f1fe0ce10a2b8dbc/library/std/src/sys_common/backtrace.rs:34:9
[INFO] [stdout]    8:     0x56264bbad89f - std::panicking::default_hook::{{closure}}::hbe471161c7664ed6
[INFO] [stdout]                                at /rustc/84c898d65adf2f39a5a98507f1fe0ce10a2b8dbc/library/std/src/panicking.rs:271:22
[INFO] [stdout]    9:     0x56264bbad55f - std::panicking::default_hook::ha3500da57aa4ac4f
[INFO] [stdout]                                at /rustc/84c898d65adf2f39a5a98507f1fe0ce10a2b8dbc/library/std/src/panicking.rs:287:9
[INFO] [stdout]   10:     0x56264ae524f7 - <alloc::boxed::Box<F,A> as core::ops::function::Fn<Args>>::call::hdf1b89dd137ece34
[INFO] [stdout]                                at /rustc/84c898d65adf2f39a5a98507f1fe0ce10a2b8dbc/library/alloc/src/boxed.rs:2001:9
[INFO] [stdout]   11:     0x56264ae524f7 - test::test_main::{{closure}}::h9081a79f20e75698
[INFO] [stdout]                                at /rustc/84c898d65adf2f39a5a98507f1fe0ce10a2b8dbc/library/test/src/lib.rs:135:21
[INFO] [stdout]   12:     0x56264bbadfcd - <alloc::boxed::Box<F,A> as core::ops::function::Fn<Args>>::call::h6507bddc3eebb4a5
[INFO] [stdout]                                at /rustc/84c898d65adf2f39a5a98507f1fe0ce10a2b8dbc/library/alloc/src/boxed.rs:2001:9
[INFO] [stdout]   13:     0x56264bbadfcd - std::panicking::rust_panic_with_hook::h50c09d000dc561d2
[INFO] [stdout]                                at /rustc/84c898d65adf2f39a5a98507f1fe0ce10a2b8dbc/library/std/src/panicking.rs:696:13
[INFO] [stdout]   14:     0x56264bbadd49 - std::panicking::begin_panic_handler::{{closure}}::h9e2b2176e00e0d9c
[INFO] [stdout]                                at /rustc/84c898d65adf2f39a5a98507f1fe0ce10a2b8dbc/library/std/src/panicking.rs:583:13
[INFO] [stdout]   15:     0x56264bbac176 - std::sys_common::backtrace::__rust_end_short_backtrace::h5739b8e512c09d02
[INFO] [stdout]                                at /rustc/84c898d65adf2f39a5a98507f1fe0ce10a2b8dbc/library/std/src/sys_common/backtrace.rs:150:18
[INFO] [stdout]   16:     0x56264bbada52 - rust_begin_unwind
[INFO] [stdout]                                at /rustc/84c898d65adf2f39a5a98507f1fe0ce10a2b8dbc/library/std/src/panicking.rs:579:5
[INFO] [stdout]   17:     0x56264acf2633 - core::panicking::panic_fmt::hf33a1475b4dc5c3e
[INFO] [stdout]                                at /rustc/84c898d65adf2f39a5a98507f1fe0ce10a2b8dbc/library/core/src/panicking.rs:64:14
[INFO] [stdout]   18:     0x56264acf2ae3 - core::result::unwrap_failed::hdff5465d74574b44
[INFO] [stdout]                                at /rustc/84c898d65adf2f39a5a98507f1fe0ce10a2b8dbc/library/core/src/result.rs:1750:5
[INFO] [stdout]   19:     0x56264ad39305 - core::result::Result<T,E>::unwrap::h742a9f203c5fd482
[INFO] [stdout]                                at /rustc/84c898d65adf2f39a5a98507f1fe0ce10a2b8dbc/library/core/src/result.rs:1090:23
[INFO] [stdout]   20:     0x56264ae21101 - authentication_server_rocket::utils::mongo_util::MongoUtil::insert_one::{{closure}}::ha3f2afdba976344c
[INFO] [stdout]                                at /opt/rustwide/workdir/src/utils/mongo_util.rs:51:24
[INFO] [stdout]   21:     0x56264ada0ec7 - authentication_server_rocket::services::user_service::UserService::register::{{closure}}::hcbfcae78ee0067a7
[INFO] [stdout]                                at /opt/rustwide/workdir/src/services/user_service.rs:16:67
[INFO] [stdout]   22:     0x56264adc85e9 - authentication_server_rocket::controller::user_controller::sign_up::{{closure}}::h7900de01ce7d95bf
[INFO] [stdout]                                at /opt/rustwide/workdir/src/controller/user_controller.rs:41:71
[INFO] [stdout]   23:     0x56264adca368 - authentication_server_rocket::controller::user_controller::sign_up::into_info::monomorphized_function::{{closure}}::hddc9f3d1f4c8b467
[INFO] [stdout]                                at /opt/rustwide/workdir/src/controller/user_controller.rs:33:5
[INFO] [stdout]   24:     0x56264b5e924e - <core::pin::Pin<P> as core::future::future::Future>::poll::hb52e63195a9217d8
[INFO] [stdout]                                at /rustc/84c898d65adf2f39a5a98507f1fe0ce10a2b8dbc/library/core/src/future/future.rs:125:9
[INFO] [stdout]   25:     0x56264b6e76d6 - <core::panic::unwind_safe::AssertUnwindSafe<F> as core::future::future::Future>::poll::hef1fed117302cc74
[INFO] [stdout]                                at /rustc/84c898d65adf2f39a5a98507f1fe0ce10a2b8dbc/library/core/src/panic/unwind_safe.rs:296:9
[INFO] [stdout]   26:     0x56264b7430a8 - <futures_util::future::future::catch_unwind::CatchUnwind<Fut> as core::future::future::Future>::poll::{{closure}}::h0948590dc8f8dee1
[INFO] [stdout]                                at /opt/rustwide/cargo-home/registry/src/github.com-1ecc6299db9ec823/futures-util-0.3.16/src/future/future/catch_unwind.rs:36:42
[INFO] [stdout]   27:     0x56264b6e7b6c - <core::panic::unwind_safe::AssertUnwindSafe<F> as core::ops::function::FnOnce<()>>::call_once::h7862776975665b92
[INFO] [stdout]                                at /rustc/84c898d65adf2f39a5a98507f1fe0ce10a2b8dbc/library/core/src/panic/unwind_safe.rs:271:9
[INFO] [stdout]   28:     0x56264b688da8 - std::panicking::try::do_call::ha250777fd3177656
[INFO] [stdout]                                at /rustc/84c898d65adf2f39a5a98507f1fe0ce10a2b8dbc/library/std/src/panicking.rs:487:40
[INFO] [stdout]   29:     0x56264b6a7a0b - __rust_try
[INFO] [stdout]   30:     0x56264b68828f - std::panicking::try::h016d20f2b1cb0dda
[INFO] [stdout]                                at /rustc/84c898d65adf2f39a5a98507f1fe0ce10a2b8dbc/library/std/src/panicking.rs:451:19
[INFO] [stdout]   31:     0x56264b7714eb - std::panic::catch_unwind::h2c77737bb3dde29e
[INFO] [stdout]                                at /rustc/84c898d65adf2f39a5a98507f1fe0ce10a2b8dbc/library/std/src/panic.rs:140:14
[INFO] [stdout]   32:     0x56264b742fea - <futures_util::future::future::catch_unwind::CatchUnwind<Fut> as core::future::future::Future>::poll::hea0892adf6509962
[INFO] [stdout]                                at /opt/rustwide/cargo-home/registry/src/github.com-1ecc6299db9ec823/futures-util-0.3.16/src/future/future/catch_unwind.rs:36:9
[INFO] [stdout]   33:     0x56264b6d0ac5 - rocket::server::handle::{{closure}}::h9888d8e6f4a292c2
[INFO] [stdout]                                at /opt/rustwide/cargo-home/registry/src/github.com-1ecc6299db9ec823/rocket-0.5.0-rc.1/src/server.rs:55:9
[INFO] [stdout]   34:     0x56264b6d6f91 - rocket::server::<impl rocket::rocket::Rocket<rocket::phase::Orbit>>::route::{{closure}}::h5fb80a632c65fe16
[INFO] [stdout]                                at /opt/rustwide/cargo-home/registry/src/github.com-1ecc6299db9ec823/rocket-0.5.0-rc.1/src/server.rs:280:79
[INFO] [stdout]   35:     0x56264b6d5440 - rocket::server::<impl rocket::rocket::Rocket<rocket::phase::Orbit>>::route_and_process::{{closure}}::h358622ffdc6ee02a
[INFO] [stdout]                                at /opt/rustwide/cargo-home/registry/src/github.com-1ecc6299db9ec823/rocket-0.5.0-rc.1/src/server.rs:235:59
[INFO] [stdout]   36:     0x56264b6d476e - rocket::server::<impl rocket::rocket::Rocket<rocket::phase::Orbit>>::dispatch::{{closure}}::hf4c377e2756e6b59
[INFO] [stdout]                                at /opt/rustwide/cargo-home/registry/src/github.com-1ecc6299db9ec823/rocket-0.5.0-rc.1/src/server.rs:209:65
[INFO] [stdout]   37:     0x56264b686fd7 - rocket::local::asynchronous::response::LocalResponse::new::{{closure}}::h776e1f64f56eecfd
[INFO] [stdout]                                at /opt/rustwide/cargo-home/registry/src/github.com-1ecc6299db9ec823/rocket-0.5.0-rc.1/src/local/asynchronous/response.rs:90:52
[INFO] [stdout]   38:     0x56264b69e61d - rocket::local::asynchronous::request::LocalRequest::_dispatch::{{closure}}::h05b8214d50a36ecc
[INFO] [stdout]                                at /opt/rustwide/cargo-home/registry/src/github.com-1ecc6299db9ec823/rocket-0.5.0-rc.1/src/local/asynchronous/request.rs:100:11
[INFO] [stdout]   39:     0x56264b6a7747 - rocket::local::asynchronous::request::LocalRequest::dispatch::{{closure}}::hc318ba124503f437
[INFO] [stdout]                                at /opt/rustwide/cargo-home/registry/src/github.com-1ecc6299db9ec823/rocket-0.5.0-rc.1/src/local/request.rs:326:9
[INFO] [stdout]   40:     0x56264ada6a38 - authentication_server_rocket::test::correct_error_response_if_user_already_registered::{{closure}}::hb1c2155870eba317
[INFO] [stdout]                                at /opt/rustwide/workdir/src/main.rs:207:28
[INFO] [stdout]   41:     0x56264ad9a0d4 - tokio::park::thread::CachedParkThread::block_on::{{closure}}::h2889f5615d5a0bdd
[INFO] [stdout]                                at /opt/rustwide/cargo-home/registry/src/github.com-1ecc6299db9ec823/tokio-1.12.0/src/park/thread.rs:263:54
[INFO] [stdout]   42:     0x56264ad46db0 - tokio::coop::with_budget::{{closure}}::h32ad862e0561394a
[INFO] [stdout]                                at /opt/rustwide/cargo-home/registry/src/github.com-1ecc6299db9ec823/tokio-1.12.0/src/coop.rs:106:9
[INFO] [stdout]   43:     0x56264ad4cd24 - std::thread::local::LocalKey<T>::try_with::h1601f33d4a85818f
[INFO] [stdout]                                at /rustc/84c898d65adf2f39a5a98507f1fe0ce10a2b8dbc/library/std/src/thread/local.rs:446:16
[INFO] [stdout]   44:     0x56264ad4c44a - std::thread::local::LocalKey<T>::with::h693944a3dcf8e365
[INFO] [stdout]                                at /rustc/84c898d65adf2f39a5a98507f1fe0ce10a2b8dbc/library/std/src/thread/local.rs:422:9
[INFO] [stdout]   45:     0x56264ad9921f - tokio::coop::with_budget::he4a68e36111842a1
[INFO] [stdout]                                at /opt/rustwide/cargo-home/registry/src/github.com-1ecc6299db9ec823/tokio-1.12.0/src/coop.rs:99:5
[INFO] [stdout]   46:     0x56264ad9921f - tokio::coop::budget::h631d0dd377e4e710
[INFO] [stdout]                                at /opt/rustwide/cargo-home/registry/src/github.com-1ecc6299db9ec823/tokio-1.12.0/src/coop.rs:76:5
[INFO] [stdout]   47:     0x56264ad9921f - tokio::park::thread::CachedParkThread::block_on::hdb12c9ef1065bb08
[INFO] [stdout]                                at /opt/rustwide/cargo-home/registry/src/github.com-1ecc6299db9ec823/tokio-1.12.0/src/park/thread.rs:263:31
[INFO] [stdout]   48:     0x56264adddec9 - tokio::runtime::enter::Enter::block_on::hbbdecb3edf86c69d
[INFO] [stdout]                                at /opt/rustwide/cargo-home/registry/src/github.com-1ecc6299db9ec823/tokio-1.12.0/src/runtime/enter.rs:151:13
[INFO] [stdout]   49:     0x56264ad65115 - tokio::runtime::thread_pool::ThreadPool::block_on::h3e46519fd5acf593
[INFO] [stdout]                                at /opt/rustwide/cargo-home/registry/src/github.com-1ecc6299db9ec823/tokio-1.12.0/src/runtime/thread_pool/mod.rs:77:9
[INFO] [stdout]   50:     0x56264adc18c5 - tokio::runtime::Runtime::block_on::h3a8bc222ae0768e2
[INFO] [stdout]                                at /opt/rustwide/cargo-home/registry/src/github.com-1ecc6299db9ec823/tokio-1.12.0/src/runtime/mod.rs:463:43
[INFO] [stdout]   51:     0x56264ad9b7b9 - rocket::async_test::h7c05d1163a09cdd5
[INFO] [stdout]                                at /opt/rustwide/cargo-home/registry/src/github.com-1ecc6299db9ec823/rocket-0.5.0-rc.1/src/lib.rs:210:5
[INFO] [stdout]   52:     0x56264ada5f81 - authentication_server_rocket::test::correct_error_response_if_user_already_registered::h12b6677a1b811cee
[INFO] [stdout]                                at /opt/rustwide/workdir/src/main.rs:194:66
[INFO] [stdout]   53:     0x56264ada5f37 - authentication_server_rocket::test::correct_error_response_if_user_already_registered::{{closure}}::h6a52b723489aa740
[INFO] [stdout]                                at /opt/rustwide/workdir/src/main.rs:194:66
[INFO] [stdout]   54:     0x56264ad20ca5 - core::ops::function::FnOnce::call_once::h8a3bf1ae34ed7d73
[INFO] [stdout]                                at /rustc/84c898d65adf2f39a5a98507f1fe0ce10a2b8dbc/library/core/src/ops/function.rs:250:5
[INFO] [stdout]   55:     0x56264ae578df - core::ops::function::FnOnce::call_once::h7d969581be7d0075
[INFO] [stdout]                                at /rustc/84c898d65adf2f39a5a98507f1fe0ce10a2b8dbc/library/core/src/ops/function.rs:250:5
[INFO] [stdout]   56:     0x56264ae578df - test::__rust_begin_short_backtrace::hca25a52684e56655
[INFO] [stdout]                                at /rustc/84c898d65adf2f39a5a98507f1fe0ce10a2b8dbc/library/test/src/lib.rs:656:18
[INFO] [stdout]   57:     0x56264ae28efc - test::run_test::{{closure}}::ha8ac744c4af1a4bb
[INFO] [stdout]                                at /rustc/84c898d65adf2f39a5a98507f1fe0ce10a2b8dbc/library/test/src/lib.rs:647:30
[INFO] [stdout]   58:     0x56264ae28efc - core::ops::function::FnOnce::call_once{{vtable.shim}}::h7b411a9ed45bdecf
[INFO] [stdout]                                at /rustc/84c898d65adf2f39a5a98507f1fe0ce10a2b8dbc/library/core/src/ops/function.rs:250:5
[INFO] [stdout]   59:     0x56264ae568a6 - <alloc::boxed::Box<F,A> as core::ops::function::FnOnce<Args>>::call_once::hd05328869a8ed200
[INFO] [stdout]                                at /rustc/84c898d65adf2f39a5a98507f1fe0ce10a2b8dbc/library/alloc/src/boxed.rs:1987:9
[INFO] [stdout]   60:     0x56264ae568a6 - <core::panic::unwind_safe::AssertUnwindSafe<F> as core::ops::function::FnOnce<()>>::call_once::h0c601ce20bd5b2be
[INFO] [stdout]                                at /rustc/84c898d65adf2f39a5a98507f1fe0ce10a2b8dbc/library/core/src/panic/unwind_safe.rs:271:9
[INFO] [stdout]   61:     0x56264ae568a6 - std::panicking::try::do_call::ha4be5c164fe30854
[INFO] [stdout]                                at /rustc/84c898d65adf2f39a5a98507f1fe0ce10a2b8dbc/library/std/src/panicking.rs:487:40
[INFO] [stdout]   62:     0x56264ae568a6 - std::panicking::try::h604546f3609af05f
[INFO] [stdout]                                at /rustc/84c898d65adf2f39a5a98507f1fe0ce10a2b8dbc/library/std/src/panicking.rs:451:19
[INFO] [stdout]   63:     0x56264ae568a6 - std::panic::catch_unwind::h5bfa8afe44c9c2f9
[INFO] [stdout]                                at /rustc/84c898d65adf2f39a5a98507f1fe0ce10a2b8dbc/library/std/src/panic.rs:140:14
[INFO] [stdout]   64:     0x56264ae568a6 - test::run_test_in_process::hd50dee55dd63e6aa
[INFO] [stdout]                                at /rustc/84c898d65adf2f39a5a98507f1fe0ce10a2b8dbc/library/test/src/lib.rs:679:27
[INFO] [stdout]   65:     0x56264ae568a6 - test::run_test::run_test_inner::{{closure}}::h4aa0f433aa85cea8
[INFO] [stdout]                                at /rustc/84c898d65adf2f39a5a98507f1fe0ce10a2b8dbc/library/test/src/lib.rs:573:39
[INFO] [stdout]   66:     0x56264ae23571 - test::run_test::run_test_inner::{{closure}}::had56431adf24b4d6
[INFO] [stdout]                                at /rustc/84c898d65adf2f39a5a98507f1fe0ce10a2b8dbc/library/test/src/lib.rs:600:37
[INFO] [stdout]   67:     0x56264ae23571 - std::sys_common::backtrace::__rust_begin_short_backtrace::ha8d9890e0c73bf13
[INFO] [stdout]                                at /rustc/84c898d65adf2f39a5a98507f1fe0ce10a2b8dbc/library/std/src/sys_common/backtrace.rs:134:18
[INFO] [stdout]   68:     0x56264ae28f8b - std::thread::Builder::spawn_unchecked_::{{closure}}::{{closure}}::h251832bcb4a95327
[INFO] [stdout]                                at /rustc/84c898d65adf2f39a5a98507f1fe0ce10a2b8dbc/library/std/src/thread/mod.rs:560:17
[INFO] [stdout]   69:     0x56264ae28f8b - <core::panic::unwind_safe::AssertUnwindSafe<F> as core::ops::function::FnOnce<()>>::call_once::h8fdff598fa414831
[INFO] [stdout]                                at /rustc/84c898d65adf2f39a5a98507f1fe0ce10a2b8dbc/library/core/src/panic/unwind_safe.rs:271:9
[INFO] [stdout]   70:     0x56264ae28f8b - std::panicking::try::do_call::h455dd2f7764a950f
[INFO] [stdout]                                at /rustc/84c898d65adf2f39a5a98507f1fe0ce10a2b8dbc/library/std/src/panicking.rs:487:40
[INFO] [stdout]   71:     0x56264ae28f8b - std::panicking::try::had6f23b7b73ae72a
[INFO] [stdout]                                at /rustc/84c898d65adf2f39a5a98507f1fe0ce10a2b8dbc/library/std/src/panicking.rs:451:19
[INFO] [stdout]   72:     0x56264ae28f8b - std::panic::catch_unwind::ha6a5ca3915b4dad0
[INFO] [stdout]                                at /rustc/84c898d65adf2f39a5a98507f1fe0ce10a2b8dbc/library/std/src/panic.rs:140:14
[INFO] [stdout]   73:     0x56264ae28f8b - std::thread::Builder::spawn_unchecked_::{{closure}}::h883b72ef75da6231
[INFO] [stdout]                                at /rustc/84c898d65adf2f39a5a98507f1fe0ce10a2b8dbc/library/std/src/thread/mod.rs:559:30
[INFO] [stdout]   74:     0x56264ae28f8b - core::ops::function::FnOnce::call_once{{vtable.shim}}::hb7dff73dc8bd2ccb
[INFO] [stdout]                                at /rustc/84c898d65adf2f39a5a98507f1fe0ce10a2b8dbc/library/core/src/ops/function.rs:250:5
[INFO] [stdout]   75:     0x56264bbb2933 - <alloc::boxed::Box<F,A> as core::ops::function::FnOnce<Args>>::call_once::h39990b24eedef2ab
[INFO] [stdout]                                at /rustc/84c898d65adf2f39a5a98507f1fe0ce10a2b8dbc/library/alloc/src/boxed.rs:1987:9
[INFO] [stdout]   76:     0x56264bbb2933 - <alloc::boxed::Box<F,A> as core::ops::function::FnOnce<Args>>::call_once::h01a027258444143b
[INFO] [stdout]                                at /rustc/84c898d65adf2f39a5a98507f1fe0ce10a2b8dbc/library/alloc/src/boxed.rs:1987:9
[INFO] [stdout]   77:     0x56264bbb2933 - std::sys::unix::thread::Thread::new::thread_start::ha4f1cdd9c25884ba
[INFO] [stdout]                                at /rustc/84c898d65adf2f39a5a98507f1fe0ce10a2b8dbc/library/std/src/sys/unix/thread.rs:108:17
[INFO] [stdout]   78:     0x7fb246e05b43 - <unknown>
[INFO] [stdout]   79:     0x7fb246e96bb4 - __clone
[INFO] [stdout]   80:                0x0 - <unknown>
[INFO] [stdout]    >> Handler sign_up panicked.
[INFO] [stdout]    >> This is an application bug.
[INFO] [stdout]    >> A panic in Rust must be treated as an exceptional event.
[INFO] [stdout]    >> Panicking is not a suitable error handling mechanism.
[INFO] [stdout]    >> Unwinding, the result of a panic, is an expensive operation.
[INFO] [stdout]    >> Panics will severely degrade application performance.
[INFO] [stdout]    >> Instead of panicking, return `Option` and/or `Result`.
[INFO] [stdout]    >> Values of either type can be returned directly from handlers.
[INFO] [stdout]    >> A panic is treated as an internal server error.
[INFO] [stdout]    >> Outcome: Failure
[INFO] [stdout]    >> No 500 catcher registered. Using Rocket default.
[INFO] [stdout] thread 'test::correct_error_response_if_user_already_registered' panicked at 'assertion failed: `(left == right)`
[INFO] [stdout]   left: `Status { code: 500 }`,
[INFO] [stdout]  right: `Status { code: 200 }`', src/main.rs:207:9
[INFO] [stdout] stack backtrace:
[INFO] [stdout]    0:     0x56264bbabd0a - std::backtrace_rs::backtrace::libunwind::trace::ha9053a9a07ca49cb
[INFO] [stdout]                                at /rustc/84c898d65adf2f39a5a98507f1fe0ce10a2b8dbc/library/std/src/../../backtrace/src/backtrace/libunwind.rs:93:5
[INFO] [stdout]    1:     0x56264bbabd0a - std::backtrace_rs::backtrace::trace_unsynchronized::h9c2852a457ad564e
[INFO] [stdout]                                at /rustc/84c898d65adf2f39a5a98507f1fe0ce10a2b8dbc/library/std/src/../../backtrace/src/backtrace/mod.rs:66:5
[INFO] [stdout]    2:     0x56264bbabd0a - std::sys_common::backtrace::_print_fmt::h457936fbfaa0070f
[INFO] [stdout]                                at /rustc/84c898d65adf2f39a5a98507f1fe0ce10a2b8dbc/library/std/src/sys_common/backtrace.rs:65:5
[INFO] [stdout]    3:     0x56264bbabd0a - <std::sys_common::backtrace::_print::DisplayBacktrace as core::fmt::Display>::fmt::h5779d7bf7f70cb0c
[INFO] [stdout]                                at /rustc/84c898d65adf2f39a5a98507f1fe0ce10a2b8dbc/library/std/src/sys_common/backtrace.rs:44:22
[INFO] [stdout]    4:     0x56264bbd5f3e - core::fmt::write::h5a4baaff1bcd3eb5
[INFO] [stdout]                                at /rustc/84c898d65adf2f39a5a98507f1fe0ce10a2b8dbc/library/core/src/fmt/mod.rs:1232:17
[INFO] [stdout]    5:     0x56264bba8415 - std::io::Write::write_fmt::h478f79c628ef31d1
[INFO] [stdout]                                at /rustc/84c898d65adf2f39a5a98507f1fe0ce10a2b8dbc/library/std/src/io/mod.rs:1684:15
[INFO] [stdout]    6:     0x56264bbabad5 - std::sys_common::backtrace::_print::h5fcdc36060f177e8
[INFO] [stdout]                                at /rustc/84c898d65adf2f39a5a98507f1fe0ce10a2b8dbc/library/std/src/sys_common/backtrace.rs:47:5
[INFO] [stdout]    7:     0x56264bbabad5 - std::sys_common::backtrace::print::h54ca9458b876c8bf
[INFO] [stdout]                                at /rustc/84c898d65adf2f39a5a98507f1fe0ce10a2b8dbc/library/std/src/sys_common/backtrace.rs:34:9
[INFO] [stdout]    8:     0x56264bbad89f - std::panicking::default_hook::{{closure}}::hbe471161c7664ed6
[INFO] [stdout]                                at /rustc/84c898d65adf2f39a5a98507f1fe0ce10a2b8dbc/library/std/src/panicking.rs:271:22
[INFO] [stdout]    9:     0x56264bbad55f - std::panicking::default_hook::ha3500da57aa4ac4f
[INFO] [stdout]                                at /rustc/84c898d65adf2f39a5a98507f1fe0ce10a2b8dbc/library/std/src/panicking.rs:287:9
[INFO] [stdout]   10:     0x56264ae524f7 - <alloc::boxed::Box<F,A> as core::ops::function::Fn<Args>>::call::hdf1b89dd137ece34
[INFO] [stdout]                                at /rustc/84c898d65adf2f39a5a98507f1fe0ce10a2b8dbc/library/alloc/src/boxed.rs:2001:9
[INFO] [stdout]   11:     0x56264ae524f7 - test::test_main::{{closure}}::h9081a79f20e75698
[INFO] [stdout]                                at /rustc/84c898d65adf2f39a5a98507f1fe0ce10a2b8dbc/library/test/src/lib.rs:135:21
[INFO] [stdout]   12:     0x56264bbadfcd - <alloc::boxed::Box<F,A> as core::ops::function::Fn<Args>>::call::h6507bddc3eebb4a5
[INFO] [stdout]                                at /rustc/84c898d65adf2f39a5a98507f1fe0ce10a2b8dbc/library/alloc/src/boxed.rs:2001:9
[INFO] [stdout]   13:     0x56264bbadfcd - std::panicking::rust_panic_with_hook::h50c09d000dc561d2
[INFO] [stdout]                                at /rustc/84c898d65adf2f39a5a98507f1fe0ce10a2b8dbc/library/std/src/panicking.rs:696:13
[INFO] [stdout]   14:     0x56264bbadd49 - std::panicking::begin_panic_handler::{{closure}}::h9e2b2176e00e0d9c
[INFO] [stdout]                                at /rustc/84c898d65adf2f39a5a98507f1fe0ce10a2b8dbc/library/std/src/panicking.rs:583:13
[INFO] [stdout]   15:     0x56264bbac176 - std::sys_common::backtrace::__rust_end_short_backtrace::h5739b8e512c09d02
[INFO] [stdout]                                at /rustc/84c898d65adf2f39a5a98507f1fe0ce10a2b8dbc/library/std/src/sys_common/backtrace.rs:150:18
[INFO] [stdout]   16:     0x56264bbada52 - rust_begin_unwind
[INFO] [stdout]                                at /rustc/84c898d65adf2f39a5a98507f1fe0ce10a2b8dbc/library/std/src/panicking.rs:579:5
[INFO] [stdout]   17:     0x56264acf2633 - core::panicking::panic_fmt::hf33a1475b4dc5c3e
[INFO] [stdout]                                at /rustc/84c898d65adf2f39a5a98507f1fe0ce10a2b8dbc/library/core/src/panicking.rs:64:14
[INFO] [stdout]   18:     0x56264acf296f - core::panicking::assert_failed_inner::haf9816227b20b6f2
[INFO] [stdout]   19:     0x56264add948a - core::panicking::assert_failed::ha72231ecae5c19bf
[INFO] [stdout]                                at /rustc/84c898d65adf2f39a5a98507f1fe0ce10a2b8dbc/library/core/src/panicking.rs:211:5
[INFO] [stdout]   20:     0x56264ada6c44 - authentication_server_rocket::test::correct_error_response_if_user_already_registered::{{closure}}::hb1c2155870eba317
[INFO] [stdout]                                at /opt/rustwide/workdir/src/main.rs:207:9
[INFO] [stdout]   21:     0x56264ad9a0d4 - tokio::park::thread::CachedParkThread::block_on::{{closure}}::h2889f5615d5a0bdd
[INFO] [stdout]                                at /opt/rustwide/cargo-home/registry/src/github.com-1ecc6299db9ec823/tokio-1.12.0/src/park/thread.rs:263:54
[INFO] [stdout]   22:     0x56264ad46db0 - tokio::coop::with_budget::{{closure}}::h32ad862e0561394a
[INFO] [stdout]                                at /opt/rustwide/cargo-home/registry/src/github.com-1ecc6299db9ec823/tokio-1.12.0/src/coop.rs:106:9
[INFO] [stdout]   23:     0x56264ad4cd24 - std::thread::local::LocalKey<T>::try_with::h1601f33d4a85818f
[INFO] [stdout]                                at /rustc/84c898d65adf2f39a5a98507f1fe0ce10a2b8dbc/library/std/src/thread/local.rs:446:16
[INFO] [stdout]   24:     0x56264ad4c44a - std::thread::local::LocalKey<T>::with::h693944a3dcf8e365
[INFO] [stdout]                                at /rustc/84c898d65adf2f39a5a98507f1fe0ce10a2b8dbc/library/std/src/thread/local.rs:422:9
[INFO] [stdout]   25:     0x56264ad9921f - tokio::coop::with_budget::he4a68e36111842a1
[INFO] [stdout]                                at /opt/rustwide/cargo-home/registry/src/github.com-1ecc6299db9ec823/tokio-1.12.0/src/coop.rs:99:5
[INFO] [stdout]   26:     0x56264ad9921f - tokio::coop::budget::h631d0dd377e4e710
[INFO] [stdout]                                at /opt/rustwide/cargo-home/registry/src/github.com-1ecc6299db9ec823/tokio-1.12.0/src/coop.rs:76:5
[INFO] [stdout]   27:     0x56264ad9921f - tokio::park::thread::CachedParkThread::block_on::hdb12c9ef1065bb08
[INFO] [stdout]                                at /opt/rustwide/cargo-home/registry/src/github.com-1ecc6299db9ec823/tokio-1.12.0/src/park/thread.rs:263:31
[INFO] [stdout]   28:     0x56264adddec9 - tokio::runtime::enter::Enter::block_on::hbbdecb3edf86c69d
[INFO] [stdout]                                at /opt/rustwide/cargo-home/registry/src/github.com-1ecc6299db9ec823/tokio-1.12.0/src/runtime/enter.rs:151:13
[INFO] [stdout]   29:     0x56264ad65115 - tokio::runtime::thread_pool::ThreadPool::block_on::h3e46519fd5acf593
[INFO] [stdout]                                at /opt/rustwide/cargo-home/registry/src/github.com-1ecc6299db9ec823/tokio-1.12.0/src/runtime/thread_pool/mod.rs:77:9
[INFO] [stdout]   30:     0x56264adc18c5 - tokio::runtime::Runtime::block_on::h3a8bc222ae0768e2
[INFO] [stdout]                                at /opt/rustwide/cargo-home/registry/src/github.com-1ecc6299db9ec823/tokio-1.12.0/src/runtime/mod.rs:463:43
[INFO] [stdout]   31:     0x56264ad9b7b9 - rocket::async_test::h7c05d1163a09cdd5
[INFO] [stdout]                                at /opt/rustwide/cargo-home/registry/src/github.com-1ecc6299db9ec823/rocket-0.5.0-rc.1/src/lib.rs:210:5
[INFO] [stdout]   32:     0x56264ada5f81 - authentication_server_rocket::test::correct_error_response_if_user_already_registered::h12b6677a1b811cee
[INFO] [stdout]                                at /opt/rustwide/workdir/src/main.rs:194:66
[INFO] [stdout]   33:     0x56264ada5f37 - authentication_server_rocket::test::correct_error_response_if_user_already_registered::{{closure}}::h6a52b723489aa740
[INFO] [stdout]                                at /opt/rustwide/workdir/src/main.rs:194:66
[INFO] [stdout]   34:     0x56264ad20ca5 - core::ops::function::FnOnce::call_once::h8a3bf1ae34ed7d73
[INFO] [stdout]                                at /rustc/84c898d65adf2f39a5a98507f1fe0ce10a2b8dbc/library/core/src/ops/function.rs:250:5
[INFO] [stdout]   35:     0x56264ae578df - core::ops::function::FnOnce::call_once::h7d969581be7d0075
[INFO] [stdout]                                at /rustc/84c898d65adf2f39a5a98507f1fe0ce10a2b8dbc/library/core/src/ops/function.rs:250:5
[INFO] [stdout]   36:     0x56264ae578df - test::__rust_begin_short_backtrace::hca25a52684e56655
[INFO] [stdout]                                at /rustc/84c898d65adf2f39a5a98507f1fe0ce10a2b8dbc/library/test/src/lib.rs:656:18
[INFO] [stdout]   37:     0x56264ae28efc - test::run_test::{{closure}}::ha8ac744c4af1a4bb
[INFO] [stdout]                                at /rustc/84c898d65adf2f39a5a98507f1fe0ce10a2b8dbc/library/test/src/lib.rs:647:30
[INFO] [stdout]   38:     0x56264ae28efc - core::ops::function::FnOnce::call_once{{vtable.shim}}::h7b411a9ed45bdecf
[INFO] [stdout]                                at /rustc/84c898d65adf2f39a5a98507f1fe0ce10a2b8dbc/library/core/src/ops/function.rs:250:5
[INFO] [stdout]   39:     0x56264ae568a6 - <alloc::boxed::Box<F,A> as core::ops::function::FnOnce<Args>>::call_once::hd05328869a8ed200
[INFO] [stdout]                                at /rustc/84c898d65adf2f39a5a98507f1fe0ce10a2b8dbc/library/alloc/src/boxed.rs:1987:9
[INFO] [stdout]   40:     0x56264ae568a6 - <core::panic::unwind_safe::AssertUnwindSafe<F> as core::ops::function::FnOnce<()>>::call_once::h0c601ce20bd5b2be
[INFO] [stdout]                                at /rustc/84c898d65adf2f39a5a98507f1fe0ce10a2b8dbc/library/core/src/panic/unwind_safe.rs:271:9
[INFO] [stdout]   41:     0x56264ae568a6 - std::panicking::try::do_call::ha4be5c164fe30854
[INFO] [stdout]                                at /rustc/84c898d65adf2f39a5a98507f1fe0ce10a2b8dbc/library/std/src/panicking.rs:487:40
[INFO] [stdout]   42:     0x56264ae568a6 - std::panicking::try::h604546f3609af05f
[INFO] [stdout]                                at /rustc/84c898d65adf2f39a5a98507f1fe0ce10a2b8dbc/library/std/src/panicking.rs:451:19
[INFO] [stdout]   43:     0x56264ae568a6 - std::panic::catch_unwind::h5bfa8afe44c9c2f9
[INFO] [stdout]                                at /rustc/84c898d65adf2f39a5a98507f1fe0ce10a2b8dbc/library/std/src/panic.rs:140:14
[INFO] [stdout]   44:     0x56264ae568a6 - test::run_test_in_process::hd50dee55dd63e6aa
[INFO] [stdout]                                at /rustc/84c898d65adf2f39a5a98507f1fe0ce10a2b8dbc/library/test/src/lib.rs:679:27
[INFO] [stdout]   45:     0x56264ae568a6 - test::run_test::run_test_inner::{{closure}}::h4aa0f433aa85cea8
[INFO] [stdout]                                at /rustc/84c898d65adf2f39a5a98507f1fe0ce10a2b8dbc/library/test/src/lib.rs:573:39
[INFO] [stdout]   46:     0x56264ae23571 - test::run_test::run_test_inner::{{closure}}::had56431adf24b4d6
[INFO] [stdout]                                at /rustc/84c898d65adf2f39a5a98507f1fe0ce10a2b8dbc/library/test/src/lib.rs:600:37
[INFO] [stdout]   47:     0x56264ae23571 - std::sys_common::backtrace::__rust_begin_short_backtrace::ha8d9890e0c73bf13
[INFO] [stdout]                                at /rustc/84c898d65adf2f39a5a98507f1fe0ce10a2b8dbc/library/std/src/sys_common/backtrace.rs:134:18
[INFO] [stdout]   48:     0x56264ae28f8b - std::thread::Builder::spawn_unchecked_::{{closure}}::{{closure}}::h251832bcb4a95327
[INFO] [stdout]                                at /rustc/84c898d65adf2f39a5a98507f1fe0ce10a2b8dbc/library/std/src/thread/mod.rs:560:17
[INFO] [stdout]   49:     0x56264ae28f8b - <core::panic::unwind_safe::AssertUnwindSafe<F> as core::ops::function::FnOnce<()>>::call_once::h8fdff598fa414831
[INFO] [stdout]                                at /rustc/84c898d65adf2f39a5a98507f1fe0ce10a2b8dbc/library/core/src/panic/unwind_safe.rs:271:9
[INFO] [stdout]   50:     0x56264ae28f8b - std::panicking::try::do_call::h455dd2f7764a950f
[INFO] [stdout]                                at /rustc/84c898d65adf2f39a5a98507f1fe0ce10a2b8dbc/library/std/src/panicking.rs:487:40
[INFO] [stdout]   51:     0x56264ae28f8b - std::panicking::try::had6f23b7b73ae72a
[INFO] [stdout]                                at /rustc/84c898d65adf2f39a5a98507f1fe0ce10a2b8dbc/library/std/src/panicking.rs:451:19
[INFO] [stdout]   52:     0x56264ae28f8b - std::panic::catch_unwind::ha6a5ca3915b4dad0
[INFO] [stdout]                                at /rustc/84c898d65adf2f39a5a98507f1fe0ce10a2b8dbc/library/std/src/panic.rs:140:14
[INFO] [stdout]   53:     0x56264ae28f8b - std::thread::Builder::spawn_unchecked_::{{closure}}::h883b72ef75da6231
[INFO] [stdout]                                at /rustc/84c898d65adf2f39a5a98507f1fe0ce10a2b8dbc/library/std/src/thread/mod.rs:559:30
[INFO] [stdout]   54:     0x56264ae28f8b - core::ops::function::FnOnce::call_once{{vtable.shim}}::hb7dff73dc8bd2ccb
[INFO] [stdout]                                at /rustc/84c898d65adf2f39a5a98507f1fe0ce10a2b8dbc/library/core/src/ops/function.rs:250:5
[INFO] [stdout]   55:     0x56264bbb2933 - <alloc::boxed::Box<F,A> as core::ops::function::FnOnce<Args>>::call_once::h39990b24eedef2ab
[INFO] [stdout]                                at /rustc/84c898d65adf2f39a5a98507f1fe0ce10a2b8dbc/library/alloc/src/boxed.rs:1987:9
[INFO] [stdout]   56:     0x56264bbb2933 - <alloc::boxed::Box<F,A> as core::ops::function::FnOnce<Args>>::call_once::h01a027258444143b
[INFO] [stdout]                                at /rustc/84c898d65adf2f39a5a98507f1fe0ce10a2b8dbc/library/alloc/src/boxed.rs:1987:9
[INFO] [stdout]   57:     0x56264bbb2933 - std::sys::unix::thread::Thread::new::thread_start::ha4f1cdd9c25884ba
[INFO] [stdout]                                at /rustc/84c898d65adf2f39a5a98507f1fe0ce10a2b8dbc/library/std/src/sys/unix/thread.rs:108:17
[INFO] [stdout]   58:     0x7fb246e05b43 - <unknown>
[INFO] [stdout]   59:     0x7fb246e96bb4 - __clone
[INFO] [stdout]   60:                0x0 - <unknown>
[INFO] [stdout] 
[INFO] [stdout] ---- test::it_works_for_sign_up_and_delete_user_once_signed_up stdout ----
[INFO] [stdout] Configured for debug.
[INFO] [stdout]    >> address: 0.0.0.0
[INFO] [stdout]    >> port: 7001
[INFO] [stdout]    >> workers: 16
[INFO] [stdout]    >> ident: Rocket
[INFO] [stdout]    >> keep-alive: 5s
[INFO] [stdout]    >> limits: bytes = 8KiB, data-form = 2MiB, file = 1MiB, form = 32KiB, json = 1MiB, msgpack = 1MiB, string = 8KiB
[INFO] [stdout]    >> tls: disabled
[INFO] [stdout]    >> secret key: [generated]
[INFO] [stdout] Warning: secrets enabled without a stable `secret_key`
[INFO] [stdout]    >> disable `secrets` feature or configure a `secret_key`
[INFO] [stdout]    >> this becomes an error in non-debug profiles
[INFO] [stdout]    >> temp dir: /tmp
[INFO] [stdout]    >> log level: normal
[INFO] [stdout]    >> cli colors: true
[INFO] [stdout]    >> shutdown: ctrlc = true, force = true, signals = [SIGTERM], grace = 2s, mercy = 3s
[INFO] [stdout] Routes:
[INFO] [stdout]    >> (api_home) GET /
[INFO] [stdout]    >> (file_home) GET /files
[INFO] [stdout]    >> (sign_in) POST /auth/sign-in
[INFO] [stdout]    >> (sign_up) POST /auth/sign-up
[INFO] [stdout]    >> (find_user) POST /auth/find-user
[INFO] [stdout]    >> (delete_user) POST /auth/delete-user
[INFO] [stdout]    >> (get_user_tags) GET /auth/get-user-tags
[INFO] [stdout]    >> (upload_file) POST /files/
[INFO] [stdout]    >> (download_file) GET /files/<filename>
[INFO] [stdout] Catchers:
[INFO] [stdout]    >> (not_found) 404
[INFO] [stdout] Fairings:
[INFO] [stdout]    >> Shield (liftoff, response, singleton)
[INFO] [stdout]    >> Add CORS headers to responses (response)
[INFO] [stdout] Shield:
[INFO] [stdout]    >> X-Content-Type-Options: nosniff
[INFO] [stdout]    >> X-Frame-Options: SAMEORIGIN
[INFO] [stdout]    >> Permissions-Policy: interest-cohort=()
[INFO] [stdout] Rocket has launched into local orbit
[INFO] [stdout] POST /auth/sign-up application/x-www-form-urlencoded:
[INFO] [stdout]    >> Matched: (sign_up) POST /auth/sign-up
[INFO] [stdout] password_hash : RegisterUser {
[INFO] [stdout]     first_name: "kakashi",
[INFO] [stdout]     last_name: "hatake",
[INFO] [stdout]     user_type: Customer,
[INFO] [stdout]     user_tags: [
[INFO] [stdout]         WebDevelopment,
[INFO] [stdout]         MobileDevelopment,
[INFO] [stdout]     ],
[INFO] [stdout]     email_id: "kakashi@gmail.com",
[INFO] [stdout]     password: "$argon2i$v=19$m=4096,t=3,p=1$bXktc2VjcmV0a2V5LXRvLWNoYW5nZS1pbi1wcm9k$sQ6ORgOjJ/6njlzOVbTQyn8f312mUCG3MygDxnJeZPo",
[INFO] [stdout] }
[INFO] [stdout] Connected to mongodb
[INFO] [stdout] Connected to mongodb
[INFO] [stdout] thread 'test::it_works_for_sign_up_and_delete_user_once_signed_up' panicked at 'called `Result::unwrap()` on an `Err` value: Error { kind: ServerSelectionError { message: "Server selection timeout: No available servers. Topology: { Type: Unknown, Servers: [ { Address: localhost:27017, Type: Unknown, Error: Cannot assign requested address (os error 99) }, ] }" }, labels: [] }', src/utils/mongo_util.rs:51:62
[INFO] [stdout] stack backtrace:
[INFO] [stdout]    0:     0x56264bbabd0a - std::backtrace_rs::backtrace::libunwind::trace::ha9053a9a07ca49cb
[INFO] [stdout]                                at /rustc/84c898d65adf2f39a5a98507f1fe0ce10a2b8dbc/library/std/src/../../backtrace/src/backtrace/libunwind.rs:93:5
[INFO] [stdout]    1:     0x56264bbabd0a - std::backtrace_rs::backtrace::trace_unsynchronized::h9c2852a457ad564e
[INFO] [stdout]                                at /rustc/84c898d65adf2f39a5a98507f1fe0ce10a2b8dbc/library/std/src/../../backtrace/src/backtrace/mod.rs:66:5
[INFO] [stdout]    2:     0x56264bbabd0a - std::sys_common::backtrace::_print_fmt::h457936fbfaa0070f
[INFO] [stdout]                                at /rustc/84c898d65adf2f39a5a98507f1fe0ce10a2b8dbc/library/std/src/sys_common/backtrace.rs:65:5
[INFO] [stdout]    3:     0x56264bbabd0a - <std::sys_common::backtrace::_print::DisplayBacktrace as core::fmt::Display>::fmt::h5779d7bf7f70cb0c
[INFO] [stdout]                                at /rustc/84c898d65adf2f39a5a98507f1fe0ce10a2b8dbc/library/std/src/sys_common/backtrace.rs:44:22
[INFO] [stdout]    4:     0x56264bbd5f3e - core::fmt::write::h5a4baaff1bcd3eb5
[INFO] [stdout]                                at /rustc/84c898d65adf2f39a5a98507f1fe0ce10a2b8dbc/library/core/src/fmt/mod.rs:1232:17
[INFO] [stdout]    5:     0x56264bba8415 - std::io::Write::write_fmt::h478f79c628ef31d1
[INFO] [stdout]                                at /rustc/84c898d65adf2f39a5a98507f1fe0ce10a2b8dbc/library/std/src/io/mod.rs:1684:15
[INFO] [stdout]    6:     0x56264bbabad5 - std::sys_common::backtrace::_print::h5fcdc36060f177e8
[INFO] [stdout]                                at /rustc/84c898d65adf2f39a5a98507f1fe0ce10a2b8dbc/library/std/src/sys_common/backtrace.rs:47:5
[INFO] [stdout]    7:     0x56264bbabad5 - std::sys_common::backtrace::print::h54ca9458b876c8bf
[INFO] [stdout]                                at /rustc/84c898d65adf2f39a5a98507f1fe0ce10a2b8dbc/library/std/src/sys_common/backtrace.rs:34:9
[INFO] [stdout]    8:     0x56264bbad89f - std::panicking::default_hook::{{closure}}::hbe471161c7664ed6
[INFO] [stdout]                                at /rustc/84c898d65adf2f39a5a98507f1fe0ce10a2b8dbc/library/std/src/panicking.rs:271:22
[INFO] [stdout]    9:     0x56264bbad55f - std::panicking::default_hook::ha3500da57aa4ac4f
[INFO] [stdout]                                at /rustc/84c898d65adf2f39a5a98507f1fe0ce10a2b8dbc/library/std/src/panicking.rs:287:9
[INFO] [stdout]   10:     0x56264ae524f7 - <alloc::boxed::Box<F,A> as core::ops::function::Fn<Args>>::call::hdf1b89dd137ece34
[INFO] [stdout]                                at /rustc/84c898d65adf2f39a5a98507f1fe0ce10a2b8dbc/library/alloc/src/boxed.rs:2001:9
[INFO] [stdout]   11:     0x56264ae524f7 - test::test_main::{{closure}}::h9081a79f20e75698
[INFO] [stdout]                                at /rustc/84c898d65adf2f39a5a98507f1fe0ce10a2b8dbc/library/test/src/lib.rs:135:21
[INFO] [stdout]   12:     0x56264bbadfcd - <alloc::boxed::Box<F,A> as core::ops::function::Fn<Args>>::call::h6507bddc3eebb4a5
[INFO] [stdout]                                at /rustc/84c898d65adf2f39a5a98507f1fe0ce10a2b8dbc/library/alloc/src/boxed.rs:2001:9
[INFO] [stdout]   13:     0x56264bbadfcd - std::panicking::rust_panic_with_hook::h50c09d000dc561d2
[INFO] [stdout]                                at /rustc/84c898d65adf2f39a5a98507f1fe0ce10a2b8dbc/library/std/src/panicking.rs:696:13
[INFO] [stdout]   14:     0x56264bbadd49 - std::panicking::begin_panic_handler::{{closure}}::h9e2b2176e00e0d9c
[INFO] [stdout]                                at /rustc/84c898d65adf2f39a5a98507f1fe0ce10a2b8dbc/library/std/src/panicking.rs:583:13
[INFO] [stdout]   15:     0x56264bbac176 - std::sys_common::backtrace::__rust_end_short_backtrace::h5739b8e512c09d02
[INFO] [stdout]                                at /rustc/84c898d65adf2f39a5a98507f1fe0ce10a2b8dbc/library/std/src/sys_common/backtrace.rs:150:18
[INFO] [stdout]   16:     0x56264bbada52 - rust_begin_unwind
[INFO] [stdout]                                at /rustc/84c898d65adf2f39a5a98507f1fe0ce10a2b8dbc/library/std/src/panicking.rs:579:5
[INFO] [stdout]   17:     0x56264acf2633 - core::panicking::panic_fmt::hf33a1475b4dc5c3e
[INFO] [stdout]                                at /rustc/84c898d65adf2f39a5a98507f1fe0ce10a2b8dbc/library/core/src/panicking.rs:64:14
[INFO] [stdout]   18:     0x56264acf2ae3 - core::result::unwrap_failed::hdff5465d74574b44
[INFO] [stdout]                                at /rustc/84c898d65adf2f39a5a98507f1fe0ce10a2b8dbc/library/core/src/result.rs:1750:5
[INFO] [stdout]   19:     0x56264ad39305 - core::result::Result<T,E>::unwrap::h742a9f203c5fd482
[INFO] [stdout]                                at /rustc/84c898d65adf2f39a5a98507f1fe0ce10a2b8dbc/library/core/src/result.rs:1090:23
[INFO] [stdout]   20:     0x56264ae21101 - authentication_server_rocket::utils::mongo_util::MongoUtil::insert_one::{{closure}}::ha3f2afdba976344c
[INFO] [stdout]                                at /opt/rustwide/workdir/src/utils/mongo_util.rs:51:24
[INFO] [stdout]   21:     0x56264ada0ec7 - authentication_server_rocket::services::user_service::UserService::register::{{closure}}::hcbfcae78ee0067a7
[INFO] [stdout]                                at /opt/rustwide/workdir/src/services/user_service.rs:16:67
[INFO] [stdout]   22:     0x56264adc85e9 - authentication_server_rocket::controller::user_controller::sign_up::{{closure}}::h7900de01ce7d95bf
[INFO] [stdout]                                at /opt/rustwide/workdir/src/controller/user_controller.rs:41:71
[INFO] [stdout]   23:     0x56264adca368 - authentication_server_rocket::controller::user_controller::sign_up::into_info::monomorphized_function::{{closure}}::hddc9f3d1f4c8b467
[INFO] [stdout]                                at /opt/rustwide/workdir/src/controller/user_controller.rs:33:5
[INFO] [stdout]   24:     0x56264b5e924e - <core::pin::Pin<P> as core::future::future::Future>::poll::hb52e63195a9217d8
[INFO] [stdout]                                at /rustc/84c898d65adf2f39a5a98507f1fe0ce10a2b8dbc/library/core/src/future/future.rs:125:9
[INFO] [stdout]   25:     0x56264b6e76d6 - <core::panic::unwind_safe::AssertUnwindSafe<F> as core::future::future::Future>::poll::hef1fed117302cc74
[INFO] [stdout]                                at /rustc/84c898d65adf2f39a5a98507f1fe0ce10a2b8dbc/library/core/src/panic/unwind_safe.rs:296:9
[INFO] [stdout]   26:     0x56264b7430a8 - <futures_util::future::future::catch_unwind::CatchUnwind<Fut> as core::future::future::Future>::poll::{{closure}}::h0948590dc8f8dee1
[INFO] [stdout]                                at /opt/rustwide/cargo-home/registry/src/github.com-1ecc6299db9ec823/futures-util-0.3.16/src/future/future/catch_unwind.rs:36:42
[INFO] [stdout]   27:     0x56264b6e7b6c - <core::panic::unwind_safe::AssertUnwindSafe<F> as core::ops::function::FnOnce<()>>::call_once::h7862776975665b92
[INFO] [stdout]                                at /rustc/84c898d65adf2f39a5a98507f1fe0ce10a2b8dbc/library/core/src/panic/unwind_safe.rs:271:9
[INFO] [stdout]   28:     0x56264b688da8 - std::panicking::try::do_call::ha250777fd3177656
[INFO] [stdout]                                at /rustc/84c898d65adf2f39a5a98507f1fe0ce10a2b8dbc/library/std/src/panicking.rs:487:40
[INFO] [stdout]   29:     0x56264b6a7a0b - __rust_try
[INFO] [stdout]   30:     0x56264b68828f - std::panicking::try::h016d20f2b1cb0dda
[INFO] [stdout]                                at /rustc/84c898d65adf2f39a5a98507f1fe0ce10a2b8dbc/library/std/src/panicking.rs:451:19
[INFO] [stdout]   31:     0x56264b7714eb - std::panic::catch_unwind::h2c77737bb3dde29e
[INFO] [stdout]                                at /rustc/84c898d65adf2f39a5a98507f1fe0ce10a2b8dbc/library/std/src/panic.rs:140:14
[INFO] [stdout]   32:     0x56264b742fea - <futures_util::future::future::catch_unwind::CatchUnwind<Fut> as core::future::future::Future>::poll::hea0892adf6509962
[INFO] [stdout]                                at /opt/rustwide/cargo-home/registry/src/github.com-1ecc6299db9ec823/futures-util-0.3.16/src/future/future/catch_unwind.rs:36:9
[INFO] [stdout]   33:     0x56264b6d0ac5 - rocket::server::handle::{{closure}}::h9888d8e6f4a292c2
[INFO] [stdout]                                at /opt/rustwide/cargo-home/registry/src/github.com-1ecc6299db9ec823/rocket-0.5.0-rc.1/src/server.rs:55:9
[INFO] [stdout]   34:     0x56264b6d6f91 - rocket::server::<impl rocket::rocket::Rocket<rocket::phase::Orbit>>::route::{{closure}}::h5fb80a632c65fe16
[INFO] [stdout]                                at /opt/rustwide/cargo-home/registry/src/github.com-1ecc6299db9ec823/rocket-0.5.0-rc.1/src/server.rs:280:79
[INFO] [stdout]   35:     0x56264b6d5440 - rocket::server::<impl rocket::rocket::Rocket<rocket::phase::Orbit>>::route_and_process::{{closure}}::h358622ffdc6ee02a
[INFO] [stdout]                                at /opt/rustwide/cargo-home/registry/src/github.com-1ecc6299db9ec823/rocket-0.5.0-rc.1/src/server.rs:235:59
[INFO] [stdout]   36:     0x56264b6d476e - rocket::server::<impl rocket::rocket::Rocket<rocket::phase::Orbit>>::dispatch::{{closure}}::hf4c377e2756e6b59
[INFO] [stdout]                                at /opt/rustwide/cargo-home/registry/src/github.com-1ecc6299db9ec823/rocket-0.5.0-rc.1/src/server.rs:209:65
[INFO] [stdout]   37:     0x56264b686fd7 - rocket::local::asynchronous::response::LocalResponse::new::{{closure}}::h776e1f64f56eecfd
[INFO] [stdout]                                at /opt/rustwide/cargo-home/registry/src/github.com-1ecc6299db9ec823/rocket-0.5.0-rc.1/src/local/asynchronous/response.rs:90:52
[INFO] [stdout]   38:     0x56264b69e61d - rocket::local::asynchronous::request::LocalRequest::_dispatch::{{closure}}::h05b8214d50a36ecc
[INFO] [stdout]                                at /opt/rustwide/cargo-home/registry/src/github.com-1ecc6299db9ec823/rocket-0.5.0-rc.1/src/local/asynchronous/request.rs:100:11
[INFO] [stdout]   39:     0x56264b6a7747 - rocket::local::asynchronous::request::LocalRequest::dispatch::{{closure}}::hc318ba124503f437
[INFO] [stdout]                                at /opt/rustwide/cargo-home/registry/src/github.com-1ecc6299db9ec823/rocket-0.5.0-rc.1/src/local/request.rs:326:9
[INFO] [stdout]   40:     0x56264ada3f00 - authentication_server_rocket::test::it_works_for_sign_up_and_delete_user_once_signed_up::{{closure}}::h9ecee99965389f8f
[INFO] [stdout]                                at /opt/rustwide/workdir/src/main.rs:146:28
[INFO] [stdout]   41:     0x56264ad9a114 - tokio::park::thread::CachedParkThread::block_on::{{closure}}::h365dc1912709de25
[INFO] [stdout]                                at /opt/rustwide/cargo-home/registry/src/github.com-1ecc6299db9ec823/tokio-1.12.0/src/park/thread.rs:263:54
[INFO] [stdout]   42:     0x56264ad468f0 - tokio::coop::with_budget::{{closure}}::h08b1accb88b22fb9
[INFO] [stdout]                                at /opt/rustwide/cargo-home/registry/src/github.com-1ecc6299db9ec823/tokio-1.12.0/src/coop.rs:106:9
[INFO] [stdout]   43:     0x56264ad4cbc4 - std::thread::local::LocalKey<T>::try_with::h1269c4c01a974d36
[INFO] [stdout]                                at /rustc/84c898d65adf2f39a5a98507f1fe0ce10a2b8dbc/library/std/src/thread/local.rs:446:16
[INFO] [stdout]   44:     0x56264ad4c65a - std::thread::local::LocalKey<T>::with::had9893d5a951ba5a
[INFO] [stdout]                                at /rustc/84c898d65adf2f39a5a98507f1fe0ce10a2b8dbc/library/std/src/thread/local.rs:422:9
[INFO] [stdout]   45:     0x56264ad9964f - tokio::coop::with_budget::h8a2623d166019d01
[INFO] [stdout]                                at /opt/rustwide/cargo-home/registry/src/github.com-1ecc6299db9ec823/tokio-1.12.0/src/coop.rs:99:5
[INFO] [stdout]   46:     0x56264ad9964f - tokio::coop::budget::h2ce121b139b74c22
[INFO] [stdout]                                at /opt/rustwide/cargo-home/registry/src/github.com-1ecc6299db9ec823/tokio-1.12.0/src/coop.rs:76:5
[INFO] [stdout]   47:     0x56264ad9964f - tokio::park::thread::CachedParkThread::block_on::he541b7e43b4f60b8
[INFO] [stdout]                                at /opt/rustwide/cargo-home/registry/src/github.com-1ecc6299db9ec823/tokio-1.12.0/src/park/thread.rs:263:31
[INFO] [stdout]   48:     0x56264addd8f9 - tokio::runtime::enter::Enter::block_on::h67cee743302699a5
[INFO] [stdout]                                at /opt/rustwide/cargo-home/registry/src/github.com-1ecc6299db9ec823/tokio-1.12.0/src/runtime/enter.rs:151:13
[INFO] [stdout]   49:     0x56264ad64fe5 - tokio::runtime::thread_pool::ThreadPool::block_on::h2a041755c3254aa5
[INFO] [stdout]                                at /opt/rustwide/cargo-home/registry/src/github.com-1ecc6299db9ec823/tokio-1.12.0/src/runtime/thread_pool/mod.rs:77:9
[INFO] [stdout]   50:     0x56264adc1f45 - tokio::runtime::Runtime::block_on::ha46d9456d3d2e42e
[INFO] [stdout]                                at /opt/rustwide/cargo-home/registry/src/github.com-1ecc6299db9ec823/tokio-1.12.0/src/runtime/mod.rs:463:43
[INFO] [stdout]   51:     0x56264ad9bd59 - rocket::async_test::ha6b9ff11832b1cba
[INFO] [stdout]                                at /opt/rustwide/cargo-home/registry/src/github.com-1ecc6299db9ec823/rocket-0.5.0-rc.1/src/lib.rs:210:5
[INFO] [stdout]   52:     0x56264ada34a1 - authentication_server_rocket::test::it_works_for_sign_up_and_delete_user_once_signed_up::h822a55ff8c379913
[INFO] [stdout]                                at /opt/rustwide/workdir/src/main.rs:135:68
[INFO] [stdout]   53:     0x56264ada3457 - authentication_server_rocket::test::it_works_for_sign_up_and_delete_user_once_signed_up::{{closure}}::h1793976f66d63eae
[INFO] [stdout]                                at /opt/rustwide/workdir/src/main.rs:135:68
[INFO] [stdout]   54:     0x56264ad20ba5 - core::ops::function::FnOnce::call_once::h69c918b9f177975d
[INFO] [stdout]                                at /rustc/84c898d65adf2f39a5a98507f1fe0ce10a2b8dbc/library/core/src/ops/function.rs:250:5
[INFO] [stdout]   55:     0x56264ae578df - core::ops::function::FnOnce::call_once::h7d969581be7d0075
[INFO] [stdout]                                at /rustc/84c898d65adf2f39a5a98507f1fe0ce10a2b8dbc/library/core/src/ops/function.rs:250:5
[INFO] [stdout]   56:     0x56264ae578df - test::__rust_begin_short_backtrace::hca25a52684e56655
[INFO] [stdout]                                at /rustc/84c898d65adf2f39a5a98507f1fe0ce10a2b8dbc/library/test/src/lib.rs:656:18
[INFO] [stdout]   57:     0x56264ae28efc - test::run_test::{{closure}}::ha8ac744c4af1a4bb
[INFO] [stdout]                                at /rustc/84c898d65adf2f39a5a98507f1fe0ce10a2b8dbc/library/test/src/lib.rs:647:30
[INFO] [stdout]   58:     0x56264ae28efc - core::ops::function::FnOnce::call_once{{vtable.shim}}::h7b411a9ed45bdecf
[INFO] [stdout]                                at /rustc/84c898d65adf2f39a5a98507f1fe0ce10a2b8dbc/library/core/src/ops/function.rs:250:5
[INFO] [stdout]   59:     0x56264ae568a6 - <alloc::boxed::Box<F,A> as core::ops::function::FnOnce<Args>>::call_once::hd05328869a8ed200
[INFO] [stdout]                                at /rustc/84c898d65adf2f39a5a98507f1fe0ce10a2b8dbc/library/alloc/src/boxed.rs:1987:9
[INFO] [stdout]   60:     0x56264ae568a6 - <core::panic::unwind_safe::AssertUnwindSafe<F> as core::ops::function::FnOnce<()>>::call_once::h0c601ce20bd5b2be
[INFO] [stdout]                                at /rustc/84c898d65adf2f39a5a98507f1fe0ce10a2b8dbc/library/core/src/panic/unwind_safe.rs:271:9
[INFO] [stdout]   61:     0x56264ae568a6 - std::panicking::try::do_call::ha4be5c164fe30854
[INFO] [stdout]                                at /rustc/84c898d65adf2f39a5a98507f1fe0ce10a2b8dbc/library/std/src/panicking.rs:487:40
[INFO] [stdout]   62:     0x56264ae568a6 - std::panicking::try::h604546f3609af05f
[INFO] [stdout]                                at /rustc/84c898d65adf2f39a5a98507f1fe0ce10a2b8dbc/library/std/src/panicking.rs:451:19
[INFO] [stdout]   63:     0x56264ae568a6 - std::panic::catch_unwind::h5bfa8afe44c9c2f9
[INFO] [stdout]                                at /rustc/84c898d65adf2f39a5a98507f1fe0ce10a2b8dbc/library/std/src/panic.rs:140:14
[INFO] [stdout]   64:     0x56264ae568a6 - test::run_test_in_process::hd50dee55dd63e6aa
[INFO] [stdout]                                at /rustc/84c898d65adf2f39a5a98507f1fe0ce10a2b8dbc/library/test/src/lib.rs:679:27
[INFO] [stdout]   65:     0x56264ae568a6 - test::run_test::run_test_inner::{{closure}}::h4aa0f433aa85cea8
[INFO] [stdout]                                at /rustc/84c898d65adf2f39a5a98507f1fe0ce10a2b8dbc/library/test/src/lib.rs:573:39
[INFO] [stdout]   66:     0x56264ae23571 - test::run_test::run_test_inner::{{closure}}::had56431adf24b4d6
[INFO] [stdout]                                at /rustc/84c898d65adf2f39a5a98507f1fe0ce10a2b8dbc/library/test/src/lib.rs:600:37
[INFO] [stdout]   67:     0x56264ae23571 - std::sys_common::backtrace::__rust_begin_short_backtrace::ha8d9890e0c73bf13
[INFO] [stdout]                                at /rustc/84c898d65adf2f39a5a98507f1fe0ce10a2b8dbc/library/std/src/sys_common/backtrace.rs:134:18
[INFO] [stdout]   68:     0x56264ae28f8b - std::thread::Builder::spawn_unchecked_::{{closure}}::{{closure}}::h251832bcb4a95327
[INFO] [stdout]                                at /rustc/84c898d65adf2f39a5a98507f1fe0ce10a2b8dbc/library/std/src/thread/mod.rs:560:17
[INFO] [stdout]   69:     0x56264ae28f8b - <core::panic::unwind_safe::AssertUnwindSafe<F> as core::ops::function::FnOnce<()>>::call_once::h8fdff598fa414831
[INFO] [stdout]                                at /rustc/84c898d65adf2f39a5a98507f1fe0ce10a2b8dbc/library/core/src/panic/unwind_safe.rs:271:9
[INFO] [stdout]   70:     0x56264ae28f8b - std::panicking::try::do_call::h455dd2f7764a950f
[INFO] [stdout]                                at /rustc/84c898d65adf2f39a5a98507f1fe0ce10a2b8dbc/library/std/src/panicking.rs:487:40
[INFO] [stdout]   71:     0x56264ae28f8b - std::panicking::try::had6f23b7b73ae72a
[INFO] [stdout]                                at /rustc/84c898d65adf2f39a5a98507f1fe0ce10a2b8dbc/library/std/src/panicking.rs:451:19
[INFO] [stdout]   72:     0x56264ae28f8b - std::panic::catch_unwind::ha6a5ca3915b4dad0
[INFO] [stdout]                                at /rustc/84c898d65adf2f39a5a98507f1fe0ce10a2b8dbc/library/std/src/panic.rs:140:14
[INFO] [stdout]   73:     0x56264ae28f8b - std::thread::Builder::spawn_unchecked_::{{closure}}::h883b72ef75da6231
[INFO] [stdout]                                at /rustc/84c898d65adf2f39a5a98507f1fe0ce10a2b8dbc/library/std/src/thread/mod.rs:559:30
[INFO] [stdout]   74:     0x56264ae28f8b - core::ops::function::FnOnce::call_once{{vtable.shim}}::hb7dff73dc8bd2ccb
[INFO] [stdout]                                at /rustc/84c898d65adf2f39a5a98507f1fe0ce10a2b8dbc/library/core/src/ops/function.rs:250:5
[INFO] [stdout]   75:     0x56264bbb2933 - <alloc::boxed::Box<F,A> as core::ops::function::FnOnce<Args>>::call_once::h39990b24eedef2ab
[INFO] [stdout]                                at /rustc/84c898d65adf2f39a5a98507f1fe0ce10a2b8dbc/library/alloc/src/boxed.rs:1987:9
[INFO] [stdout]   76:     0x56264bbb2933 - <alloc::boxed::Box<F,A> as core::ops::function::FnOnce<Args>>::call_once::h01a027258444143b
[INFO] [stdout]                                at /rustc/84c898d65adf2f39a5a98507f1fe0ce10a2b8dbc/library/alloc/src/boxed.rs:1987:9
[INFO] [stdout]   77:     0x56264bbb2933 - std::sys::unix::thread::Thread::new::thread_start::ha4f1cdd9c25884ba
[INFO] [stdout]                                at /rustc/84c898d65adf2f39a5a98507f1fe0ce10a2b8dbc/library/std/src/sys/unix/thread.rs:108:17
[INFO] [stdout]   78:     0x7fb246e05b43 - <unknown>
[INFO] [stdout]   79:     0x7fb246e96bb4 - __clone
[INFO] [stdout]   80:                0x0 - <unknown>
[INFO] [stdout]    >> Handler sign_up panicked.
[INFO] [stdout]    >> This is an application bug.
[INFO] [stdout]    >> A panic in Rust must be treated as an exceptional event.
[INFO] [stdout]    >> Panicking is not a suitable error handling mechanism.
[INFO] [stdout]    >> Unwinding, the result of a panic, is an expensive operation.
[INFO] [stdout]    >> Panics will severely degrade application performance.
[INFO] [stdout]    >> Instead of panicking, return `Option` and/or `Result`.
[INFO] [stdout]    >> Values of either type can be returned directly from handlers.
[INFO] [stdout]    >> A panic is treated as an internal server error.
[INFO] [stdout]    >> Outcome: Failure
[INFO] [stdout]    >> No 500 catcher registered. Using Rocket default.
[INFO] [stdout] thread 'test::it_works_for_sign_up_and_delete_user_once_signed_up' panicked at 'assertion failed: `(left == right)`
[INFO] [stdout]   left: `Status { code: 500 }`,
[INFO] [stdout]  right: `Status { code: 200 }`', src/main.rs:146:9
[INFO] [stdout] stack backtrace:
[INFO] [stdout]    0:     0x56264bbabd0a - std::backtrace_rs::backtrace::libunwind::trace::ha9053a9a07ca49cb
[INFO] [stdout]                                at /rustc/84c898d65adf2f39a5a98507f1fe0ce10a2b8dbc/library/std/src/../../backtrace/src/backtrace/libunwind.rs:93:5
[INFO] [stdout]    1:     0x56264bbabd0a - std::backtrace_rs::backtrace::trace_unsynchronized::h9c2852a457ad564e
[INFO] [stdout]                                at /rustc/84c898d65adf2f39a5a98507f1fe0ce10a2b8dbc/library/std/src/../../backtrace/src/backtrace/mod.rs:66:5
[INFO] [stdout]    2:     0x56264bbabd0a - std::sys_common::backtrace::_print_fmt::h457936fbfaa0070f
[INFO] [stdout]                                at /rustc/84c898d65adf2f39a5a98507f1fe0ce10a2b8dbc/library/std/src/sys_common/backtrace.rs:65:5
[INFO] [stdout]    3:     0x56264bbabd0a - <std::sys_common::backtrace::_print::DisplayBacktrace as core::fmt::Display>::fmt::h5779d7bf7f70cb0c
[INFO] [stdout]                                at /rustc/84c898d65adf2f39a5a98507f1fe0ce10a2b8dbc/library/std/src/sys_common/backtrace.rs:44:22
[INFO] [stdout]    4:     0x56264bbd5f3e - core::fmt::write::h5a4baaff1bcd3eb5
[INFO] [stdout]                                at /rustc/84c898d65adf2f39a5a98507f1fe0ce10a2b8dbc/library/core/src/fmt/mod.rs:1232:17
[INFO] [stdout]    5:     0x56264bba8415 - std::io::Write::write_fmt::h478f79c628ef31d1
[INFO] [stdout]                                at /rustc/84c898d65adf2f39a5a98507f1fe0ce10a2b8dbc/library/std/src/io/mod.rs:1684:15
[INFO] [stdout]    6:     0x56264bbabad5 - std::sys_common::backtrace::_print::h5fcdc36060f177e8
[INFO] [stdout]                                at /rustc/84c898d65adf2f39a5a98507f1fe0ce10a2b8dbc/library/std/src/sys_common/backtrace.rs:47:5
[INFO] [stdout]    7:     0x56264bbabad5 - std::sys_common::backtrace::print::h54ca9458b876c8bf
[INFO] [stdout]                                at /rustc/84c898d65adf2f39a5a98507f1fe0ce10a2b8dbc/library/std/src/sys_common/backtrace.rs:34:9
[INFO] [stdout]    8:     0x56264bbad89f - std::panicking::default_hook::{{closure}}::hbe471161c7664ed6
[INFO] [stdout]                                at /rustc/84c898d65adf2f39a5a98507f1fe0ce10a2b8dbc/library/std/src/panicking.rs:271:22
[INFO] [stdout]    9:     0x56264bbad55f - std::panicking::default_hook::ha3500da57aa4ac4f
[INFO] [stdout]                                at /rustc/84c898d65adf2f39a5a98507f1fe0ce10a2b8dbc/library/std/src/panicking.rs:287:9
[INFO] [stdout]   10:     0x56264ae524f7 - <alloc::boxed::Box<F,A> as core::ops::function::Fn<Args>>::call::hdf1b89dd137ece34
[INFO] [stdout]                                at /rustc/84c898d65adf2f39a5a98507f1fe0ce10a2b8dbc/library/alloc/src/boxed.rs:2001:9
[INFO] [stdout]   11:     0x56264ae524f7 - test::test_main::{{closure}}::h9081a79f20e75698
[INFO] [stdout]                                at /rustc/84c898d65adf2f39a5a98507f1fe0ce10a2b8dbc/library/test/src/lib.rs:135:21
[INFO] [stdout]   12:     0x56264bbadfcd - <alloc::boxed::Box<F,A> as core::ops::function::Fn<Args>>::call::h6507bddc3eebb4a5
[INFO] [stdout]                                at /rustc/84c898d65adf2f39a5a98507f1fe0ce10a2b8dbc/library/alloc/src/boxed.rs:2001:9
[INFO] [stdout]   13:     0x56264bbadfcd - std::panicking::rust_panic_with_hook::h50c09d000dc561d2
[INFO] [stdout]                                at /rustc/84c898d65adf2f39a5a98507f1fe0ce10a2b8dbc/library/std/src/panicking.rs:696:13
[INFO] [stdout]   14:     0x56264bbadd49 - std::panicking::begin_panic_handler::{{closure}}::h9e2b2176e00e0d9c
[INFO] [stdout]                                at /rustc/84c898d65adf2f39a5a98507f1fe0ce10a2b8dbc/library/std/src/panicking.rs:583:13
[INFO] [stdout]   15:     0x56264bbac176 - std::sys_common::backtrace::__rust_end_short_backtrace::h5739b8e512c09d02
[INFO] [stdout]                                at /rustc/84c898d65adf2f39a5a98507f1fe0ce10a2b8dbc/library/std/src/sys_common/backtrace.rs:150:18
[INFO] [stdout]   16:     0x56264bbada52 - rust_begin_unwind
[INFO] [stdout]                                at /rustc/84c898d65adf2f39a5a98507f1fe0ce10a2b8dbc/library/std/src/panicking.rs:579:5
[INFO] [stdout]   17:     0x56264acf2633 - core::panicking::panic_fmt::hf33a1475b4dc5c3e
[INFO] [stdout]                                at /rustc/84c898d65adf2f39a5a98507f1fe0ce10a2b8dbc/library/core/src/panicking.rs:64:14
[INFO] [stdout]   18:     0x56264acf296f - core::panicking::assert_failed_inner::haf9816227b20b6f2
[INFO] [stdout]   19:     0x56264add948a - core::panicking::assert_failed::ha72231ecae5c19bf
[INFO] [stdout]                                at /rustc/84c898d65adf2f39a5a98507f1fe0ce10a2b8dbc/library/core/src/panicking.rs:211:5
[INFO] [stdout]   20:     0x56264ada40e2 - authentication_server_rocket::test::it_works_for_sign_up_and_delete_user_once_signed_up::{{closure}}::h9ecee99965389f8f
[INFO] [stdout]                                at /opt/rustwide/workdir/src/main.rs:146:9
[INFO] [stdout]   21:     0x56264ad9a114 - tokio::park::thread::CachedParkThread::block_on::{{closure}}::h365dc1912709de25
[INFO] [stdout]                                at /opt/rustwide/cargo-home/registry/src/github.com-1ecc6299db9ec823/tokio-1.12.0/src/park/thread.rs:263:54
[INFO] [stdout]   22:     0x56264ad468f0 - tokio::coop::with_budget::{{closure}}::h08b1accb88b22fb9
[INFO] [stdout]                                at /opt/rustwide/cargo-home/registry/src/github.com-1ecc6299db9ec823/tokio-1.12.0/src/coop.rs:106:9
[INFO] [stdout]   23:     0x56264ad4cbc4 - std::thread::local::LocalKey<T>::try_with::h1269c4c01a974d36
[INFO] [stdout]                                at /rustc/84c898d65adf2f39a5a98507f1fe0ce10a2b8dbc/library/std/src/thread/local.rs:446:16
[INFO] [stdout]   24:     0x56264ad4c65a - std::thread::local::LocalKey<T>::with::had9893d5a951ba5a
[INFO] [stdout]                                at /rustc/84c898d65adf2f39a5a98507f1fe0ce10a2b8dbc/library/std/src/thread/local.rs:422:9
[INFO] [stdout]   25:     0x56264ad9964f - tokio::coop::with_budget::h8a2623d166019d01
[INFO] [stdout]                                at /opt/rustwide/cargo-home/registry/src/github.com-1ecc6299db9ec823/tokio-1.12.0/src/coop.rs:99:5
[INFO] [stdout]   26:     0x56264ad9964f - tokio::coop::budget::h2ce121b139b74c22
[INFO] [stdout]                                at /opt/rustwide/cargo-home/registry/src/github.com-1ecc6299db9ec823/tokio-1.12.0/src/coop.rs:76:5
[INFO] [stdout]   27:     0x56264ad9964f - tokio::park::thread::CachedParkThread::block_on::he541b7e43b4f60b8
[INFO] [stdout]                                at /opt/rustwide/cargo-home/registry/src/github.com-1ecc6299db9ec823/tokio-1.12.0/src/park/thread.rs:263:31
[INFO] [stdout]   28:     0x56264addd8f9 - tokio::runtime::enter::Enter::block_on::h67cee743302699a5
[INFO] [stdout]                                at /opt/rustwide/cargo-home/registry/src/github.com-1ecc6299db9ec823/tokio-1.12.0/src/runtime/enter.rs:151:13
[INFO] [stdout]   29:     0x56264ad64fe5 - tokio::runtime::thread_pool::ThreadPool::block_on::h2a041755c3254aa5
[INFO] [stdout]                                at /opt/rustwide/cargo-home/registry/src/github.com-1ecc6299db9ec823/tokio-1.12.0/src/runtime/thread_pool/mod.rs:77:9
[INFO] [stdout]   30:     0x56264adc1f45 - tokio::runtime::Runtime::block_on::ha46d9456d3d2e42e
[INFO] [stdout]                                at /opt/rustwide/cargo-home/registry/src/github.com-1ecc6299db9ec823/tokio-1.12.0/src/runtime/mod.rs:463:43
[INFO] [stdout]   31:     0x56264ad9bd59 - rocket::async_test::ha6b9ff11832b1cba
[INFO] [stdout]                                at /opt/rustwide/cargo-home/registry/src/github.com-1ecc6299db9ec823/rocket-0.5.0-rc.1/src/lib.rs:210:5
[INFO] [stdout]   32:     0x56264ada34a1 - authentication_server_rocket::test::it_works_for_sign_up_and_delete_user_once_signed_up::h822a55ff8c379913
[INFO] [stdout]                                at /opt/rustwide/workdir/src/main.rs:135:68
[INFO] [stdout]   33:     0x56264ada3457 - authentication_server_rocket::test::it_works_for_sign_up_and_delete_user_once_signed_up::{{closure}}::h1793976f66d63eae
[INFO] [stdout]                                at /opt/rustwide/workdir/src/main.rs:135:68
[INFO] [stdout]   34:     0x56264ad20ba5 - core::ops::function::FnOnce::call_once::h69c918b9f177975d
[INFO] [stdout]                                at /rustc/84c898d65adf2f39a5a98507f1fe0ce10a2b8dbc/library/core/src/ops/function.rs:250:5
[INFO] [stdout]   35:     0x56264ae578df - core::ops::function::FnOnce::call_once::h7d969581be7d0075
[INFO] [stdout]                                at /rustc/84c898d65adf2f39a5a98507f1fe0ce10a2b8dbc/library/core/src/ops/function.rs:250:5
[INFO] [stdout]   36:     0x56264ae578df - test::__rust_begin_short_backtrace::hca25a52684e56655
[INFO] [stdout]                                at /rustc/84c898d65adf2f39a5a98507f1fe0ce10a2b8dbc/library/test/src/lib.rs:656:18
[INFO] [stdout]   37:     0x56264ae28efc - test::run_test::{{closure}}::ha8ac744c4af1a4bb
[INFO] [stdout]                                at /rustc/84c898d65adf2f39a5a98507f1fe0ce10a2b8dbc/library/test/src/lib.rs:647:30
[INFO] [stdout]   38:     0x56264ae28efc - core::ops::function::FnOnce::call_once{{vtable.shim}}::h7b411a9ed45bdecf
[INFO] [stdout]                                at /rustc/84c898d65adf2f39a5a98507f1fe0ce10a2b8dbc/library/core/src/ops/function.rs:250:5
[INFO] [stdout]   39:     0x56264ae568a6 - <alloc::boxed::Box<F,A> as core::ops::function::FnOnce<Args>>::call_once::hd05328869a8ed200
[INFO] [stdout]                                at /rustc/84c898d65adf2f39a5a98507f1fe0ce10a2b8dbc/library/alloc/src/boxed.rs:1987:9
[INFO] [stdout]   40:     0x56264ae568a6 - <core::panic::unwind_safe::AssertUnwindSafe<F> as core::ops::function::FnOnce<()>>::call_once::h0c601ce20bd5b2be
[INFO] [stdout]                                at /rustc/84c898d65adf2f39a5a98507f1fe0ce10a2b8dbc/library/core/src/panic/unwind_safe.rs:271:9
[INFO] [stdout]   41:     0x56264ae568a6 - std::panicking::try::do_call::ha4be5c164fe30854
[INFO] [stdout]                                at /rustc/84c898d65adf2f39a5a98507f1fe0ce10a2b8dbc/library/std/src/panicking.rs:487:40
[INFO] [stdout]   42:     0x56264ae568a6 - std::panicking::try::h604546f3609af05f
[INFO] [stdout]                                at /rustc/84c898d65adf2f39a5a98507f1fe0ce10a2b8dbc/library/std/src/panicking.rs:451:19
[INFO] [stdout]   43:     0x56264ae568a6 - std::panic::catch_unwind::h5bfa8afe44c9c2f9
[INFO] [stdout]                                at /rustc/84c898d65adf2f39a5a98507f1fe0ce10a2b8dbc/library/std/src/panic.rs:140:14
[INFO] [stdout]   44:     0x56264ae568a6 - test::run_test_in_process::hd50dee55dd63e6aa
[INFO] [stdout]                                at /rustc/84c898d65adf2f39a5a98507f1fe0ce10a2b8dbc/library/test/src/lib.rs:679:27
[INFO] [stdout]   45:     0x56264ae568a6 - test::run_test::run_test_inner::{{closure}}::h4aa0f433aa85cea8
[INFO] [stdout]                                at /rustc/84c898d65adf2f39a5a98507f1fe0ce10a2b8dbc/library/test/src/lib.rs:573:39
[INFO] [stdout]   46:     0x56264ae23571 - test::run_test::run_test_inner::{{closure}}::had56431adf24b4d6
[INFO] [stdout]                                at /rustc/84c898d65adf2f39a5a98507f1fe0ce10a2b8dbc/library/test/src/lib.rs:600:37
[INFO] [stdout]   47:     0x56264ae23571 - std::sys_common::backtrace::__rust_begin_short_backtrace::ha8d9890e0c73bf13
[INFO] [stdout]                                at /rustc/84c898d65adf2f39a5a98507f1fe0ce10a2b8dbc/library/std/src/sys_common/backtrace.rs:134:18
[INFO] [stdout]   48:     0x56264ae28f8b - std::thread::Builder::spawn_unchecked_::{{closure}}::{{closure}}::h251832bcb4a95327
[INFO] [stdout]                                at /rustc/84c898d65adf2f39a5a98507f1fe0ce10a2b8dbc/library/std/src/thread/mod.rs:560:17
[INFO] [stdout]   49:     0x56264ae28f8b - <core::panic::unwind_safe::AssertUnwindSafe<F> as core::ops::function::FnOnce<()>>::call_once::h8fdff598fa414831
[INFO] [stdout]                                at /rustc/84c898d65adf2f39a5a98507f1fe0ce10a2b8dbc/library/core/src/panic/unwind_safe.rs:271:9
[INFO] [stdout]   50:     0x56264ae28f8b - std::panicking::try::do_call::h455dd2f7764a950f
[INFO] [stdout]                                at /rustc/84c898d65adf2f39a5a98507f1fe0ce10a2b8dbc/library/std/src/panicking.rs:487:40
[INFO] [stdout]   51:     0x56264ae28f8b - std::panicking::try::had6f23b7b73ae72a
[INFO] [stdout]                                at /rustc/84c898d65adf2f39a5a98507f1fe0ce10a2b8dbc/library/std/src/panicking.rs:451:19
[INFO] [stdout]   52:     0x56264ae28f8b - std::panic::catch_unwind::ha6a5ca3915b4dad0
[INFO] [stdout]                                at /rustc/84c898d65adf2f39a5a98507f1fe0ce10a2b8dbc/library/std/src/panic.rs:140:14
[INFO] [stdout]   53:     0x56264ae28f8b - std::thread::Builder::spawn_unchecked_::{{closure}}::h883b72ef75da6231
[INFO] [stdout]                                at /rustc/84c898d65adf2f39a5a98507f1fe0ce10a2b8dbc/library/std/src/thread/mod.rs:559:30
[INFO] [stdout]   54:     0x56264ae28f8b - core::ops::function::FnOnce::call_once{{vtable.shim}}::hb7dff73dc8bd2ccb
[INFO] [stdout]                                at /rustc/84c898d65adf2f39a5a98507f1fe0ce10a2b8dbc/library/core/src/ops/function.rs:250:5
[INFO] [stdout]   55:     0x56264bbb2933 - <alloc::boxed::Box<F,A> as core::ops::function::FnOnce<Args>>::call_once::h39990b24eedef2ab
[INFO] [stdout]                                at /rustc/84c898d65adf2f39a5a98507f1fe0ce10a2b8dbc/library/alloc/src/boxed.rs:1987:9
[INFO] [stdout]   56:     0x56264bbb2933 - <alloc::boxed::Box<F,A> as core::ops::function::FnOnce<Args>>::call_once::h01a027258444143b
[INFO] [stdout]                                at /rustc/84c898d65adf2f39a5a98507f1fe0ce10a2b8dbc/library/alloc/src/boxed.rs:1987:9
[INFO] [stdout]   57:     0x56264bbb2933 - std::sys::unix::thread::Thread::new::thread_start::ha4f1cdd9c25884ba
[INFO] [stdout]                                at /rustc/84c898d65adf2f39a5a98507f1fe0ce10a2b8dbc/library/std/src/sys/unix/thread.rs:108:17
[INFO] [stdout]   58:     0x7fb246e05b43 - <unknown>
[INFO] [stdout]   59:     0x7fb246e96bb4 - __clone
[INFO] [stdout]   60:                0x0 - <unknown>
[INFO] [stdout] 
[INFO] [stdout] 
[INFO] [stdout] failures:
[INFO] [stdout]     test::correct_error_for_incorrect_password_sign_in
[INFO] [stdout]     test::correct_error_response_if_user_already_registered
[INFO] [stdout]     test::it_works_for_sign_in
[INFO] [stdout]     test::it_works_for_sign_up_and_delete_user_once_signed_up
[INFO] [stdout]     test::upload_and_download_file
[INFO] [stdout] 
[INFO] [stdout] test result: FAILED. 4 passed; 5 failed; 0 ignored; 0 measured; 0 filtered out; finished in 61.10s
[INFO] [stdout] 
[INFO] [stderr] error: test failed, to rerun pass `--bin authentication_server_rocket`
[INFO] running `Command { std: "docker" "inspect" "64e6585df920816b9679d63080e38592dcd17a0d1230f8172d98a47b6c516e53", kill_on_drop: false }`
[INFO] running `Command { std: "docker" "rm" "-f" "64e6585df920816b9679d63080e38592dcd17a0d1230f8172d98a47b6c516e53", kill_on_drop: false }`
[INFO] [stdout] 64e6585df920816b9679d63080e38592dcd17a0d1230f8172d98a47b6c516e53
