[INFO] cloning repository https://github.com/WannesMalfait/prime-sum-sequences
[INFO] running `Command { std: "git" "-c" "credential.helper=" "-c" "credential.helper=/workspace/cargo-home/bin/git-credential-null" "clone" "--bare" "https://github.com/WannesMalfait/prime-sum-sequences" "/workspace/cache/git-repos/https%3A%2F%2Fgithub.com%2FWannesMalfait%2Fprime-sum-sequences", kill_on_drop: false }`
[INFO] [stderr] Cloning into bare repository '/workspace/cache/git-repos/https%3A%2F%2Fgithub.com%2FWannesMalfait%2Fprime-sum-sequences'...
[INFO] running `Command { std: "git" "rev-parse" "HEAD", kill_on_drop: false }`
[INFO] [stdout] 0f63954095e19084aa47267f0f054e4cc443dbb6
[INFO] testing WannesMalfait/prime-sum-sequences against 1.69.0 for beta-1.70-1
[INFO] running `Command { std: "git" "clone" "/workspace/cache/git-repos/https%3A%2F%2Fgithub.com%2FWannesMalfait%2Fprime-sum-sequences" "/workspace/builds/worker-2-tc1/source", kill_on_drop: false }`
[INFO] [stderr] Cloning into '/workspace/builds/worker-2-tc1/source'...
[INFO] [stderr] done.
[INFO] validating manifest of git repo https://github.com/WannesMalfait/prime-sum-sequences on toolchain 1.69.0
[INFO] running `Command { std: CARGO_HOME="/workspace/cargo-home" RUSTUP_HOME="/workspace/rustup-home" "/workspace/cargo-home/bin/cargo" "+1.69.0" "metadata" "--manifest-path" "Cargo.toml" "--no-deps", kill_on_drop: false }`
[INFO] started tweaking git repo https://github.com/WannesMalfait/prime-sum-sequences
[INFO] finished tweaking git repo https://github.com/WannesMalfait/prime-sum-sequences
[INFO] tweaked toml for git repo https://github.com/WannesMalfait/prime-sum-sequences written to /workspace/builds/worker-2-tc1/source/Cargo.toml
[INFO] crate git repo https://github.com/WannesMalfait/prime-sum-sequences already has a lockfile, it will not be regenerated
[INFO] running `Command { std: CARGO_HOME="/workspace/cargo-home" RUSTUP_HOME="/workspace/rustup-home" "/workspace/cargo-home/bin/cargo" "+1.69.0" "fetch" "--manifest-path" "Cargo.toml", kill_on_drop: false }`
[INFO] [stderr]  Downloading crates ...
[INFO] [stderr]   Downloaded pbr v1.0.3
[INFO] running `Command { std: "docker" "create" "-v" "/var/lib/crater-agent-workspace/builds/worker-2-tc1/target:/opt/rustwide/target:rw,Z" "-v" "/var/lib/crater-agent-workspace/builds/worker-2-tc1/source:/opt/rustwide/workdir:ro,Z" "-v" "/var/lib/crater-agent-workspace/cargo-home:/opt/rustwide/cargo-home:ro,Z" "-v" "/var/lib/crater-agent-workspace/rustup-home:/opt/rustwide/rustup-home:ro,Z" "-e" "SOURCE_DIR=/opt/rustwide/workdir" "-e" "CARGO_TARGET_DIR=/opt/rustwide/target" "-e" "CARGO_HOME=/opt/rustwide/cargo-home" "-e" "RUSTUP_HOME=/opt/rustwide/rustup-home" "-w" "/opt/rustwide/workdir" "-m" "1610612736" "--user" "0:0" "--network" "none" "ghcr.io/rust-lang/crates-build-env/linux@sha256:5ff2268d62e97bff2cde7d5815dd6ed5b47097566f13b8d0ca110b04b60e07ed" "/opt/rustwide/cargo-home/bin/cargo" "+1.69.0" "metadata" "--no-deps" "--format-version=1", kill_on_drop: false }`
[INFO] [stdout] 3cdb3d9e0fc96516e18d92e0fd2ac81d416be2615dd0f31a4aa5c8c5cfea1368
[INFO] running `Command { std: "docker" "start" "-a" "3cdb3d9e0fc96516e18d92e0fd2ac81d416be2615dd0f31a4aa5c8c5cfea1368", kill_on_drop: false }`
[INFO] running `Command { std: "docker" "inspect" "3cdb3d9e0fc96516e18d92e0fd2ac81d416be2615dd0f31a4aa5c8c5cfea1368", kill_on_drop: false }`
[INFO] running `Command { std: "docker" "rm" "-f" "3cdb3d9e0fc96516e18d92e0fd2ac81d416be2615dd0f31a4aa5c8c5cfea1368", kill_on_drop: false }`
[INFO] [stdout] 3cdb3d9e0fc96516e18d92e0fd2ac81d416be2615dd0f31a4aa5c8c5cfea1368
[INFO] running `Command { std: "docker" "create" "-v" "/var/lib/crater-agent-workspace/builds/worker-2-tc1/target:/opt/rustwide/target:rw,Z" "-v" "/var/lib/crater-agent-workspace/builds/worker-2-tc1/source:/opt/rustwide/workdir:ro,Z" "-v" "/var/lib/crater-agent-workspace/cargo-home:/opt/rustwide/cargo-home:ro,Z" "-v" "/var/lib/crater-agent-workspace/rustup-home:/opt/rustwide/rustup-home:ro,Z" "-e" "SOURCE_DIR=/opt/rustwide/workdir" "-e" "CARGO_TARGET_DIR=/opt/rustwide/target" "-e" "CARGO_INCREMENTAL=0" "-e" "RUST_BACKTRACE=full" "-e" "RUSTFLAGS=--cap-lints=warn" "-e" "RUSTDOCFLAGS=--cap-lints=warn" "-e" "CARGO_HOME=/opt/rustwide/cargo-home" "-e" "RUSTUP_HOME=/opt/rustwide/rustup-home" "-w" "/opt/rustwide/workdir" "-m" "1610612736" "--user" "0:0" "--network" "none" "ghcr.io/rust-lang/crates-build-env/linux@sha256:5ff2268d62e97bff2cde7d5815dd6ed5b47097566f13b8d0ca110b04b60e07ed" "/opt/rustwide/cargo-home/bin/cargo" "+1.69.0" "build" "--frozen" "--message-format=json", kill_on_drop: false }`
[INFO] [stdout] 0223f127bfbd1a69b0f573c9e577c202e77db3600147035d19407f4f29a2a369
[INFO] running `Command { std: "docker" "start" "-a" "0223f127bfbd1a69b0f573c9e577c202e77db3600147035d19407f4f29a2a369", kill_on_drop: false }`
[INFO] [stderr]    Compiling libc v0.2.81
[INFO] [stderr]    Compiling unicode-width v0.1.8
[INFO] [stderr]    Compiling crossbeam-utils v0.7.2
[INFO] [stderr]    Compiling textwrap v0.11.0
[INFO] [stderr]    Compiling crossbeam-channel v0.4.4
[INFO] [stderr]    Compiling atty v0.2.14
[INFO] [stderr]    Compiling time v0.1.44
[INFO] [stderr]    Compiling clap v2.33.3
[INFO] [stderr]    Compiling pbr v1.0.3
[INFO] [stderr]    Compiling primes v0.1.0 (/opt/rustwide/workdir)
[INFO] [stderr]     Finished dev [unoptimized + debuginfo] target(s) in 8.45s
[INFO] running `Command { std: "docker" "inspect" "0223f127bfbd1a69b0f573c9e577c202e77db3600147035d19407f4f29a2a369", kill_on_drop: false }`
[INFO] running `Command { std: "docker" "rm" "-f" "0223f127bfbd1a69b0f573c9e577c202e77db3600147035d19407f4f29a2a369", kill_on_drop: false }`
[INFO] [stdout] 0223f127bfbd1a69b0f573c9e577c202e77db3600147035d19407f4f29a2a369
[INFO] running `Command { std: "docker" "create" "-v" "/var/lib/crater-agent-workspace/builds/worker-2-tc1/target:/opt/rustwide/target:rw,Z" "-v" "/var/lib/crater-agent-workspace/builds/worker-2-tc1/source:/opt/rustwide/workdir:ro,Z" "-v" "/var/lib/crater-agent-workspace/cargo-home:/opt/rustwide/cargo-home:ro,Z" "-v" "/var/lib/crater-agent-workspace/rustup-home:/opt/rustwide/rustup-home:ro,Z" "-e" "SOURCE_DIR=/opt/rustwide/workdir" "-e" "CARGO_TARGET_DIR=/opt/rustwide/target" "-e" "CARGO_INCREMENTAL=0" "-e" "RUST_BACKTRACE=full" "-e" "RUSTFLAGS=--cap-lints=warn" "-e" "RUSTDOCFLAGS=--cap-lints=warn" "-e" "CARGO_HOME=/opt/rustwide/cargo-home" "-e" "RUSTUP_HOME=/opt/rustwide/rustup-home" "-w" "/opt/rustwide/workdir" "-m" "1610612736" "--user" "0:0" "--network" "none" "ghcr.io/rust-lang/crates-build-env/linux@sha256:5ff2268d62e97bff2cde7d5815dd6ed5b47097566f13b8d0ca110b04b60e07ed" "/opt/rustwide/cargo-home/bin/cargo" "+1.69.0" "test" "--frozen" "--no-run" "--message-format=json", kill_on_drop: false }`
[INFO] [stdout] 0b94b8aeb2d48968ac3d360b2a315c123a7db23ae131a7eec390d7edb9f254ea
[INFO] running `Command { std: "docker" "start" "-a" "0b94b8aeb2d48968ac3d360b2a315c123a7db23ae131a7eec390d7edb9f254ea", kill_on_drop: false }`
[INFO] [stderr]    Compiling primes v0.1.0 (/opt/rustwide/workdir)
[INFO] [stderr]     Finished test [unoptimized + debuginfo] target(s) in 0.72s
[INFO] running `Command { std: "docker" "inspect" "0b94b8aeb2d48968ac3d360b2a315c123a7db23ae131a7eec390d7edb9f254ea", kill_on_drop: false }`
[INFO] running `Command { std: "docker" "rm" "-f" "0b94b8aeb2d48968ac3d360b2a315c123a7db23ae131a7eec390d7edb9f254ea", kill_on_drop: false }`
[INFO] [stdout] 0b94b8aeb2d48968ac3d360b2a315c123a7db23ae131a7eec390d7edb9f254ea
[INFO] running `Command { std: "docker" "create" "-v" "/var/lib/crater-agent-workspace/builds/worker-2-tc1/target:/opt/rustwide/target:rw,Z" "-v" "/var/lib/crater-agent-workspace/builds/worker-2-tc1/source:/opt/rustwide/workdir:ro,Z" "-v" "/var/lib/crater-agent-workspace/cargo-home:/opt/rustwide/cargo-home:ro,Z" "-v" "/var/lib/crater-agent-workspace/rustup-home:/opt/rustwide/rustup-home:ro,Z" "-e" "SOURCE_DIR=/opt/rustwide/workdir" "-e" "CARGO_TARGET_DIR=/opt/rustwide/target" "-e" "CARGO_INCREMENTAL=0" "-e" "RUST_BACKTRACE=full" "-e" "RUSTFLAGS=--cap-lints=warn" "-e" "RUSTDOCFLAGS=--cap-lints=warn" "-e" "CARGO_HOME=/opt/rustwide/cargo-home" "-e" "RUSTUP_HOME=/opt/rustwide/rustup-home" "-w" "/opt/rustwide/workdir" "-m" "1610612736" "--user" "0:0" "--network" "none" "ghcr.io/rust-lang/crates-build-env/linux@sha256:5ff2268d62e97bff2cde7d5815dd6ed5b47097566f13b8d0ca110b04b60e07ed" "/opt/rustwide/cargo-home/bin/cargo" "+1.69.0" "test" "--frozen", kill_on_drop: false }`
[INFO] [stdout] 529126b70da562c835618c3e4d9c2f92b577100fe17782c0d79f04b80304ad9b
[INFO] running `Command { std: "docker" "start" "-a" "529126b70da562c835618c3e4d9c2f92b577100fe17782c0d79f04b80304ad9b", kill_on_drop: false }`
[INFO] [stderr]     Finished test [unoptimized + debuginfo] target(s) in 0.02s
[INFO] [stderr]      Running unittests src/lib.rs (/opt/rustwide/target/debug/deps/primes-8252de725b9226e8)
[INFO] [stdout] 
[INFO] [stdout] running 2 tests
[INFO] [stdout] 0, 0, 1, 0, 1
[INFO] [stdout] 0, 1, 0, 1, 0
[INFO] [stdout] 1, 0, 1, 0, 1
[INFO] [stdout] 0, 1, 0, 1, 0
[INFO] [stdout] 1, 0, 1, 0, 0
[INFO] [stdout] test correct_access ... ok
[INFO] [stdout] test hamilton ... ok
[INFO] [stdout] 
[INFO] [stdout] test result: ok. 2 passed; 0 failed; 0 ignored; 0 measured; 0 filtered out; finished in 0.00s
[INFO] [stdout] 
[INFO] [stderr]      Running unittests src/main.rs (/opt/rustwide/target/debug/deps/primes-adf412df3dc07d01)
[INFO] [stdout] 
[INFO] [stderr]    Doc-tests primes
[INFO] [stdout] running 0 tests
[INFO] [stdout] 
[INFO] [stdout] test result: ok. 0 passed; 0 failed; 0 ignored; 0 measured; 0 filtered out; finished in 0.00s
[INFO] [stdout] 
[INFO] [stdout] 
[INFO] [stdout] running 2 tests
[INFO] [stdout] test src/lib.rs - Hankel (line 15) ... FAILED
[INFO] [stdout] test src/lib.rs - Hankel (line 26) ... FAILED
[INFO] [stdout] 
[INFO] [stdout] failures:
[INFO] [stdout] 
[INFO] [stdout] ---- src/lib.rs - Hankel (line 15) stdout ----
[INFO] [stdout] error: expected one of `.`, `;`, `?`, `}`, or an operator, found `1`
[INFO] [stdout]  --> src/lib.rs:16:3
[INFO] [stdout]   |
[INFO] [stdout] 3 | 0 1 0 1 0 1
[INFO] [stdout]   |   ^ expected one of `.`, `;`, `?`, `}`, or an operator
[INFO] [stdout] 
[INFO] [stdout] error: aborting due to previous error
[INFO] [stdout] 
[INFO] [stdout] Couldn't compile the test.
[INFO] [stdout] ---- src/lib.rs - Hankel (line 26) stdout ----
[INFO] [stdout] error[E0433]: failed to resolve: use of undeclared type `Hankel`
[INFO] [stdout]  --> src/lib.rs:29:11
[INFO] [stdout]   |
[INFO] [stdout] 6 | let mat = Hankel::prime_sum_matrix(6, primes);
[INFO] [stdout]   |           ^^^^^^ use of undeclared type `Hankel`
[INFO] [stdout]   |
[INFO] [stdout] help: consider importing this struct
[INFO] [stdout]   |
[INFO] [stdout] 3 | use primes::Hankel;
[INFO] [stdout]   |
[INFO] [stdout] 
[INFO] [stdout] error: aborting due to previous error
[INFO] [stdout] 
[INFO] [stdout] For more information about this error, try `rustc --explain E0433`.
[INFO] [stdout] Couldn't compile the test.
[INFO] [stdout] 
[INFO] [stdout] failures:
[INFO] [stdout]     src/lib.rs - Hankel (line 15)
[INFO] [stdout]     src/lib.rs - Hankel (line 26)
[INFO] [stdout] 
[INFO] [stdout] test result: FAILED. 0 passed; 2 failed; 0 ignored; 0 measured; 0 filtered out; finished in 0.09s
[INFO] [stdout] 
[INFO] [stderr] error: doctest failed, to rerun pass `--doc`
[INFO] running `Command { std: "docker" "inspect" "529126b70da562c835618c3e4d9c2f92b577100fe17782c0d79f04b80304ad9b", kill_on_drop: false }`
[INFO] running `Command { std: "docker" "rm" "-f" "529126b70da562c835618c3e4d9c2f92b577100fe17782c0d79f04b80304ad9b", kill_on_drop: false }`
[INFO] [stdout] 529126b70da562c835618c3e4d9c2f92b577100fe17782c0d79f04b80304ad9b
