[INFO] cloning repository https://github.com/WToma/missingparts
[INFO] running `Command { std: "git" "-c" "credential.helper=" "-c" "credential.helper=/workspace/cargo-home/bin/git-credential-null" "clone" "--bare" "https://github.com/WToma/missingparts" "/workspace/cache/git-repos/https%3A%2F%2Fgithub.com%2FWToma%2Fmissingparts", kill_on_drop: false }`
[INFO] [stderr] Cloning into bare repository '/workspace/cache/git-repos/https%3A%2F%2Fgithub.com%2FWToma%2Fmissingparts'...
[INFO] running `Command { std: "git" "rev-parse" "HEAD", kill_on_drop: false }`
[INFO] [stdout] 82255bef746971ff86b145d4425793dd0fdb43b2
[INFO] testing WToma/missingparts against 1.69.0 for beta-1.70-1
[INFO] running `Command { std: "git" "clone" "/workspace/cache/git-repos/https%3A%2F%2Fgithub.com%2FWToma%2Fmissingparts" "/workspace/builds/worker-5-tc1/source", kill_on_drop: false }`
[INFO] [stderr] Cloning into '/workspace/builds/worker-5-tc1/source'...
[INFO] [stderr] done.
[INFO] validating manifest of git repo https://github.com/WToma/missingparts on toolchain 1.69.0
[INFO] running `Command { std: CARGO_HOME="/workspace/cargo-home" RUSTUP_HOME="/workspace/rustup-home" "/workspace/cargo-home/bin/cargo" "+1.69.0" "metadata" "--manifest-path" "Cargo.toml" "--no-deps", kill_on_drop: false }`
[INFO] started tweaking git repo https://github.com/WToma/missingparts
[INFO] finished tweaking git repo https://github.com/WToma/missingparts
[INFO] tweaked toml for git repo https://github.com/WToma/missingparts written to /workspace/builds/worker-5-tc1/source/Cargo.toml
[INFO] crate git repo https://github.com/WToma/missingparts already has a lockfile, it will not be regenerated
[INFO] running `Command { std: CARGO_HOME="/workspace/cargo-home" RUSTUP_HOME="/workspace/rustup-home" "/workspace/cargo-home/bin/cargo" "+1.69.0" "fetch" "--manifest-path" "Cargo.toml", kill_on_drop: false }`
[INFO] [stderr]  Downloading crates ...
[INFO] [stderr]   Downloaded futures-channel v0.3.2
[INFO] [stderr]   Downloaded futures-task v0.3.2
[INFO] [stderr]   Downloaded chashmap v2.2.2
[INFO] [stderr]   Downloaded serde_json v1.0.46
[INFO] [stderr]   Downloaded futures-sink v0.3.2
[INFO] [stderr]   Downloaded tokio-macros v0.2.4
[INFO] [stderr]   Downloaded json5 v0.2.5
[INFO] [stderr]   Downloaded futures-core v0.3.2
[INFO] [stderr]   Downloaded futures-util v0.3.2
[INFO] [stderr]   Downloaded hyper v0.13.2
[INFO] [stderr]   Downloaded pest_generator v2.1.2
[INFO] [stderr]   Downloaded tokio v0.2.11
[INFO] running `Command { std: "docker" "create" "-v" "/var/lib/crater-agent-workspace/builds/worker-5-tc1/target:/opt/rustwide/target:rw,Z" "-v" "/var/lib/crater-agent-workspace/builds/worker-5-tc1/source:/opt/rustwide/workdir:ro,Z" "-v" "/var/lib/crater-agent-workspace/cargo-home:/opt/rustwide/cargo-home:ro,Z" "-v" "/var/lib/crater-agent-workspace/rustup-home:/opt/rustwide/rustup-home:ro,Z" "-e" "SOURCE_DIR=/opt/rustwide/workdir" "-e" "CARGO_TARGET_DIR=/opt/rustwide/target" "-e" "CARGO_HOME=/opt/rustwide/cargo-home" "-e" "RUSTUP_HOME=/opt/rustwide/rustup-home" "-w" "/opt/rustwide/workdir" "-m" "1610612736" "--user" "0:0" "--network" "none" "ghcr.io/rust-lang/crates-build-env/linux@sha256:5ff2268d62e97bff2cde7d5815dd6ed5b47097566f13b8d0ca110b04b60e07ed" "/opt/rustwide/cargo-home/bin/cargo" "+1.69.0" "metadata" "--no-deps" "--format-version=1", kill_on_drop: false }`
[INFO] [stdout] 1f084eea2b440e555b4d1a852d90c9206eb7a874a7cc13324b9f2c56a64daa06
[INFO] running `Command { std: "docker" "start" "-a" "1f084eea2b440e555b4d1a852d90c9206eb7a874a7cc13324b9f2c56a64daa06", kill_on_drop: false }`
[INFO] running `Command { std: "docker" "inspect" "1f084eea2b440e555b4d1a852d90c9206eb7a874a7cc13324b9f2c56a64daa06", kill_on_drop: false }`
[INFO] running `Command { std: "docker" "rm" "-f" "1f084eea2b440e555b4d1a852d90c9206eb7a874a7cc13324b9f2c56a64daa06", kill_on_drop: false }`
[INFO] [stdout] 1f084eea2b440e555b4d1a852d90c9206eb7a874a7cc13324b9f2c56a64daa06
[INFO] running `Command { std: "docker" "create" "-v" "/var/lib/crater-agent-workspace/builds/worker-5-tc1/target:/opt/rustwide/target:rw,Z" "-v" "/var/lib/crater-agent-workspace/builds/worker-5-tc1/source:/opt/rustwide/workdir:ro,Z" "-v" "/var/lib/crater-agent-workspace/cargo-home:/opt/rustwide/cargo-home:ro,Z" "-v" "/var/lib/crater-agent-workspace/rustup-home:/opt/rustwide/rustup-home:ro,Z" "-e" "SOURCE_DIR=/opt/rustwide/workdir" "-e" "CARGO_TARGET_DIR=/opt/rustwide/target" "-e" "CARGO_INCREMENTAL=0" "-e" "RUST_BACKTRACE=full" "-e" "RUSTFLAGS=--cap-lints=warn" "-e" "RUSTDOCFLAGS=--cap-lints=warn" "-e" "CARGO_HOME=/opt/rustwide/cargo-home" "-e" "RUSTUP_HOME=/opt/rustwide/rustup-home" "-w" "/opt/rustwide/workdir" "-m" "1610612736" "--user" "0:0" "--network" "none" "ghcr.io/rust-lang/crates-build-env/linux@sha256:5ff2268d62e97bff2cde7d5815dd6ed5b47097566f13b8d0ca110b04b60e07ed" "/opt/rustwide/cargo-home/bin/cargo" "+1.69.0" "build" "--frozen" "--message-format=json", kill_on_drop: false }`
[INFO] [stdout] d088cb98e554fccd0db48c2c249b97eb0017a54f72e8d10dc6e5ecf3edee1c14
[INFO] running `Command { std: "docker" "start" "-a" "d088cb98e554fccd0db48c2c249b97eb0017a54f72e8d10dc6e5ecf3edee1c14", kill_on_drop: false }`
[INFO] [stderr]    Compiling libc v0.2.66
[INFO] [stderr]    Compiling proc-macro2 v1.0.8
[INFO] [stderr]    Compiling unicode-xid v0.2.0
[INFO] [stderr]    Compiling syn v1.0.14
[INFO] [stderr]    Compiling cfg-if v0.1.10
[INFO] [stderr]    Compiling log v0.4.8
[INFO] [stderr]    Compiling bytes v0.5.4
[INFO] [stderr]    Compiling memchr v2.3.0
[INFO] [stderr]    Compiling futures-core v0.3.2
[INFO] [stderr]    Compiling fnv v1.0.6
[INFO] [stderr]    Compiling maybe-uninit v2.0.0
[INFO] [stderr]    Compiling ucd-trie v0.1.2
[INFO] [stderr]    Compiling arc-swap v0.4.4
[INFO] [stderr]    Compiling autocfg v1.0.0
[INFO] [stderr]    Compiling itoa v0.4.5
[INFO] [stderr]    Compiling serde v1.0.104
[INFO] [stderr]    Compiling pin-project-lite v0.1.4
[INFO] [stderr]    Compiling maplit v1.0.2
[INFO] [stderr]    Compiling httparse v1.3.4
[INFO] [stderr]    Compiling ryu v1.0.2
[INFO] [stderr]    Compiling stable_deref_trait v1.1.1
[INFO] [stderr]    Compiling pin-utils v0.1.0-alpha.4
[INFO] [stderr]    Compiling pest v2.1.3
[INFO] [stderr]    Compiling futures-sink v0.3.2
[INFO] [stderr]    Compiling futures-task v0.3.2
[INFO] [stderr]    Compiling http v0.2.0
[INFO] [stderr]    Compiling futures-util v0.3.2
[INFO] [stderr]    Compiling indexmap v1.3.1
[INFO] [stderr]    Compiling owning_ref v0.3.3
[INFO] [stderr]    Compiling rand_core v0.4.2
[INFO] [stderr]    Compiling try-lock v0.2.2
[INFO] [stderr]    Compiling futures-channel v0.3.2
[INFO] [stderr]    Compiling tower-service v0.3.0
[INFO] [stderr]    Compiling want v0.3.0
[INFO] [stderr]    Compiling smallvec v0.6.13
[INFO] [stderr]    Compiling rand_core v0.3.1
[INFO] [stderr]    Compiling net2 v0.2.33
[INFO] [stderr]    Compiling iovec v0.1.4
[INFO] [stderr]    Compiling num_cpus v1.12.0
[INFO] [stderr]    Compiling signal-hook-registry v1.2.0
[INFO] [stderr]    Compiling rand v0.4.6
[INFO] [stderr]    Compiling pest_meta v2.1.3
[INFO] [stderr]    Compiling time v0.1.42
[INFO] [stderr]    Compiling quote v1.0.2
[INFO] [stderr]    Compiling rand v0.5.6
[INFO] [stderr]    Compiling mio v0.6.21
[INFO] [stderr]    Compiling parking_lot_core v0.2.14
[INFO] [stderr]    Compiling parking_lot v0.4.8
[INFO] [stderr]    Compiling mio-uds v0.6.7
[INFO] [stderr]    Compiling http-body v0.3.1
[INFO] [stderr]    Compiling chashmap v2.2.2
[INFO] [stderr]    Compiling pest_generator v2.1.2
[INFO] [stderr]    Compiling tokio-macros v0.2.4
[INFO] [stderr]    Compiling serde_derive v1.0.104
[INFO] [stderr]    Compiling pin-project-internal v0.4.8
[INFO] [stderr]    Compiling pest_derive v2.1.0
[INFO] [stderr]    Compiling tokio v0.2.11
[INFO] [stderr]    Compiling pin-project v0.4.8
[INFO] [stderr]    Compiling tokio-util v0.2.0
[INFO] [stderr]    Compiling h2 v0.2.1
[INFO] [stderr]    Compiling hyper v0.13.2
[INFO] [stderr]    Compiling serde_json v1.0.46
[INFO] [stderr]    Compiling json5 v0.2.5
[INFO] [stderr]    Compiling missingparts v0.1.0 (/opt/rustwide/workdir)
[INFO] [stderr]     Finished dev [unoptimized + debuginfo] target(s) in 17.65s
[INFO] running `Command { std: "docker" "inspect" "d088cb98e554fccd0db48c2c249b97eb0017a54f72e8d10dc6e5ecf3edee1c14", kill_on_drop: false }`
[INFO] running `Command { std: "docker" "rm" "-f" "d088cb98e554fccd0db48c2c249b97eb0017a54f72e8d10dc6e5ecf3edee1c14", kill_on_drop: false }`
[INFO] [stdout] d088cb98e554fccd0db48c2c249b97eb0017a54f72e8d10dc6e5ecf3edee1c14
[INFO] running `Command { std: "docker" "create" "-v" "/var/lib/crater-agent-workspace/builds/worker-5-tc1/target:/opt/rustwide/target:rw,Z" "-v" "/var/lib/crater-agent-workspace/builds/worker-5-tc1/source:/opt/rustwide/workdir:ro,Z" "-v" "/var/lib/crater-agent-workspace/cargo-home:/opt/rustwide/cargo-home:ro,Z" "-v" "/var/lib/crater-agent-workspace/rustup-home:/opt/rustwide/rustup-home:ro,Z" "-e" "SOURCE_DIR=/opt/rustwide/workdir" "-e" "CARGO_TARGET_DIR=/opt/rustwide/target" "-e" "CARGO_INCREMENTAL=0" "-e" "RUST_BACKTRACE=full" "-e" "RUSTFLAGS=--cap-lints=warn" "-e" "RUSTDOCFLAGS=--cap-lints=warn" "-e" "CARGO_HOME=/opt/rustwide/cargo-home" "-e" "RUSTUP_HOME=/opt/rustwide/rustup-home" "-w" "/opt/rustwide/workdir" "-m" "1610612736" "--user" "0:0" "--network" "none" "ghcr.io/rust-lang/crates-build-env/linux@sha256:5ff2268d62e97bff2cde7d5815dd6ed5b47097566f13b8d0ca110b04b60e07ed" "/opt/rustwide/cargo-home/bin/cargo" "+1.69.0" "test" "--frozen" "--no-run" "--message-format=json", kill_on_drop: false }`
[INFO] [stdout] 0000b20b18ca2a508c268227f1a223978371fba28773f67067839a1bccc7c67c
[INFO] running `Command { std: "docker" "start" "-a" "0000b20b18ca2a508c268227f1a223978371fba28773f67067839a1bccc7c67c", kill_on_drop: false }`
[INFO] [stderr]    Compiling missingparts v0.1.0 (/opt/rustwide/workdir)
[INFO] [stdout] warning: panic message is not a string literal
[INFO] [stdout]    --> src/lobby.rs:462:24
[INFO] [stdout]     |
[INFO] [stdout] 462 |                   panic!(format!(
[INFO] [stdout]     |  ________________________^
[INFO] [stdout] 463 | |                     "num_players expected={}, actual={}",
[INFO] [stdout] 464 | |                     self.expected_game_size.unwrap(),
[INFO] [stdout] 465 | |                     tokens.len()
[INFO] [stdout] 466 | |                 ));
[INFO] [stdout]     | |_________________^
[INFO] [stdout]     |
[INFO] [stdout]     = note: this usage of `panic!()` is deprecated; it will be a hard error in Rust 2021
[INFO] [stdout]     = note: for more information, see <https://doc.rust-lang.org/nightly/edition-guide/rust-2021/panic-macro-consistency.html>
[INFO] [stdout]     = note: the `panic!()` macro supports formatting, so there's no need for the `format!()` macro here
[INFO] [stdout]     = note: `#[warn(non_fmt_panics)]` on by default
[INFO] [stdout] help: remove the `format!(..)` macro call
[INFO] [stdout]     |
[INFO] [stdout] 462 ~                 panic!(
[INFO] [stdout] 463 |                     "num_players expected={}, actual={}",
[INFO] [stdout] 464 |                     self.expected_game_size.unwrap(),
[INFO] [stdout] 465 |                     tokens.len()
[INFO] [stdout] 466 ~                 );
[INFO] [stdout]     |
[INFO] [stdout] 
[INFO] [stdout] 
[INFO] [stdout] warning: 1 warning emitted
[INFO] [stdout] 
[INFO] [stdout] 
[INFO] [stderr]     Finished test [unoptimized + debuginfo] target(s) in 3.41s
[INFO] running `Command { std: "docker" "inspect" "0000b20b18ca2a508c268227f1a223978371fba28773f67067839a1bccc7c67c", kill_on_drop: false }`
[INFO] running `Command { std: "docker" "rm" "-f" "0000b20b18ca2a508c268227f1a223978371fba28773f67067839a1bccc7c67c", kill_on_drop: false }`
[INFO] [stdout] 0000b20b18ca2a508c268227f1a223978371fba28773f67067839a1bccc7c67c
[INFO] running `Command { std: "docker" "create" "-v" "/var/lib/crater-agent-workspace/builds/worker-5-tc1/target:/opt/rustwide/target:rw,Z" "-v" "/var/lib/crater-agent-workspace/builds/worker-5-tc1/source:/opt/rustwide/workdir:ro,Z" "-v" "/var/lib/crater-agent-workspace/cargo-home:/opt/rustwide/cargo-home:ro,Z" "-v" "/var/lib/crater-agent-workspace/rustup-home:/opt/rustwide/rustup-home:ro,Z" "-e" "SOURCE_DIR=/opt/rustwide/workdir" "-e" "CARGO_TARGET_DIR=/opt/rustwide/target" "-e" "CARGO_INCREMENTAL=0" "-e" "RUST_BACKTRACE=full" "-e" "RUSTFLAGS=--cap-lints=warn" "-e" "RUSTDOCFLAGS=--cap-lints=warn" "-e" "CARGO_HOME=/opt/rustwide/cargo-home" "-e" "RUSTUP_HOME=/opt/rustwide/rustup-home" "-w" "/opt/rustwide/workdir" "-m" "1610612736" "--user" "0:0" "--network" "none" "ghcr.io/rust-lang/crates-build-env/linux@sha256:5ff2268d62e97bff2cde7d5815dd6ed5b47097566f13b8d0ca110b04b60e07ed" "/opt/rustwide/cargo-home/bin/cargo" "+1.69.0" "test" "--frozen", kill_on_drop: false }`
[INFO] [stdout] e19e6fbfd24ad5fad3c4f7ce4ce44edc45cad1668f31750fa1dcac91f8cd0487
[INFO] running `Command { std: "docker" "start" "-a" "e19e6fbfd24ad5fad3c4f7ce4ce44edc45cad1668f31750fa1dcac91f8cd0487", kill_on_drop: false }`
[INFO] [stderr] warning: panic message is not a string literal
[INFO] [stderr]    --> src/lobby.rs:462:24
[INFO] [stderr]     |
[INFO] [stderr] 462 |                   panic!(format!(
[INFO] [stderr]     |  ________________________^
[INFO] [stderr] 463 | |                     "num_players expected={}, actual={}",
[INFO] [stderr] 464 | |                     self.expected_game_size.unwrap(),
[INFO] [stderr] 465 | |                     tokens.len()
[INFO] [stderr] 466 | |                 ));
[INFO] [stderr]     | |_________________^
[INFO] [stderr]     |
[INFO] [stderr]     = note: this usage of `panic!()` is deprecated; it will be a hard error in Rust 2021
[INFO] [stderr]     = note: for more information, see <https://doc.rust-lang.org/nightly/edition-guide/rust-2021/panic-macro-consistency.html>
[INFO] [stderr]     = note: the `panic!()` macro supports formatting, so there's no need for the `format!()` macro here
[INFO] [stderr]     = note: `#[warn(non_fmt_panics)]` on by default
[INFO] [stderr] help: remove the `format!(..)` macro call
[INFO] [stderr]     |
[INFO] [stderr] 462 ~                 panic!(
[INFO] [stderr] 463 |                     "num_players expected={}, actual={}",
[INFO] [stderr] 464 |                     self.expected_game_size.unwrap(),
[INFO] [stderr] 465 |                     tokens.len()
[INFO] [stderr] 466 ~                 );
[INFO] [stderr]     |
[INFO] [stderr] 
[INFO] [stderr] warning: `missingparts` (lib test) generated 1 warning (run `cargo fix --lib -p missingparts --tests` to apply 1 suggestion)
[INFO] [stderr]     Finished test [unoptimized + debuginfo] target(s) in 0.05s
[INFO] [stderr]      Running unittests src/lib.rs (/opt/rustwide/target/debug/deps/missingparts-dd09e564e02ff35a)
[INFO] [stdout] 
[INFO] [stdout] running 84 tests
[INFO] [stdout] test cards::tests::card_parse_ok ... ok
[INFO] [stdout] test cards::tests::card_parse_fail ... ok
[INFO] [stdout] test cards::tests::remove_top_removes_correct_cards ... ok
[INFO] [stdout] test cards::tests::card_parse_reflexive ... ok
[INFO] [stdout] test game_manager::tests::test_concurrent_read_access ... ok
[INFO] [stdout] test game_manager::tests::test_concurrent_read_write_access_for_different_games ... ok
[INFO] [stdout] test gameplay::gameplay_test::precondition_finish_scavenge_wrong_card ... ok
[INFO] [stdout] test gameplay::gameplay_test::precondition_escape ... ok
[INFO] [stdout] test gameplay::gameplay_test::get_results ... ok
[INFO] [stdout] test gameplay::gameplay_test::precondition_steal_non_existent ... ok
[INFO] [stdout] test gameplay::gameplay_test::precondition_scrap_wrong_card_in_scrap ... ok
[INFO] [stdout] test gameplay::gameplay_test::precondition_steal_escaped ... ok
[INFO] [stdout] test gameplay::gameplay_test::precondition_finish_scavenge_wrong_state ... ok
[INFO] [stdout] test gameplay::gameplay_test::precondition_share_self ... ok
[INFO] [stdout] test gameplay::gameplay_test::precondition_scrap_not_enough_unique_cards ... ok
[INFO] [stdout] test gameplay::gameplay_test::precondition_scrap_wrong_cards_from_player ... ok
[INFO] [stdout] test gameplay::gameplay_test::precondition_scrap_wrong_number_of_cards ... ok
[INFO] [stdout] test gameplay::gameplay_test::precondition_trade_reject_self ... ok
[INFO] [stdout] test gameplay::gameplay_test::precondition_trade_nonexistent ... ok
[INFO] [stdout] test gameplay::gameplay_test::precondition_share_empty_deck ... ok
[INFO] [stdout] test gameplay::gameplay_test::precondition_scavenge ... ok
[INFO] [stdout] test gameplay::gameplay_test::precondition_share_escaped ... ok
[INFO] [stdout] test gameplay::gameplay_test::precondition_finish_scavenge_wrong_player ... ok
[INFO] [stdout] test gameplay::gameplay_test::precondition_share_non_existent ... ok
[INFO] [stdout] test gameplay::gameplay_test::precondition_trade_accept_wrong_state ... ok
[INFO] [stdout] test gameplay::gameplay_test::precondition_steal_self ... ok
[INFO] [stdout] test gameplay::gameplay_test::precondition_trade_escaped ... ok
[INFO] [stdout] test gameplay::gameplay_test::precondition_trade_wrong_card_from_player ... ok
[INFO] [stdout] test gameplay::gameplay_test::precondition_trade_accept_self ... ok
[INFO] [stdout] test gameplay::gameplay_test::precondition_steal_wrong_card ... ok
[INFO] [stdout] test gameplay::gameplay_test::precondition_trade_self ... ok
[INFO] [stdout] test gameplay::gameplay_test::skip_escaped_out_of_move_players_autoescape ... ok
[INFO] [stdout] test gameplay::gameplay_test::precondition_trade_reject_wrong_state ... ok
[INFO] [stdout] test gameplay::gameplay_test::precondition_trade_wrong_card_from_other_player ... ok
[INFO] [stdout] test gameplay::gameplay_test::transition_escape ... ok
[INFO] [stdout] test gameplay::gameplay_test::test_turn_action_preconditions ... ok
[INFO] [stdout] test gameplay::gameplay_test::transition_scavenge ... ok
[INFO] [stdout] test gameplay::gameplay_test::skip_escaped_out_of_move_players ... ok
[INFO] [stdout] test gameplay::gameplay_test::transition_cheat ... ok
[INFO] [stdout] test gameplay::gameplay_test::transition_skip ... ok
[INFO] [stdout] test gameplay::gameplay_test::transition_scavenge_1card ... ok
[INFO] [stdout] test gameplay::gameplay_test::transition_share_2cards ... ok
[INFO] [stdout] test gameplay::gameplay_test::transition_trade_accept ... ok
[INFO] [stdout] test gameplay::gameplay_test::transition_share ... ok
[INFO] [stdout] test gameplay::gameplay_test::transition_steal ... ok
[INFO] [stdout] test gameplay::gameplay_test::transition_trade_reject ... ok
[INFO] [stdout] test gameplay::gameplay_test::transition_scrap ... ok
[INFO] [stdout] test handlers::tests::test_game_describe_invalid_game_id ... ok
[INFO] [stdout] test handlers::tests::test_invalid_urls ... ok
[INFO] [stdout] test handlers::tests::test_join_lobby_invalid_game_size ... ok
[INFO] [stdout] test lobby::tests::test_add_player_no_game ... ok
[INFO] [stdout] test lobby::tests::test_player_abandon ... ok
[INFO] [stdout] test lobby::tests::test_player_assignment_multiple_games ... ok
[INFO] [stdout] test handlers::tests::test_game_make_move ... ok
[INFO] [stdout] test lobby::tests::test_player_assignment_optimal ... ok
[INFO] [stdout] test lobby::tests::test_player_assignment_prefers_earlier_player ... ok
[INFO] [stdout] test lobby::tests::test_start_game ... ok
[INFO] [stdout] test handlers::tests::test_join_lobby ... ok
[INFO] [stdout] test range_map::tests::test_cover_no_gap ... ok
[INFO] [stdout] test lobby::tests::test_wrong_game_size_preferences ... ok
[INFO] [stdout] test handlers::tests::test_lobby_get_game_invalid_playerid ... ok
[INFO] [stdout] test lobby::tests::test_wrong_player_reference_in_get ... ok
[INFO] [stdout] test range_map::tests::test_cover_gap ... ok
[INFO] [stdout] test handlers::tests::test_invalid_body ... ok
[INFO] [stdout] test lobby::tests::test_token_verification ... ok
[INFO] [stdout] test handlers::tests::test_lobby_get_game_not_assigned ... ok
[INFO] [stdout] test handlers::tests::test_game_make_move_invalid_move ... ok
[INFO] [stdout] test range_map::tests::test_exact_overlap ... ok
[INFO] [stdout] test range_map::tests::test_new_range_extends_backwards ... ok
[INFO] [stdout] test handlers::tests::test_join_lobby_to_game ... ok
[INFO] [stdout] test range_map::tests::test_new_range_inside ... ok
[INFO] [stdout] test range_map::tests::test_new_range_extends_forward ... ok
[INFO] [stdout] test range_map::tests::test_new_range_shortends_backwards ... ok
[INFO] [stdout] test range_map::tests::test_new_range_shortends_forward ... ok
[INFO] [stdout] test handlers::tests::test_lobby_get_game_invalid_token ... ok
[INFO] [stdout] test handlers::tests::test_lobby_get_game ... ok
[INFO] [stdout] test handlers::tests::test_game_describe ... ok
[INFO] [stdout] test range_map::tests::test_old_range_inside ... ok
[INFO] [stdout] test range_map::tests::test_partial_overlap_end ... ok
[INFO] [stdout] test range_map::tests::test_partial_overlap_start ... ok
[INFO] [stdout] test range_map::tests::test_single_insert ... ok
[INFO] [stdout] test handlers::tests::test_game_get_private_card ... ok
[INFO] [stdout] test handlers::tests::test_game_make_move_invalid_cases ... ok
[INFO] [stdout] test handlers::tests::test_game_get_private_card_invalid_cases ... ok
[INFO] [stdout] 
[INFO] [stdout] test result: ok. 84 passed; 0 failed; 0 ignored; 0 measured; 0 filtered out; finished in 0.10s
[INFO] [stdout] 
[INFO] [stderr]      Running unittests src/bin/local_console.rs (/opt/rustwide/target/debug/deps/local_console-3b9d685a184c8a92)
[INFO] [stdout] 
[INFO] [stdout] running 0 tests
[INFO] [stdout] 
[INFO] [stdout] test result: ok. 0 passed; 0 failed; 0 ignored; 0 measured; 0 filtered out; finished in 0.00s
[INFO] [stdout] 
[INFO] [stderr]      Running unittests src/bin/server.rs (/opt/rustwide/target/debug/deps/server-e2f2cd58c3e3669c)
[INFO] [stdout] 
[INFO] [stdout] running 0 tests
[INFO] [stdout] 
[INFO] [stdout] test result: ok. 0 passed; 0 failed; 0 ignored; 0 measured; 0 filtered out; finished in 0.00s
[INFO] [stdout] 
[INFO] [stderr]    Doc-tests missingparts
[INFO] [stdout] 
[INFO] [stdout] running 25 tests
[INFO] [stdout] test src/gameplay.rs - gameplay::vec_remove_item (line 178) ... FAILED
[INFO] [stdout] test src/cards.rs - cards::Card (line 150) ... FAILED
[INFO] [stdout] test src/gameplay.rs - gameplay::Gameplay::process_player_action (line 346) ... FAILED
[INFO] [stdout] test src/cards.rs - cards::Deck::of (line 252) ... FAILED
[INFO] [stdout] test src/cards.rs - cards::Deck::non_empty (line 307) ... FAILED
[INFO] [stdout] test src/playeraction.rs - playeraction::PlayerAction::Skip (line 240) ... FAILED
[INFO] [stdout] test src/playeraction.rs - playeraction::PlayerAction::Share (line 73) ... FAILED
[INFO] [stdout] test src/playeraction.rs - playeraction::PlayerAction::Trade (line 96) ... FAILED
[INFO] [stdout] test src/playeraction.rs - playeraction::split_in_ord (line 409) ... FAILED
[INFO] [stdout] test src/cards.rs - cards::Deck::remove_top (line 271) ... FAILED
[INFO] [stdout] test src/range_map.rs - range_map::RangeMap (line 12) ... FAILED
[INFO] [stdout] test src/server_utils.rs - server_utils::RichParts::try_match (line 587) ... FAILED
[INFO] [stdout] test src/server_utils.rs - server_utils::RichParts (line 332) ... FAILED
[INFO] [stdout] test src/cards.rs - cards::Deck::len (line 321) ... FAILED
[INFO] [stdout] test src/gameplay.rs - gameplay::Gameplay::get_state (line 301) ... FAILED
[INFO] [stdout] test src/gameplay.rs - gameplay::vec_remove_item (line 169) ... ok
[INFO] [stdout] test src/playeraction.rs - playeraction::PlayerAction::Scavenge (line 40) ... ok
[INFO] [stdout] test src/cards.rs - cards::Deck::shuffle (line 228) ... ok
[INFO] [stdout] test src/playeraction.rs - playeraction::PlayerAction::Escape (line 223) ... ok
[INFO] [stdout] test src/playeraction.rs - playeraction::PlayerAction::CheatGetCards (line 257) ... ok
[INFO] [stdout] test src/game_manager.rs - game_manager::GameManager::with_game (line 117) ... ok
[INFO] [stdout] test src/gameplay.rs - gameplay::Gameplay::init (line 219) ... ok
[INFO] [stdout] test src/server_utils.rs - server_utils::MimeType::from (line 207) ... ok
[INFO] [stdout] test src/playeraction.rs - playeraction::PlayerAction::Scrap (line 187) ... ok
[INFO] [stdout] test src/playeraction.rs - playeraction::PlayerAction::Steal (line 156) ... ok
[INFO] [stdout] 
[INFO] [stdout] failures:
[INFO] [stdout] 
[INFO] [stdout] ---- src/gameplay.rs - gameplay::vec_remove_item (line 178) stdout ----
[INFO] [stdout] error: linking with `cc` failed: exit status: 1
[INFO] [stdout]   |
[INFO] [stdout]   = note: LC_ALL="C" PATH="/opt/rustwide/rustup-home/toolchains/1.69.0-x86_64-unknown-linux-gnu/lib/rustlib/x86_64-unknown-linux-gnu/bin:/opt/rustwide/cargo-home/bin:/usr/local/sbin:/usr/local/bin:/usr/sbin:/usr/bin:/sbin:/bin" VSLANG="1033" "cc" "-m64" "/tmp/rustcabisai/symbols.o" "/tmp/rustdoctestevuguB/rust_out.rust_out.5bfee551-cgu.0.rcgu.o" "/tmp/rustdoctestevuguB/rust_out.j00p4ncf7xg64kg.rcgu.o" "-Wl,--as-needed" "-L" "/opt/rustwide/target/debug/deps" "-L" "/opt/rustwide/target/debug/deps" "-L" "/opt/rustwide/rustup-home/toolchains/1.69.0-x86_64-unknown-linux-gnu/lib/rustlib/x86_64-unknown-linux-gnu/lib" "-Wl,-Bstatic" "/opt/rustwide/target/debug/deps/libmissingparts-9659c1acb1fda17a.rlib" "/opt/rustwide/target/debug/deps/libserde_json-7620e296e3f13ef9.rlib" "/opt/rustwide/target/debug/deps/libryu-6b35c30d64998727.rlib" "/opt/rustwide/target/debug/deps/libjson5-21944abb91e917a5.rlib" "/opt/rustwide/target/debug/deps/libpest-3387af77cbca86d8.rlib" "/opt/rustwide/target/debug/deps/libucd_trie-67181dab2d4a6086.rlib" "/opt/rustwide/target/debug/deps/libhyper-6fdc7ea876b5afef.rlib" "/opt/rustwide/target/debug/deps/libhttparse-adf4b58b5688c4e9.rlib" "/opt/rustwide/target/debug/deps/libwant-c5604199172ed224.rlib" "/opt/rustwide/target/debug/deps/libtry_lock-9a87291985dc6a84.rlib" "/opt/rustwide/target/debug/deps/libh2-4832307fad05a6c6.rlib" "/opt/rustwide/target/debug/deps/libindexmap-4bd565160367ede3.rlib" "/opt/rustwide/target/debug/deps/libtokio_util-69ea4906fe823117.rlib" "/opt/rustwide/target/debug/deps/libfutures_sink-ca9a8255ad9d3a8a.rlib" "/opt/rustwide/target/debug/deps/libtime-c17b76ed30e24591.rlib" "/opt/rustwide/target/debug/deps/libtower_service-7184302c43674b63.rlib" "/opt/rustwide/target/debug/deps/libfutures_channel-704132ac2d0c804f.rlib" "/opt/rustwide/target/debug/deps/libhttp_body-8c49b62aa71f4470.rlib" "/opt/rustwide/target/debug/deps/libfutures_util-e170c553eb843318.rlib" "/opt/rustwide/target/debug/deps/libfutures_task-b9d0aa025aeba343.rlib" "/opt/rustwide/target/debug/deps/libpin_utils-9f9b29b0d8053d43.rlib" "/opt/rustwide/target/debug/deps/libtokio-dde7de1b4ad81a71.rlib" "/opt/rustwide/target/debug/deps/libsignal_hook_registry-603ac1cc03b173f4.rlib" "/opt/rustwide/target/debug/deps/libarc_swap-0bdc0697ee89fbdd.rlib" "/opt/rustwide/target/debug/deps/libnum_cpus-a33418ed4e4cc1fb.rlib" "/opt/rustwide/target/debug/deps/libmemchr-b95d006c737c13d6.rlib" "/opt/rustwide/target/debug/deps/libmio_uds-80f34e8772e32279.rlib" "/opt/rustwide/target/debug/deps/libmio-df5590310d54e20b.rlib" "/opt/rustwide/target/debug/deps/libslab-de54d3b035758183.rlib" "/opt/rustwide/target/debug/deps/libiovec-63ffd3bd893ee14d.rlib" "/opt/rustwide/target/debug/deps/libnet2-c18533ac57fc59b1.rlib" "/opt/rustwide/target/debug/deps/libfutures_core-38784776999aebbd.rlib" "/opt/rustwide/target/debug/deps/liblazy_static-a15e1ed0a3c31761.rlib" "/opt/rustwide/target/debug/deps/libpin_project_lite-c0937ae26eb15e99.rlib" "/opt/rustwide/target/debug/deps/libpin_project-6171e52168477af7.rlib" "/opt/rustwide/target/debug/deps/libhttp-6afb95c9fee64668.rlib" "/opt/rustwide/target/debug/deps/libitoa-7c29f5a6ba00dbe2.rlib" "/opt/rustwide/target/debug/deps/libbytes-6559f523844a0c9b.rlib" "/opt/rustwide/target/debug/deps/libfnv-684c969a0825947e.rlib" "/opt/rustwide/target/debug/deps/liblog-3bc4bdb92af9ced5.rlib" "/opt/rustwide/target/debug/deps/libcfg_if-a245e09a5738c6b4.rlib" "/opt/rustwide/target/debug/deps/libchashmap-e0d2dac4046dfff6.rlib" "/opt/rustwide/target/debug/deps/libparking_lot-82e092bfa9b8c07f.rlib" "/opt/rustwide/target/debug/deps/libparking_lot_core-2df7599a7433f840.rlib" "/opt/rustwide/target/debug/deps/libsmallvec-5163fe2bf1fb2512.rlib" "/opt/rustwide/target/debug/deps/libmaybe_uninit-7358fb81ee8e07ae.rlib" "/opt/rustwide/target/debug/deps/librand-edbe7294dc11ef2a.rlib" "/opt/rustwide/target/debug/deps/libowning_ref-353940b58ce505d6.rlib" "/opt/rustwide/target/debug/deps/libstable_deref_trait-e20d52572748cfc4.rlib" "/opt/rustwide/target/debug/deps/librand-9844cfa54aecf706.rlib" "/opt/rustwide/target/debug/deps/liblibc-8c0dcb38a2b877fb.rlib" "/opt/rustwide/target/debug/deps/librand_core-24701c002b5507d4.rlib" "/opt/rustwide/target/debug/deps/librand_core-56e130eac2d651e8.rlib" "/opt/rustwide/target/debug/deps/libserde-40a109109d673586.rlib" "/opt/rustwide/rustup-home/toolchains/1.69.0-x86_64-unknown-linux-gnu/lib/rustlib/x86_64-unknown-linux-gnu/lib/libstd-89bc084783fdc439.rlib" "/opt/rustwide/rustup-home/toolchains/1.69.0-x86_64-unknown-linux-gnu/lib/rustlib/x86_64-unknown-linux-gnu/lib/libpanic_unwind-8bee4b287d4367c1.rlib" "/opt/rustwide/rustup-home/toolchains/1.69.0-x86_64-unknown-linux-gnu/lib/rustlib/x86_64-unknown-linux-gnu/lib/libobject-d61707aed80694c0.rlib" "/opt/rustwide/rustup-home/toolchains/1.69.0-x86_64-unknown-linux-gnu/lib/rustlib/x86_64-unknown-linux-gnu/lib/libmemchr-d85366256f22345b.rlib" "/opt/rustwide/rustup-home/toolchains/1.69.0-x86_64-unknown-linux-gnu/lib/rustlib/x86_64-unknown-linux-gnu/lib/libaddr2line-96069b86b8a8cae9.rlib" "/opt/rustwide/rustup-home/toolchains/1.69.0-x86_64-unknown-linux-gnu/lib/rustlib/x86_64-unknown-linux-gnu/lib/libgimli-d19d53abf68dfa6c.rlib" "/opt/rustwide/rustup-home/toolchains/1.69.0-x86_64-unknown-linux-gnu/lib/rustlib/x86_64-unknown-linux-gnu/lib/librustc_demangle-787cbccd19d64ac6.rlib" "/opt/rustwide/rustup-home/toolchains/1.69.0-x86_64-unknown-linux-gnu/lib/rustlib/x86_64-unknown-linux-gnu/lib/libstd_detect-b3837a36b830e0d0.rlib" "/opt/rustwide/rustup-home/toolchains/1.69.0-x86_64-unknown-linux-gnu/lib/rustlib/x86_64-unknown-linux-gnu/lib/libhashbrown-e3deb0e7e3f04966.rlib" "/opt/rustwide/rustup-home/toolchains/1.69.0-x86_64-unknown-linux-gnu/lib/rustlib/x86_64-unknown-linux-gnu/lib/libminiz_oxide-dabbb79c9815def4.rlib" "/opt/rustwide/rustup-home/toolchains/1.69.0-x86_64-unknown-linux-gnu/lib/rustlib/x86_64-unknown-linux-gnu/lib/libadler-305b01f34c9409f2.rlib" "/opt/rustwide/rustup-home/toolchains/1.69.0-x86_64-unknown-linux-gnu/lib/rustlib/x86_64-unknown-linux-gnu/lib/librustc_std_workspace_alloc-f833521df6074e73.rlib" "/opt/rustwide/rustup-home/toolchains/1.69.0-x86_64-unknown-linux-gnu/lib/rustlib/x86_64-unknown-linux-gnu/lib/libunwind-9ac333113350d171.rlib" "/opt/rustwide/rustup-home/toolchains/1.69.0-x86_64-unknown-linux-gnu/lib/rustlib/x86_64-unknown-linux-gnu/lib/libcfg_if-1c126114322d0eee.rlib" "/opt/rustwide/rustup-home/toolchains/1.69.0-x86_64-unknown-linux-gnu/lib/rustlib/x86_64-unknown-linux-gnu/lib/liblibc-bad9164fdeeecf92.rlib" "/opt/rustwide/rustup-home/toolchains/1.69.0-x86_64-unknown-linux-gnu/lib/rustlib/x86_64-unknown-linux-gnu/lib/liballoc-f9374b1e480fa681.rlib" "/opt/rustwide/rustup-home/toolchains/1.69.0-x86_64-unknown-linux-gnu/lib/rustlib/x86_64-unknown-linux-gnu/lib/librustc_std_workspace_core-207f06e41d9603af.rlib" "/opt/rustwide/rustup-home/toolchains/1.69.0-x86_64-unknown-linux-gnu/lib/rustlib/x86_64-unknown-linux-gnu/lib/libcore-7e2768e66e984e85.rlib" "/opt/rustwide/rustup-home/toolchains/1.69.0-x86_64-unknown-linux-gnu/lib/rustlib/x86_64-unknown-linux-gnu/lib/libcompiler_builtins-957b4aff41f8cd46.rlib" "-Wl,-Bdynamic" "-lutil" "-lgcc_s" "-lutil" "-lrt" "-lpthread" "-lm" "-ldl" "-lc" "-Wl,--eh-frame-hdr" "-Wl,-z,noexecstack" "-L" "/opt/rustwide/rustup-home/toolchains/1.69.0-x86_64-unknown-linux-gnu/lib/rustlib/x86_64-unknown-linux-gnu/lib" "-o" "/tmp/rustdoctestevuguB/rust_out" "-Wl,--gc-sections" "-pie" "-Wl,-z,relro,-z,now" "-nodefaultlibs"
[INFO] [stdout]   = note: collect2: fatal error: ld terminated with signal 9 [Killed]
[INFO] [stdout]           compilation terminated.
[INFO] [stdout]           
[INFO] [stdout] 
[INFO] [stdout] error: aborting due to previous error
[INFO] [stdout] 
[INFO] [stdout] Couldn't compile the test.
[INFO] [stdout] ---- src/cards.rs - cards::Card (line 150) stdout ----
[INFO] [stdout] error: linking with `cc` failed: exit status: 1
[INFO] [stdout]   |
[INFO] [stdout]   = note: LC_ALL="C" PATH="/opt/rustwide/rustup-home/toolchains/1.69.0-x86_64-unknown-linux-gnu/lib/rustlib/x86_64-unknown-linux-gnu/bin:/opt/rustwide/cargo-home/bin:/usr/local/sbin:/usr/local/bin:/usr/sbin:/usr/bin:/sbin:/bin" VSLANG="1033" "cc" "-m64" "/tmp/rustceUVQfz/symbols.o" "/tmp/rustdoctestd5cYhz/rust_out.rust_out.5bfee551-cgu.0.rcgu.o" "/tmp/rustdoctestd5cYhz/rust_out.j00p4ncf7xg64kg.rcgu.o" "-Wl,--as-needed" "-L" "/opt/rustwide/target/debug/deps" "-L" "/opt/rustwide/target/debug/deps" "-L" "/opt/rustwide/rustup-home/toolchains/1.69.0-x86_64-unknown-linux-gnu/lib/rustlib/x86_64-unknown-linux-gnu/lib" "-Wl,-Bstatic" "/opt/rustwide/target/debug/deps/libmissingparts-9659c1acb1fda17a.rlib" "/opt/rustwide/target/debug/deps/libserde_json-7620e296e3f13ef9.rlib" "/opt/rustwide/target/debug/deps/libryu-6b35c30d64998727.rlib" "/opt/rustwide/target/debug/deps/libjson5-21944abb91e917a5.rlib" "/opt/rustwide/target/debug/deps/libpest-3387af77cbca86d8.rlib" "/opt/rustwide/target/debug/deps/libucd_trie-67181dab2d4a6086.rlib" "/opt/rustwide/target/debug/deps/libhyper-6fdc7ea876b5afef.rlib" "/opt/rustwide/target/debug/deps/libhttparse-adf4b58b5688c4e9.rlib" "/opt/rustwide/target/debug/deps/libwant-c5604199172ed224.rlib" "/opt/rustwide/target/debug/deps/libtry_lock-9a87291985dc6a84.rlib" "/opt/rustwide/target/debug/deps/libh2-4832307fad05a6c6.rlib" "/opt/rustwide/target/debug/deps/libindexmap-4bd565160367ede3.rlib" "/opt/rustwide/target/debug/deps/libtokio_util-69ea4906fe823117.rlib" "/opt/rustwide/target/debug/deps/libfutures_sink-ca9a8255ad9d3a8a.rlib" "/opt/rustwide/target/debug/deps/libtime-c17b76ed30e24591.rlib" "/opt/rustwide/target/debug/deps/libtower_service-7184302c43674b63.rlib" "/opt/rustwide/target/debug/deps/libfutures_channel-704132ac2d0c804f.rlib" "/opt/rustwide/target/debug/deps/libhttp_body-8c49b62aa71f4470.rlib" "/opt/rustwide/target/debug/deps/libfutures_util-e170c553eb843318.rlib" "/opt/rustwide/target/debug/deps/libfutures_task-b9d0aa025aeba343.rlib" "/opt/rustwide/target/debug/deps/libpin_utils-9f9b29b0d8053d43.rlib" "/opt/rustwide/target/debug/deps/libtokio-dde7de1b4ad81a71.rlib" "/opt/rustwide/target/debug/deps/libsignal_hook_registry-603ac1cc03b173f4.rlib" "/opt/rustwide/target/debug/deps/libarc_swap-0bdc0697ee89fbdd.rlib" "/opt/rustwide/target/debug/deps/libnum_cpus-a33418ed4e4cc1fb.rlib" "/opt/rustwide/target/debug/deps/libmemchr-b95d006c737c13d6.rlib" "/opt/rustwide/target/debug/deps/libmio_uds-80f34e8772e32279.rlib" "/opt/rustwide/target/debug/deps/libmio-df5590310d54e20b.rlib" "/opt/rustwide/target/debug/deps/libslab-de54d3b035758183.rlib" "/opt/rustwide/target/debug/deps/libiovec-63ffd3bd893ee14d.rlib" "/opt/rustwide/target/debug/deps/libnet2-c18533ac57fc59b1.rlib" "/opt/rustwide/target/debug/deps/libfutures_core-38784776999aebbd.rlib" "/opt/rustwide/target/debug/deps/liblazy_static-a15e1ed0a3c31761.rlib" "/opt/rustwide/target/debug/deps/libpin_project_lite-c0937ae26eb15e99.rlib" "/opt/rustwide/target/debug/deps/libpin_project-6171e52168477af7.rlib" "/opt/rustwide/target/debug/deps/libhttp-6afb95c9fee64668.rlib" "/opt/rustwide/target/debug/deps/libitoa-7c29f5a6ba00dbe2.rlib" "/opt/rustwide/target/debug/deps/libbytes-6559f523844a0c9b.rlib" "/opt/rustwide/target/debug/deps/libfnv-684c969a0825947e.rlib" "/opt/rustwide/target/debug/deps/liblog-3bc4bdb92af9ced5.rlib" "/opt/rustwide/target/debug/deps/libcfg_if-a245e09a5738c6b4.rlib" "/opt/rustwide/target/debug/deps/libchashmap-e0d2dac4046dfff6.rlib" "/opt/rustwide/target/debug/deps/libparking_lot-82e092bfa9b8c07f.rlib" "/opt/rustwide/target/debug/deps/libparking_lot_core-2df7599a7433f840.rlib" "/opt/rustwide/target/debug/deps/libsmallvec-5163fe2bf1fb2512.rlib" "/opt/rustwide/target/debug/deps/libmaybe_uninit-7358fb81ee8e07ae.rlib" "/opt/rustwide/target/debug/deps/librand-edbe7294dc11ef2a.rlib" "/opt/rustwide/target/debug/deps/libowning_ref-353940b58ce505d6.rlib" "/opt/rustwide/target/debug/deps/libstable_deref_trait-e20d52572748cfc4.rlib" "/opt/rustwide/target/debug/deps/librand-9844cfa54aecf706.rlib" "/opt/rustwide/target/debug/deps/liblibc-8c0dcb38a2b877fb.rlib" "/opt/rustwide/target/debug/deps/librand_core-24701c002b5507d4.rlib" "/opt/rustwide/target/debug/deps/librand_core-56e130eac2d651e8.rlib" "/opt/rustwide/target/debug/deps/libserde-40a109109d673586.rlib" "/opt/rustwide/rustup-home/toolchains/1.69.0-x86_64-unknown-linux-gnu/lib/rustlib/x86_64-unknown-linux-gnu/lib/libstd-89bc084783fdc439.rlib" "/opt/rustwide/rustup-home/toolchains/1.69.0-x86_64-unknown-linux-gnu/lib/rustlib/x86_64-unknown-linux-gnu/lib/libpanic_unwind-8bee4b287d4367c1.rlib" "/opt/rustwide/rustup-home/toolchains/1.69.0-x86_64-unknown-linux-gnu/lib/rustlib/x86_64-unknown-linux-gnu/lib/libobject-d61707aed80694c0.rlib" "/opt/rustwide/rustup-home/toolchains/1.69.0-x86_64-unknown-linux-gnu/lib/rustlib/x86_64-unknown-linux-gnu/lib/libmemchr-d85366256f22345b.rlib" "/opt/rustwide/rustup-home/toolchains/1.69.0-x86_64-unknown-linux-gnu/lib/rustlib/x86_64-unknown-linux-gnu/lib/libaddr2line-96069b86b8a8cae9.rlib" "/opt/rustwide/rustup-home/toolchains/1.69.0-x86_64-unknown-linux-gnu/lib/rustlib/x86_64-unknown-linux-gnu/lib/libgimli-d19d53abf68dfa6c.rlib" "/opt/rustwide/rustup-home/toolchains/1.69.0-x86_64-unknown-linux-gnu/lib/rustlib/x86_64-unknown-linux-gnu/lib/librustc_demangle-787cbccd19d64ac6.rlib" "/opt/rustwide/rustup-home/toolchains/1.69.0-x86_64-unknown-linux-gnu/lib/rustlib/x86_64-unknown-linux-gnu/lib/libstd_detect-b3837a36b830e0d0.rlib" "/opt/rustwide/rustup-home/toolchains/1.69.0-x86_64-unknown-linux-gnu/lib/rustlib/x86_64-unknown-linux-gnu/lib/libhashbrown-e3deb0e7e3f04966.rlib" "/opt/rustwide/rustup-home/toolchains/1.69.0-x86_64-unknown-linux-gnu/lib/rustlib/x86_64-unknown-linux-gnu/lib/libminiz_oxide-dabbb79c9815def4.rlib" "/opt/rustwide/rustup-home/toolchains/1.69.0-x86_64-unknown-linux-gnu/lib/rustlib/x86_64-unknown-linux-gnu/lib/libadler-305b01f34c9409f2.rlib" "/opt/rustwide/rustup-home/toolchains/1.69.0-x86_64-unknown-linux-gnu/lib/rustlib/x86_64-unknown-linux-gnu/lib/librustc_std_workspace_alloc-f833521df6074e73.rlib" "/opt/rustwide/rustup-home/toolchains/1.69.0-x86_64-unknown-linux-gnu/lib/rustlib/x86_64-unknown-linux-gnu/lib/libunwind-9ac333113350d171.rlib" "/opt/rustwide/rustup-home/toolchains/1.69.0-x86_64-unknown-linux-gnu/lib/rustlib/x86_64-unknown-linux-gnu/lib/libcfg_if-1c126114322d0eee.rlib" "/opt/rustwide/rustup-home/toolchains/1.69.0-x86_64-unknown-linux-gnu/lib/rustlib/x86_64-unknown-linux-gnu/lib/liblibc-bad9164fdeeecf92.rlib" "/opt/rustwide/rustup-home/toolchains/1.69.0-x86_64-unknown-linux-gnu/lib/rustlib/x86_64-unknown-linux-gnu/lib/liballoc-f9374b1e480fa681.rlib" "/opt/rustwide/rustup-home/toolchains/1.69.0-x86_64-unknown-linux-gnu/lib/rustlib/x86_64-unknown-linux-gnu/lib/librustc_std_workspace_core-207f06e41d9603af.rlib" "/opt/rustwide/rustup-home/toolchains/1.69.0-x86_64-unknown-linux-gnu/lib/rustlib/x86_64-unknown-linux-gnu/lib/libcore-7e2768e66e984e85.rlib" "/opt/rustwide/rustup-home/toolchains/1.69.0-x86_64-unknown-linux-gnu/lib/rustlib/x86_64-unknown-linux-gnu/lib/libcompiler_builtins-957b4aff41f8cd46.rlib" "-Wl,-Bdynamic" "-lutil" "-lgcc_s" "-lutil" "-lrt" "-lpthread" "-lm" "-ldl" "-lc" "-Wl,--eh-frame-hdr" "-Wl,-z,noexecstack" "-L" "/opt/rustwide/rustup-home/toolchains/1.69.0-x86_64-unknown-linux-gnu/lib/rustlib/x86_64-unknown-linux-gnu/lib" "-o" "/tmp/rustdoctestd5cYhz/rust_out" "-Wl,--gc-sections" "-pie" "-Wl,-z,relro,-z,now" "-nodefaultlibs"
[INFO] [stdout]   = note: collect2: fatal error: ld terminated with signal 9 [Killed]
[INFO] [stdout]           compilation terminated.
[INFO] [stdout]           
[INFO] [stdout] 
[INFO] [stdout] error: aborting due to previous error
[INFO] [stdout] 
[INFO] [stdout] Couldn't compile the test.
[INFO] [stdout] ---- src/gameplay.rs - gameplay::Gameplay::process_player_action (line 346) stdout ----
[INFO] [stdout] error: linking with `cc` failed: exit status: 1
[INFO] [stdout]   |
[INFO] [stdout]   = note: LC_ALL="C" PATH="/opt/rustwide/rustup-home/toolchains/1.69.0-x86_64-unknown-linux-gnu/lib/rustlib/x86_64-unknown-linux-gnu/bin:/opt/rustwide/cargo-home/bin:/usr/local/sbin:/usr/local/bin:/usr/sbin:/usr/bin:/sbin:/bin" VSLANG="1033" "cc" "-m64" "/tmp/rustc6TwYjG/symbols.o" "/tmp/rustdoctestggN0yc/rust_out.rust_out.5bfee551-cgu.0.rcgu.o" "/tmp/rustdoctestggN0yc/rust_out.j00p4ncf7xg64kg.rcgu.o" "-Wl,--as-needed" "-L" "/opt/rustwide/target/debug/deps" "-L" "/opt/rustwide/target/debug/deps" "-L" "/opt/rustwide/rustup-home/toolchains/1.69.0-x86_64-unknown-linux-gnu/lib/rustlib/x86_64-unknown-linux-gnu/lib" "-Wl,-Bstatic" "/opt/rustwide/target/debug/deps/libmissingparts-9659c1acb1fda17a.rlib" "/opt/rustwide/target/debug/deps/libserde_json-7620e296e3f13ef9.rlib" "/opt/rustwide/target/debug/deps/libryu-6b35c30d64998727.rlib" "/opt/rustwide/target/debug/deps/libjson5-21944abb91e917a5.rlib" "/opt/rustwide/target/debug/deps/libpest-3387af77cbca86d8.rlib" "/opt/rustwide/target/debug/deps/libucd_trie-67181dab2d4a6086.rlib" "/opt/rustwide/target/debug/deps/libhyper-6fdc7ea876b5afef.rlib" "/opt/rustwide/target/debug/deps/libhttparse-adf4b58b5688c4e9.rlib" "/opt/rustwide/target/debug/deps/libwant-c5604199172ed224.rlib" "/opt/rustwide/target/debug/deps/libtry_lock-9a87291985dc6a84.rlib" "/opt/rustwide/target/debug/deps/libh2-4832307fad05a6c6.rlib" "/opt/rustwide/target/debug/deps/libindexmap-4bd565160367ede3.rlib" "/opt/rustwide/target/debug/deps/libtokio_util-69ea4906fe823117.rlib" "/opt/rustwide/target/debug/deps/libfutures_sink-ca9a8255ad9d3a8a.rlib" "/opt/rustwide/target/debug/deps/libtime-c17b76ed30e24591.rlib" "/opt/rustwide/target/debug/deps/libtower_service-7184302c43674b63.rlib" "/opt/rustwide/target/debug/deps/libfutures_channel-704132ac2d0c804f.rlib" "/opt/rustwide/target/debug/deps/libhttp_body-8c49b62aa71f4470.rlib" "/opt/rustwide/target/debug/deps/libfutures_util-e170c553eb843318.rlib" "/opt/rustwide/target/debug/deps/libfutures_task-b9d0aa025aeba343.rlib" "/opt/rustwide/target/debug/deps/libpin_utils-9f9b29b0d8053d43.rlib" "/opt/rustwide/target/debug/deps/libtokio-dde7de1b4ad81a71.rlib" "/opt/rustwide/target/debug/deps/libsignal_hook_registry-603ac1cc03b173f4.rlib" "/opt/rustwide/target/debug/deps/libarc_swap-0bdc0697ee89fbdd.rlib" "/opt/rustwide/target/debug/deps/libnum_cpus-a33418ed4e4cc1fb.rlib" "/opt/rustwide/target/debug/deps/libmemchr-b95d006c737c13d6.rlib" "/opt/rustwide/target/debug/deps/libmio_uds-80f34e8772e32279.rlib" "/opt/rustwide/target/debug/deps/libmio-df5590310d54e20b.rlib" "/opt/rustwide/target/debug/deps/libslab-de54d3b035758183.rlib" "/opt/rustwide/target/debug/deps/libiovec-63ffd3bd893ee14d.rlib" "/opt/rustwide/target/debug/deps/libnet2-c18533ac57fc59b1.rlib" "/opt/rustwide/target/debug/deps/libfutures_core-38784776999aebbd.rlib" "/opt/rustwide/target/debug/deps/liblazy_static-a15e1ed0a3c31761.rlib" "/opt/rustwide/target/debug/deps/libpin_project_lite-c0937ae26eb15e99.rlib" "/opt/rustwide/target/debug/deps/libpin_project-6171e52168477af7.rlib" "/opt/rustwide/target/debug/deps/libhttp-6afb95c9fee64668.rlib" "/opt/rustwide/target/debug/deps/libitoa-7c29f5a6ba00dbe2.rlib" "/opt/rustwide/target/debug/deps/libbytes-6559f523844a0c9b.rlib" "/opt/rustwide/target/debug/deps/libfnv-684c969a0825947e.rlib" "/opt/rustwide/target/debug/deps/liblog-3bc4bdb92af9ced5.rlib" "/opt/rustwide/target/debug/deps/libcfg_if-a245e09a5738c6b4.rlib" "/opt/rustwide/target/debug/deps/libchashmap-e0d2dac4046dfff6.rlib" "/opt/rustwide/target/debug/deps/libparking_lot-82e092bfa9b8c07f.rlib" "/opt/rustwide/target/debug/deps/libparking_lot_core-2df7599a7433f840.rlib" "/opt/rustwide/target/debug/deps/libsmallvec-5163fe2bf1fb2512.rlib" "/opt/rustwide/target/debug/deps/libmaybe_uninit-7358fb81ee8e07ae.rlib" "/opt/rustwide/target/debug/deps/librand-edbe7294dc11ef2a.rlib" "/opt/rustwide/target/debug/deps/libowning_ref-353940b58ce505d6.rlib" "/opt/rustwide/target/debug/deps/libstable_deref_trait-e20d52572748cfc4.rlib" "/opt/rustwide/target/debug/deps/librand-9844cfa54aecf706.rlib" "/opt/rustwide/target/debug/deps/liblibc-8c0dcb38a2b877fb.rlib" "/opt/rustwide/target/debug/deps/librand_core-24701c002b5507d4.rlib" "/opt/rustwide/target/debug/deps/librand_core-56e130eac2d651e8.rlib" "/opt/rustwide/target/debug/deps/libserde-40a109109d673586.rlib" "/opt/rustwide/rustup-home/toolchains/1.69.0-x86_64-unknown-linux-gnu/lib/rustlib/x86_64-unknown-linux-gnu/lib/libstd-89bc084783fdc439.rlib" "/opt/rustwide/rustup-home/toolchains/1.69.0-x86_64-unknown-linux-gnu/lib/rustlib/x86_64-unknown-linux-gnu/lib/libpanic_unwind-8bee4b287d4367c1.rlib" "/opt/rustwide/rustup-home/toolchains/1.69.0-x86_64-unknown-linux-gnu/lib/rustlib/x86_64-unknown-linux-gnu/lib/libobject-d61707aed80694c0.rlib" "/opt/rustwide/rustup-home/toolchains/1.69.0-x86_64-unknown-linux-gnu/lib/rustlib/x86_64-unknown-linux-gnu/lib/libmemchr-d85366256f22345b.rlib" "/opt/rustwide/rustup-home/toolchains/1.69.0-x86_64-unknown-linux-gnu/lib/rustlib/x86_64-unknown-linux-gnu/lib/libaddr2line-96069b86b8a8cae9.rlib" "/opt/rustwide/rustup-home/toolchains/1.69.0-x86_64-unknown-linux-gnu/lib/rustlib/x86_64-unknown-linux-gnu/lib/libgimli-d19d53abf68dfa6c.rlib" "/opt/rustwide/rustup-home/toolchains/1.69.0-x86_64-unknown-linux-gnu/lib/rustlib/x86_64-unknown-linux-gnu/lib/librustc_demangle-787cbccd19d64ac6.rlib" "/opt/rustwide/rustup-home/toolchains/1.69.0-x86_64-unknown-linux-gnu/lib/rustlib/x86_64-unknown-linux-gnu/lib/libstd_detect-b3837a36b830e0d0.rlib" "/opt/rustwide/rustup-home/toolchains/1.69.0-x86_64-unknown-linux-gnu/lib/rustlib/x86_64-unknown-linux-gnu/lib/libhashbrown-e3deb0e7e3f04966.rlib" "/opt/rustwide/rustup-home/toolchains/1.69.0-x86_64-unknown-linux-gnu/lib/rustlib/x86_64-unknown-linux-gnu/lib/libminiz_oxide-dabbb79c9815def4.rlib" "/opt/rustwide/rustup-home/toolchains/1.69.0-x86_64-unknown-linux-gnu/lib/rustlib/x86_64-unknown-linux-gnu/lib/libadler-305b01f34c9409f2.rlib" "/opt/rustwide/rustup-home/toolchains/1.69.0-x86_64-unknown-linux-gnu/lib/rustlib/x86_64-unknown-linux-gnu/lib/librustc_std_workspace_alloc-f833521df6074e73.rlib" "/opt/rustwide/rustup-home/toolchains/1.69.0-x86_64-unknown-linux-gnu/lib/rustlib/x86_64-unknown-linux-gnu/lib/libunwind-9ac333113350d171.rlib" "/opt/rustwide/rustup-home/toolchains/1.69.0-x86_64-unknown-linux-gnu/lib/rustlib/x86_64-unknown-linux-gnu/lib/libcfg_if-1c126114322d0eee.rlib" "/opt/rustwide/rustup-home/toolchains/1.69.0-x86_64-unknown-linux-gnu/lib/rustlib/x86_64-unknown-linux-gnu/lib/liblibc-bad9164fdeeecf92.rlib" "/opt/rustwide/rustup-home/toolchains/1.69.0-x86_64-unknown-linux-gnu/lib/rustlib/x86_64-unknown-linux-gnu/lib/liballoc-f9374b1e480fa681.rlib" "/opt/rustwide/rustup-home/toolchains/1.69.0-x86_64-unknown-linux-gnu/lib/rustlib/x86_64-unknown-linux-gnu/lib/librustc_std_workspace_core-207f06e41d9603af.rlib" "/opt/rustwide/rustup-home/toolchains/1.69.0-x86_64-unknown-linux-gnu/lib/rustlib/x86_64-unknown-linux-gnu/lib/libcore-7e2768e66e984e85.rlib" "/opt/rustwide/rustup-home/toolchains/1.69.0-x86_64-unknown-linux-gnu/lib/rustlib/x86_64-unknown-linux-gnu/lib/libcompiler_builtins-957b4aff41f8cd46.rlib" "-Wl,-Bdynamic" "-lutil" "-lgcc_s" "-lutil" "-lrt" "-lpthread" "-lm" "-ldl" "-lc" "-Wl,--eh-frame-hdr" "-Wl,-z,noexecstack" "-L" "/opt/rustwide/rustup-home/toolchains/1.69.0-x86_64-unknown-linux-gnu/lib/rustlib/x86_64-unknown-linux-gnu/lib" "-o" "/tmp/rustdoctestggN0yc/rust_out" "-Wl,--gc-sections" "-pie" "-Wl,-z,relro,-z,now" "-nodefaultlibs"
[INFO] [stdout]   = note: collect2: fatal error: ld terminated with signal 9 [Killed]
[INFO] [stdout]           compilation terminated.
[INFO] [stdout]           
[INFO] [stdout] 
[INFO] [stdout] error: aborting due to previous error
[INFO] [stdout] 
[INFO] [stdout] Couldn't compile the test.
[INFO] [stdout] ---- src/cards.rs - cards::Deck::of (line 252) stdout ----
[INFO] [stdout] error: linking with `cc` failed: exit status: 1
[INFO] [stdout]   |
[INFO] [stdout]   = note: LC_ALL="C" PATH="/opt/rustwide/rustup-home/toolchains/1.69.0-x86_64-unknown-linux-gnu/lib/rustlib/x86_64-unknown-linux-gnu/bin:/opt/rustwide/cargo-home/bin:/usr/local/sbin:/usr/local/bin:/usr/sbin:/usr/bin:/sbin:/bin" VSLANG="1033" "cc" "-m64" "/tmp/rustc0liisq/symbols.o" "/tmp/rustdoctestFnH9tB/rust_out.rust_out.5bfee551-cgu.0.rcgu.o" "/tmp/rustdoctestFnH9tB/rust_out.j00p4ncf7xg64kg.rcgu.o" "-Wl,--as-needed" "-L" "/opt/rustwide/target/debug/deps" "-L" "/opt/rustwide/target/debug/deps" "-L" "/opt/rustwide/rustup-home/toolchains/1.69.0-x86_64-unknown-linux-gnu/lib/rustlib/x86_64-unknown-linux-gnu/lib" "-Wl,-Bstatic" "/opt/rustwide/target/debug/deps/libmissingparts-9659c1acb1fda17a.rlib" "/opt/rustwide/target/debug/deps/libserde_json-7620e296e3f13ef9.rlib" "/opt/rustwide/target/debug/deps/libryu-6b35c30d64998727.rlib" "/opt/rustwide/target/debug/deps/libjson5-21944abb91e917a5.rlib" "/opt/rustwide/target/debug/deps/libpest-3387af77cbca86d8.rlib" "/opt/rustwide/target/debug/deps/libucd_trie-67181dab2d4a6086.rlib" "/opt/rustwide/target/debug/deps/libhyper-6fdc7ea876b5afef.rlib" "/opt/rustwide/target/debug/deps/libhttparse-adf4b58b5688c4e9.rlib" "/opt/rustwide/target/debug/deps/libwant-c5604199172ed224.rlib" "/opt/rustwide/target/debug/deps/libtry_lock-9a87291985dc6a84.rlib" "/opt/rustwide/target/debug/deps/libh2-4832307fad05a6c6.rlib" "/opt/rustwide/target/debug/deps/libindexmap-4bd565160367ede3.rlib" "/opt/rustwide/target/debug/deps/libtokio_util-69ea4906fe823117.rlib" "/opt/rustwide/target/debug/deps/libfutures_sink-ca9a8255ad9d3a8a.rlib" "/opt/rustwide/target/debug/deps/libtime-c17b76ed30e24591.rlib" "/opt/rustwide/target/debug/deps/libtower_service-7184302c43674b63.rlib" "/opt/rustwide/target/debug/deps/libfutures_channel-704132ac2d0c804f.rlib" "/opt/rustwide/target/debug/deps/libhttp_body-8c49b62aa71f4470.rlib" "/opt/rustwide/target/debug/deps/libfutures_util-e170c553eb843318.rlib" "/opt/rustwide/target/debug/deps/libfutures_task-b9d0aa025aeba343.rlib" "/opt/rustwide/target/debug/deps/libpin_utils-9f9b29b0d8053d43.rlib" "/opt/rustwide/target/debug/deps/libtokio-dde7de1b4ad81a71.rlib" "/opt/rustwide/target/debug/deps/libsignal_hook_registry-603ac1cc03b173f4.rlib" "/opt/rustwide/target/debug/deps/libarc_swap-0bdc0697ee89fbdd.rlib" "/opt/rustwide/target/debug/deps/libnum_cpus-a33418ed4e4cc1fb.rlib" "/opt/rustwide/target/debug/deps/libmemchr-b95d006c737c13d6.rlib" "/opt/rustwide/target/debug/deps/libmio_uds-80f34e8772e32279.rlib" "/opt/rustwide/target/debug/deps/libmio-df5590310d54e20b.rlib" "/opt/rustwide/target/debug/deps/libslab-de54d3b035758183.rlib" "/opt/rustwide/target/debug/deps/libiovec-63ffd3bd893ee14d.rlib" "/opt/rustwide/target/debug/deps/libnet2-c18533ac57fc59b1.rlib" "/opt/rustwide/target/debug/deps/libfutures_core-38784776999aebbd.rlib" "/opt/rustwide/target/debug/deps/liblazy_static-a15e1ed0a3c31761.rlib" "/opt/rustwide/target/debug/deps/libpin_project_lite-c0937ae26eb15e99.rlib" "/opt/rustwide/target/debug/deps/libpin_project-6171e52168477af7.rlib" "/opt/rustwide/target/debug/deps/libhttp-6afb95c9fee64668.rlib" "/opt/rustwide/target/debug/deps/libitoa-7c29f5a6ba00dbe2.rlib" "/opt/rustwide/target/debug/deps/libbytes-6559f523844a0c9b.rlib" "/opt/rustwide/target/debug/deps/libfnv-684c969a0825947e.rlib" "/opt/rustwide/target/debug/deps/liblog-3bc4bdb92af9ced5.rlib" "/opt/rustwide/target/debug/deps/libcfg_if-a245e09a5738c6b4.rlib" "/opt/rustwide/target/debug/deps/libchashmap-e0d2dac4046dfff6.rlib" "/opt/rustwide/target/debug/deps/libparking_lot-82e092bfa9b8c07f.rlib" "/opt/rustwide/target/debug/deps/libparking_lot_core-2df7599a7433f840.rlib" "/opt/rustwide/target/debug/deps/libsmallvec-5163fe2bf1fb2512.rlib" "/opt/rustwide/target/debug/deps/libmaybe_uninit-7358fb81ee8e07ae.rlib" "/opt/rustwide/target/debug/deps/librand-edbe7294dc11ef2a.rlib" "/opt/rustwide/target/debug/deps/libowning_ref-353940b58ce505d6.rlib" "/opt/rustwide/target/debug/deps/libstable_deref_trait-e20d52572748cfc4.rlib" "/opt/rustwide/target/debug/deps/librand-9844cfa54aecf706.rlib" "/opt/rustwide/target/debug/deps/liblibc-8c0dcb38a2b877fb.rlib" "/opt/rustwide/target/debug/deps/librand_core-24701c002b5507d4.rlib" "/opt/rustwide/target/debug/deps/librand_core-56e130eac2d651e8.rlib" "/opt/rustwide/target/debug/deps/libserde-40a109109d673586.rlib" "/opt/rustwide/rustup-home/toolchains/1.69.0-x86_64-unknown-linux-gnu/lib/rustlib/x86_64-unknown-linux-gnu/lib/libstd-89bc084783fdc439.rlib" "/opt/rustwide/rustup-home/toolchains/1.69.0-x86_64-unknown-linux-gnu/lib/rustlib/x86_64-unknown-linux-gnu/lib/libpanic_unwind-8bee4b287d4367c1.rlib" "/opt/rustwide/rustup-home/toolchains/1.69.0-x86_64-unknown-linux-gnu/lib/rustlib/x86_64-unknown-linux-gnu/lib/libobject-d61707aed80694c0.rlib" "/opt/rustwide/rustup-home/toolchains/1.69.0-x86_64-unknown-linux-gnu/lib/rustlib/x86_64-unknown-linux-gnu/lib/libmemchr-d85366256f22345b.rlib" "/opt/rustwide/rustup-home/toolchains/1.69.0-x86_64-unknown-linux-gnu/lib/rustlib/x86_64-unknown-linux-gnu/lib/libaddr2line-96069b86b8a8cae9.rlib" "/opt/rustwide/rustup-home/toolchains/1.69.0-x86_64-unknown-linux-gnu/lib/rustlib/x86_64-unknown-linux-gnu/lib/libgimli-d19d53abf68dfa6c.rlib" "/opt/rustwide/rustup-home/toolchains/1.69.0-x86_64-unknown-linux-gnu/lib/rustlib/x86_64-unknown-linux-gnu/lib/librustc_demangle-787cbccd19d64ac6.rlib" "/opt/rustwide/rustup-home/toolchains/1.69.0-x86_64-unknown-linux-gnu/lib/rustlib/x86_64-unknown-linux-gnu/lib/libstd_detect-b3837a36b830e0d0.rlib" "/opt/rustwide/rustup-home/toolchains/1.69.0-x86_64-unknown-linux-gnu/lib/rustlib/x86_64-unknown-linux-gnu/lib/libhashbrown-e3deb0e7e3f04966.rlib" "/opt/rustwide/rustup-home/toolchains/1.69.0-x86_64-unknown-linux-gnu/lib/rustlib/x86_64-unknown-linux-gnu/lib/libminiz_oxide-dabbb79c9815def4.rlib" "/opt/rustwide/rustup-home/toolchains/1.69.0-x86_64-unknown-linux-gnu/lib/rustlib/x86_64-unknown-linux-gnu/lib/libadler-305b01f34c9409f2.rlib" "/opt/rustwide/rustup-home/toolchains/1.69.0-x86_64-unknown-linux-gnu/lib/rustlib/x86_64-unknown-linux-gnu/lib/librustc_std_workspace_alloc-f833521df6074e73.rlib" "/opt/rustwide/rustup-home/toolchains/1.69.0-x86_64-unknown-linux-gnu/lib/rustlib/x86_64-unknown-linux-gnu/lib/libunwind-9ac333113350d171.rlib" "/opt/rustwide/rustup-home/toolchains/1.69.0-x86_64-unknown-linux-gnu/lib/rustlib/x86_64-unknown-linux-gnu/lib/libcfg_if-1c126114322d0eee.rlib" "/opt/rustwide/rustup-home/toolchains/1.69.0-x86_64-unknown-linux-gnu/lib/rustlib/x86_64-unknown-linux-gnu/lib/liblibc-bad9164fdeeecf92.rlib" "/opt/rustwide/rustup-home/toolchains/1.69.0-x86_64-unknown-linux-gnu/lib/rustlib/x86_64-unknown-linux-gnu/lib/liballoc-f9374b1e480fa681.rlib" "/opt/rustwide/rustup-home/toolchains/1.69.0-x86_64-unknown-linux-gnu/lib/rustlib/x86_64-unknown-linux-gnu/lib/librustc_std_workspace_core-207f06e41d9603af.rlib" "/opt/rustwide/rustup-home/toolchains/1.69.0-x86_64-unknown-linux-gnu/lib/rustlib/x86_64-unknown-linux-gnu/lib/libcore-7e2768e66e984e85.rlib" "/opt/rustwide/rustup-home/toolchains/1.69.0-x86_64-unknown-linux-gnu/lib/rustlib/x86_64-unknown-linux-gnu/lib/libcompiler_builtins-957b4aff41f8cd46.rlib" "-Wl,-Bdynamic" "-lutil" "-lgcc_s" "-lutil" "-lrt" "-lpthread" "-lm" "-ldl" "-lc" "-Wl,--eh-frame-hdr" "-Wl,-z,noexecstack" "-L" "/opt/rustwide/rustup-home/toolchains/1.69.0-x86_64-unknown-linux-gnu/lib/rustlib/x86_64-unknown-linux-gnu/lib" "-o" "/tmp/rustdoctestFnH9tB/rust_out" "-Wl,--gc-sections" "-pie" "-Wl,-z,relro,-z,now" "-nodefaultlibs"
[INFO] [stdout]   = note: collect2: fatal error: ld terminated with signal 9 [Killed]
[INFO] [stdout]           compilation terminated.
[INFO] [stdout]           
[INFO] [stdout] 
[INFO] [stdout] error: aborting due to previous error
[INFO] [stdout] 
[INFO] [stdout] Couldn't compile the test.
[INFO] [stdout] ---- src/cards.rs - cards::Deck::non_empty (line 307) stdout ----
[INFO] [stdout] error: linking with `cc` failed: exit status: 1
[INFO] [stdout]   |
[INFO] [stdout]   = note: LC_ALL="C" PATH="/opt/rustwide/rustup-home/toolchains/1.69.0-x86_64-unknown-linux-gnu/lib/rustlib/x86_64-unknown-linux-gnu/bin:/opt/rustwide/cargo-home/bin:/usr/local/sbin:/usr/local/bin:/usr/sbin:/usr/bin:/sbin:/bin" VSLANG="1033" "cc" "-m64" "/tmp/rustcUYBqs8/symbols.o" "/tmp/rustdoctestWinKIt/rust_out.rust_out.5bfee551-cgu.0.rcgu.o" "/tmp/rustdoctestWinKIt/rust_out.j00p4ncf7xg64kg.rcgu.o" "-Wl,--as-needed" "-L" "/opt/rustwide/target/debug/deps" "-L" "/opt/rustwide/target/debug/deps" "-L" "/opt/rustwide/rustup-home/toolchains/1.69.0-x86_64-unknown-linux-gnu/lib/rustlib/x86_64-unknown-linux-gnu/lib" "-Wl,-Bstatic" "/opt/rustwide/target/debug/deps/libmissingparts-9659c1acb1fda17a.rlib" "/opt/rustwide/target/debug/deps/libserde_json-7620e296e3f13ef9.rlib" "/opt/rustwide/target/debug/deps/libryu-6b35c30d64998727.rlib" "/opt/rustwide/target/debug/deps/libjson5-21944abb91e917a5.rlib" "/opt/rustwide/target/debug/deps/libpest-3387af77cbca86d8.rlib" "/opt/rustwide/target/debug/deps/libucd_trie-67181dab2d4a6086.rlib" "/opt/rustwide/target/debug/deps/libhyper-6fdc7ea876b5afef.rlib" "/opt/rustwide/target/debug/deps/libhttparse-adf4b58b5688c4e9.rlib" "/opt/rustwide/target/debug/deps/libwant-c5604199172ed224.rlib" "/opt/rustwide/target/debug/deps/libtry_lock-9a87291985dc6a84.rlib" "/opt/rustwide/target/debug/deps/libh2-4832307fad05a6c6.rlib" "/opt/rustwide/target/debug/deps/libindexmap-4bd565160367ede3.rlib" "/opt/rustwide/target/debug/deps/libtokio_util-69ea4906fe823117.rlib" "/opt/rustwide/target/debug/deps/libfutures_sink-ca9a8255ad9d3a8a.rlib" "/opt/rustwide/target/debug/deps/libtime-c17b76ed30e24591.rlib" "/opt/rustwide/target/debug/deps/libtower_service-7184302c43674b63.rlib" "/opt/rustwide/target/debug/deps/libfutures_channel-704132ac2d0c804f.rlib" "/opt/rustwide/target/debug/deps/libhttp_body-8c49b62aa71f4470.rlib" "/opt/rustwide/target/debug/deps/libfutures_util-e170c553eb843318.rlib" "/opt/rustwide/target/debug/deps/libfutures_task-b9d0aa025aeba343.rlib" "/opt/rustwide/target/debug/deps/libpin_utils-9f9b29b0d8053d43.rlib" "/opt/rustwide/target/debug/deps/libtokio-dde7de1b4ad81a71.rlib" "/opt/rustwide/target/debug/deps/libsignal_hook_registry-603ac1cc03b173f4.rlib" "/opt/rustwide/target/debug/deps/libarc_swap-0bdc0697ee89fbdd.rlib" "/opt/rustwide/target/debug/deps/libnum_cpus-a33418ed4e4cc1fb.rlib" "/opt/rustwide/target/debug/deps/libmemchr-b95d006c737c13d6.rlib" "/opt/rustwide/target/debug/deps/libmio_uds-80f34e8772e32279.rlib" "/opt/rustwide/target/debug/deps/libmio-df5590310d54e20b.rlib" "/opt/rustwide/target/debug/deps/libslab-de54d3b035758183.rlib" "/opt/rustwide/target/debug/deps/libiovec-63ffd3bd893ee14d.rlib" "/opt/rustwide/target/debug/deps/libnet2-c18533ac57fc59b1.rlib" "/opt/rustwide/target/debug/deps/libfutures_core-38784776999aebbd.rlib" "/opt/rustwide/target/debug/deps/liblazy_static-a15e1ed0a3c31761.rlib" "/opt/rustwide/target/debug/deps/libpin_project_lite-c0937ae26eb15e99.rlib" "/opt/rustwide/target/debug/deps/libpin_project-6171e52168477af7.rlib" "/opt/rustwide/target/debug/deps/libhttp-6afb95c9fee64668.rlib" "/opt/rustwide/target/debug/deps/libitoa-7c29f5a6ba00dbe2.rlib" "/opt/rustwide/target/debug/deps/libbytes-6559f523844a0c9b.rlib" "/opt/rustwide/target/debug/deps/libfnv-684c969a0825947e.rlib" "/opt/rustwide/target/debug/deps/liblog-3bc4bdb92af9ced5.rlib" "/opt/rustwide/target/debug/deps/libcfg_if-a245e09a5738c6b4.rlib" "/opt/rustwide/target/debug/deps/libchashmap-e0d2dac4046dfff6.rlib" "/opt/rustwide/target/debug/deps/libparking_lot-82e092bfa9b8c07f.rlib" "/opt/rustwide/target/debug/deps/libparking_lot_core-2df7599a7433f840.rlib" "/opt/rustwide/target/debug/deps/libsmallvec-5163fe2bf1fb2512.rlib" "/opt/rustwide/target/debug/deps/libmaybe_uninit-7358fb81ee8e07ae.rlib" "/opt/rustwide/target/debug/deps/librand-edbe7294dc11ef2a.rlib" "/opt/rustwide/target/debug/deps/libowning_ref-353940b58ce505d6.rlib" "/opt/rustwide/target/debug/deps/libstable_deref_trait-e20d52572748cfc4.rlib" "/opt/rustwide/target/debug/deps/librand-9844cfa54aecf706.rlib" "/opt/rustwide/target/debug/deps/liblibc-8c0dcb38a2b877fb.rlib" "/opt/rustwide/target/debug/deps/librand_core-24701c002b5507d4.rlib" "/opt/rustwide/target/debug/deps/librand_core-56e130eac2d651e8.rlib" "/opt/rustwide/target/debug/deps/libserde-40a109109d673586.rlib" "/opt/rustwide/rustup-home/toolchains/1.69.0-x86_64-unknown-linux-gnu/lib/rustlib/x86_64-unknown-linux-gnu/lib/libstd-89bc084783fdc439.rlib" "/opt/rustwide/rustup-home/toolchains/1.69.0-x86_64-unknown-linux-gnu/lib/rustlib/x86_64-unknown-linux-gnu/lib/libpanic_unwind-8bee4b287d4367c1.rlib" "/opt/rustwide/rustup-home/toolchains/1.69.0-x86_64-unknown-linux-gnu/lib/rustlib/x86_64-unknown-linux-gnu/lib/libobject-d61707aed80694c0.rlib" "/opt/rustwide/rustup-home/toolchains/1.69.0-x86_64-unknown-linux-gnu/lib/rustlib/x86_64-unknown-linux-gnu/lib/libmemchr-d85366256f22345b.rlib" "/opt/rustwide/rustup-home/toolchains/1.69.0-x86_64-unknown-linux-gnu/lib/rustlib/x86_64-unknown-linux-gnu/lib/libaddr2line-96069b86b8a8cae9.rlib" "/opt/rustwide/rustup-home/toolchains/1.69.0-x86_64-unknown-linux-gnu/lib/rustlib/x86_64-unknown-linux-gnu/lib/libgimli-d19d53abf68dfa6c.rlib" "/opt/rustwide/rustup-home/toolchains/1.69.0-x86_64-unknown-linux-gnu/lib/rustlib/x86_64-unknown-linux-gnu/lib/librustc_demangle-787cbccd19d64ac6.rlib" "/opt/rustwide/rustup-home/toolchains/1.69.0-x86_64-unknown-linux-gnu/lib/rustlib/x86_64-unknown-linux-gnu/lib/libstd_detect-b3837a36b830e0d0.rlib" "/opt/rustwide/rustup-home/toolchains/1.69.0-x86_64-unknown-linux-gnu/lib/rustlib/x86_64-unknown-linux-gnu/lib/libhashbrown-e3deb0e7e3f04966.rlib" "/opt/rustwide/rustup-home/toolchains/1.69.0-x86_64-unknown-linux-gnu/lib/rustlib/x86_64-unknown-linux-gnu/lib/libminiz_oxide-dabbb79c9815def4.rlib" "/opt/rustwide/rustup-home/toolchains/1.69.0-x86_64-unknown-linux-gnu/lib/rustlib/x86_64-unknown-linux-gnu/lib/libadler-305b01f34c9409f2.rlib" "/opt/rustwide/rustup-home/toolchains/1.69.0-x86_64-unknown-linux-gnu/lib/rustlib/x86_64-unknown-linux-gnu/lib/librustc_std_workspace_alloc-f833521df6074e73.rlib" "/opt/rustwide/rustup-home/toolchains/1.69.0-x86_64-unknown-linux-gnu/lib/rustlib/x86_64-unknown-linux-gnu/lib/libunwind-9ac333113350d171.rlib" "/opt/rustwide/rustup-home/toolchains/1.69.0-x86_64-unknown-linux-gnu/lib/rustlib/x86_64-unknown-linux-gnu/lib/libcfg_if-1c126114322d0eee.rlib" "/opt/rustwide/rustup-home/toolchains/1.69.0-x86_64-unknown-linux-gnu/lib/rustlib/x86_64-unknown-linux-gnu/lib/liblibc-bad9164fdeeecf92.rlib" "/opt/rustwide/rustup-home/toolchains/1.69.0-x86_64-unknown-linux-gnu/lib/rustlib/x86_64-unknown-linux-gnu/lib/liballoc-f9374b1e480fa681.rlib" "/opt/rustwide/rustup-home/toolchains/1.69.0-x86_64-unknown-linux-gnu/lib/rustlib/x86_64-unknown-linux-gnu/lib/librustc_std_workspace_core-207f06e41d9603af.rlib" "/opt/rustwide/rustup-home/toolchains/1.69.0-x86_64-unknown-linux-gnu/lib/rustlib/x86_64-unknown-linux-gnu/lib/libcore-7e2768e66e984e85.rlib" "/opt/rustwide/rustup-home/toolchains/1.69.0-x86_64-unknown-linux-gnu/lib/rustlib/x86_64-unknown-linux-gnu/lib/libcompiler_builtins-957b4aff41f8cd46.rlib" "-Wl,-Bdynamic" "-lutil" "-lgcc_s" "-lutil" "-lrt" "-lpthread" "-lm" "-ldl" "-lc" "-Wl,--eh-frame-hdr" "-Wl,-z,noexecstack" "-L" "/opt/rustwide/rustup-home/toolchains/1.69.0-x86_64-unknown-linux-gnu/lib/rustlib/x86_64-unknown-linux-gnu/lib" "-o" "/tmp/rustdoctestWinKIt/rust_out" "-Wl,--gc-sections" "-pie" "-Wl,-z,relro,-z,now" "-nodefaultlibs"
[INFO] [stdout]   = note: collect2: fatal error: ld terminated with signal 9 [Killed]
[INFO] [stdout]           compilation terminated.
[INFO] [stdout]           
[INFO] [stdout] 
[INFO] [stdout] error: aborting due to previous error
[INFO] [stdout] 
[INFO] [stdout] Couldn't compile the test.
[INFO] [stdout] ---- src/playeraction.rs - playeraction::PlayerAction::Skip (line 240) stdout ----
[INFO] [stdout] Couldn't compile the test.
[INFO] [stdout] ---- src/playeraction.rs - playeraction::PlayerAction::Share (line 73) stdout ----
[INFO] [stdout] Couldn't compile the test.
[INFO] [stdout] ---- src/playeraction.rs - playeraction::PlayerAction::Trade (line 96) stdout ----
[INFO] [stdout] Couldn't compile the test.
[INFO] [stdout] ---- src/playeraction.rs - playeraction::split_in_ord (line 409) stdout ----
[INFO] [stdout] Couldn't compile the test.
[INFO] [stdout] ---- src/cards.rs - cards::Deck::remove_top (line 271) stdout ----
[INFO] [stdout] error: linking with `cc` failed: exit status: 1
[INFO] [stdout]   |
[INFO] [stdout]   = note: LC_ALL="C" PATH="/opt/rustwide/rustup-home/toolchains/1.69.0-x86_64-unknown-linux-gnu/lib/rustlib/x86_64-unknown-linux-gnu/bin:/opt/rustwide/cargo-home/bin:/usr/local/sbin:/usr/local/bin:/usr/sbin:/usr/bin:/sbin:/bin" VSLANG="1033" "cc" "-m64" "/tmp/rustcllmNL2/symbols.o" "/tmp/rustdoctestef1C1E/rust_out.rust_out.5bfee551-cgu.0.rcgu.o" "/tmp/rustdoctestef1C1E/rust_out.j00p4ncf7xg64kg.rcgu.o" "-Wl,--as-needed" "-L" "/opt/rustwide/target/debug/deps" "-L" "/opt/rustwide/target/debug/deps" "-L" "/opt/rustwide/rustup-home/toolchains/1.69.0-x86_64-unknown-linux-gnu/lib/rustlib/x86_64-unknown-linux-gnu/lib" "-Wl,-Bstatic" "/opt/rustwide/target/debug/deps/libmissingparts-9659c1acb1fda17a.rlib" "/opt/rustwide/target/debug/deps/libserde_json-7620e296e3f13ef9.rlib" "/opt/rustwide/target/debug/deps/libryu-6b35c30d64998727.rlib" "/opt/rustwide/target/debug/deps/libjson5-21944abb91e917a5.rlib" "/opt/rustwide/target/debug/deps/libpest-3387af77cbca86d8.rlib" "/opt/rustwide/target/debug/deps/libucd_trie-67181dab2d4a6086.rlib" "/opt/rustwide/target/debug/deps/libhyper-6fdc7ea876b5afef.rlib" "/opt/rustwide/target/debug/deps/libhttparse-adf4b58b5688c4e9.rlib" "/opt/rustwide/target/debug/deps/libwant-c5604199172ed224.rlib" "/opt/rustwide/target/debug/deps/libtry_lock-9a87291985dc6a84.rlib" "/opt/rustwide/target/debug/deps/libh2-4832307fad05a6c6.rlib" "/opt/rustwide/target/debug/deps/libindexmap-4bd565160367ede3.rlib" "/opt/rustwide/target/debug/deps/libtokio_util-69ea4906fe823117.rlib" "/opt/rustwide/target/debug/deps/libfutures_sink-ca9a8255ad9d3a8a.rlib" "/opt/rustwide/target/debug/deps/libtime-c17b76ed30e24591.rlib" "/opt/rustwide/target/debug/deps/libtower_service-7184302c43674b63.rlib" "/opt/rustwide/target/debug/deps/libfutures_channel-704132ac2d0c804f.rlib" "/opt/rustwide/target/debug/deps/libhttp_body-8c49b62aa71f4470.rlib" "/opt/rustwide/target/debug/deps/libfutures_util-e170c553eb843318.rlib" "/opt/rustwide/target/debug/deps/libfutures_task-b9d0aa025aeba343.rlib" "/opt/rustwide/target/debug/deps/libpin_utils-9f9b29b0d8053d43.rlib" "/opt/rustwide/target/debug/deps/libtokio-dde7de1b4ad81a71.rlib" "/opt/rustwide/target/debug/deps/libsignal_hook_registry-603ac1cc03b173f4.rlib" "/opt/rustwide/target/debug/deps/libarc_swap-0bdc0697ee89fbdd.rlib" "/opt/rustwide/target/debug/deps/libnum_cpus-a33418ed4e4cc1fb.rlib" "/opt/rustwide/target/debug/deps/libmemchr-b95d006c737c13d6.rlib" "/opt/rustwide/target/debug/deps/libmio_uds-80f34e8772e32279.rlib" "/opt/rustwide/target/debug/deps/libmio-df5590310d54e20b.rlib" "/opt/rustwide/target/debug/deps/libslab-de54d3b035758183.rlib" "/opt/rustwide/target/debug/deps/libiovec-63ffd3bd893ee14d.rlib" "/opt/rustwide/target/debug/deps/libnet2-c18533ac57fc59b1.rlib" "/opt/rustwide/target/debug/deps/libfutures_core-38784776999aebbd.rlib" "/opt/rustwide/target/debug/deps/liblazy_static-a15e1ed0a3c31761.rlib" "/opt/rustwide/target/debug/deps/libpin_project_lite-c0937ae26eb15e99.rlib" "/opt/rustwide/target/debug/deps/libpin_project-6171e52168477af7.rlib" "/opt/rustwide/target/debug/deps/libhttp-6afb95c9fee64668.rlib" "/opt/rustwide/target/debug/deps/libitoa-7c29f5a6ba00dbe2.rlib" "/opt/rustwide/target/debug/deps/libbytes-6559f523844a0c9b.rlib" "/opt/rustwide/target/debug/deps/libfnv-684c969a0825947e.rlib" "/opt/rustwide/target/debug/deps/liblog-3bc4bdb92af9ced5.rlib" "/opt/rustwide/target/debug/deps/libcfg_if-a245e09a5738c6b4.rlib" "/opt/rustwide/target/debug/deps/libchashmap-e0d2dac4046dfff6.rlib" "/opt/rustwide/target/debug/deps/libparking_lot-82e092bfa9b8c07f.rlib" "/opt/rustwide/target/debug/deps/libparking_lot_core-2df7599a7433f840.rlib" "/opt/rustwide/target/debug/deps/libsmallvec-5163fe2bf1fb2512.rlib" "/opt/rustwide/target/debug/deps/libmaybe_uninit-7358fb81ee8e07ae.rlib" "/opt/rustwide/target/debug/deps/librand-edbe7294dc11ef2a.rlib" "/opt/rustwide/target/debug/deps/libowning_ref-353940b58ce505d6.rlib" "/opt/rustwide/target/debug/deps/libstable_deref_trait-e20d52572748cfc4.rlib" "/opt/rustwide/target/debug/deps/librand-9844cfa54aecf706.rlib" "/opt/rustwide/target/debug/deps/liblibc-8c0dcb38a2b877fb.rlib" "/opt/rustwide/target/debug/deps/librand_core-24701c002b5507d4.rlib" "/opt/rustwide/target/debug/deps/librand_core-56e130eac2d651e8.rlib" "/opt/rustwide/target/debug/deps/libserde-40a109109d673586.rlib" "/opt/rustwide/rustup-home/toolchains/1.69.0-x86_64-unknown-linux-gnu/lib/rustlib/x86_64-unknown-linux-gnu/lib/libstd-89bc084783fdc439.rlib" "/opt/rustwide/rustup-home/toolchains/1.69.0-x86_64-unknown-linux-gnu/lib/rustlib/x86_64-unknown-linux-gnu/lib/libpanic_unwind-8bee4b287d4367c1.rlib" "/opt/rustwide/rustup-home/toolchains/1.69.0-x86_64-unknown-linux-gnu/lib/rustlib/x86_64-unknown-linux-gnu/lib/libobject-d61707aed80694c0.rlib" "/opt/rustwide/rustup-home/toolchains/1.69.0-x86_64-unknown-linux-gnu/lib/rustlib/x86_64-unknown-linux-gnu/lib/libmemchr-d85366256f22345b.rlib" "/opt/rustwide/rustup-home/toolchains/1.69.0-x86_64-unknown-linux-gnu/lib/rustlib/x86_64-unknown-linux-gnu/lib/libaddr2line-96069b86b8a8cae9.rlib" "/opt/rustwide/rustup-home/toolchains/1.69.0-x86_64-unknown-linux-gnu/lib/rustlib/x86_64-unknown-linux-gnu/lib/libgimli-d19d53abf68dfa6c.rlib" "/opt/rustwide/rustup-home/toolchains/1.69.0-x86_64-unknown-linux-gnu/lib/rustlib/x86_64-unknown-linux-gnu/lib/librustc_demangle-787cbccd19d64ac6.rlib" "/opt/rustwide/rustup-home/toolchains/1.69.0-x86_64-unknown-linux-gnu/lib/rustlib/x86_64-unknown-linux-gnu/lib/libstd_detect-b3837a36b830e0d0.rlib" "/opt/rustwide/rustup-home/toolchains/1.69.0-x86_64-unknown-linux-gnu/lib/rustlib/x86_64-unknown-linux-gnu/lib/libhashbrown-e3deb0e7e3f04966.rlib" "/opt/rustwide/rustup-home/toolchains/1.69.0-x86_64-unknown-linux-gnu/lib/rustlib/x86_64-unknown-linux-gnu/lib/libminiz_oxide-dabbb79c9815def4.rlib" "/opt/rustwide/rustup-home/toolchains/1.69.0-x86_64-unknown-linux-gnu/lib/rustlib/x86_64-unknown-linux-gnu/lib/libadler-305b01f34c9409f2.rlib" "/opt/rustwide/rustup-home/toolchains/1.69.0-x86_64-unknown-linux-gnu/lib/rustlib/x86_64-unknown-linux-gnu/lib/librustc_std_workspace_alloc-f833521df6074e73.rlib" "/opt/rustwide/rustup-home/toolchains/1.69.0-x86_64-unknown-linux-gnu/lib/rustlib/x86_64-unknown-linux-gnu/lib/libunwind-9ac333113350d171.rlib" "/opt/rustwide/rustup-home/toolchains/1.69.0-x86_64-unknown-linux-gnu/lib/rustlib/x86_64-unknown-linux-gnu/lib/libcfg_if-1c126114322d0eee.rlib" "/opt/rustwide/rustup-home/toolchains/1.69.0-x86_64-unknown-linux-gnu/lib/rustlib/x86_64-unknown-linux-gnu/lib/liblibc-bad9164fdeeecf92.rlib" "/opt/rustwide/rustup-home/toolchains/1.69.0-x86_64-unknown-linux-gnu/lib/rustlib/x86_64-unknown-linux-gnu/lib/liballoc-f9374b1e480fa681.rlib" "/opt/rustwide/rustup-home/toolchains/1.69.0-x86_64-unknown-linux-gnu/lib/rustlib/x86_64-unknown-linux-gnu/lib/librustc_std_workspace_core-207f06e41d9603af.rlib" "/opt/rustwide/rustup-home/toolchains/1.69.0-x86_64-unknown-linux-gnu/lib/rustlib/x86_64-unknown-linux-gnu/lib/libcore-7e2768e66e984e85.rlib" "/opt/rustwide/rustup-home/toolchains/1.69.0-x86_64-unknown-linux-gnu/lib/rustlib/x86_64-unknown-linux-gnu/lib/libcompiler_builtins-957b4aff41f8cd46.rlib" "-Wl,-Bdynamic" "-lutil" "-lgcc_s" "-lutil" "-lrt" "-lpthread" "-lm" "-ldl" "-lc" "-Wl,--eh-frame-hdr" "-Wl,-z,noexecstack" "-L" "/opt/rustwide/rustup-home/toolchains/1.69.0-x86_64-unknown-linux-gnu/lib/rustlib/x86_64-unknown-linux-gnu/lib" "-o" "/tmp/rustdoctestef1C1E/rust_out" "-Wl,--gc-sections" "-pie" "-Wl,-z,relro,-z,now" "-nodefaultlibs"
[INFO] [stdout]   = note: collect2: fatal error: ld terminated with signal 9 [Killed]
[INFO] [stdout]           compilation terminated.
[INFO] [stdout]           
[INFO] [stdout] 
[INFO] [stdout] error: aborting due to previous error
[INFO] [stdout] 
[INFO] [stdout] Couldn't compile the test.
[INFO] [stdout] ---- src/range_map.rs - range_map::RangeMap (line 12) stdout ----
[INFO] [stdout] Couldn't compile the test.
[INFO] [stdout] ---- src/server_utils.rs - server_utils::RichParts::try_match (line 587) stdout ----
[INFO] [stdout] warning: panic message is not a string literal
[INFO] [stdout]   --> src/server_utils.rs:611:12
[INFO] [stdout]    |
[INFO] [stdout] 27 |     panic!(format!("'{}' did not match '{}'", request_path, expected_path));
[INFO] [stdout]    |            ^^^^^^^^^^^^^^^^^^^^^^^^^^^^^^^^^^^^^^^^^^^^^^^^^^^^^^^^^^^^^^^
[INFO] [stdout]    |
[INFO] [stdout]    = note: this usage of `panic!()` is deprecated; it will be a hard error in Rust 2021
[INFO] [stdout]    = note: for more information, see <https://doc.rust-lang.org/nightly/edition-guide/rust-2021/panic-macro-consistency.html>
[INFO] [stdout]    = note: the `panic!()` macro supports formatting, so there's no need for the `format!()` macro here
[INFO] [stdout]    = note: `#[warn(non_fmt_panics)]` on by default
[INFO] [stdout] help: remove the `format!(..)` macro call
[INFO] [stdout]    |
[INFO] [stdout] 27 -     panic!(format!("'{}' did not match '{}'", request_path, expected_path));
[INFO] [stdout] 27 +     panic!("'{}' did not match '{}'", request_path, expected_path);
[INFO] [stdout]    |
[INFO] [stdout] 
[INFO] [stdout] Couldn't compile the test.
[INFO] [stdout] ---- src/server_utils.rs - server_utils::RichParts (line 332) stdout ----
[INFO] [stdout] Couldn't compile the test.
[INFO] [stdout] ---- src/cards.rs - cards::Deck::len (line 321) stdout ----
[INFO] [stdout] error: linking with `cc` failed: exit status: 1
[INFO] [stdout]   |
[INFO] [stdout]   = note: LC_ALL="C" PATH="/opt/rustwide/rustup-home/toolchains/1.69.0-x86_64-unknown-linux-gnu/lib/rustlib/x86_64-unknown-linux-gnu/bin:/opt/rustwide/cargo-home/bin:/usr/local/sbin:/usr/local/bin:/usr/sbin:/usr/bin:/sbin:/bin" VSLANG="1033" "cc" "-m64" "/tmp/rustcYumX6v/symbols.o" "/tmp/rustdoctestlJzirz/rust_out.rust_out.5bfee551-cgu.0.rcgu.o" "/tmp/rustdoctestlJzirz/rust_out.j00p4ncf7xg64kg.rcgu.o" "-Wl,--as-needed" "-L" "/opt/rustwide/target/debug/deps" "-L" "/opt/rustwide/target/debug/deps" "-L" "/opt/rustwide/rustup-home/toolchains/1.69.0-x86_64-unknown-linux-gnu/lib/rustlib/x86_64-unknown-linux-gnu/lib" "-Wl,-Bstatic" "/opt/rustwide/target/debug/deps/libmissingparts-9659c1acb1fda17a.rlib" "/opt/rustwide/target/debug/deps/libserde_json-7620e296e3f13ef9.rlib" "/opt/rustwide/target/debug/deps/libryu-6b35c30d64998727.rlib" "/opt/rustwide/target/debug/deps/libjson5-21944abb91e917a5.rlib" "/opt/rustwide/target/debug/deps/libpest-3387af77cbca86d8.rlib" "/opt/rustwide/target/debug/deps/libucd_trie-67181dab2d4a6086.rlib" "/opt/rustwide/target/debug/deps/libhyper-6fdc7ea876b5afef.rlib" "/opt/rustwide/target/debug/deps/libhttparse-adf4b58b5688c4e9.rlib" "/opt/rustwide/target/debug/deps/libwant-c5604199172ed224.rlib" "/opt/rustwide/target/debug/deps/libtry_lock-9a87291985dc6a84.rlib" "/opt/rustwide/target/debug/deps/libh2-4832307fad05a6c6.rlib" "/opt/rustwide/target/debug/deps/libindexmap-4bd565160367ede3.rlib" "/opt/rustwide/target/debug/deps/libtokio_util-69ea4906fe823117.rlib" "/opt/rustwide/target/debug/deps/libfutures_sink-ca9a8255ad9d3a8a.rlib" "/opt/rustwide/target/debug/deps/libtime-c17b76ed30e24591.rlib" "/opt/rustwide/target/debug/deps/libtower_service-7184302c43674b63.rlib" "/opt/rustwide/target/debug/deps/libfutures_channel-704132ac2d0c804f.rlib" "/opt/rustwide/target/debug/deps/libhttp_body-8c49b62aa71f4470.rlib" "/opt/rustwide/target/debug/deps/libfutures_util-e170c553eb843318.rlib" "/opt/rustwide/target/debug/deps/libfutures_task-b9d0aa025aeba343.rlib" "/opt/rustwide/target/debug/deps/libpin_utils-9f9b29b0d8053d43.rlib" "/opt/rustwide/target/debug/deps/libtokio-dde7de1b4ad81a71.rlib" "/opt/rustwide/target/debug/deps/libsignal_hook_registry-603ac1cc03b173f4.rlib" "/opt/rustwide/target/debug/deps/libarc_swap-0bdc0697ee89fbdd.rlib" "/opt/rustwide/target/debug/deps/libnum_cpus-a33418ed4e4cc1fb.rlib" "/opt/rustwide/target/debug/deps/libmemchr-b95d006c737c13d6.rlib" "/opt/rustwide/target/debug/deps/libmio_uds-80f34e8772e32279.rlib" "/opt/rustwide/target/debug/deps/libmio-df5590310d54e20b.rlib" "/opt/rustwide/target/debug/deps/libslab-de54d3b035758183.rlib" "/opt/rustwide/target/debug/deps/libiovec-63ffd3bd893ee14d.rlib" "/opt/rustwide/target/debug/deps/libnet2-c18533ac57fc59b1.rlib" "/opt/rustwide/target/debug/deps/libfutures_core-38784776999aebbd.rlib" "/opt/rustwide/target/debug/deps/liblazy_static-a15e1ed0a3c31761.rlib" "/opt/rustwide/target/debug/deps/libpin_project_lite-c0937ae26eb15e99.rlib" "/opt/rustwide/target/debug/deps/libpin_project-6171e52168477af7.rlib" "/opt/rustwide/target/debug/deps/libhttp-6afb95c9fee64668.rlib" "/opt/rustwide/target/debug/deps/libitoa-7c29f5a6ba00dbe2.rlib" "/opt/rustwide/target/debug/deps/libbytes-6559f523844a0c9b.rlib" "/opt/rustwide/target/debug/deps/libfnv-684c969a0825947e.rlib" "/opt/rustwide/target/debug/deps/liblog-3bc4bdb92af9ced5.rlib" "/opt/rustwide/target/debug/deps/libcfg_if-a245e09a5738c6b4.rlib" "/opt/rustwide/target/debug/deps/libchashmap-e0d2dac4046dfff6.rlib" "/opt/rustwide/target/debug/deps/libparking_lot-82e092bfa9b8c07f.rlib" "/opt/rustwide/target/debug/deps/libparking_lot_core-2df7599a7433f840.rlib" "/opt/rustwide/target/debug/deps/libsmallvec-5163fe2bf1fb2512.rlib" "/opt/rustwide/target/debug/deps/libmaybe_uninit-7358fb81ee8e07ae.rlib" "/opt/rustwide/target/debug/deps/librand-edbe7294dc11ef2a.rlib" "/opt/rustwide/target/debug/deps/libowning_ref-353940b58ce505d6.rlib" "/opt/rustwide/target/debug/deps/libstable_deref_trait-e20d52572748cfc4.rlib" "/opt/rustwide/target/debug/deps/librand-9844cfa54aecf706.rlib" "/opt/rustwide/target/debug/deps/liblibc-8c0dcb38a2b877fb.rlib" "/opt/rustwide/target/debug/deps/librand_core-24701c002b5507d4.rlib" "/opt/rustwide/target/debug/deps/librand_core-56e130eac2d651e8.rlib" "/opt/rustwide/target/debug/deps/libserde-40a109109d673586.rlib" "/opt/rustwide/rustup-home/toolchains/1.69.0-x86_64-unknown-linux-gnu/lib/rustlib/x86_64-unknown-linux-gnu/lib/libstd-89bc084783fdc439.rlib" "/opt/rustwide/rustup-home/toolchains/1.69.0-x86_64-unknown-linux-gnu/lib/rustlib/x86_64-unknown-linux-gnu/lib/libpanic_unwind-8bee4b287d4367c1.rlib" "/opt/rustwide/rustup-home/toolchains/1.69.0-x86_64-unknown-linux-gnu/lib/rustlib/x86_64-unknown-linux-gnu/lib/libobject-d61707aed80694c0.rlib" "/opt/rustwide/rustup-home/toolchains/1.69.0-x86_64-unknown-linux-gnu/lib/rustlib/x86_64-unknown-linux-gnu/lib/libmemchr-d85366256f22345b.rlib" "/opt/rustwide/rustup-home/toolchains/1.69.0-x86_64-unknown-linux-gnu/lib/rustlib/x86_64-unknown-linux-gnu/lib/libaddr2line-96069b86b8a8cae9.rlib" "/opt/rustwide/rustup-home/toolchains/1.69.0-x86_64-unknown-linux-gnu/lib/rustlib/x86_64-unknown-linux-gnu/lib/libgimli-d19d53abf68dfa6c.rlib" "/opt/rustwide/rustup-home/toolchains/1.69.0-x86_64-unknown-linux-gnu/lib/rustlib/x86_64-unknown-linux-gnu/lib/librustc_demangle-787cbccd19d64ac6.rlib" "/opt/rustwide/rustup-home/toolchains/1.69.0-x86_64-unknown-linux-gnu/lib/rustlib/x86_64-unknown-linux-gnu/lib/libstd_detect-b3837a36b830e0d0.rlib" "/opt/rustwide/rustup-home/toolchains/1.69.0-x86_64-unknown-linux-gnu/lib/rustlib/x86_64-unknown-linux-gnu/lib/libhashbrown-e3deb0e7e3f04966.rlib" "/opt/rustwide/rustup-home/toolchains/1.69.0-x86_64-unknown-linux-gnu/lib/rustlib/x86_64-unknown-linux-gnu/lib/libminiz_oxide-dabbb79c9815def4.rlib" "/opt/rustwide/rustup-home/toolchains/1.69.0-x86_64-unknown-linux-gnu/lib/rustlib/x86_64-unknown-linux-gnu/lib/libadler-305b01f34c9409f2.rlib" "/opt/rustwide/rustup-home/toolchains/1.69.0-x86_64-unknown-linux-gnu/lib/rustlib/x86_64-unknown-linux-gnu/lib/librustc_std_workspace_alloc-f833521df6074e73.rlib" "/opt/rustwide/rustup-home/toolchains/1.69.0-x86_64-unknown-linux-gnu/lib/rustlib/x86_64-unknown-linux-gnu/lib/libunwind-9ac333113350d171.rlib" "/opt/rustwide/rustup-home/toolchains/1.69.0-x86_64-unknown-linux-gnu/lib/rustlib/x86_64-unknown-linux-gnu/lib/libcfg_if-1c126114322d0eee.rlib" "/opt/rustwide/rustup-home/toolchains/1.69.0-x86_64-unknown-linux-gnu/lib/rustlib/x86_64-unknown-linux-gnu/lib/liblibc-bad9164fdeeecf92.rlib" "/opt/rustwide/rustup-home/toolchains/1.69.0-x86_64-unknown-linux-gnu/lib/rustlib/x86_64-unknown-linux-gnu/lib/liballoc-f9374b1e480fa681.rlib" "/opt/rustwide/rustup-home/toolchains/1.69.0-x86_64-unknown-linux-gnu/lib/rustlib/x86_64-unknown-linux-gnu/lib/librustc_std_workspace_core-207f06e41d9603af.rlib" "/opt/rustwide/rustup-home/toolchains/1.69.0-x86_64-unknown-linux-gnu/lib/rustlib/x86_64-unknown-linux-gnu/lib/libcore-7e2768e66e984e85.rlib" "/opt/rustwide/rustup-home/toolchains/1.69.0-x86_64-unknown-linux-gnu/lib/rustlib/x86_64-unknown-linux-gnu/lib/libcompiler_builtins-957b4aff41f8cd46.rlib" "-Wl,-Bdynamic" "-lutil" "-lgcc_s" "-lutil" "-lrt" "-lpthread" "-lm" "-ldl" "-lc" "-Wl,--eh-frame-hdr" "-Wl,-z,noexecstack" "-L" "/opt/rustwide/rustup-home/toolchains/1.69.0-x86_64-unknown-linux-gnu/lib/rustlib/x86_64-unknown-linux-gnu/lib" "-o" "/tmp/rustdoctestlJzirz/rust_out" "-Wl,--gc-sections" "-pie" "-Wl,-z,relro,-z,now" "-nodefaultlibs"
[INFO] [stdout]   = note: collect2: fatal error: ld terminated with signal 9 [Killed]
[INFO] [stdout]           compilation terminated.
[INFO] [stdout]           
[INFO] [stdout] 
[INFO] [stdout] error: aborting due to previous error
[INFO] [stdout] 
[INFO] [stdout] Couldn't compile the test.
[INFO] [stdout] ---- src/gameplay.rs - gameplay::Gameplay::get_state (line 301) stdout ----
[INFO] [stdout] error: linking with `cc` failed: exit status: 1
[INFO] [stdout]   |
[INFO] [stdout]   = note: LC_ALL="C" PATH="/opt/rustwide/rustup-home/toolchains/1.69.0-x86_64-unknown-linux-gnu/lib/rustlib/x86_64-unknown-linux-gnu/bin:/opt/rustwide/cargo-home/bin:/usr/local/sbin:/usr/local/bin:/usr/sbin:/usr/bin:/sbin:/bin" VSLANG="1033" "cc" "-m64" "/tmp/rustcuXJdhM/symbols.o" "/tmp/rustdoctest4r0Vqj/rust_out.rust_out.5bfee551-cgu.0.rcgu.o" "/tmp/rustdoctest4r0Vqj/rust_out.j00p4ncf7xg64kg.rcgu.o" "-Wl,--as-needed" "-L" "/opt/rustwide/target/debug/deps" "-L" "/opt/rustwide/target/debug/deps" "-L" "/opt/rustwide/rustup-home/toolchains/1.69.0-x86_64-unknown-linux-gnu/lib/rustlib/x86_64-unknown-linux-gnu/lib" "-Wl,-Bstatic" "/opt/rustwide/target/debug/deps/libmissingparts-9659c1acb1fda17a.rlib" "/opt/rustwide/target/debug/deps/libserde_json-7620e296e3f13ef9.rlib" "/opt/rustwide/target/debug/deps/libryu-6b35c30d64998727.rlib" "/opt/rustwide/target/debug/deps/libjson5-21944abb91e917a5.rlib" "/opt/rustwide/target/debug/deps/libpest-3387af77cbca86d8.rlib" "/opt/rustwide/target/debug/deps/libucd_trie-67181dab2d4a6086.rlib" "/opt/rustwide/target/debug/deps/libhyper-6fdc7ea876b5afef.rlib" "/opt/rustwide/target/debug/deps/libhttparse-adf4b58b5688c4e9.rlib" "/opt/rustwide/target/debug/deps/libwant-c5604199172ed224.rlib" "/opt/rustwide/target/debug/deps/libtry_lock-9a87291985dc6a84.rlib" "/opt/rustwide/target/debug/deps/libh2-4832307fad05a6c6.rlib" "/opt/rustwide/target/debug/deps/libindexmap-4bd565160367ede3.rlib" "/opt/rustwide/target/debug/deps/libtokio_util-69ea4906fe823117.rlib" "/opt/rustwide/target/debug/deps/libfutures_sink-ca9a8255ad9d3a8a.rlib" "/opt/rustwide/target/debug/deps/libtime-c17b76ed30e24591.rlib" "/opt/rustwide/target/debug/deps/libtower_service-7184302c43674b63.rlib" "/opt/rustwide/target/debug/deps/libfutures_channel-704132ac2d0c804f.rlib" "/opt/rustwide/target/debug/deps/libhttp_body-8c49b62aa71f4470.rlib" "/opt/rustwide/target/debug/deps/libfutures_util-e170c553eb843318.rlib" "/opt/rustwide/target/debug/deps/libfutures_task-b9d0aa025aeba343.rlib" "/opt/rustwide/target/debug/deps/libpin_utils-9f9b29b0d8053d43.rlib" "/opt/rustwide/target/debug/deps/libtokio-dde7de1b4ad81a71.rlib" "/opt/rustwide/target/debug/deps/libsignal_hook_registry-603ac1cc03b173f4.rlib" "/opt/rustwide/target/debug/deps/libarc_swap-0bdc0697ee89fbdd.rlib" "/opt/rustwide/target/debug/deps/libnum_cpus-a33418ed4e4cc1fb.rlib" "/opt/rustwide/target/debug/deps/libmemchr-b95d006c737c13d6.rlib" "/opt/rustwide/target/debug/deps/libmio_uds-80f34e8772e32279.rlib" "/opt/rustwide/target/debug/deps/libmio-df5590310d54e20b.rlib" "/opt/rustwide/target/debug/deps/libslab-de54d3b035758183.rlib" "/opt/rustwide/target/debug/deps/libiovec-63ffd3bd893ee14d.rlib" "/opt/rustwide/target/debug/deps/libnet2-c18533ac57fc59b1.rlib" "/opt/rustwide/target/debug/deps/libfutures_core-38784776999aebbd.rlib" "/opt/rustwide/target/debug/deps/liblazy_static-a15e1ed0a3c31761.rlib" "/opt/rustwide/target/debug/deps/libpin_project_lite-c0937ae26eb15e99.rlib" "/opt/rustwide/target/debug/deps/libpin_project-6171e52168477af7.rlib" "/opt/rustwide/target/debug/deps/libhttp-6afb95c9fee64668.rlib" "/opt/rustwide/target/debug/deps/libitoa-7c29f5a6ba00dbe2.rlib" "/opt/rustwide/target/debug/deps/libbytes-6559f523844a0c9b.rlib" "/opt/rustwide/target/debug/deps/libfnv-684c969a0825947e.rlib" "/opt/rustwide/target/debug/deps/liblog-3bc4bdb92af9ced5.rlib" "/opt/rustwide/target/debug/deps/libcfg_if-a245e09a5738c6b4.rlib" "/opt/rustwide/target/debug/deps/libchashmap-e0d2dac4046dfff6.rlib" "/opt/rustwide/target/debug/deps/libparking_lot-82e092bfa9b8c07f.rlib" "/opt/rustwide/target/debug/deps/libparking_lot_core-2df7599a7433f840.rlib" "/opt/rustwide/target/debug/deps/libsmallvec-5163fe2bf1fb2512.rlib" "/opt/rustwide/target/debug/deps/libmaybe_uninit-7358fb81ee8e07ae.rlib" "/opt/rustwide/target/debug/deps/librand-edbe7294dc11ef2a.rlib" "/opt/rustwide/target/debug/deps/libowning_ref-353940b58ce505d6.rlib" "/opt/rustwide/target/debug/deps/libstable_deref_trait-e20d52572748cfc4.rlib" "/opt/rustwide/target/debug/deps/librand-9844cfa54aecf706.rlib" "/opt/rustwide/target/debug/deps/liblibc-8c0dcb38a2b877fb.rlib" "/opt/rustwide/target/debug/deps/librand_core-24701c002b5507d4.rlib" "/opt/rustwide/target/debug/deps/librand_core-56e130eac2d651e8.rlib" "/opt/rustwide/target/debug/deps/libserde-40a109109d673586.rlib" "/opt/rustwide/rustup-home/toolchains/1.69.0-x86_64-unknown-linux-gnu/lib/rustlib/x86_64-unknown-linux-gnu/lib/libstd-89bc084783fdc439.rlib" "/opt/rustwide/rustup-home/toolchains/1.69.0-x86_64-unknown-linux-gnu/lib/rustlib/x86_64-unknown-linux-gnu/lib/libpanic_unwind-8bee4b287d4367c1.rlib" "/opt/rustwide/rustup-home/toolchains/1.69.0-x86_64-unknown-linux-gnu/lib/rustlib/x86_64-unknown-linux-gnu/lib/libobject-d61707aed80694c0.rlib" "/opt/rustwide/rustup-home/toolchains/1.69.0-x86_64-unknown-linux-gnu/lib/rustlib/x86_64-unknown-linux-gnu/lib/libmemchr-d85366256f22345b.rlib" "/opt/rustwide/rustup-home/toolchains/1.69.0-x86_64-unknown-linux-gnu/lib/rustlib/x86_64-unknown-linux-gnu/lib/libaddr2line-96069b86b8a8cae9.rlib" "/opt/rustwide/rustup-home/toolchains/1.69.0-x86_64-unknown-linux-gnu/lib/rustlib/x86_64-unknown-linux-gnu/lib/libgimli-d19d53abf68dfa6c.rlib" "/opt/rustwide/rustup-home/toolchains/1.69.0-x86_64-unknown-linux-gnu/lib/rustlib/x86_64-unknown-linux-gnu/lib/librustc_demangle-787cbccd19d64ac6.rlib" "/opt/rustwide/rustup-home/toolchains/1.69.0-x86_64-unknown-linux-gnu/lib/rustlib/x86_64-unknown-linux-gnu/lib/libstd_detect-b3837a36b830e0d0.rlib" "/opt/rustwide/rustup-home/toolchains/1.69.0-x86_64-unknown-linux-gnu/lib/rustlib/x86_64-unknown-linux-gnu/lib/libhashbrown-e3deb0e7e3f04966.rlib" "/opt/rustwide/rustup-home/toolchains/1.69.0-x86_64-unknown-linux-gnu/lib/rustlib/x86_64-unknown-linux-gnu/lib/libminiz_oxide-dabbb79c9815def4.rlib" "/opt/rustwide/rustup-home/toolchains/1.69.0-x86_64-unknown-linux-gnu/lib/rustlib/x86_64-unknown-linux-gnu/lib/libadler-305b01f34c9409f2.rlib" "/opt/rustwide/rustup-home/toolchains/1.69.0-x86_64-unknown-linux-gnu/lib/rustlib/x86_64-unknown-linux-gnu/lib/librustc_std_workspace_alloc-f833521df6074e73.rlib" "/opt/rustwide/rustup-home/toolchains/1.69.0-x86_64-unknown-linux-gnu/lib/rustlib/x86_64-unknown-linux-gnu/lib/libunwind-9ac333113350d171.rlib" "/opt/rustwide/rustup-home/toolchains/1.69.0-x86_64-unknown-linux-gnu/lib/rustlib/x86_64-unknown-linux-gnu/lib/libcfg_if-1c126114322d0eee.rlib" "/opt/rustwide/rustup-home/toolchains/1.69.0-x86_64-unknown-linux-gnu/lib/rustlib/x86_64-unknown-linux-gnu/lib/liblibc-bad9164fdeeecf92.rlib" "/opt/rustwide/rustup-home/toolchains/1.69.0-x86_64-unknown-linux-gnu/lib/rustlib/x86_64-unknown-linux-gnu/lib/liballoc-f9374b1e480fa681.rlib" "/opt/rustwide/rustup-home/toolchains/1.69.0-x86_64-unknown-linux-gnu/lib/rustlib/x86_64-unknown-linux-gnu/lib/librustc_std_workspace_core-207f06e41d9603af.rlib" "/opt/rustwide/rustup-home/toolchains/1.69.0-x86_64-unknown-linux-gnu/lib/rustlib/x86_64-unknown-linux-gnu/lib/libcore-7e2768e66e984e85.rlib" "/opt/rustwide/rustup-home/toolchains/1.69.0-x86_64-unknown-linux-gnu/lib/rustlib/x86_64-unknown-linux-gnu/lib/libcompiler_builtins-957b4aff41f8cd46.rlib" "-Wl,-Bdynamic" "-lutil" "-lgcc_s" "-lutil" "-lrt" "-lpthread" "-lm" "-ldl" "-lc" "-Wl,--eh-frame-hdr" "-Wl,-z,noexecstack" "-L" "/opt/rustwide/rustup-home/toolchains/1.69.0-x86_64-unknown-linux-gnu/lib/rustlib/x86_64-unknown-linux-gnu/lib" "-o" "/tmp/rustdoctest4r0Vqj/rust_out" "-Wl,--gc-sections" "-pie" "-Wl,-z,relro,-z,now" "-nodefaultlibs"
[INFO] [stdout]   = note: collect2: fatal error: ld terminated with signal 9 [Killed]
[INFO] [stdout]           compilation terminated.
[INFO] [stdout]           
[INFO] [stdout] 
[INFO] [stdout] error: aborting due to previous error
[INFO] [stdout] 
[INFO] [stdout] Couldn't compile the test.
[INFO] [stdout] 
[INFO] [stdout] failures:
[INFO] [stdout]     src/cards.rs - cards::Card (line 150)
[INFO] [stdout]     src/cards.rs - cards::Deck::len (line 321)
[INFO] [stdout]     src/cards.rs - cards::Deck::non_empty (line 307)
[INFO] [stdout]     src/cards.rs - cards::Deck::of (line 252)
[INFO] [stdout]     src/cards.rs - cards::Deck::remove_top (line 271)
[INFO] [stdout]     src/gameplay.rs - gameplay::Gameplay::get_state (line 301)
[INFO] [stdout]     src/gameplay.rs - gameplay::Gameplay::process_player_action (line 346)
[INFO] [stdout]     src/gameplay.rs - gameplay::vec_remove_item (line 178)
[INFO] [stdout]     src/playeraction.rs - playeraction::PlayerAction::Share (line 73)
[INFO] [stdout]     src/playeraction.rs - playeraction::PlayerAction::Skip (line 240)
[INFO] [stdout]     src/playeraction.rs - playeraction::PlayerAction::Trade (line 96)
[INFO] [stdout]     src/playeraction.rs - playeraction::split_in_ord (line 409)
[INFO] [stdout]     src/range_map.rs - range_map::RangeMap (line 12)
[INFO] [stdout]     src/server_utils.rs - server_utils::RichParts (line 332)
[INFO] [stdout]     src/server_utils.rs - server_utils::RichParts::try_match (line 587)
[INFO] [stdout] 
[INFO] [stdout] test result: FAILED. 10 passed; 15 failed; 0 ignored; 0 measured; 0 filtered out; finished in 3.70s
[INFO] [stdout] 
[INFO] [stderr] error: doctest failed, to rerun pass `--doc`
[INFO] running `Command { std: "docker" "inspect" "e19e6fbfd24ad5fad3c4f7ce4ce44edc45cad1668f31750fa1dcac91f8cd0487", kill_on_drop: false }`
[INFO] running `Command { std: "docker" "rm" "-f" "e19e6fbfd24ad5fad3c4f7ce4ce44edc45cad1668f31750fa1dcac91f8cd0487", kill_on_drop: false }`
[INFO] [stdout] e19e6fbfd24ad5fad3c4f7ce4ce44edc45cad1668f31750fa1dcac91f8cd0487
