[INFO] cloning repository https://github.com/TrionProg/kurs_sp
[INFO] running `Command { std: "git" "-c" "credential.helper=" "-c" "credential.helper=/workspace/cargo-home/bin/git-credential-null" "clone" "--bare" "https://github.com/TrionProg/kurs_sp" "/workspace/cache/git-repos/https%3A%2F%2Fgithub.com%2FTrionProg%2Fkurs_sp", kill_on_drop: false }`
[INFO] [stderr] Cloning into bare repository '/workspace/cache/git-repos/https%3A%2F%2Fgithub.com%2FTrionProg%2Fkurs_sp'...
[INFO] running `Command { std: "git" "rev-parse" "HEAD", kill_on_drop: false }`
[INFO] [stdout] 642f9b16f43eb86b2430108242466e5a75fc9f2b
[INFO] testing TrionProg/kurs_sp against 1.69.0 for beta-1.70-1
[INFO] running `Command { std: "git" "clone" "/workspace/cache/git-repos/https%3A%2F%2Fgithub.com%2FTrionProg%2Fkurs_sp" "/workspace/builds/worker-2-tc1/source", kill_on_drop: false }`
[INFO] [stderr] Cloning into '/workspace/builds/worker-2-tc1/source'...
[INFO] [stderr] done.
[INFO] validating manifest of git repo https://github.com/TrionProg/kurs_sp on toolchain 1.69.0
[INFO] running `Command { std: CARGO_HOME="/workspace/cargo-home" RUSTUP_HOME="/workspace/rustup-home" "/workspace/cargo-home/bin/cargo" "+1.69.0" "metadata" "--manifest-path" "Cargo.toml" "--no-deps", kill_on_drop: false }`
[INFO] started tweaking git repo https://github.com/TrionProg/kurs_sp
[INFO] finished tweaking git repo https://github.com/TrionProg/kurs_sp
[INFO] tweaked toml for git repo https://github.com/TrionProg/kurs_sp written to /workspace/builds/worker-2-tc1/source/Cargo.toml
[INFO] crate git repo https://github.com/TrionProg/kurs_sp already has a lockfile, it will not be regenerated
[INFO] running `Command { std: CARGO_HOME="/workspace/cargo-home" RUSTUP_HOME="/workspace/rustup-home" "/workspace/cargo-home/bin/cargo" "+1.69.0" "fetch" "--manifest-path" "Cargo.toml", kill_on_drop: false }`
[INFO] running `Command { std: "docker" "create" "-v" "/var/lib/crater-agent-workspace/builds/worker-2-tc1/target:/opt/rustwide/target:rw,Z" "-v" "/var/lib/crater-agent-workspace/builds/worker-2-tc1/source:/opt/rustwide/workdir:ro,Z" "-v" "/var/lib/crater-agent-workspace/cargo-home:/opt/rustwide/cargo-home:ro,Z" "-v" "/var/lib/crater-agent-workspace/rustup-home:/opt/rustwide/rustup-home:ro,Z" "-e" "SOURCE_DIR=/opt/rustwide/workdir" "-e" "CARGO_TARGET_DIR=/opt/rustwide/target" "-e" "CARGO_HOME=/opt/rustwide/cargo-home" "-e" "RUSTUP_HOME=/opt/rustwide/rustup-home" "-w" "/opt/rustwide/workdir" "-m" "1610612736" "--user" "0:0" "--network" "none" "ghcr.io/rust-lang/crates-build-env/linux@sha256:5ff2268d62e97bff2cde7d5815dd6ed5b47097566f13b8d0ca110b04b60e07ed" "/opt/rustwide/cargo-home/bin/cargo" "+1.69.0" "metadata" "--no-deps" "--format-version=1", kill_on_drop: false }`
[INFO] [stdout] 487ad2ec8440462c144a345e3dc7f64ede9e3d6675f18034a40c81fbca7191c3
[INFO] running `Command { std: "docker" "start" "-a" "487ad2ec8440462c144a345e3dc7f64ede9e3d6675f18034a40c81fbca7191c3", kill_on_drop: false }`
[INFO] running `Command { std: "docker" "inspect" "487ad2ec8440462c144a345e3dc7f64ede9e3d6675f18034a40c81fbca7191c3", kill_on_drop: false }`
[INFO] running `Command { std: "docker" "rm" "-f" "487ad2ec8440462c144a345e3dc7f64ede9e3d6675f18034a40c81fbca7191c3", kill_on_drop: false }`
[INFO] [stdout] 487ad2ec8440462c144a345e3dc7f64ede9e3d6675f18034a40c81fbca7191c3
[INFO] running `Command { std: "docker" "create" "-v" "/var/lib/crater-agent-workspace/builds/worker-2-tc1/target:/opt/rustwide/target:rw,Z" "-v" "/var/lib/crater-agent-workspace/builds/worker-2-tc1/source:/opt/rustwide/workdir:ro,Z" "-v" "/var/lib/crater-agent-workspace/cargo-home:/opt/rustwide/cargo-home:ro,Z" "-v" "/var/lib/crater-agent-workspace/rustup-home:/opt/rustwide/rustup-home:ro,Z" "-e" "SOURCE_DIR=/opt/rustwide/workdir" "-e" "CARGO_TARGET_DIR=/opt/rustwide/target" "-e" "CARGO_INCREMENTAL=0" "-e" "RUST_BACKTRACE=full" "-e" "RUSTFLAGS=--cap-lints=warn" "-e" "RUSTDOCFLAGS=--cap-lints=warn" "-e" "CARGO_HOME=/opt/rustwide/cargo-home" "-e" "RUSTUP_HOME=/opt/rustwide/rustup-home" "-w" "/opt/rustwide/workdir" "-m" "1610612736" "--user" "0:0" "--network" "none" "ghcr.io/rust-lang/crates-build-env/linux@sha256:5ff2268d62e97bff2cde7d5815dd6ed5b47097566f13b8d0ca110b04b60e07ed" "/opt/rustwide/cargo-home/bin/cargo" "+1.69.0" "build" "--frozen" "--message-format=json", kill_on_drop: false }`
[INFO] [stdout] e7182be1403877a856b75749ab359f57c79ead8fbedf6e28261379952ef4639a
[INFO] running `Command { std: "docker" "start" "-a" "e7182be1403877a856b75749ab359f57c79ead8fbedf6e28261379952ef4639a", kill_on_drop: false }`
[INFO] [stderr]    Compiling libc v0.2.33
[INFO] [stderr]    Compiling rand v0.3.18
[INFO] [stderr]    Compiling kurs_sp v0.1.0 (/opt/rustwide/workdir)
[INFO] [stdout] warning: unused import: `std`
[INFO] [stdout]  --> src/signal.rs:1:5
[INFO] [stdout]   |
[INFO] [stdout] 1 | use std;
[INFO] [stdout]   |     ^^^
[INFO] [stdout]   |
[INFO] [stdout]   = note: `#[warn(unused_imports)]` on by default
[INFO] [stdout] 
[INFO] [stdout] 
[INFO] [stdout] warning: unused import: `super::N`
[INFO] [stdout]   --> src/signal.rs:10:5
[INFO] [stdout]    |
[INFO] [stdout] 10 | use super::N;
[INFO] [stdout]    |     ^^^^^^^^
[INFO] [stdout] 
[INFO] [stdout] 
[INFO] [stdout] warning: unused import: `rand`
[INFO] [stdout]  --> src/float.rs:2:5
[INFO] [stdout]   |
[INFO] [stdout] 2 | use rand;
[INFO] [stdout]   |     ^^^^
[INFO] [stdout] 
[INFO] [stdout] 
[INFO] [stdout] warning: unused imports: `IndependentSample`, `Range`
[INFO] [stdout]  --> src/float.rs:5:27
[INFO] [stdout]   |
[INFO] [stdout] 5 | use rand::distributions::{IndependentSample, Range};
[INFO] [stdout]   |                           ^^^^^^^^^^^^^^^^^  ^^^^^
[INFO] [stdout] 
[INFO] [stdout] 
[INFO] [stdout] warning: unused import: `super::LEN`
[INFO] [stdout]   --> src/float.rs:12:5
[INFO] [stdout]    |
[INFO] [stdout] 12 | use super::LEN;
[INFO] [stdout]    |     ^^^^^^^^^^
[INFO] [stdout] 
[INFO] [stdout] 
[INFO] [stdout] warning: unused imports: `load_signal`, `write_signal`
[INFO] [stdout]   --> src/float.rs:13:14
[INFO] [stdout]    |
[INFO] [stdout] 13 | use signal::{load_signal,write_signal};
[INFO] [stdout]    |              ^^^^^^^^^^^ ^^^^^^^^^^^^
[INFO] [stdout] 
[INFO] [stdout] 
[INFO] [stdout] warning: unused import: `rand`
[INFO] [stdout]  --> src/fixed.rs:2:5
[INFO] [stdout]   |
[INFO] [stdout] 2 | use rand;
[INFO] [stdout]   |     ^^^^
[INFO] [stdout] 
[INFO] [stdout] 
[INFO] [stdout] warning: unused imports: `IndependentSample`, `Range`
[INFO] [stdout]  --> src/fixed.rs:5:27
[INFO] [stdout]   |
[INFO] [stdout] 5 | use rand::distributions::{IndependentSample, Range};
[INFO] [stdout]   |                           ^^^^^^^^^^^^^^^^^  ^^^^^
[INFO] [stdout] 
[INFO] [stdout] 
[INFO] [stdout] warning: unused import: `super::LEN`
[INFO] [stdout]   --> src/fixed.rs:12:5
[INFO] [stdout]    |
[INFO] [stdout] 12 | use super::LEN;
[INFO] [stdout]    |     ^^^^^^^^^^
[INFO] [stdout] 
[INFO] [stdout] 
[INFO] [stdout] warning: unused imports: `load_signal`, `write_signal`
[INFO] [stdout]   --> src/fixed.rs:13:14
[INFO] [stdout]    |
[INFO] [stdout] 13 | use signal::{load_signal,write_signal};
[INFO] [stdout]    |              ^^^^^^^^^^^ ^^^^^^^^^^^^
[INFO] [stdout] 
[INFO] [stdout] 
[INFO] [stdout] warning: use of deprecated function `std::mem::uninitialized`: use `mem::MaybeUninit` instead
[INFO] [stdout]   --> src/float.rs:20:42
[INFO] [stdout]    |
[INFO] [stdout] 20 |     let mut H:[f32;N] = unsafe{std::mem::uninitialized()};
[INFO] [stdout]    |                                          ^^^^^^^^^^^^^
[INFO] [stdout]    |
[INFO] [stdout]    = note: `#[warn(deprecated)]` on by default
[INFO] [stdout] 
[INFO] [stdout] 
[INFO] [stdout] warning: use of deprecated function `std::mem::uninitialized`: use `mem::MaybeUninit` instead
[INFO] [stdout]   --> src/fixed.rs:71:42
[INFO] [stdout]    |
[INFO] [stdout] 71 |     let mut H:[i32;N] = unsafe{std::mem::uninitialized()};
[INFO] [stdout]    |                                          ^^^^^^^^^^^^^
[INFO] [stdout] 
[INFO] [stdout] 
[INFO] [stdout] warning: variable does not need to be mutable
[INFO] [stdout]   --> src/signal.rs:58:9
[INFO] [stdout]    |
[INFO] [stdout] 58 |     let mut reader = BufReader::new(f);
[INFO] [stdout]    |         ----^^^^^^
[INFO] [stdout]    |         |
[INFO] [stdout]    |         help: remove this `mut`
[INFO] [stdout]    |
[INFO] [stdout]    = note: `#[warn(unused_mut)]` on by default
[INFO] [stdout] 
[INFO] [stdout] 
[INFO] [stdout] warning: function `rand` is never used
[INFO] [stdout]   --> src/signal.rs:19:4
[INFO] [stdout]    |
[INFO] [stdout] 19 | fn rand(i:usize) -> f32 {
[INFO] [stdout]    |    ^^^^
[INFO] [stdout]    |
[INFO] [stdout]    = note: `#[warn(dead_code)]` on by default
[INFO] [stdout] 
[INFO] [stdout] 
[INFO] [stdout] warning: function `load_signal` is never used
[INFO] [stdout]   --> src/signal.rs:56:8
[INFO] [stdout]    |
[INFO] [stdout] 56 | pub fn load_signal() -> Vec<f32>{
[INFO] [stdout]    |        ^^^^^^^^^^^
[INFO] [stdout] 
[INFO] [stdout] 
[INFO] [stdout] warning: function `cas` is never used
[INFO] [stdout]   --> src/float.rs:15:4
[INFO] [stdout]    |
[INFO] [stdout] 15 | fn cas(x:f32) -> f32 {
[INFO] [stdout]    |    ^^^
[INFO] [stdout] 
[INFO] [stdout] 
[INFO] [stdout] warning: function `dph` is never used
[INFO] [stdout]   --> src/float.rs:19:8
[INFO] [stdout]    |
[INFO] [stdout] 19 | pub fn dph(h:&[f32]) -> [f32;N] {
[INFO] [stdout]    |        ^^^
[INFO] [stdout] 
[INFO] [stdout] 
[INFO] [stdout] warning: function `to_10bit` is never used
[INFO] [stdout]   --> src/fixed.rs:15:4
[INFO] [stdout]    |
[INFO] [stdout] 15 | fn to_10bit(x:f32) -> i32 {
[INFO] [stdout]    |    ^^^^^^^^
[INFO] [stdout] 
[INFO] [stdout] 
[INFO] [stdout] warning: function `to_12bit` is never used
[INFO] [stdout]   --> src/fixed.rs:25:4
[INFO] [stdout]    |
[INFO] [stdout] 25 | fn to_12bit(x:f32) -> i32 {
[INFO] [stdout]    |    ^^^^^^^^
[INFO] [stdout] 
[INFO] [stdout] 
[INFO] [stdout] warning: function `to_16bit` is never used
[INFO] [stdout]   --> src/fixed.rs:35:4
[INFO] [stdout]    |
[INFO] [stdout] 35 | fn to_16bit(x:f32) -> i32 {
[INFO] [stdout]    |    ^^^^^^^^
[INFO] [stdout] 
[INFO] [stdout] 
[INFO] [stdout] warning: function `from10_to_16bit` is never used
[INFO] [stdout]   --> src/fixed.rs:45:4
[INFO] [stdout]    |
[INFO] [stdout] 45 | fn from10_to_16bit(x:i32) -> i32 {
[INFO] [stdout]    |    ^^^^^^^^^^^^^^^
[INFO] [stdout] 
[INFO] [stdout] 
[INFO] [stdout] warning: function `from12_to_16bit` is never used
[INFO] [stdout]   --> src/fixed.rs:49:4
[INFO] [stdout]    |
[INFO] [stdout] 49 | fn from12_to_16bit(x:i32) -> i32 {
[INFO] [stdout]    |    ^^^^^^^^^^^^^^^
[INFO] [stdout] 
[INFO] [stdout] 
[INFO] [stdout] warning: function `from_16bit_to_float` is never used
[INFO] [stdout]   --> src/fixed.rs:53:4
[INFO] [stdout]    |
[INFO] [stdout] 53 | fn from_16bit_to_float(x:i32) -> f32 {
[INFO] [stdout]    |    ^^^^^^^^^^^^^^^^^^^
[INFO] [stdout] 
[INFO] [stdout] 
[INFO] [stdout] warning: function `cas16` is never used
[INFO] [stdout]   --> src/fixed.rs:63:4
[INFO] [stdout]    |
[INFO] [stdout] 63 | fn cas16(x:i32) -> i32 {
[INFO] [stdout]    |    ^^^^^
[INFO] [stdout] 
[INFO] [stdout] 
[INFO] [stdout] warning: function `dph` is never used
[INFO] [stdout]   --> src/fixed.rs:70:8
[INFO] [stdout]    |
[INFO] [stdout] 70 | pub fn dph(h:&[i32]) -> [i32;N] {//работает с 16 бит
[INFO] [stdout]    |        ^^^
[INFO] [stdout] 
[INFO] [stdout] 
[INFO] [stdout] warning: the type `[f32; 8]` does not permit being left uninitialized
[INFO] [stdout]   --> src/float.rs:20:32
[INFO] [stdout]    |
[INFO] [stdout] 20 |     let mut H:[f32;N] = unsafe{std::mem::uninitialized()};
[INFO] [stdout]    |                                ^^^^^^^^^^^^^^^^^^^^^^^^^
[INFO] [stdout]    |                                |
[INFO] [stdout]    |                                this code causes undefined behavior when executed
[INFO] [stdout]    |                                help: use `MaybeUninit<T>` instead, and only call `assume_init` after initialization is done
[INFO] [stdout]    |
[INFO] [stdout]    = note: floats must be initialized
[INFO] [stdout]    = note: `#[warn(invalid_value)]` on by default
[INFO] [stdout] 
[INFO] [stdout] 
[INFO] [stdout] warning: variable `H` should have a snake case name
[INFO] [stdout]   --> src/float.rs:20:13
[INFO] [stdout]    |
[INFO] [stdout] 20 |     let mut H:[f32;N] = unsafe{std::mem::uninitialized()};
[INFO] [stdout]    |             ^ help: convert the identifier to snake case: `h`
[INFO] [stdout]    |
[INFO] [stdout]    = note: `#[warn(non_snake_case)]` on by default
[INFO] [stdout] 
[INFO] [stdout] 
[INFO] [stdout] warning: variable `H` should have a snake case name
[INFO] [stdout]   --> src/float.rs:23:61
[INFO] [stdout]    |
[INFO] [stdout] 23 |         H[k]=1.0/N as f32 * h.iter().enumerate().fold(0.0, |H, (n,h)| {
[INFO] [stdout]    |                                                             ^ help: convert the identifier to snake case: `h`
[INFO] [stdout] 
[INFO] [stdout] 
[INFO] [stdout] warning: the type `[i32; 8]` does not permit being left uninitialized
[INFO] [stdout]   --> src/fixed.rs:71:32
[INFO] [stdout]    |
[INFO] [stdout] 71 |     let mut H:[i32;N] = unsafe{std::mem::uninitialized()};
[INFO] [stdout]    |                                ^^^^^^^^^^^^^^^^^^^^^^^^^
[INFO] [stdout]    |                                |
[INFO] [stdout]    |                                this code causes undefined behavior when executed
[INFO] [stdout]    |                                help: use `MaybeUninit<T>` instead, and only call `assume_init` after initialization is done
[INFO] [stdout]    |
[INFO] [stdout]    = note: integers must be initialized
[INFO] [stdout] 
[INFO] [stdout] 
[INFO] [stdout] warning: variable `H` should have a snake case name
[INFO] [stdout]   --> src/fixed.rs:71:13
[INFO] [stdout]    |
[INFO] [stdout] 71 |     let mut H:[i32;N] = unsafe{std::mem::uninitialized()};
[INFO] [stdout]    |             ^ help: convert the identifier to snake case: `h`
[INFO] [stdout] 
[INFO] [stdout] 
[INFO] [stdout] warning: variable `divN16` should have a snake case name
[INFO] [stdout]   --> src/fixed.rs:74:13
[INFO] [stdout]    |
[INFO] [stdout] 74 |         let divN16=from12_to_16bit(to_12bit(1.0/N as f32));
[INFO] [stdout]    |             ^^^^^^ help: convert the identifier to snake case: `div_n16`
[INFO] [stdout] 
[INFO] [stdout] 
[INFO] [stdout] warning: variable `H` should have a snake case name
[INFO] [stdout]   --> src/fixed.rs:77:45
[INFO] [stdout]    |
[INFO] [stdout] 77 |         let b=h.iter().enumerate().fold(0, |H, (n,h)| {
[INFO] [stdout]    |                                             ^ help: convert the identifier to snake case: `h`
[INFO] [stdout] 
[INFO] [stdout] 
[INFO] [stdout] warning: 32 warnings emitted
[INFO] [stdout] 
[INFO] [stdout] 
[INFO] [stderr]     Finished dev [unoptimized + debuginfo] target(s) in 1.42s
[INFO] running `Command { std: "docker" "inspect" "e7182be1403877a856b75749ab359f57c79ead8fbedf6e28261379952ef4639a", kill_on_drop: false }`
[INFO] running `Command { std: "docker" "rm" "-f" "e7182be1403877a856b75749ab359f57c79ead8fbedf6e28261379952ef4639a", kill_on_drop: false }`
[INFO] [stdout] e7182be1403877a856b75749ab359f57c79ead8fbedf6e28261379952ef4639a
[INFO] running `Command { std: "docker" "create" "-v" "/var/lib/crater-agent-workspace/builds/worker-2-tc1/target:/opt/rustwide/target:rw,Z" "-v" "/var/lib/crater-agent-workspace/builds/worker-2-tc1/source:/opt/rustwide/workdir:ro,Z" "-v" "/var/lib/crater-agent-workspace/cargo-home:/opt/rustwide/cargo-home:ro,Z" "-v" "/var/lib/crater-agent-workspace/rustup-home:/opt/rustwide/rustup-home:ro,Z" "-e" "SOURCE_DIR=/opt/rustwide/workdir" "-e" "CARGO_TARGET_DIR=/opt/rustwide/target" "-e" "CARGO_INCREMENTAL=0" "-e" "RUST_BACKTRACE=full" "-e" "RUSTFLAGS=--cap-lints=warn" "-e" "RUSTDOCFLAGS=--cap-lints=warn" "-e" "CARGO_HOME=/opt/rustwide/cargo-home" "-e" "RUSTUP_HOME=/opt/rustwide/rustup-home" "-w" "/opt/rustwide/workdir" "-m" "1610612736" "--user" "0:0" "--network" "none" "ghcr.io/rust-lang/crates-build-env/linux@sha256:5ff2268d62e97bff2cde7d5815dd6ed5b47097566f13b8d0ca110b04b60e07ed" "/opt/rustwide/cargo-home/bin/cargo" "+1.69.0" "test" "--frozen" "--no-run" "--message-format=json", kill_on_drop: false }`
[INFO] [stdout] 26fd7087b732bd4accc8e19a92f4eb751fb80b3fdad1d9b94ece3c249d6ea71a
[INFO] running `Command { std: "docker" "start" "-a" "26fd7087b732bd4accc8e19a92f4eb751fb80b3fdad1d9b94ece3c249d6ea71a", kill_on_drop: false }`
[INFO] [stderr]    Compiling kurs_sp v0.1.0 (/opt/rustwide/workdir)
[INFO] [stdout] warning: unused import: `std`
[INFO] [stdout]  --> src/signal.rs:1:5
[INFO] [stdout]   |
[INFO] [stdout] 1 | use std;
[INFO] [stdout]   |     ^^^
[INFO] [stdout]   |
[INFO] [stdout]   = note: `#[warn(unused_imports)]` on by default
[INFO] [stdout] 
[INFO] [stdout] 
[INFO] [stdout] warning: unused import: `super::N`
[INFO] [stdout]   --> src/signal.rs:10:5
[INFO] [stdout]    |
[INFO] [stdout] 10 | use super::N;
[INFO] [stdout]    |     ^^^^^^^^
[INFO] [stdout] 
[INFO] [stdout] 
[INFO] [stdout] warning: unused import: `rand`
[INFO] [stdout]  --> src/float.rs:2:5
[INFO] [stdout]   |
[INFO] [stdout] 2 | use rand;
[INFO] [stdout]   |     ^^^^
[INFO] [stdout] 
[INFO] [stdout] 
[INFO] [stdout] warning: unused imports: `IndependentSample`, `Range`
[INFO] [stdout]  --> src/float.rs:5:27
[INFO] [stdout]   |
[INFO] [stdout] 5 | use rand::distributions::{IndependentSample, Range};
[INFO] [stdout]   |                           ^^^^^^^^^^^^^^^^^  ^^^^^
[INFO] [stdout] 
[INFO] [stdout] 
[INFO] [stdout] warning: unused import: `rand`
[INFO] [stdout]  --> src/fixed.rs:2:5
[INFO] [stdout]   |
[INFO] [stdout] 2 | use rand;
[INFO] [stdout]   |     ^^^^
[INFO] [stdout] 
[INFO] [stdout] 
[INFO] [stdout] warning: unused imports: `IndependentSample`, `Range`
[INFO] [stdout]  --> src/fixed.rs:5:27
[INFO] [stdout]   |
[INFO] [stdout] 5 | use rand::distributions::{IndependentSample, Range};
[INFO] [stdout]   |                           ^^^^^^^^^^^^^^^^^  ^^^^^
[INFO] [stdout] 
[INFO] [stdout] 
[INFO] [stdout] warning: use of deprecated function `std::mem::uninitialized`: use `mem::MaybeUninit` instead
[INFO] [stdout]   --> src/float.rs:20:42
[INFO] [stdout]    |
[INFO] [stdout] 20 |     let mut H:[f32;N] = unsafe{std::mem::uninitialized()};
[INFO] [stdout]    |                                          ^^^^^^^^^^^^^
[INFO] [stdout]    |
[INFO] [stdout]    = note: `#[warn(deprecated)]` on by default
[INFO] [stdout] 
[INFO] [stdout] 
[INFO] [stdout] warning: use of deprecated function `std::mem::uninitialized`: use `mem::MaybeUninit` instead
[INFO] [stdout]   --> src/fixed.rs:71:42
[INFO] [stdout]    |
[INFO] [stdout] 71 |     let mut H:[i32;N] = unsafe{std::mem::uninitialized()};
[INFO] [stdout]    |                                          ^^^^^^^^^^^^^
[INFO] [stdout] 
[INFO] [stdout] 
[INFO] [stdout] warning: variable does not need to be mutable
[INFO] [stdout]   --> src/signal.rs:58:9
[INFO] [stdout]    |
[INFO] [stdout] 58 |     let mut reader = BufReader::new(f);
[INFO] [stdout]    |         ----^^^^^^
[INFO] [stdout]    |         |
[INFO] [stdout]    |         help: remove this `mut`
[INFO] [stdout]    |
[INFO] [stdout]    = note: `#[warn(unused_mut)]` on by default
[INFO] [stdout] 
[INFO] [stdout] 
[INFO] [stdout] warning: function `rand` is never used
[INFO] [stdout]   --> src/signal.rs:19:4
[INFO] [stdout]    |
[INFO] [stdout] 19 | fn rand(i:usize) -> f32 {
[INFO] [stdout]    |    ^^^^
[INFO] [stdout]    |
[INFO] [stdout]    = note: `#[warn(dead_code)]` on by default
[INFO] [stdout] 
[INFO] [stdout] 
[INFO] [stdout] warning: the type `[f32; 8]` does not permit being left uninitialized
[INFO] [stdout]   --> src/float.rs:20:32
[INFO] [stdout]    |
[INFO] [stdout] 20 |     let mut H:[f32;N] = unsafe{std::mem::uninitialized()};
[INFO] [stdout]    |                                ^^^^^^^^^^^^^^^^^^^^^^^^^
[INFO] [stdout]    |                                |
[INFO] [stdout]    |                                this code causes undefined behavior when executed
[INFO] [stdout]    |                                help: use `MaybeUninit<T>` instead, and only call `assume_init` after initialization is done
[INFO] [stdout]    |
[INFO] [stdout]    = note: floats must be initialized
[INFO] [stdout]    = note: `#[warn(invalid_value)]` on by default
[INFO] [stdout] 
[INFO] [stdout] 
[INFO] [stdout] warning: variable `H` should have a snake case name
[INFO] [stdout]   --> src/float.rs:20:13
[INFO] [stdout]    |
[INFO] [stdout] 20 |     let mut H:[f32;N] = unsafe{std::mem::uninitialized()};
[INFO] [stdout]    |             ^ help: convert the identifier to snake case: `h`
[INFO] [stdout]    |
[INFO] [stdout]    = note: `#[warn(non_snake_case)]` on by default
[INFO] [stdout] 
[INFO] [stdout] 
[INFO] [stdout] warning: variable `H` should have a snake case name
[INFO] [stdout]   --> src/float.rs:23:61
[INFO] [stdout]    |
[INFO] [stdout] 23 |         H[k]=1.0/N as f32 * h.iter().enumerate().fold(0.0, |H, (n,h)| {
[INFO] [stdout]    |                                                             ^ help: convert the identifier to snake case: `h`
[INFO] [stdout] 
[INFO] [stdout] 
[INFO] [stdout] warning: the type `[i32; 8]` does not permit being left uninitialized
[INFO] [stdout]   --> src/fixed.rs:71:32
[INFO] [stdout]    |
[INFO] [stdout] 71 |     let mut H:[i32;N] = unsafe{std::mem::uninitialized()};
[INFO] [stdout]    |                                ^^^^^^^^^^^^^^^^^^^^^^^^^
[INFO] [stdout]    |                                |
[INFO] [stdout]    |                                this code causes undefined behavior when executed
[INFO] [stdout]    |                                help: use `MaybeUninit<T>` instead, and only call `assume_init` after initialization is done
[INFO] [stdout]    |
[INFO] [stdout]    = note: integers must be initialized
[INFO] [stdout] 
[INFO] [stdout] 
[INFO] [stdout] warning: variable `H` should have a snake case name
[INFO] [stdout]   --> src/fixed.rs:71:13
[INFO] [stdout]    |
[INFO] [stdout] 71 |     let mut H:[i32;N] = unsafe{std::mem::uninitialized()};
[INFO] [stdout]    |             ^ help: convert the identifier to snake case: `h`
[INFO] [stdout] 
[INFO] [stdout] 
[INFO] [stdout] warning: variable `divN16` should have a snake case name
[INFO] [stdout]   --> src/fixed.rs:74:13
[INFO] [stdout]    |
[INFO] [stdout] 74 |         let divN16=from12_to_16bit(to_12bit(1.0/N as f32));
[INFO] [stdout]    |             ^^^^^^ help: convert the identifier to snake case: `div_n16`
[INFO] [stdout] 
[INFO] [stdout] 
[INFO] [stdout] warning: variable `H` should have a snake case name
[INFO] [stdout]   --> src/fixed.rs:77:45
[INFO] [stdout]    |
[INFO] [stdout] 77 |         let b=h.iter().enumerate().fold(0, |H, (n,h)| {
[INFO] [stdout]    |                                             ^ help: convert the identifier to snake case: `h`
[INFO] [stdout] 
[INFO] [stdout] 
[INFO] [stdout] warning: 17 warnings emitted
[INFO] [stdout] 
[INFO] [stdout] 
[INFO] [stderr]     Finished test [unoptimized + debuginfo] target(s) in 0.57s
[INFO] running `Command { std: "docker" "inspect" "26fd7087b732bd4accc8e19a92f4eb751fb80b3fdad1d9b94ece3c249d6ea71a", kill_on_drop: false }`
[INFO] running `Command { std: "docker" "rm" "-f" "26fd7087b732bd4accc8e19a92f4eb751fb80b3fdad1d9b94ece3c249d6ea71a", kill_on_drop: false }`
[INFO] [stdout] 26fd7087b732bd4accc8e19a92f4eb751fb80b3fdad1d9b94ece3c249d6ea71a
[INFO] running `Command { std: "docker" "create" "-v" "/var/lib/crater-agent-workspace/builds/worker-2-tc1/target:/opt/rustwide/target:rw,Z" "-v" "/var/lib/crater-agent-workspace/builds/worker-2-tc1/source:/opt/rustwide/workdir:ro,Z" "-v" "/var/lib/crater-agent-workspace/cargo-home:/opt/rustwide/cargo-home:ro,Z" "-v" "/var/lib/crater-agent-workspace/rustup-home:/opt/rustwide/rustup-home:ro,Z" "-e" "SOURCE_DIR=/opt/rustwide/workdir" "-e" "CARGO_TARGET_DIR=/opt/rustwide/target" "-e" "CARGO_INCREMENTAL=0" "-e" "RUST_BACKTRACE=full" "-e" "RUSTFLAGS=--cap-lints=warn" "-e" "RUSTDOCFLAGS=--cap-lints=warn" "-e" "CARGO_HOME=/opt/rustwide/cargo-home" "-e" "RUSTUP_HOME=/opt/rustwide/rustup-home" "-w" "/opt/rustwide/workdir" "-m" "1610612736" "--user" "0:0" "--network" "none" "ghcr.io/rust-lang/crates-build-env/linux@sha256:5ff2268d62e97bff2cde7d5815dd6ed5b47097566f13b8d0ca110b04b60e07ed" "/opt/rustwide/cargo-home/bin/cargo" "+1.69.0" "test" "--frozen", kill_on_drop: false }`
[INFO] [stdout] a5515fee38023866fbf65f20755ddc1bf2109171a7eb655a8e3dc057272fa684
[INFO] running `Command { std: "docker" "start" "-a" "a5515fee38023866fbf65f20755ddc1bf2109171a7eb655a8e3dc057272fa684", kill_on_drop: false }`
[INFO] [stderr] warning: unused import: `std`
[INFO] [stderr]  --> src/signal.rs:1:5
[INFO] [stderr]   |
[INFO] [stderr] 1 | use std;
[INFO] [stderr]   |     ^^^
[INFO] [stderr]   |
[INFO] [stderr]   = note: `#[warn(unused_imports)]` on by default
[INFO] [stderr] 
[INFO] [stderr] warning: unused import: `super::N`
[INFO] [stderr]   --> src/signal.rs:10:5
[INFO] [stderr]    |
[INFO] [stderr] 10 | use super::N;
[INFO] [stderr]    |     ^^^^^^^^
[INFO] [stderr] 
[INFO] [stderr] warning: unused import: `rand`
[INFO] [stderr]  --> src/float.rs:2:5
[INFO] [stderr]   |
[INFO] [stderr] 2 | use rand;
[INFO] [stderr]   |     ^^^^
[INFO] [stderr] 
[INFO] [stderr] warning: unused imports: `IndependentSample`, `Range`
[INFO] [stderr]  --> src/float.rs:5:27
[INFO] [stderr]   |
[INFO] [stderr] 5 | use rand::distributions::{IndependentSample, Range};
[INFO] [stderr]   |                           ^^^^^^^^^^^^^^^^^  ^^^^^
[INFO] [stderr] 
[INFO] [stderr] warning: unused import: `rand`
[INFO] [stderr]  --> src/fixed.rs:2:5
[INFO] [stderr]   |
[INFO] [stderr] 2 | use rand;
[INFO] [stderr]   |     ^^^^
[INFO] [stderr] 
[INFO] [stderr] warning: unused imports: `IndependentSample`, `Range`
[INFO] [stderr]  --> src/fixed.rs:5:27
[INFO] [stderr]   |
[INFO] [stderr] 5 | use rand::distributions::{IndependentSample, Range};
[INFO] [stderr]   |                           ^^^^^^^^^^^^^^^^^  ^^^^^
[INFO] [stderr] 
[INFO] [stderr] warning: use of deprecated function `std::mem::uninitialized`: use `mem::MaybeUninit` instead
[INFO] [stderr]   --> src/float.rs:20:42
[INFO] [stderr]    |
[INFO] [stderr] 20 |     let mut H:[f32;N] = unsafe{std::mem::uninitialized()};
[INFO] [stderr]    |                                          ^^^^^^^^^^^^^
[INFO] [stderr]    |
[INFO] [stderr]    = note: `#[warn(deprecated)]` on by default
[INFO] [stderr] 
[INFO] [stderr] warning: use of deprecated function `std::mem::uninitialized`: use `mem::MaybeUninit` instead
[INFO] [stderr]   --> src/fixed.rs:71:42
[INFO] [stderr]    |
[INFO] [stderr] 71 |     let mut H:[i32;N] = unsafe{std::mem::uninitialized()};
[INFO] [stderr]    |                                          ^^^^^^^^^^^^^
[INFO] [stderr] 
[INFO] [stderr] warning: variable does not need to be mutable
[INFO] [stderr]   --> src/signal.rs:58:9
[INFO] [stderr]    |
[INFO] [stderr] 58 |     let mut reader = BufReader::new(f);
[INFO] [stderr]    |         ----^^^^^^
[INFO] [stderr]    |         |
[INFO] [stderr]    |         help: remove this `mut`
[INFO] [stderr]    |
[INFO] [stderr]    = note: `#[warn(unused_mut)]` on by default
[INFO] [stderr] 
[INFO] [stderr] warning: function `rand` is never used
[INFO] [stderr]   --> src/signal.rs:19:4
[INFO] [stderr]    |
[INFO] [stderr] 19 | fn rand(i:usize) -> f32 {
[INFO] [stderr]    |    ^^^^
[INFO] [stderr]    |
[INFO] [stderr]    = note: `#[warn(dead_code)]` on by default
[INFO] [stderr] 
[INFO] [stderr] warning: the type `[f32; 8]` does not permit being left uninitialized
[INFO] [stderr]   --> src/float.rs:20:32
[INFO] [stderr]    |
[INFO] [stderr] 20 |     let mut H:[f32;N] = unsafe{std::mem::uninitialized()};
[INFO] [stderr]    |                                ^^^^^^^^^^^^^^^^^^^^^^^^^
[INFO] [stderr]    |                                |
[INFO] [stderr]    |                                this code causes undefined behavior when executed
[INFO] [stderr]    |                                help: use `MaybeUninit<T>` instead, and only call `assume_init` after initialization is done
[INFO] [stderr]    |
[INFO] [stderr]    = note: floats must be initialized
[INFO] [stderr]    = note: `#[warn(invalid_value)]` on by default
[INFO] [stderr] 
[INFO] [stderr] warning: variable `H` should have a snake case name
[INFO] [stderr]   --> src/float.rs:20:13
[INFO] [stderr]    |
[INFO] [stderr] 20 |     let mut H:[f32;N] = unsafe{std::mem::uninitialized()};
[INFO] [stderr]    |             ^ help: convert the identifier to snake case: `h`
[INFO] [stderr]    |
[INFO] [stderr]    = note: `#[warn(non_snake_case)]` on by default
[INFO] [stderr] 
[INFO] [stderr] warning: variable `H` should have a snake case name
[INFO] [stderr]   --> src/float.rs:23:61
[INFO] [stderr]    |
[INFO] [stderr] 23 |         H[k]=1.0/N as f32 * h.iter().enumerate().fold(0.0, |H, (n,h)| {
[INFO] [stderr]    |                                                             ^ help: convert the identifier to snake case: `h`
[INFO] [stderr] 
[INFO] [stderr] warning: the type `[i32; 8]` does not permit being left uninitialized
[INFO] [stderr]   --> src/fixed.rs:71:32
[INFO] [stderr]    |
[INFO] [stderr] 71 |     let mut H:[i32;N] = unsafe{std::mem::uninitialized()};
[INFO] [stderr]    |                                ^^^^^^^^^^^^^^^^^^^^^^^^^
[INFO] [stderr]    |                                |
[INFO] [stderr]    |                                this code causes undefined behavior when executed
[INFO] [stderr]    |                                help: use `MaybeUninit<T>` instead, and only call `assume_init` after initialization is done
[INFO] [stderr]    |
[INFO] [stderr]    = note: integers must be initialized
[INFO] [stderr] 
[INFO] [stderr] warning: variable `H` should have a snake case name
[INFO] [stderr]   --> src/fixed.rs:71:13
[INFO] [stderr]    |
[INFO] [stderr] 71 |     let mut H:[i32;N] = unsafe{std::mem::uninitialized()};
[INFO] [stderr]    |             ^ help: convert the identifier to snake case: `h`
[INFO] [stderr] 
[INFO] [stderr] warning: variable `divN16` should have a snake case name
[INFO] [stderr]   --> src/fixed.rs:74:13
[INFO] [stderr]    |
[INFO] [stderr] 74 |         let divN16=from12_to_16bit(to_12bit(1.0/N as f32));
[INFO] [stderr]    |             ^^^^^^ help: convert the identifier to snake case: `div_n16`
[INFO] [stderr] 
[INFO] [stderr] warning: variable `H` should have a snake case name
[INFO] [stderr]   --> src/fixed.rs:77:45
[INFO] [stderr]    |
[INFO] [stderr] 77 |         let b=h.iter().enumerate().fold(0, |H, (n,h)| {
[INFO] [stderr]    |                                             ^ help: convert the identifier to snake case: `h`
[INFO] [stderr] 
[INFO] [stderr] warning: `kurs_sp` (bin "kurs_sp" test) generated 17 warnings (run `cargo fix --bin "kurs_sp" --tests` to apply 7 suggestions)
[INFO] [stderr]     Finished test [unoptimized + debuginfo] target(s) in 0.00s
[INFO] [stderr]      Running unittests src/main.rs (/opt/rustwide/target/debug/deps/kurs_sp-c3a83261160b15cd)
[INFO] [stdout] 
[INFO] [stdout] running 2 tests
[INFO] [stdout] test fixed::test::process ... FAILED
[INFO] [stdout] test float::test::process ... FAILED
[INFO] [stdout] 
[INFO] [stdout] failures:
[INFO] [stdout] 
[INFO] [stdout] ---- fixed::test::process stdout ----
[INFO] [stdout] 0 0
[INFO] [stdout] 1 3276
[INFO] [stdout] 0 0
[INFO] [stdout] 1 3276
[INFO] [stdout] 0 0
[INFO] [stdout] 1 3276
[INFO] [stdout] 0 0
[INFO] [stdout] 1 3276
[INFO] [stdout] 0 0
[INFO] [stdout] 1 3276
[INFO] [stdout] 0 0
[INFO] [stdout] 1 3276
[INFO] [stdout] 0 0
[INFO] [stdout] 1 3276
[INFO] [stdout] 0 0
[INFO] [stdout] 1 3276
[INFO] [stdout] 400 * -12999168
[INFO] [stdout] thread 'fixed::test::process' panicked at 'attempt to multiply with overflow', src/fixed.rs:85:14
[INFO] [stdout] stack backtrace:
[INFO] [stdout]    0:     0x5621a2457e4a - std::backtrace_rs::backtrace::libunwind::trace::ha9053a9a07ca49cb
[INFO] [stdout]                                at /rustc/84c898d65adf2f39a5a98507f1fe0ce10a2b8dbc/library/std/src/../../backtrace/src/backtrace/libunwind.rs:93:5
[INFO] [stdout]    1:     0x5621a2457e4a - std::backtrace_rs::backtrace::trace_unsynchronized::h9c2852a457ad564e
[INFO] [stdout]                                at /rustc/84c898d65adf2f39a5a98507f1fe0ce10a2b8dbc/library/std/src/../../backtrace/src/backtrace/mod.rs:66:5
[INFO] [stdout]    2:     0x5621a2457e4a - std::sys_common::backtrace::_print_fmt::h457936fbfaa0070f
[INFO] [stdout]                                at /rustc/84c898d65adf2f39a5a98507f1fe0ce10a2b8dbc/library/std/src/sys_common/backtrace.rs:65:5
[INFO] [stdout]    3:     0x5621a2457e4a - <std::sys_common::backtrace::_print::DisplayBacktrace as core::fmt::Display>::fmt::h5779d7bf7f70cb0c
[INFO] [stdout]                                at /rustc/84c898d65adf2f39a5a98507f1fe0ce10a2b8dbc/library/std/src/sys_common/backtrace.rs:44:22
[INFO] [stdout]    4:     0x5621a247ca3e - core::fmt::write::h5a4baaff1bcd3eb5
[INFO] [stdout]                                at /rustc/84c898d65adf2f39a5a98507f1fe0ce10a2b8dbc/library/core/src/fmt/mod.rs:1232:17
[INFO] [stdout]    5:     0x5621a24552c5 - std::io::Write::write_fmt::h478f79c628ef31d1
[INFO] [stdout]                                at /rustc/84c898d65adf2f39a5a98507f1fe0ce10a2b8dbc/library/std/src/io/mod.rs:1684:15
[INFO] [stdout]    6:     0x5621a2457c15 - std::sys_common::backtrace::_print::h5fcdc36060f177e8
[INFO] [stdout]                                at /rustc/84c898d65adf2f39a5a98507f1fe0ce10a2b8dbc/library/std/src/sys_common/backtrace.rs:47:5
[INFO] [stdout]    7:     0x5621a2457c15 - std::sys_common::backtrace::print::h54ca9458b876c8bf
[INFO] [stdout]                                at /rustc/84c898d65adf2f39a5a98507f1fe0ce10a2b8dbc/library/std/src/sys_common/backtrace.rs:34:9
[INFO] [stdout]    8:     0x5621a24599df - std::panicking::default_hook::{{closure}}::hbe471161c7664ed6
[INFO] [stdout]                                at /rustc/84c898d65adf2f39a5a98507f1fe0ce10a2b8dbc/library/std/src/panicking.rs:271:22
[INFO] [stdout]    9:     0x5621a245969f - std::panicking::default_hook::ha3500da57aa4ac4f
[INFO] [stdout]                                at /rustc/84c898d65adf2f39a5a98507f1fe0ce10a2b8dbc/library/std/src/panicking.rs:287:9
[INFO] [stdout]   10:     0x5621a2429ea7 - <alloc::boxed::Box<F,A> as core::ops::function::Fn<Args>>::call::hdf1b89dd137ece34
[INFO] [stdout]                                at /rustc/84c898d65adf2f39a5a98507f1fe0ce10a2b8dbc/library/alloc/src/boxed.rs:2001:9
[INFO] [stdout]   11:     0x5621a2429ea7 - test::test_main::{{closure}}::h9081a79f20e75698
[INFO] [stdout]                                at /rustc/84c898d65adf2f39a5a98507f1fe0ce10a2b8dbc/library/test/src/lib.rs:135:21
[INFO] [stdout]   12:     0x5621a245a10d - <alloc::boxed::Box<F,A> as core::ops::function::Fn<Args>>::call::h6507bddc3eebb4a5
[INFO] [stdout]                                at /rustc/84c898d65adf2f39a5a98507f1fe0ce10a2b8dbc/library/alloc/src/boxed.rs:2001:9
[INFO] [stdout]   13:     0x5621a245a10d - std::panicking::rust_panic_with_hook::h50c09d000dc561d2
[INFO] [stdout]                                at /rustc/84c898d65adf2f39a5a98507f1fe0ce10a2b8dbc/library/std/src/panicking.rs:696:13
[INFO] [stdout]   14:     0x5621a2459e42 - std::panicking::begin_panic_handler::{{closure}}::h9e2b2176e00e0d9c
[INFO] [stdout]                                at /rustc/84c898d65adf2f39a5a98507f1fe0ce10a2b8dbc/library/std/src/panicking.rs:581:13
[INFO] [stdout]   15:     0x5621a24582b6 - std::sys_common::backtrace::__rust_end_short_backtrace::h5739b8e512c09d02
[INFO] [stdout]                                at /rustc/84c898d65adf2f39a5a98507f1fe0ce10a2b8dbc/library/std/src/sys_common/backtrace.rs:150:18
[INFO] [stdout]   16:     0x5621a2459b92 - rust_begin_unwind
[INFO] [stdout]                                at /rustc/84c898d65adf2f39a5a98507f1fe0ce10a2b8dbc/library/std/src/panicking.rs:579:5
[INFO] [stdout]   17:     0x5621a23ecb83 - core::panicking::panic_fmt::hf33a1475b4dc5c3e
[INFO] [stdout]                                at /rustc/84c898d65adf2f39a5a98507f1fe0ce10a2b8dbc/library/core/src/panicking.rs:64:14
[INFO] [stdout]   18:     0x5621a23ecc1d - core::panicking::panic::h9533b2fee90b999e
[INFO] [stdout]                                at /rustc/84c898d65adf2f39a5a98507f1fe0ce10a2b8dbc/library/core/src/panicking.rs:114:5
[INFO] [stdout]   19:     0x5621a23f2713 - kurs_sp::fixed::dph::ha6cda12c03a59161
[INFO] [stdout]                                at /opt/rustwide/workdir/src/fixed.rs:85:14
[INFO] [stdout]   20:     0x5621a23f97fc - kurs_sp::fixed::test::process::{{closure}}::h9e57e47e8dae9e35
[INFO] [stdout]                                at /opt/rustwide/workdir/src/fixed.rs:102:52
[INFO] [stdout]   21:     0x5621a23f47aa - core::iter::adapters::map::map_fold::{{closure}}::he0e6d6ff1a5f1a2b
[INFO] [stdout]                                at /rustc/84c898d65adf2f39a5a98507f1fe0ce10a2b8dbc/library/core/src/iter/adapters/map.rs:84:28
[INFO] [stdout]   22:     0x5621a23f9e31 - core::iter::traits::iterator::Iterator::fold::h3b05ad87bbe6c139
[INFO] [stdout]                                at /rustc/84c898d65adf2f39a5a98507f1fe0ce10a2b8dbc/library/core/src/iter/traits/iterator.rs:2477:21
[INFO] [stdout]   23:     0x5621a23f3ca9 - <core::iter::adapters::map::Map<I,F> as core::iter::traits::iterator::Iterator>::fold::ha2d18ce1d811a569
[INFO] [stdout]                                at /rustc/84c898d65adf2f39a5a98507f1fe0ce10a2b8dbc/library/core/src/iter/adapters/map.rs:124:9
[INFO] [stdout]   24:     0x5621a23f43f2 - core::iter::traits::iterator::Iterator::for_each::had2ff34ab85f479a
[INFO] [stdout]                                at /rustc/84c898d65adf2f39a5a98507f1fe0ce10a2b8dbc/library/core/src/iter/traits/iterator.rs:852:9
[INFO] [stdout]   25:     0x5621a23f0104 - alloc::vec::Vec<T,A>::extend_trusted::hcd0e0c8393c648f7
[INFO] [stdout]                                at /rustc/84c898d65adf2f39a5a98507f1fe0ce10a2b8dbc/library/alloc/src/vec/mod.rs:2856:17
[INFO] [stdout]   26:     0x5621a23f0fba - <alloc::vec::Vec<T,A> as alloc::vec::spec_extend::SpecExtend<T,I>>::spec_extend::h68beb291c00c6212
[INFO] [stdout]                                at /rustc/84c898d65adf2f39a5a98507f1fe0ce10a2b8dbc/library/alloc/src/vec/spec_extend.rs:26:9
[INFO] [stdout]   27:     0x5621a23ef56f - <alloc::vec::Vec<T> as alloc::vec::spec_from_iter_nested::SpecFromIterNested<T,I>>::from_iter::h1c69862399db96c2
[INFO] [stdout]                                at /rustc/84c898d65adf2f39a5a98507f1fe0ce10a2b8dbc/library/alloc/src/vec/spec_from_iter_nested.rs:62:9
[INFO] [stdout]   28:     0x5621a23f107d - <alloc::vec::Vec<T> as alloc::vec::spec_from_iter::SpecFromIter<T,I>>::from_iter::hc138df1595d540ea
[INFO] [stdout]                                at /rustc/84c898d65adf2f39a5a98507f1fe0ce10a2b8dbc/library/alloc/src/vec/spec_from_iter.rs:33:9
[INFO] [stdout]   29:     0x5621a23f0eb5 - <alloc::vec::Vec<T> as core::iter::traits::collect::FromIterator<T>>::from_iter::h750109917a3027f6
[INFO] [stdout]                                at /rustc/84c898d65adf2f39a5a98507f1fe0ce10a2b8dbc/library/alloc/src/vec/mod.rs:2724:9
[INFO] [stdout]   30:     0x5621a23f42ed - core::iter::traits::iterator::Iterator::collect::ha42e46be9308f2ab
[INFO] [stdout]                                at /rustc/84c898d65adf2f39a5a98507f1fe0ce10a2b8dbc/library/core/src/iter/traits/iterator.rs:1891:9
[INFO] [stdout]   31:     0x5621a23f964c - kurs_sp::fixed::test::process::ha483f59aac73f935
[INFO] [stdout]                                at /opt/rustwide/workdir/src/fixed.rs:102:35
[INFO] [stdout]   32:     0x5621a23f9507 - kurs_sp::fixed::test::process::{{closure}}::ha3ee4d4a839f86ee
[INFO] [stdout]                                at /opt/rustwide/workdir/src/fixed.rs:96:18
[INFO] [stdout]   33:     0x5621a23fa2c5 - core::ops::function::FnOnce::call_once::h85673a0171eccfe5
[INFO] [stdout]                                at /rustc/84c898d65adf2f39a5a98507f1fe0ce10a2b8dbc/library/core/src/ops/function.rs:250:5
[INFO] [stdout]   34:     0x5621a242f28f - core::ops::function::FnOnce::call_once::h7d969581be7d0075
[INFO] [stdout]                                at /rustc/84c898d65adf2f39a5a98507f1fe0ce10a2b8dbc/library/core/src/ops/function.rs:250:5
[INFO] [stdout]   35:     0x5621a242f28f - test::__rust_begin_short_backtrace::hca25a52684e56655
[INFO] [stdout]                                at /rustc/84c898d65adf2f39a5a98507f1fe0ce10a2b8dbc/library/test/src/lib.rs:656:18
[INFO] [stdout]   36:     0x5621a24008ac - test::run_test::{{closure}}::ha8ac744c4af1a4bb
[INFO] [stdout]                                at /rustc/84c898d65adf2f39a5a98507f1fe0ce10a2b8dbc/library/test/src/lib.rs:647:30
[INFO] [stdout]   37:     0x5621a24008ac - core::ops::function::FnOnce::call_once{{vtable.shim}}::h7b411a9ed45bdecf
[INFO] [stdout]                                at /rustc/84c898d65adf2f39a5a98507f1fe0ce10a2b8dbc/library/core/src/ops/function.rs:250:5
[INFO] [stdout]   38:     0x5621a242e256 - <alloc::boxed::Box<F,A> as core::ops::function::FnOnce<Args>>::call_once::hd05328869a8ed200
[INFO] [stdout]                                at /rustc/84c898d65adf2f39a5a98507f1fe0ce10a2b8dbc/library/alloc/src/boxed.rs:1987:9
[INFO] [stdout]   39:     0x5621a242e256 - <core::panic::unwind_safe::AssertUnwindSafe<F> as core::ops::function::FnOnce<()>>::call_once::h0c601ce20bd5b2be
[INFO] [stdout]                                at /rustc/84c898d65adf2f39a5a98507f1fe0ce10a2b8dbc/library/core/src/panic/unwind_safe.rs:271:9
[INFO] [stdout]   40:     0x5621a242e256 - std::panicking::try::do_call::ha4be5c164fe30854
[INFO] [stdout]                                at /rustc/84c898d65adf2f39a5a98507f1fe0ce10a2b8dbc/library/std/src/panicking.rs:487:40
[INFO] [stdout]   41:     0x5621a242e256 - std::panicking::try::h604546f3609af05f
[INFO] [stdout]                                at /rustc/84c898d65adf2f39a5a98507f1fe0ce10a2b8dbc/library/std/src/panicking.rs:451:19
[INFO] [stdout]   42:     0x5621a242e256 - std::panic::catch_unwind::h5bfa8afe44c9c2f9
[INFO] [stdout]                                at /rustc/84c898d65adf2f39a5a98507f1fe0ce10a2b8dbc/library/std/src/panic.rs:140:14
[INFO] [stdout]   43:     0x5621a242e256 - test::run_test_in_process::hd50dee55dd63e6aa
[INFO] [stdout]                                at /rustc/84c898d65adf2f39a5a98507f1fe0ce10a2b8dbc/library/test/src/lib.rs:679:27
[INFO] [stdout]   44:     0x5621a242e256 - test::run_test::run_test_inner::{{closure}}::h4aa0f433aa85cea8
[INFO] [stdout]                                at /rustc/84c898d65adf2f39a5a98507f1fe0ce10a2b8dbc/library/test/src/lib.rs:573:39
[INFO] [stdout]   45:     0x5621a23faf21 - test::run_test::run_test_inner::{{closure}}::had56431adf24b4d6
[INFO] [stdout]                                at /rustc/84c898d65adf2f39a5a98507f1fe0ce10a2b8dbc/library/test/src/lib.rs:600:37
[INFO] [stdout]   46:     0x5621a23faf21 - std::sys_common::backtrace::__rust_begin_short_backtrace::ha8d9890e0c73bf13
[INFO] [stdout]                                at /rustc/84c898d65adf2f39a5a98507f1fe0ce10a2b8dbc/library/std/src/sys_common/backtrace.rs:134:18
[INFO] [stdout]   47:     0x5621a240093b - std::thread::Builder::spawn_unchecked_::{{closure}}::{{closure}}::h251832bcb4a95327
[INFO] [stdout]                                at /rustc/84c898d65adf2f39a5a98507f1fe0ce10a2b8dbc/library/std/src/thread/mod.rs:560:17
[INFO] [stdout]   48:     0x5621a240093b - <core::panic::unwind_safe::AssertUnwindSafe<F> as core::ops::function::FnOnce<()>>::call_once::h8fdff598fa414831
[INFO] [stdout]                                at /rustc/84c898d65adf2f39a5a98507f1fe0ce10a2b8dbc/library/core/src/panic/unwind_safe.rs:271:9
[INFO] [stdout]   49:     0x5621a240093b - std::panicking::try::do_call::h455dd2f7764a950f
[INFO] [stdout]                                at /rustc/84c898d65adf2f39a5a98507f1fe0ce10a2b8dbc/library/std/src/panicking.rs:487:40
[INFO] [stdout]   50:     0x5621a240093b - std::panicking::try::had6f23b7b73ae72a
[INFO] [stdout]                                at /rustc/84c898d65adf2f39a5a98507f1fe0ce10a2b8dbc/library/std/src/panicking.rs:451:19
[INFO] [stdout]   51:     0x5621a240093b - std::panic::catch_unwind::ha6a5ca3915b4dad0
[INFO] [stdout]                                at /rustc/84c898d65adf2f39a5a98507f1fe0ce10a2b8dbc/library/std/src/panic.rs:140:14
[INFO] [stdout]   52:     0x5621a240093b - std::thread::Builder::spawn_unchecked_::{{closure}}::h883b72ef75da6231
[INFO] [stdout]                                at /rustc/84c898d65adf2f39a5a98507f1fe0ce10a2b8dbc/library/std/src/thread/mod.rs:559:30
[INFO] [stdout]   53:     0x5621a240093b - core::ops::function::FnOnce::call_once{{vtable.shim}}::hb7dff73dc8bd2ccb
[INFO] [stdout]                                at /rustc/84c898d65adf2f39a5a98507f1fe0ce10a2b8dbc/library/core/src/ops/function.rs:250:5
[INFO] [stdout]   54:     0x5621a245e4a3 - <alloc::boxed::Box<F,A> as core::ops::function::FnOnce<Args>>::call_once::h39990b24eedef2ab
[INFO] [stdout]                                at /rustc/84c898d65adf2f39a5a98507f1fe0ce10a2b8dbc/library/alloc/src/boxed.rs:1987:9
[INFO] [stdout]   55:     0x5621a245e4a3 - <alloc::boxed::Box<F,A> as core::ops::function::FnOnce<Args>>::call_once::h01a027258444143b
[INFO] [stdout]                                at /rustc/84c898d65adf2f39a5a98507f1fe0ce10a2b8dbc/library/alloc/src/boxed.rs:1987:9
[INFO] [stdout]   56:     0x5621a245e4a3 - std::sys::unix::thread::Thread::new::thread_start::ha4f1cdd9c25884ba
[INFO] [stdout]                                at /rustc/84c898d65adf2f39a5a98507f1fe0ce10a2b8dbc/library/std/src/sys/unix/thread.rs:108:17
[INFO] [stdout]   57:     0x7f03b664db43 - <unknown>
[INFO] [stdout]   58:     0x7f03b66debb4 - __clone
[INFO] [stdout]   59:                0x0 - <unknown>
[INFO] [stdout] 
[INFO] [stdout] ---- float::test::process stdout ----
[INFO] [stdout] thread 'float::test::process' panicked at 'called `Result::unwrap()` on an `Err` value: Os { code: 30, kind: ReadOnlyFilesystem, message: "Read-only file system" }', src/signal.rs:70:36
[INFO] [stdout] stack backtrace:
[INFO] [stdout]    0:     0x5621a2457e4a - std::backtrace_rs::backtrace::libunwind::trace::ha9053a9a07ca49cb
[INFO] [stdout]                                at /rustc/84c898d65adf2f39a5a98507f1fe0ce10a2b8dbc/library/std/src/../../backtrace/src/backtrace/libunwind.rs:93:5
[INFO] [stdout]    1:     0x5621a2457e4a - std::backtrace_rs::backtrace::trace_unsynchronized::h9c2852a457ad564e
[INFO] [stdout]                                at /rustc/84c898d65adf2f39a5a98507f1fe0ce10a2b8dbc/library/std/src/../../backtrace/src/backtrace/mod.rs:66:5
[INFO] [stdout]    2:     0x5621a2457e4a - std::sys_common::backtrace::_print_fmt::h457936fbfaa0070f
[INFO] [stdout]                                at /rustc/84c898d65adf2f39a5a98507f1fe0ce10a2b8dbc/library/std/src/sys_common/backtrace.rs:65:5
[INFO] [stdout]    3:     0x5621a2457e4a - <std::sys_common::backtrace::_print::DisplayBacktrace as core::fmt::Display>::fmt::h5779d7bf7f70cb0c
[INFO] [stdout]                                at /rustc/84c898d65adf2f39a5a98507f1fe0ce10a2b8dbc/library/std/src/sys_common/backtrace.rs:44:22
[INFO] [stdout]    4:     0x5621a247ca3e - core::fmt::write::h5a4baaff1bcd3eb5
[INFO] [stdout]                                at /rustc/84c898d65adf2f39a5a98507f1fe0ce10a2b8dbc/library/core/src/fmt/mod.rs:1232:17
[INFO] [stdout]    5:     0x5621a24552c5 - std::io::Write::write_fmt::h478f79c628ef31d1
[INFO] [stdout]                                at /rustc/84c898d65adf2f39a5a98507f1fe0ce10a2b8dbc/library/std/src/io/mod.rs:1684:15
[INFO] [stdout]    6:     0x5621a2457c15 - std::sys_common::backtrace::_print::h5fcdc36060f177e8
[INFO] [stdout]                                at /rustc/84c898d65adf2f39a5a98507f1fe0ce10a2b8dbc/library/std/src/sys_common/backtrace.rs:47:5
[INFO] [stdout]    7:     0x5621a2457c15 - std::sys_common::backtrace::print::h54ca9458b876c8bf
[INFO] [stdout]                                at /rustc/84c898d65adf2f39a5a98507f1fe0ce10a2b8dbc/library/std/src/sys_common/backtrace.rs:34:9
[INFO] [stdout]    8:     0x5621a24599df - std::panicking::default_hook::{{closure}}::hbe471161c7664ed6
[INFO] [stdout]                                at /rustc/84c898d65adf2f39a5a98507f1fe0ce10a2b8dbc/library/std/src/panicking.rs:271:22
[INFO] [stdout]    9:     0x5621a245969f - std::panicking::default_hook::ha3500da57aa4ac4f
[INFO] [stdout]                                at /rustc/84c898d65adf2f39a5a98507f1fe0ce10a2b8dbc/library/std/src/panicking.rs:287:9
[INFO] [stdout]   10:     0x5621a2429ea7 - <alloc::boxed::Box<F,A> as core::ops::function::Fn<Args>>::call::hdf1b89dd137ece34
[INFO] [stdout]                                at /rustc/84c898d65adf2f39a5a98507f1fe0ce10a2b8dbc/library/alloc/src/boxed.rs:2001:9
[INFO] [stdout]   11:     0x5621a2429ea7 - test::test_main::{{closure}}::h9081a79f20e75698
[INFO] [stdout]                                at /rustc/84c898d65adf2f39a5a98507f1fe0ce10a2b8dbc/library/test/src/lib.rs:135:21
[INFO] [stdout]   12:     0x5621a245a10d - <alloc::boxed::Box<F,A> as core::ops::function::Fn<Args>>::call::h6507bddc3eebb4a5
[INFO] [stdout]                                at /rustc/84c898d65adf2f39a5a98507f1fe0ce10a2b8dbc/library/alloc/src/boxed.rs:2001:9
[INFO] [stdout]   13:     0x5621a245a10d - std::panicking::rust_panic_with_hook::h50c09d000dc561d2
[INFO] [stdout]                                at /rustc/84c898d65adf2f39a5a98507f1fe0ce10a2b8dbc/library/std/src/panicking.rs:696:13
[INFO] [stdout]   14:     0x5621a2459e89 - std::panicking::begin_panic_handler::{{closure}}::h9e2b2176e00e0d9c
[INFO] [stdout]                                at /rustc/84c898d65adf2f39a5a98507f1fe0ce10a2b8dbc/library/std/src/panicking.rs:583:13
[INFO] [stdout]   15:     0x5621a24582b6 - std::sys_common::backtrace::__rust_end_short_backtrace::h5739b8e512c09d02
[INFO] [stdout]                                at /rustc/84c898d65adf2f39a5a98507f1fe0ce10a2b8dbc/library/std/src/sys_common/backtrace.rs:150:18
[INFO] [stdout]   16:     0x5621a2459b92 - rust_begin_unwind
[INFO] [stdout]                                at /rustc/84c898d65adf2f39a5a98507f1fe0ce10a2b8dbc/library/std/src/panicking.rs:579:5
[INFO] [stdout]   17:     0x5621a23ecb83 - core::panicking::panic_fmt::hf33a1475b4dc5c3e
[INFO] [stdout]                                at /rustc/84c898d65adf2f39a5a98507f1fe0ce10a2b8dbc/library/core/src/panicking.rs:64:14
[INFO] [stdout]   18:     0x5621a23ecfd3 - core::result::unwrap_failed::hdff5465d74574b44
[INFO] [stdout]                                at /rustc/84c898d65adf2f39a5a98507f1fe0ce10a2b8dbc/library/core/src/result.rs:1750:5
[INFO] [stdout]   19:     0x5621a23f7d1b - core::result::Result<T,E>::unwrap::h0f29f8ca60f2f36d
[INFO] [stdout]                                at /rustc/84c898d65adf2f39a5a98507f1fe0ce10a2b8dbc/library/core/src/result.rs:1090:23
[INFO] [stdout]   20:     0x5621a23f75ee - kurs_sp::signal::write_signal::h5b36943c710934e9
[INFO] [stdout]                                at /opt/rustwide/workdir/src/signal.rs:70:13
[INFO] [stdout]   21:     0x5621a23f941d - kurs_sp::float::test::process::hc8405c6712844f0f
[INFO] [stdout]                                at /opt/rustwide/workdir/src/float.rs:43:9
[INFO] [stdout]   22:     0x5621a23f9357 - kurs_sp::float::test::process::{{closure}}::h8b2d28c4f39c48db
[INFO] [stdout]                                at /opt/rustwide/workdir/src/float.rs:38:18
[INFO] [stdout]   23:     0x5621a23fa205 - core::ops::function::FnOnce::call_once::h033a78044670d5f8
[INFO] [stdout]                                at /rustc/84c898d65adf2f39a5a98507f1fe0ce10a2b8dbc/library/core/src/ops/function.rs:250:5
[INFO] [stdout]   24:     0x5621a242f28f - core::ops::function::FnOnce::call_once::h7d969581be7d0075
[INFO] [stdout]                                at /rustc/84c898d65adf2f39a5a98507f1fe0ce10a2b8dbc/library/core/src/ops/function.rs:250:5
[INFO] [stdout]   25:     0x5621a242f28f - test::__rust_begin_short_backtrace::hca25a52684e56655
[INFO] [stdout]                                at /rustc/84c898d65adf2f39a5a98507f1fe0ce10a2b8dbc/library/test/src/lib.rs:656:18
[INFO] [stdout]   26:     0x5621a24008ac - test::run_test::{{closure}}::ha8ac744c4af1a4bb
[INFO] [stdout]                                at /rustc/84c898d65adf2f39a5a98507f1fe0ce10a2b8dbc/library/test/src/lib.rs:647:30
[INFO] [stdout]   27:     0x5621a24008ac - core::ops::function::FnOnce::call_once{{vtable.shim}}::h7b411a9ed45bdecf
[INFO] [stdout]                                at /rustc/84c898d65adf2f39a5a98507f1fe0ce10a2b8dbc/library/core/src/ops/function.rs:250:5
[INFO] [stdout]   28:     0x5621a242e256 - <alloc::boxed::Box<F,A> as core::ops::function::FnOnce<Args>>::call_once::hd05328869a8ed200
[INFO] [stdout]                                at /rustc/84c898d65adf2f39a5a98507f1fe0ce10a2b8dbc/library/alloc/src/boxed.rs:1987:9
[INFO] [stdout]   29:     0x5621a242e256 - <core::panic::unwind_safe::AssertUnwindSafe<F> as core::ops::function::FnOnce<()>>::call_once::h0c601ce20bd5b2be
[INFO] [stdout]                                at /rustc/84c898d65adf2f39a5a98507f1fe0ce10a2b8dbc/library/core/src/panic/unwind_safe.rs:271:9
[INFO] [stdout]   30:     0x5621a242e256 - std::panicking::try::do_call::ha4be5c164fe30854
[INFO] [stdout]                                at /rustc/84c898d65adf2f39a5a98507f1fe0ce10a2b8dbc/library/std/src/panicking.rs:487:40
[INFO] [stdout]   31:     0x5621a242e256 - std::panicking::try::h604546f3609af05f
[INFO] [stdout]                                at /rustc/84c898d65adf2f39a5a98507f1fe0ce10a2b8dbc/library/std/src/panicking.rs:451:19
[INFO] [stdout]   32:     0x5621a242e256 - std::panic::catch_unwind::h5bfa8afe44c9c2f9
[INFO] [stdout]                                at /rustc/84c898d65adf2f39a5a98507f1fe0ce10a2b8dbc/library/std/src/panic.rs:140:14
[INFO] [stdout]   33:     0x5621a242e256 - test::run_test_in_process::hd50dee55dd63e6aa
[INFO] [stdout]                                at /rustc/84c898d65adf2f39a5a98507f1fe0ce10a2b8dbc/library/test/src/lib.rs:679:27
[INFO] [stdout]   34:     0x5621a242e256 - test::run_test::run_test_inner::{{closure}}::h4aa0f433aa85cea8
[INFO] [stdout]                                at /rustc/84c898d65adf2f39a5a98507f1fe0ce10a2b8dbc/library/test/src/lib.rs:573:39
[INFO] [stdout]   35:     0x5621a23faf21 - test::run_test::run_test_inner::{{closure}}::had56431adf24b4d6
[INFO] [stdout]                                at /rustc/84c898d65adf2f39a5a98507f1fe0ce10a2b8dbc/library/test/src/lib.rs:600:37
[INFO] [stdout]   36:     0x5621a23faf21 - std::sys_common::backtrace::__rust_begin_short_backtrace::ha8d9890e0c73bf13
[INFO] [stdout]                                at /rustc/84c898d65adf2f39a5a98507f1fe0ce10a2b8dbc/library/std/src/sys_common/backtrace.rs:134:18
[INFO] [stdout]   37:     0x5621a240093b - std::thread::Builder::spawn_unchecked_::{{closure}}::{{closure}}::h251832bcb4a95327
[INFO] [stdout]                                at /rustc/84c898d65adf2f39a5a98507f1fe0ce10a2b8dbc/library/std/src/thread/mod.rs:560:17
[INFO] [stdout]   38:     0x5621a240093b - <core::panic::unwind_safe::AssertUnwindSafe<F> as core::ops::function::FnOnce<()>>::call_once::h8fdff598fa414831
[INFO] [stdout]                                at /rustc/84c898d65adf2f39a5a98507f1fe0ce10a2b8dbc/library/core/src/panic/unwind_safe.rs:271:9
[INFO] [stdout]   39:     0x5621a240093b - std::panicking::try::do_call::h455dd2f7764a950f
[INFO] [stdout]                                at /rustc/84c898d65adf2f39a5a98507f1fe0ce10a2b8dbc/library/std/src/panicking.rs:487:40
[INFO] [stdout]   40:     0x5621a240093b - std::panicking::try::had6f23b7b73ae72a
[INFO] [stdout]                                at /rustc/84c898d65adf2f39a5a98507f1fe0ce10a2b8dbc/library/std/src/panicking.rs:451:19
[INFO] [stdout]   41:     0x5621a240093b - std::panic::catch_unwind::ha6a5ca3915b4dad0
[INFO] [stdout]                                at /rustc/84c898d65adf2f39a5a98507f1fe0ce10a2b8dbc/library/std/src/panic.rs:140:14
[INFO] [stdout]   42:     0x5621a240093b - std::thread::Builder::spawn_unchecked_::{{closure}}::h883b72ef75da6231
[INFO] [stdout]                                at /rustc/84c898d65adf2f39a5a98507f1fe0ce10a2b8dbc/library/std/src/thread/mod.rs:559:30
[INFO] [stdout]   43:     0x5621a240093b - core::ops::function::FnOnce::call_once{{vtable.shim}}::hb7dff73dc8bd2ccb
[INFO] [stdout]                                at /rustc/84c898d65adf2f39a5a98507f1fe0ce10a2b8dbc/library/core/src/ops/function.rs:250:5
[INFO] [stdout]   44:     0x5621a245e4a3 - <alloc::boxed::Box<F,A> as core::ops::function::FnOnce<Args>>::call_once::h39990b24eedef2ab
[INFO] [stdout]                                at /rustc/84c898d65adf2f39a5a98507f1fe0ce10a2b8dbc/library/alloc/src/boxed.rs:1987:9
[INFO] [stdout]   45:     0x5621a245e4a3 - <alloc::boxed::Box<F,A> as core::ops::function::FnOnce<Args>>::call_once::h01a027258444143b
[INFO] [stdout]                                at /rustc/84c898d65adf2f39a5a98507f1fe0ce10a2b8dbc/library/alloc/src/boxed.rs:1987:9
[INFO] [stdout]   46:     0x5621a245e4a3 - std::sys::unix::thread::Thread::new::thread_start::ha4f1cdd9c25884ba
[INFO] [stdout]                                at /rustc/84c898d65adf2f39a5a98507f1fe0ce10a2b8dbc/library/std/src/sys/unix/thread.rs:108:17
[INFO] [stdout]   47:     0x7f03b664db43 - <unknown>
[INFO] [stdout]   48:     0x7f03b66debb4 - __clone
[INFO] [stdout]   49:                0x0 - <unknown>
[INFO] [stdout] 
[INFO] [stdout] 
[INFO] [stdout] failures:
[INFO] [stdout]     fixed::test::process
[INFO] [stdout]     float::test::process
[INFO] [stderr] error: test failed, to rerun pass `--bin kurs_sp`
[INFO] [stdout] 
[INFO] [stdout] test result: FAILED. 0 passed; 2 failed; 0 ignored; 0 measured; 0 filtered out; finished in 0.01s
[INFO] [stdout] 
[INFO] running `Command { std: "docker" "inspect" "a5515fee38023866fbf65f20755ddc1bf2109171a7eb655a8e3dc057272fa684", kill_on_drop: false }`
[INFO] running `Command { std: "docker" "rm" "-f" "a5515fee38023866fbf65f20755ddc1bf2109171a7eb655a8e3dc057272fa684", kill_on_drop: false }`
[INFO] [stdout] a5515fee38023866fbf65f20755ddc1bf2109171a7eb655a8e3dc057272fa684
