[INFO] cloning repository https://github.com/TheFunctionalGuy/nes-emulator
[INFO] running `Command { std: "git" "-c" "credential.helper=" "-c" "credential.helper=/workspace/cargo-home/bin/git-credential-null" "clone" "--bare" "https://github.com/TheFunctionalGuy/nes-emulator" "/workspace/cache/git-repos/https%3A%2F%2Fgithub.com%2FTheFunctionalGuy%2Fnes-emulator", kill_on_drop: false }`
[INFO] [stderr] Cloning into bare repository '/workspace/cache/git-repos/https%3A%2F%2Fgithub.com%2FTheFunctionalGuy%2Fnes-emulator'...
[INFO] running `Command { std: "git" "rev-parse" "HEAD", kill_on_drop: false }`
[INFO] [stdout] a839e2148711aabf88f183fda9cee7a3d7534d0f
[INFO] testing TheFunctionalGuy/nes-emulator against 1.69.0 for beta-1.70-1
[INFO] running `Command { std: "git" "clone" "/workspace/cache/git-repos/https%3A%2F%2Fgithub.com%2FTheFunctionalGuy%2Fnes-emulator" "/workspace/builds/worker-0-tc1/source", kill_on_drop: false }`
[INFO] [stderr] Cloning into '/workspace/builds/worker-0-tc1/source'...
[INFO] [stderr] done.
[INFO] validating manifest of git repo https://github.com/TheFunctionalGuy/nes-emulator on toolchain 1.69.0
[INFO] running `Command { std: CARGO_HOME="/workspace/cargo-home" RUSTUP_HOME="/workspace/rustup-home" "/workspace/cargo-home/bin/cargo" "+1.69.0" "metadata" "--manifest-path" "Cargo.toml" "--no-deps", kill_on_drop: false }`
[INFO] started tweaking git repo https://github.com/TheFunctionalGuy/nes-emulator
[INFO] finished tweaking git repo https://github.com/TheFunctionalGuy/nes-emulator
[INFO] tweaked toml for git repo https://github.com/TheFunctionalGuy/nes-emulator written to /workspace/builds/worker-0-tc1/source/Cargo.toml
[INFO] crate git repo https://github.com/TheFunctionalGuy/nes-emulator already has a lockfile, it will not be regenerated
[INFO] running `Command { std: CARGO_HOME="/workspace/cargo-home" RUSTUP_HOME="/workspace/rustup-home" "/workspace/cargo-home/bin/cargo" "+1.69.0" "fetch" "--manifest-path" "Cargo.toml", kill_on_drop: false }`
[INFO] running `Command { std: "docker" "create" "-v" "/var/lib/crater-agent-workspace/builds/worker-0-tc1/target:/opt/rustwide/target:rw,Z" "-v" "/var/lib/crater-agent-workspace/builds/worker-0-tc1/source:/opt/rustwide/workdir:ro,Z" "-v" "/var/lib/crater-agent-workspace/cargo-home:/opt/rustwide/cargo-home:ro,Z" "-v" "/var/lib/crater-agent-workspace/rustup-home:/opt/rustwide/rustup-home:ro,Z" "-e" "SOURCE_DIR=/opt/rustwide/workdir" "-e" "CARGO_TARGET_DIR=/opt/rustwide/target" "-e" "CARGO_HOME=/opt/rustwide/cargo-home" "-e" "RUSTUP_HOME=/opt/rustwide/rustup-home" "-w" "/opt/rustwide/workdir" "-m" "1610612736" "--user" "0:0" "--network" "none" "ghcr.io/rust-lang/crates-build-env/linux@sha256:5ff2268d62e97bff2cde7d5815dd6ed5b47097566f13b8d0ca110b04b60e07ed" "/opt/rustwide/cargo-home/bin/cargo" "+1.69.0" "metadata" "--no-deps" "--format-version=1", kill_on_drop: false }`
[INFO] [stdout] 6051a56c0707128a988ede333195630d47d8c81854c09abf8d637bb9b49daec5
[INFO] running `Command { std: "docker" "start" "-a" "6051a56c0707128a988ede333195630d47d8c81854c09abf8d637bb9b49daec5", kill_on_drop: false }`
[INFO] running `Command { std: "docker" "inspect" "6051a56c0707128a988ede333195630d47d8c81854c09abf8d637bb9b49daec5", kill_on_drop: false }`
[INFO] running `Command { std: "docker" "rm" "-f" "6051a56c0707128a988ede333195630d47d8c81854c09abf8d637bb9b49daec5", kill_on_drop: false }`
[INFO] [stdout] 6051a56c0707128a988ede333195630d47d8c81854c09abf8d637bb9b49daec5
[INFO] running `Command { std: "docker" "create" "-v" "/var/lib/crater-agent-workspace/builds/worker-0-tc1/target:/opt/rustwide/target:rw,Z" "-v" "/var/lib/crater-agent-workspace/builds/worker-0-tc1/source:/opt/rustwide/workdir:ro,Z" "-v" "/var/lib/crater-agent-workspace/cargo-home:/opt/rustwide/cargo-home:ro,Z" "-v" "/var/lib/crater-agent-workspace/rustup-home:/opt/rustwide/rustup-home:ro,Z" "-e" "SOURCE_DIR=/opt/rustwide/workdir" "-e" "CARGO_TARGET_DIR=/opt/rustwide/target" "-e" "CARGO_INCREMENTAL=0" "-e" "RUST_BACKTRACE=full" "-e" "RUSTFLAGS=--cap-lints=warn" "-e" "RUSTDOCFLAGS=--cap-lints=warn" "-e" "CARGO_HOME=/opt/rustwide/cargo-home" "-e" "RUSTUP_HOME=/opt/rustwide/rustup-home" "-w" "/opt/rustwide/workdir" "-m" "1610612736" "--user" "0:0" "--network" "none" "ghcr.io/rust-lang/crates-build-env/linux@sha256:5ff2268d62e97bff2cde7d5815dd6ed5b47097566f13b8d0ca110b04b60e07ed" "/opt/rustwide/cargo-home/bin/cargo" "+1.69.0" "build" "--frozen" "--message-format=json", kill_on_drop: false }`
[INFO] [stdout] 410d0f18ca7b2f6f63d3f757ccc9058dd4a62617bac6231db863fa776dcb0e1f
[INFO] running `Command { std: "docker" "start" "-a" "410d0f18ca7b2f6f63d3f757ccc9058dd4a62617bac6231db863fa776dcb0e1f", kill_on_drop: false }`
[INFO] [stderr]    Compiling nes-emulator v0.1.0 (/opt/rustwide/workdir)
[INFO] [stdout] warning: associated function `new` is never used
[INFO] [stdout]   --> src/cpu.rs:99:9
[INFO] [stdout]    |
[INFO] [stdout] 99 |     pub fn new() -> Self {
[INFO] [stdout]    |            ^^^
[INFO] [stdout]    |
[INFO] [stdout]    = note: `#[warn(dead_code)]` on by default
[INFO] [stdout] 
[INFO] [stdout] 
[INFO] [stdout] warning: method `load` is never used
[INFO] [stdout]    --> src/cpu.rs:111:9
[INFO] [stdout]     |
[INFO] [stdout] 111 |     pub fn load(&mut self, program: Vec<u8>) {
[INFO] [stdout]     |            ^^^^
[INFO] [stdout] 
[INFO] [stdout] 
[INFO] [stdout] warning: method `reset` is never used
[INFO] [stdout]    --> src/cpu.rs:116:9
[INFO] [stdout]     |
[INFO] [stdout] 116 |     pub fn reset(&mut self) {
[INFO] [stdout]     |            ^^^^^
[INFO] [stdout] 
[INFO] [stdout] 
[INFO] [stdout] warning: method `load_and_run` is never used
[INFO] [stdout]    --> src/cpu.rs:128:9
[INFO] [stdout]     |
[INFO] [stdout] 128 |     pub fn load_and_run(&mut self, program: Vec<u8>) {
[INFO] [stdout]     |            ^^^^^^^^^^^^
[INFO] [stdout] 
[INFO] [stdout] 
[INFO] [stdout] warning: method `get_operand_address` is never used
[INFO] [stdout]    --> src/cpu.rs:135:5
[INFO] [stdout]     |
[INFO] [stdout] 135 |     fn get_operand_address(&self, mode: &AddressingMode) -> u16 {
[INFO] [stdout]     |        ^^^^^^^^^^^^^^^^^^^
[INFO] [stdout] 
[INFO] [stdout] 
[INFO] [stdout] warning: method `tax` is never used
[INFO] [stdout]    --> src/cpu.rs:187:5
[INFO] [stdout]     |
[INFO] [stdout] 187 |     fn tax(&mut self) {
[INFO] [stdout]     |        ^^^
[INFO] [stdout] 
[INFO] [stdout] 
[INFO] [stdout] warning: method `txa` is never used
[INFO] [stdout]    --> src/cpu.rs:192:5
[INFO] [stdout]     |
[INFO] [stdout] 192 |     fn txa(&mut self) {
[INFO] [stdout]     |        ^^^
[INFO] [stdout] 
[INFO] [stdout] 
[INFO] [stdout] warning: method `tay` is never used
[INFO] [stdout]    --> src/cpu.rs:197:5
[INFO] [stdout]     |
[INFO] [stdout] 197 |     fn tay(&mut self) {
[INFO] [stdout]     |        ^^^
[INFO] [stdout] 
[INFO] [stdout] 
[INFO] [stdout] warning: method `tya` is never used
[INFO] [stdout]    --> src/cpu.rs:202:5
[INFO] [stdout]     |
[INFO] [stdout] 202 |     fn tya(&mut self) {
[INFO] [stdout]     |        ^^^
[INFO] [stdout] 
[INFO] [stdout] 
[INFO] [stdout] warning: method `lda` is never used
[INFO] [stdout]    --> src/cpu.rs:208:5
[INFO] [stdout]     |
[INFO] [stdout] 208 |     fn lda(&mut self, mode: &AddressingMode) {
[INFO] [stdout]     |        ^^^
[INFO] [stdout] 
[INFO] [stdout] 
[INFO] [stdout] warning: method `ldx` is never used
[INFO] [stdout]    --> src/cpu.rs:216:5
[INFO] [stdout]     |
[INFO] [stdout] 216 |     fn ldx(&mut self, mode: &AddressingMode) {
[INFO] [stdout]     |        ^^^
[INFO] [stdout] 
[INFO] [stdout] 
[INFO] [stdout] warning: method `ldy` is never used
[INFO] [stdout]    --> src/cpu.rs:224:5
[INFO] [stdout]     |
[INFO] [stdout] 224 |     fn ldy(&mut self, mode: &AddressingMode) {
[INFO] [stdout]     |        ^^^
[INFO] [stdout] 
[INFO] [stdout] 
[INFO] [stdout] warning: method `sta` is never used
[INFO] [stdout]    --> src/cpu.rs:233:5
[INFO] [stdout]     |
[INFO] [stdout] 233 |     fn sta(&mut self, mode: &AddressingMode) {
[INFO] [stdout]     |        ^^^
[INFO] [stdout] 
[INFO] [stdout] 
[INFO] [stdout] warning: method `stx` is never used
[INFO] [stdout]    --> src/cpu.rs:239:5
[INFO] [stdout]     |
[INFO] [stdout] 239 |     fn stx(&mut self, mode: &AddressingMode) {
[INFO] [stdout]     |        ^^^
[INFO] [stdout] 
[INFO] [stdout] 
[INFO] [stdout] warning: method `sty` is never used
[INFO] [stdout]    --> src/cpu.rs:245:5
[INFO] [stdout]     |
[INFO] [stdout] 245 |     fn sty(&mut self, mode: &AddressingMode) {
[INFO] [stdout]     |        ^^^
[INFO] [stdout] 
[INFO] [stdout] 
[INFO] [stdout] warning: method `dec` is never used
[INFO] [stdout]    --> src/cpu.rs:252:5
[INFO] [stdout]     |
[INFO] [stdout] 252 |     fn dec(&mut self, mode: &AddressingMode) {
[INFO] [stdout]     |        ^^^
[INFO] [stdout] 
[INFO] [stdout] 
[INFO] [stdout] warning: method `dex` is never used
[INFO] [stdout]    --> src/cpu.rs:261:5
[INFO] [stdout]     |
[INFO] [stdout] 261 |     fn dex(&mut self) {
[INFO] [stdout]     |        ^^^
[INFO] [stdout] 
[INFO] [stdout] 
[INFO] [stdout] warning: method `dey` is never used
[INFO] [stdout]    --> src/cpu.rs:266:5
[INFO] [stdout]     |
[INFO] [stdout] 266 |     fn dey(&mut self) {
[INFO] [stdout]     |        ^^^
[INFO] [stdout] 
[INFO] [stdout] 
[INFO] [stdout] warning: method `inc` is never used
[INFO] [stdout]    --> src/cpu.rs:271:5
[INFO] [stdout]     |
[INFO] [stdout] 271 |     fn inc(&mut self, mode: &AddressingMode) {
[INFO] [stdout]     |        ^^^
[INFO] [stdout] 
[INFO] [stdout] 
[INFO] [stdout] warning: method `inx` is never used
[INFO] [stdout]    --> src/cpu.rs:280:5
[INFO] [stdout]     |
[INFO] [stdout] 280 |     fn inx(&mut self) {
[INFO] [stdout]     |        ^^^
[INFO] [stdout] 
[INFO] [stdout] 
[INFO] [stdout] warning: method `iny` is never used
[INFO] [stdout]    --> src/cpu.rs:285:5
[INFO] [stdout]     |
[INFO] [stdout] 285 |     fn iny(&mut self) {
[INFO] [stdout]     |        ^^^
[INFO] [stdout] 
[INFO] [stdout] 
[INFO] [stdout] warning: method `logical_instruction` is never used
[INFO] [stdout]    --> src/cpu.rs:291:5
[INFO] [stdout]     |
[INFO] [stdout] 291 |     fn logical_instruction<F: Fn(u8, u8) -> u8>(&mut self, mode: &AddressingMode, f: F) {
[INFO] [stdout]     |        ^^^^^^^^^^^^^^^^^^^
[INFO] [stdout] 
[INFO] [stdout] 
[INFO] [stdout] warning: method `and` is never used
[INFO] [stdout]    --> src/cpu.rs:299:5
[INFO] [stdout]     |
[INFO] [stdout] 299 |     fn and(&mut self, mode: &AddressingMode) {
[INFO] [stdout]     |        ^^^
[INFO] [stdout] 
[INFO] [stdout] 
[INFO] [stdout] warning: method `eor` is never used
[INFO] [stdout]    --> src/cpu.rs:307:5
[INFO] [stdout]     |
[INFO] [stdout] 307 |     fn eor(&mut self, mode: &AddressingMode) {
[INFO] [stdout]     |        ^^^
[INFO] [stdout] 
[INFO] [stdout] 
[INFO] [stdout] warning: method `ora` is never used
[INFO] [stdout]    --> src/cpu.rs:315:5
[INFO] [stdout]     |
[INFO] [stdout] 315 |     fn ora(&mut self, mode: &AddressingMode) {
[INFO] [stdout]     |        ^^^
[INFO] [stdout] 
[INFO] [stdout] 
[INFO] [stdout] warning: method `branch` is never used
[INFO] [stdout]    --> src/cpu.rs:324:5
[INFO] [stdout]     |
[INFO] [stdout] 324 |     fn branch(&mut self, condition: bool) {
[INFO] [stdout]     |        ^^^^^^
[INFO] [stdout] 
[INFO] [stdout] 
[INFO] [stdout] warning: method `update_zero_and_negative_flags` is never used
[INFO] [stdout]    --> src/cpu.rs:334:5
[INFO] [stdout]     |
[INFO] [stdout] 334 |     fn update_zero_and_negative_flags(&mut self, result: u8) {
[INFO] [stdout]     |        ^^^^^^^^^^^^^^^^^^^^^^^^^^^^^^
[INFO] [stdout] 
[INFO] [stdout] 
[INFO] [stdout] warning: method `run` is never used
[INFO] [stdout]    --> src/cpu.rs:350:9
[INFO] [stdout]     |
[INFO] [stdout] 350 |     pub fn run(&mut self) {
[INFO] [stdout]     |            ^^^
[INFO] [stdout] 
[INFO] [stdout] 
[INFO] [stdout] warning: 28 warnings emitted
[INFO] [stdout] 
[INFO] [stdout] 
[INFO] [stderr]     Finished dev [unoptimized + debuginfo] target(s) in 0.40s
[INFO] running `Command { std: "docker" "inspect" "410d0f18ca7b2f6f63d3f757ccc9058dd4a62617bac6231db863fa776dcb0e1f", kill_on_drop: false }`
[INFO] running `Command { std: "docker" "rm" "-f" "410d0f18ca7b2f6f63d3f757ccc9058dd4a62617bac6231db863fa776dcb0e1f", kill_on_drop: false }`
[INFO] [stdout] 410d0f18ca7b2f6f63d3f757ccc9058dd4a62617bac6231db863fa776dcb0e1f
[INFO] running `Command { std: "docker" "create" "-v" "/var/lib/crater-agent-workspace/builds/worker-0-tc1/target:/opt/rustwide/target:rw,Z" "-v" "/var/lib/crater-agent-workspace/builds/worker-0-tc1/source:/opt/rustwide/workdir:ro,Z" "-v" "/var/lib/crater-agent-workspace/cargo-home:/opt/rustwide/cargo-home:ro,Z" "-v" "/var/lib/crater-agent-workspace/rustup-home:/opt/rustwide/rustup-home:ro,Z" "-e" "SOURCE_DIR=/opt/rustwide/workdir" "-e" "CARGO_TARGET_DIR=/opt/rustwide/target" "-e" "CARGO_INCREMENTAL=0" "-e" "RUST_BACKTRACE=full" "-e" "RUSTFLAGS=--cap-lints=warn" "-e" "RUSTDOCFLAGS=--cap-lints=warn" "-e" "CARGO_HOME=/opt/rustwide/cargo-home" "-e" "RUSTUP_HOME=/opt/rustwide/rustup-home" "-w" "/opt/rustwide/workdir" "-m" "1610612736" "--user" "0:0" "--network" "none" "ghcr.io/rust-lang/crates-build-env/linux@sha256:5ff2268d62e97bff2cde7d5815dd6ed5b47097566f13b8d0ca110b04b60e07ed" "/opt/rustwide/cargo-home/bin/cargo" "+1.69.0" "test" "--frozen" "--no-run" "--message-format=json", kill_on_drop: false }`
[INFO] [stdout] d7ffdecbb1bdad091cbd5174e3cfef2caaced7727b94fd932e4e058147a8e6a6
[INFO] running `Command { std: "docker" "start" "-a" "d7ffdecbb1bdad091cbd5174e3cfef2caaced7727b94fd932e4e058147a8e6a6", kill_on_drop: false }`
[INFO] [stderr]    Compiling nes-emulator v0.1.0 (/opt/rustwide/workdir)
[INFO] [stdout] warning: method `logical_instruction` is never used
[INFO] [stdout]    --> src/cpu.rs:291:5
[INFO] [stdout]     |
[INFO] [stdout] 291 |     fn logical_instruction<F: Fn(u8, u8) -> u8>(&mut self, mode: &AddressingMode, f: F) {
[INFO] [stdout]     |        ^^^^^^^^^^^^^^^^^^^
[INFO] [stdout]     |
[INFO] [stdout]     = note: `#[warn(dead_code)]` on by default
[INFO] [stdout] 
[INFO] [stdout] 
[INFO] [stdout] warning: 1 warning emitted
[INFO] [stdout] 
[INFO] [stdout] 
[INFO] [stderr]     Finished test [unoptimized + debuginfo] target(s) in 0.81s
[INFO] running `Command { std: "docker" "inspect" "d7ffdecbb1bdad091cbd5174e3cfef2caaced7727b94fd932e4e058147a8e6a6", kill_on_drop: false }`
[INFO] running `Command { std: "docker" "rm" "-f" "d7ffdecbb1bdad091cbd5174e3cfef2caaced7727b94fd932e4e058147a8e6a6", kill_on_drop: false }`
[INFO] [stdout] d7ffdecbb1bdad091cbd5174e3cfef2caaced7727b94fd932e4e058147a8e6a6
[INFO] running `Command { std: "docker" "create" "-v" "/var/lib/crater-agent-workspace/builds/worker-0-tc1/target:/opt/rustwide/target:rw,Z" "-v" "/var/lib/crater-agent-workspace/builds/worker-0-tc1/source:/opt/rustwide/workdir:ro,Z" "-v" "/var/lib/crater-agent-workspace/cargo-home:/opt/rustwide/cargo-home:ro,Z" "-v" "/var/lib/crater-agent-workspace/rustup-home:/opt/rustwide/rustup-home:ro,Z" "-e" "SOURCE_DIR=/opt/rustwide/workdir" "-e" "CARGO_TARGET_DIR=/opt/rustwide/target" "-e" "CARGO_INCREMENTAL=0" "-e" "RUST_BACKTRACE=full" "-e" "RUSTFLAGS=--cap-lints=warn" "-e" "RUSTDOCFLAGS=--cap-lints=warn" "-e" "CARGO_HOME=/opt/rustwide/cargo-home" "-e" "RUSTUP_HOME=/opt/rustwide/rustup-home" "-w" "/opt/rustwide/workdir" "-m" "1610612736" "--user" "0:0" "--network" "none" "ghcr.io/rust-lang/crates-build-env/linux@sha256:5ff2268d62e97bff2cde7d5815dd6ed5b47097566f13b8d0ca110b04b60e07ed" "/opt/rustwide/cargo-home/bin/cargo" "+1.69.0" "test" "--frozen", kill_on_drop: false }`
[INFO] [stdout] ae4bbe46546c0c645f53fbec3bbf313a28f0917797fe81692d428d50b75d7249
[INFO] running `Command { std: "docker" "start" "-a" "ae4bbe46546c0c645f53fbec3bbf313a28f0917797fe81692d428d50b75d7249", kill_on_drop: false }`
[INFO] [stderr] warning: method `logical_instruction` is never used
[INFO] [stderr]    --> src/cpu.rs:291:5
[INFO] [stderr]     |
[INFO] [stderr] 291 |     fn logical_instruction<F: Fn(u8, u8) -> u8>(&mut self, mode: &AddressingMode, f: F) {
[INFO] [stderr]     |        ^^^^^^^^^^^^^^^^^^^
[INFO] [stderr]     |
[INFO] [stderr]     = note: `#[warn(dead_code)]` on by default
[INFO] [stderr] 
[INFO] [stderr] warning: `nes-emulator` (bin "nes-emulator" test) generated 1 warning
[INFO] [stderr]     Finished test [unoptimized + debuginfo] target(s) in 0.01s
[INFO] [stderr]      Running unittests src/main.rs (/opt/rustwide/target/debug/deps/nes_emulator-85fc921b53a16cc0)
[INFO] [stdout] 
[INFO] [stdout] running 37 tests
[INFO] [stdout] test cpu::test::test_branch_0x10_bpl ... ok
[INFO] [stdout] test cpu::test::test_branch_0x30_bmi ... ok
[INFO] [stdout] test cpu::test::test_branch_0x90_bcc ... ok
[INFO] [stdout] test cpu::test::test_dec_inc_0xca_dex_underflow ... ok
[INFO] [stdout] test cpu::test::test_dec_inc_0xc8_iny_overflow ... ok
[INFO] [stdout] test cpu::test::test_dec_inc_0xce_dec_underflow ... ok
[INFO] [stdout] test cpu::test::test_dec_inc_0xe6_inc_overflow ... ok
[INFO] [stdout] test cpu::test::test_dec_inc_0xe8_inx_overflow ... ok
[INFO] [stdout] test cpu::test::test_flag_0x18_clc ... ok
[INFO] [stdout] test cpu::test::test_flag_0x58_cli ... ok
[INFO] [stdout] test cpu::test::test_flag_0x78_sei ... ok
[INFO] [stdout] test cpu::test::test_flag_0x38_sec ... ok
[INFO] [stdout] test cpu::test::test_branch_0xf0_beq ... ok
[INFO] [stdout] test cpu::test::test_branch_0xb0_bcs ... ok
[INFO] [stdout] test cpu::test::test_5_ops_working_together ... ok
[INFO] [stdout] test cpu::test::test_flag_0xd8_cld ... ok
[INFO] [stdout] test cpu::test::test_flag_0xf8_sed ... ok
[INFO] [stdout] test cpu::test::test_branch_0xd0_bne ... ok
[INFO] [stdout] test cpu::test::test_load_0xad_lda_from_memory ... ok
[INFO] [stdout] test cpu::test::test_load_0xb6_ldx_zero_page_y ... ok
[INFO] [stdout] test cpu::test::test_load_0xa9_lda_zero_flag ... ok
[INFO] [stdout] test cpu::test::test_load_0xa6_ldx_zero_page ... ok
[INFO] [stdout] test cpu::test::test_load_0xa5_lda_zero_page ... ok
[INFO] [stdout] test cpu::test::test_store_0x84_sty_zero_page ... ok
[INFO] [stdout] test cpu::test::test_load_0xa9_lda_immediate_flags ... ok
[INFO] [stdout] test cpu::test::test_dec_inc_0x88_dey_underflow ... ok
[INFO] [stdout] test cpu::test::test_transfer_0x8a_txa_move_x_to_a ... ok
[INFO] [stdout] test cpu::test::test_load_0xbc_ldy_absolute_x ... ok
[INFO] [stdout] test cpu::test::test_store_0x86_stx_zero_page ... ok
[INFO] [stdout] test cpu::test::test_transfer_0xaa_tax_move_a_to_x ... ok
[INFO] [stdout] test cpu::test::test_transfer_0x98_tya_move_y_to_a ... ok
[INFO] [stdout] test cpu::test::test_store_0x95_sta_zero_page_x ... ok
[INFO] [stdout] test cpu::test::test_flag_0xb8_clv ... ok
[INFO] [stdout] test cpu::test::test_store_0x85_sta_zero_page ... ok
[INFO] [stdout] test cpu::test::test_store_0x99_sta_absolute_y ... ok
[INFO] [stdout] test cpu::test::test_transfer_0xa8_tay_move_a_to_y ... ok
[INFO] [stderr] error: test failed, to rerun pass `--bin nes-emulator`
[INFO] [stdout] test cpu::test::test_snake_opcodes_supported ... FAILED
[INFO] [stdout] 
[INFO] [stdout] failures:
[INFO] [stdout] 
[INFO] [stdout] ---- cpu::test::test_snake_opcodes_supported stdout ----
[INFO] [stdout] thread 'cpu::test::test_snake_opcodes_supported' panicked at 'Opcode 0x20 not yet implemented!', src/cpu.rs:357:36
[INFO] [stdout] stack backtrace:
[INFO] [stdout]    0:     0x5582d54b83ba - std::backtrace_rs::backtrace::libunwind::trace::ha9053a9a07ca49cb
[INFO] [stdout]                                at /rustc/84c898d65adf2f39a5a98507f1fe0ce10a2b8dbc/library/std/src/../../backtrace/src/backtrace/libunwind.rs:93:5
[INFO] [stdout]    1:     0x5582d54b83ba - std::backtrace_rs::backtrace::trace_unsynchronized::h9c2852a457ad564e
[INFO] [stdout]                                at /rustc/84c898d65adf2f39a5a98507f1fe0ce10a2b8dbc/library/std/src/../../backtrace/src/backtrace/mod.rs:66:5
[INFO] [stdout]    2:     0x5582d54b83ba - std::sys_common::backtrace::_print_fmt::h457936fbfaa0070f
[INFO] [stdout]                                at /rustc/84c898d65adf2f39a5a98507f1fe0ce10a2b8dbc/library/std/src/sys_common/backtrace.rs:65:5
[INFO] [stdout]    3:     0x5582d54b83ba - <std::sys_common::backtrace::_print::DisplayBacktrace as core::fmt::Display>::fmt::h5779d7bf7f70cb0c
[INFO] [stdout]                                at /rustc/84c898d65adf2f39a5a98507f1fe0ce10a2b8dbc/library/std/src/sys_common/backtrace.rs:44:22
[INFO] [stdout]    4:     0x5582d54dba7e - core::fmt::write::h5a4baaff1bcd3eb5
[INFO] [stdout]                                at /rustc/84c898d65adf2f39a5a98507f1fe0ce10a2b8dbc/library/core/src/fmt/mod.rs:1232:17
[INFO] [stdout]    5:     0x5582d54b5835 - std::io::Write::write_fmt::h478f79c628ef31d1
[INFO] [stdout]                                at /rustc/84c898d65adf2f39a5a98507f1fe0ce10a2b8dbc/library/std/src/io/mod.rs:1684:15
[INFO] [stdout]    6:     0x5582d54b8185 - std::sys_common::backtrace::_print::h5fcdc36060f177e8
[INFO] [stdout]                                at /rustc/84c898d65adf2f39a5a98507f1fe0ce10a2b8dbc/library/std/src/sys_common/backtrace.rs:47:5
[INFO] [stdout]    7:     0x5582d54b8185 - std::sys_common::backtrace::print::h54ca9458b876c8bf
[INFO] [stdout]                                at /rustc/84c898d65adf2f39a5a98507f1fe0ce10a2b8dbc/library/std/src/sys_common/backtrace.rs:34:9
[INFO] [stdout]    8:     0x5582d54b9f4f - std::panicking::default_hook::{{closure}}::hbe471161c7664ed6
[INFO] [stdout]                                at /rustc/84c898d65adf2f39a5a98507f1fe0ce10a2b8dbc/library/std/src/panicking.rs:271:22
[INFO] [stdout]    9:     0x5582d54b9c0f - std::panicking::default_hook::ha3500da57aa4ac4f
[INFO] [stdout]                                at /rustc/84c898d65adf2f39a5a98507f1fe0ce10a2b8dbc/library/std/src/panicking.rs:287:9
[INFO] [stdout]   10:     0x5582d548c927 - <alloc::boxed::Box<F,A> as core::ops::function::Fn<Args>>::call::hdf1b89dd137ece34
[INFO] [stdout]                                at /rustc/84c898d65adf2f39a5a98507f1fe0ce10a2b8dbc/library/alloc/src/boxed.rs:2001:9
[INFO] [stdout]   11:     0x5582d548c927 - test::test_main::{{closure}}::h9081a79f20e75698
[INFO] [stdout]                                at /rustc/84c898d65adf2f39a5a98507f1fe0ce10a2b8dbc/library/test/src/lib.rs:135:21
[INFO] [stdout]   12:     0x5582d54ba67d - <alloc::boxed::Box<F,A> as core::ops::function::Fn<Args>>::call::h6507bddc3eebb4a5
[INFO] [stdout]                                at /rustc/84c898d65adf2f39a5a98507f1fe0ce10a2b8dbc/library/alloc/src/boxed.rs:2001:9
[INFO] [stdout]   13:     0x5582d54ba67d - std::panicking::rust_panic_with_hook::h50c09d000dc561d2
[INFO] [stdout]                                at /rustc/84c898d65adf2f39a5a98507f1fe0ce10a2b8dbc/library/std/src/panicking.rs:696:13
[INFO] [stdout]   14:     0x5582d54ba3f9 - std::panicking::begin_panic_handler::{{closure}}::h9e2b2176e00e0d9c
[INFO] [stdout]                                at /rustc/84c898d65adf2f39a5a98507f1fe0ce10a2b8dbc/library/std/src/panicking.rs:583:13
[INFO] [stdout]   15:     0x5582d54b8826 - std::sys_common::backtrace::__rust_end_short_backtrace::h5739b8e512c09d02
[INFO] [stdout]                                at /rustc/84c898d65adf2f39a5a98507f1fe0ce10a2b8dbc/library/std/src/sys_common/backtrace.rs:150:18
[INFO] [stdout]   16:     0x5582d54ba102 - rust_begin_unwind
[INFO] [stdout]                                at /rustc/84c898d65adf2f39a5a98507f1fe0ce10a2b8dbc/library/std/src/panicking.rs:579:5
[INFO] [stdout]   17:     0x5582d5447b83 - core::panicking::panic_fmt::hf33a1475b4dc5c3e
[INFO] [stdout]                                at /rustc/84c898d65adf2f39a5a98507f1fe0ce10a2b8dbc/library/core/src/panicking.rs:64:14
[INFO] [stdout]   18:     0x5582d545d419 - nes_emulator::cpu::CPU::run::{{closure}}::ha56755cab550cc6d
[INFO] [stdout]                                at /opt/rustwide/workdir/src/cpu.rs:357:24
[INFO] [stdout]   19:     0x5582d545b931 - core::option::Option<T>::unwrap_or_else::hb0ec4cadb6a739fb
[INFO] [stdout]                                at /rustc/84c898d65adf2f39a5a98507f1fe0ce10a2b8dbc/library/core/src/option.rs:992:21
[INFO] [stdout]   20:     0x5582d545cbe7 - nes_emulator::cpu::CPU::run::hbd6a206b5ba2f4be
[INFO] [stdout]                                at /opt/rustwide/workdir/src/cpu.rs:355:20
[INFO] [stdout]   21:     0x5582d545c2b7 - nes_emulator::cpu::CPU::load_and_run::he526ca8b79c000b4
[INFO] [stdout]                                at /opt/rustwide/workdir/src/cpu.rs:131:3
[INFO] [stdout]   22:     0x5582d544f99b - nes_emulator::cpu::test::test_snake_opcodes_supported::h661ff5c23864c978
[INFO] [stdout]                                at /opt/rustwide/workdir/src/cpu.rs:1060:3
[INFO] [stdout]   23:     0x5582d544f217 - nes_emulator::cpu::test::test_snake_opcodes_supported::{{closure}}::h3e9c3cabd984d1a4
[INFO] [stdout]                                at /opt/rustwide/workdir/src/cpu.rs:1032:36
[INFO] [stdout]   24:     0x5582d5457c95 - core::ops::function::FnOnce::call_once::h8f6cca7d74ba9257
[INFO] [stdout]                                at /rustc/84c898d65adf2f39a5a98507f1fe0ce10a2b8dbc/library/core/src/ops/function.rs:250:5
[INFO] [stdout]   25:     0x5582d5491d0f - core::ops::function::FnOnce::call_once::h7d969581be7d0075
[INFO] [stdout]                                at /rustc/84c898d65adf2f39a5a98507f1fe0ce10a2b8dbc/library/core/src/ops/function.rs:250:5
[INFO] [stdout]   26:     0x5582d5491d0f - test::__rust_begin_short_backtrace::hca25a52684e56655
[INFO] [stdout]                                at /rustc/84c898d65adf2f39a5a98507f1fe0ce10a2b8dbc/library/test/src/lib.rs:656:18
[INFO] [stdout]   27:     0x5582d546332c - test::run_test::{{closure}}::ha8ac744c4af1a4bb
[INFO] [stdout]                                at /rustc/84c898d65adf2f39a5a98507f1fe0ce10a2b8dbc/library/test/src/lib.rs:647:30
[INFO] [stdout]   28:     0x5582d546332c - core::ops::function::FnOnce::call_once{{vtable.shim}}::h7b411a9ed45bdecf
[INFO] [stdout]                                at /rustc/84c898d65adf2f39a5a98507f1fe0ce10a2b8dbc/library/core/src/ops/function.rs:250:5
[INFO] [stdout]   29:     0x5582d5490cd6 - <alloc::boxed::Box<F,A> as core::ops::function::FnOnce<Args>>::call_once::hd05328869a8ed200
[INFO] [stdout]                                at /rustc/84c898d65adf2f39a5a98507f1fe0ce10a2b8dbc/library/alloc/src/boxed.rs:1987:9
[INFO] [stdout]   30:     0x5582d5490cd6 - <core::panic::unwind_safe::AssertUnwindSafe<F> as core::ops::function::FnOnce<()>>::call_once::h0c601ce20bd5b2be
[INFO] [stdout]                                at /rustc/84c898d65adf2f39a5a98507f1fe0ce10a2b8dbc/library/core/src/panic/unwind_safe.rs:271:9
[INFO] [stdout]   31:     0x5582d5490cd6 - std::panicking::try::do_call::ha4be5c164fe30854
[INFO] [stdout]                                at /rustc/84c898d65adf2f39a5a98507f1fe0ce10a2b8dbc/library/std/src/panicking.rs:487:40
[INFO] [stdout]   32:     0x5582d5490cd6 - std::panicking::try::h604546f3609af05f
[INFO] [stdout]                                at /rustc/84c898d65adf2f39a5a98507f1fe0ce10a2b8dbc/library/std/src/panicking.rs:451:19
[INFO] [stdout]   33:     0x5582d5490cd6 - std::panic::catch_unwind::h5bfa8afe44c9c2f9
[INFO] [stdout]                                at /rustc/84c898d65adf2f39a5a98507f1fe0ce10a2b8dbc/library/std/src/panic.rs:140:14
[INFO] [stdout]   34:     0x5582d5490cd6 - test::run_test_in_process::hd50dee55dd63e6aa
[INFO] [stdout]                                at /rustc/84c898d65adf2f39a5a98507f1fe0ce10a2b8dbc/library/test/src/lib.rs:679:27
[INFO] [stdout]   35:     0x5582d5490cd6 - test::run_test::run_test_inner::{{closure}}::h4aa0f433aa85cea8
[INFO] [stdout]                                at /rustc/84c898d65adf2f39a5a98507f1fe0ce10a2b8dbc/library/test/src/lib.rs:573:39
[INFO] [stdout]   36:     0x5582d545d9a1 - test::run_test::run_test_inner::{{closure}}::had56431adf24b4d6
[INFO] [stdout]                                at /rustc/84c898d65adf2f39a5a98507f1fe0ce10a2b8dbc/library/test/src/lib.rs:600:37
[INFO] [stdout]   37:     0x5582d545d9a1 - std::sys_common::backtrace::__rust_begin_short_backtrace::ha8d9890e0c73bf13
[INFO] [stdout]                                at /rustc/84c898d65adf2f39a5a98507f1fe0ce10a2b8dbc/library/std/src/sys_common/backtrace.rs:134:18
[INFO] [stdout]   38:     0x5582d54633bb - std::thread::Builder::spawn_unchecked_::{{closure}}::{{closure}}::h251832bcb4a95327
[INFO] [stdout]                                at /rustc/84c898d65adf2f39a5a98507f1fe0ce10a2b8dbc/library/std/src/thread/mod.rs:560:17
[INFO] [stdout]   39:     0x5582d54633bb - <core::panic::unwind_safe::AssertUnwindSafe<F> as core::ops::function::FnOnce<()>>::call_once::h8fdff598fa414831
[INFO] [stdout]                                at /rustc/84c898d65adf2f39a5a98507f1fe0ce10a2b8dbc/library/core/src/panic/unwind_safe.rs:271:9
[INFO] [stdout]   40:     0x5582d54633bb - std::panicking::try::do_call::h455dd2f7764a950f
[INFO] [stdout]                                at /rustc/84c898d65adf2f39a5a98507f1fe0ce10a2b8dbc/library/std/src/panicking.rs:487:40
[INFO] [stdout]   41:     0x5582d54633bb - std::panicking::try::had6f23b7b73ae72a
[INFO] [stdout]                                at /rustc/84c898d65adf2f39a5a98507f1fe0ce10a2b8dbc/library/std/src/panicking.rs:451:19
[INFO] [stdout]   42:     0x5582d54633bb - std::panic::catch_unwind::ha6a5ca3915b4dad0
[INFO] [stdout]                                at /rustc/84c898d65adf2f39a5a98507f1fe0ce10a2b8dbc/library/std/src/panic.rs:140:14
[INFO] [stdout]   43:     0x5582d54633bb - std::thread::Builder::spawn_unchecked_::{{closure}}::h883b72ef75da6231
[INFO] [stdout]                                at /rustc/84c898d65adf2f39a5a98507f1fe0ce10a2b8dbc/library/std/src/thread/mod.rs:559:30
[INFO] [stdout]   44:     0x5582d54633bb - core::ops::function::FnOnce::call_once{{vtable.shim}}::hb7dff73dc8bd2ccb
[INFO] [stdout]                                at /rustc/84c898d65adf2f39a5a98507f1fe0ce10a2b8dbc/library/core/src/ops/function.rs:250:5
[INFO] [stdout]   45:     0x5582d54be9e3 - <alloc::boxed::Box<F,A> as core::ops::function::FnOnce<Args>>::call_once::h39990b24eedef2ab
[INFO] [stdout]                                at /rustc/84c898d65adf2f39a5a98507f1fe0ce10a2b8dbc/library/alloc/src/boxed.rs:1987:9
[INFO] [stdout]   46:     0x5582d54be9e3 - <alloc::boxed::Box<F,A> as core::ops::function::FnOnce<Args>>::call_once::h01a027258444143b
[INFO] [stdout]                                at /rustc/84c898d65adf2f39a5a98507f1fe0ce10a2b8dbc/library/alloc/src/boxed.rs:1987:9
[INFO] [stdout]   47:     0x5582d54be9e3 - std::sys::unix::thread::Thread::new::thread_start::ha4f1cdd9c25884ba
[INFO] [stdout]                                at /rustc/84c898d65adf2f39a5a98507f1fe0ce10a2b8dbc/library/std/src/sys/unix/thread.rs:108:17
[INFO] [stdout]   48:     0x7faf455bfb43 - <unknown>
[INFO] [stdout]   49:     0x7faf45650bb4 - __clone
[INFO] [stdout]   50:                0x0 - <unknown>
[INFO] [stdout] 
[INFO] [stdout] 
[INFO] [stdout] failures:
[INFO] [stdout]     cpu::test::test_snake_opcodes_supported
[INFO] [stdout] 
[INFO] [stdout] test result: FAILED. 36 passed; 1 failed; 0 ignored; 0 measured; 0 filtered out; finished in 0.09s
[INFO] [stdout] 
[INFO] running `Command { std: "docker" "inspect" "ae4bbe46546c0c645f53fbec3bbf313a28f0917797fe81692d428d50b75d7249", kill_on_drop: false }`
[INFO] running `Command { std: "docker" "rm" "-f" "ae4bbe46546c0c645f53fbec3bbf313a28f0917797fe81692d428d50b75d7249", kill_on_drop: false }`
[INFO] [stdout] ae4bbe46546c0c645f53fbec3bbf313a28f0917797fe81692d428d50b75d7249
