[INFO] cloning repository https://github.com/Tempost/lang-translator
[INFO] running `Command { std: "git" "-c" "credential.helper=" "-c" "credential.helper=/workspace/cargo-home/bin/git-credential-null" "clone" "--bare" "https://github.com/Tempost/lang-translator" "/workspace/cache/git-repos/https%3A%2F%2Fgithub.com%2FTempost%2Flang-translator", kill_on_drop: false }`
[INFO] [stderr] Cloning into bare repository '/workspace/cache/git-repos/https%3A%2F%2Fgithub.com%2FTempost%2Flang-translator'...
[INFO] running `Command { std: "git" "rev-parse" "HEAD", kill_on_drop: false }`
[INFO] [stdout] 60241da69e0babb87b6c4fb0ba6fe49b8770504a
[INFO] testing Tempost/lang-translator against 1.69.0 for beta-1.70-1
[INFO] running `Command { std: "git" "clone" "/workspace/cache/git-repos/https%3A%2F%2Fgithub.com%2FTempost%2Flang-translator" "/workspace/builds/worker-3-tc1/source", kill_on_drop: false }`
[INFO] [stderr] Cloning into '/workspace/builds/worker-3-tc1/source'...
[INFO] [stderr] done.
[INFO] validating manifest of git repo https://github.com/Tempost/lang-translator on toolchain 1.69.0
[INFO] running `Command { std: CARGO_HOME="/workspace/cargo-home" RUSTUP_HOME="/workspace/rustup-home" "/workspace/cargo-home/bin/cargo" "+1.69.0" "metadata" "--manifest-path" "Cargo.toml" "--no-deps", kill_on_drop: false }`
[INFO] started tweaking git repo https://github.com/Tempost/lang-translator
[INFO] finished tweaking git repo https://github.com/Tempost/lang-translator
[INFO] tweaked toml for git repo https://github.com/Tempost/lang-translator written to /workspace/builds/worker-3-tc1/source/Cargo.toml
[INFO] crate git repo https://github.com/Tempost/lang-translator already has a lockfile, it will not be regenerated
[INFO] running `Command { std: CARGO_HOME="/workspace/cargo-home" RUSTUP_HOME="/workspace/rustup-home" "/workspace/cargo-home/bin/cargo" "+1.69.0" "fetch" "--manifest-path" "Cargo.toml", kill_on_drop: false }`
[INFO] running `Command { std: "docker" "create" "-v" "/var/lib/crater-agent-workspace/builds/worker-3-tc1/target:/opt/rustwide/target:rw,Z" "-v" "/var/lib/crater-agent-workspace/builds/worker-3-tc1/source:/opt/rustwide/workdir:ro,Z" "-v" "/var/lib/crater-agent-workspace/cargo-home:/opt/rustwide/cargo-home:ro,Z" "-v" "/var/lib/crater-agent-workspace/rustup-home:/opt/rustwide/rustup-home:ro,Z" "-e" "SOURCE_DIR=/opt/rustwide/workdir" "-e" "CARGO_TARGET_DIR=/opt/rustwide/target" "-e" "CARGO_HOME=/opt/rustwide/cargo-home" "-e" "RUSTUP_HOME=/opt/rustwide/rustup-home" "-w" "/opt/rustwide/workdir" "-m" "1610612736" "--user" "0:0" "--network" "none" "ghcr.io/rust-lang/crates-build-env/linux@sha256:5ff2268d62e97bff2cde7d5815dd6ed5b47097566f13b8d0ca110b04b60e07ed" "/opt/rustwide/cargo-home/bin/cargo" "+1.69.0" "metadata" "--no-deps" "--format-version=1", kill_on_drop: false }`
[INFO] [stdout] c1161fbc3d1b7eba11f1ee653c29e197e82c76095e02b382038ffb26cc5804a7
[INFO] running `Command { std: "docker" "start" "-a" "c1161fbc3d1b7eba11f1ee653c29e197e82c76095e02b382038ffb26cc5804a7", kill_on_drop: false }`
[INFO] running `Command { std: "docker" "inspect" "c1161fbc3d1b7eba11f1ee653c29e197e82c76095e02b382038ffb26cc5804a7", kill_on_drop: false }`
[INFO] running `Command { std: "docker" "rm" "-f" "c1161fbc3d1b7eba11f1ee653c29e197e82c76095e02b382038ffb26cc5804a7", kill_on_drop: false }`
[INFO] [stdout] c1161fbc3d1b7eba11f1ee653c29e197e82c76095e02b382038ffb26cc5804a7
[INFO] running `Command { std: "docker" "create" "-v" "/var/lib/crater-agent-workspace/builds/worker-3-tc1/target:/opt/rustwide/target:rw,Z" "-v" "/var/lib/crater-agent-workspace/builds/worker-3-tc1/source:/opt/rustwide/workdir:ro,Z" "-v" "/var/lib/crater-agent-workspace/cargo-home:/opt/rustwide/cargo-home:ro,Z" "-v" "/var/lib/crater-agent-workspace/rustup-home:/opt/rustwide/rustup-home:ro,Z" "-e" "SOURCE_DIR=/opt/rustwide/workdir" "-e" "CARGO_TARGET_DIR=/opt/rustwide/target" "-e" "CARGO_INCREMENTAL=0" "-e" "RUST_BACKTRACE=full" "-e" "RUSTFLAGS=--cap-lints=warn" "-e" "RUSTDOCFLAGS=--cap-lints=warn" "-e" "CARGO_HOME=/opt/rustwide/cargo-home" "-e" "RUSTUP_HOME=/opt/rustwide/rustup-home" "-w" "/opt/rustwide/workdir" "-m" "1610612736" "--user" "0:0" "--network" "none" "ghcr.io/rust-lang/crates-build-env/linux@sha256:5ff2268d62e97bff2cde7d5815dd6ed5b47097566f13b8d0ca110b04b60e07ed" "/opt/rustwide/cargo-home/bin/cargo" "+1.69.0" "build" "--frozen" "--message-format=json", kill_on_drop: false }`
[INFO] [stdout] 12d8bc694a0077eb1c9905c591cdfc06f1514345d6532706019ffa6b77cc1266
[INFO] running `Command { std: "docker" "start" "-a" "12d8bc694a0077eb1c9905c591cdfc06f1514345d6532706019ffa6b77cc1266", kill_on_drop: false }`
[INFO] [stderr]    Compiling lang-translator v0.1.0 (/opt/rustwide/workdir)
[INFO] [stdout] warning: unused import: `self`
[INFO] [stdout]  --> src/compiler/syntax.rs:2:15
[INFO] [stdout]   |
[INFO] [stdout] 2 | use std::fs::{self, File, OpenOptions};
[INFO] [stdout]   |               ^^^^
[INFO] [stdout]   |
[INFO] [stdout]   = note: `#[warn(unused_imports)]` on by default
[INFO] [stdout] 
[INFO] [stdout] 
[INFO] [stdout] warning: unused variable: `filename`
[INFO] [stdout]    --> src/compiler/syntax.rs:124:43
[INFO] [stdout]     |
[INFO] [stdout] 124 |     pub fn create_symbol_table(&mut self, filename: &str) {
[INFO] [stdout]     |                                           ^^^^^^^^ help: if this is intentional, prefix it with an underscore: `_filename`
[INFO] [stdout]     |
[INFO] [stdout]     = note: `#[warn(unused_variables)]` on by default
[INFO] [stdout] 
[INFO] [stdout] 
[INFO] [stdout] warning: variable does not need to be mutable
[INFO] [stdout]   --> src/compiler/codegen.rs:61:25
[INFO] [stdout]    |
[INFO] [stdout] 61 |                     let mut line_vec: Vec<&str>;
[INFO] [stdout]    |                         ----^^^^^^^^
[INFO] [stdout]    |                         |
[INFO] [stdout]    |                         help: remove this `mut`
[INFO] [stdout]    |
[INFO] [stdout]    = note: `#[warn(unused_mut)]` on by default
[INFO] [stdout] 
[INFO] [stdout] 
[INFO] [stdout] warning: function `print_matrix` is never used
[INFO] [stdout]   --> src/boolean/matrix.rs:82:8
[INFO] [stdout]    |
[INFO] [stdout] 82 | pub fn print_matrix(m: &Matrix) {
[INFO] [stdout]    |        ^^^^^^^^^^^^
[INFO] [stdout]    |
[INFO] [stdout]    = note: `#[warn(dead_code)]` on by default
[INFO] [stdout] 
[INFO] [stdout] 
[INFO] [stdout] warning: type alias `Result` is never used
[INFO] [stdout]   --> src/compiler/codegen.rs:10:6
[INFO] [stdout]    |
[INFO] [stdout] 10 | type Result<T> = std::result::Result<T, GeneratorErr>;
[INFO] [stdout]    |      ^^^^^^
[INFO] [stdout] 
[INFO] [stdout] 
[INFO] [stdout] warning: struct `Generator` is never constructed
[INFO] [stdout]   --> src/compiler/codegen.rs:15:8
[INFO] [stdout]    |
[INFO] [stdout] 15 | struct Generator {
[INFO] [stdout]    |        ^^^^^^^^^
[INFO] [stdout] 
[INFO] [stdout] 
[INFO] [stdout] warning: associated function `new` is never used
[INFO] [stdout]   --> src/compiler/codegen.rs:27:8
[INFO] [stdout]    |
[INFO] [stdout] 27 |     fn new(quads: QuadList) -> Self {
[INFO] [stdout]    |        ^^^
[INFO] [stdout] 
[INFO] [stdout] 
[INFO] [stdout] warning: associated function `init_asm_file` is never used
[INFO] [stdout]   --> src/compiler/codegen.rs:50:8
[INFO] [stdout]    |
[INFO] [stdout] 50 |     fn init_asm_file(asm_file: &mut File) -> Result<()> {
[INFO] [stdout]    |        ^^^^^^^^^^^^^
[INFO] [stdout] 
[INFO] [stdout] 
[INFO] [stdout] warning: method `consume_quads` is never used
[INFO] [stdout]   --> src/compiler/codegen.rs:82:12
[INFO] [stdout]    |
[INFO] [stdout] 82 |     pub fn consume_quads(&mut self) -> Result<()> {
[INFO] [stdout]    |            ^^^^^^^^^^^^^
[INFO] [stdout] 
[INFO] [stdout] 
[INFO] [stdout] warning: method `write_io` is never used
[INFO] [stdout]    --> src/compiler/codegen.rs:196:8
[INFO] [stdout]     |
[INFO] [stdout] 196 |     fn write_io(&mut self) {
[INFO] [stdout]     |        ^^^^^^^^
[INFO] [stdout] 
[INFO] [stdout] 
[INFO] [stdout] warning: associated function `empty` is never used
[INFO] [stdout]    --> src/compiler/lexical.rs:102:12
[INFO] [stdout]     |
[INFO] [stdout] 102 |     pub fn empty() -> Self {
[INFO] [stdout]     |            ^^^^^
[INFO] [stdout] 
[INFO] [stdout] 
[INFO] [stdout] warning: associated function `terminator` is never used
[INFO] [stdout]    --> src/compiler/lexical.rs:109:12
[INFO] [stdout]     |
[INFO] [stdout] 109 |     pub fn terminator() -> Self {
[INFO] [stdout]     |            ^^^^^^^^^^
[INFO] [stdout] 
[INFO] [stdout] 
[INFO] [stdout] warning: associated function `temp_gen` is never used
[INFO] [stdout]    --> src/compiler/lexical.rs:116:12
[INFO] [stdout]     |
[INFO] [stdout] 116 |     pub fn temp_gen(id: i32) -> Self {
[INFO] [stdout]     |            ^^^^^^^^
[INFO] [stdout] 
[INFO] [stdout] 
[INFO] [stdout] warning: associated function `create_scanner` is never used
[INFO] [stdout]    --> src/compiler/lexical.rs:129:12
[INFO] [stdout]     |
[INFO] [stdout] 129 |     pub fn create_scanner(filename: &str) -> io::Result<Self> {
[INFO] [stdout]     |            ^^^^^^^^^^^^^^
[INFO] [stdout] 
[INFO] [stdout] 
[INFO] [stdout] warning: associated function `token_to_file` is never used
[INFO] [stdout]    --> src/compiler/lexical.rs:138:12
[INFO] [stdout]     |
[INFO] [stdout] 138 |     pub fn token_to_file(token: Token) {
[INFO] [stdout]     |            ^^^^^^^^^^^^^
[INFO] [stdout] 
[INFO] [stdout] 
[INFO] [stdout] warning: type alias `TokenList` is never used
[INFO] [stdout]   --> src/compiler/syntax.rs:13:6
[INFO] [stdout]    |
[INFO] [stdout] 13 | type TokenList = Vec<Token>;
[INFO] [stdout]    |      ^^^^^^^^^
[INFO] [stdout] 
[INFO] [stdout] 
[INFO] [stdout] warning: type alias `QuadList` is never used
[INFO] [stdout]   --> src/compiler/syntax.rs:14:10
[INFO] [stdout]    |
[INFO] [stdout] 14 | pub type QuadList = Vec<Quad>;
[INFO] [stdout]    |          ^^^^^^^^
[INFO] [stdout] 
[INFO] [stdout] 
[INFO] [stdout] warning: struct `Syntax` is never constructed
[INFO] [stdout]   --> src/compiler/syntax.rs:16:12
[INFO] [stdout]    |
[INFO] [stdout] 16 | pub struct Syntax {
[INFO] [stdout]    |            ^^^^^^
[INFO] [stdout] 
[INFO] [stdout] 
[INFO] [stdout] warning: struct `PFunc` is never constructed
[INFO] [stdout]   --> src/compiler/syntax.rs:27:8
[INFO] [stdout]    |
[INFO] [stdout] 27 | struct PFunc {
[INFO] [stdout]    |        ^^^^^
[INFO] [stdout] 
[INFO] [stdout] 
[INFO] [stdout] warning: variants `Yields`, `Takes`, and `Equal` are never constructed
[INFO] [stdout]   --> src/compiler/syntax.rs:42:5
[INFO] [stdout]    |
[INFO] [stdout] 41 | enum Handle {
[INFO] [stdout]    |      ------ variants in this enum
[INFO] [stdout] 42 |     Yields,
[INFO] [stdout]    |     ^^^^^^
[INFO] [stdout] 43 |     Takes,
[INFO] [stdout]    |     ^^^^^
[INFO] [stdout] 44 |     Equal,
[INFO] [stdout]    |     ^^^^^
[INFO] [stdout] 
[INFO] [stdout] 
[INFO] [stdout] warning: associated function `new` is never used
[INFO] [stdout]   --> src/compiler/syntax.rs:48:8
[INFO] [stdout]    |
[INFO] [stdout] 48 |     fn new() -> Self {
[INFO] [stdout]    |        ^^^
[INFO] [stdout] 
[INFO] [stdout] 
[INFO] [stdout] warning: associated function `get_precedence_func` is never used
[INFO] [stdout]   --> src/compiler/syntax.rs:58:8
[INFO] [stdout]    |
[INFO] [stdout] 58 |     fn get_precedence_func() -> (Vec<i32>, Vec<i32>) {
[INFO] [stdout]    |        ^^^^^^^^^^^^^^^^^^^
[INFO] [stdout] 
[INFO] [stdout] 
[INFO] [stdout] warning: associated function `new` is never used
[INFO] [stdout]   --> src/compiler/syntax.rs:81:12
[INFO] [stdout]    |
[INFO] [stdout] 81 |     pub fn new(file: &str, flag: bool) -> Self {
[INFO] [stdout]    |            ^^^
[INFO] [stdout] 
[INFO] [stdout] 
[INFO] [stdout] warning: associated function `token_to_table` is never used
[INFO] [stdout]    --> src/compiler/syntax.rs:101:12
[INFO] [stdout]     |
[INFO] [stdout] 101 |     pub fn token_to_table(name: &str, class: &str, value: &i32, addr: &u32) {
[INFO] [stdout]     |            ^^^^^^^^^^^^^^
[INFO] [stdout] 
[INFO] [stdout] 
[INFO] [stdout] warning: method `create_symbol_table` is never used
[INFO] [stdout]    --> src/compiler/syntax.rs:124:12
[INFO] [stdout]     |
[INFO] [stdout] 124 |     pub fn create_symbol_table(&mut self, filename: &str) {
[INFO] [stdout]     |            ^^^^^^^^^^^^^^^^^^^
[INFO] [stdout] 
[INFO] [stdout] 
[INFO] [stdout] warning: associated function `tokens_from_memory` is never used
[INFO] [stdout]    --> src/compiler/syntax.rs:174:12
[INFO] [stdout]     |
[INFO] [stdout] 174 |     pub fn tokens_from_memory(file: &str) -> Peekable<IntoIter<Token>> {
[INFO] [stdout]     |            ^^^^^^^^^^^^^^^^^^
[INFO] [stdout] 
[INFO] [stdout] 
[INFO] [stdout] warning: associated function `tokens_from_file` is never used
[INFO] [stdout]    --> src/compiler/syntax.rs:187:12
[INFO] [stdout]     |
[INFO] [stdout] 187 |     pub fn tokens_from_file(file: &str) -> Peekable<IntoIter<Token>> {
[INFO] [stdout]     |            ^^^^^^^^^^^^^^^^
[INFO] [stdout] 
[INFO] [stdout] 
[INFO] [stdout] warning: method `consume_polish` is never used
[INFO] [stdout]    --> src/compiler/syntax.rs:205:12
[INFO] [stdout]     |
[INFO] [stdout] 205 |     pub fn consume_polish(&mut self) -> Result<(), ()> {
[INFO] [stdout]     |            ^^^^^^^^^^^^^^
[INFO] [stdout] 
[INFO] [stdout] 
[INFO] [stdout] warning: associated function `parse_token` is never used
[INFO] [stdout]    --> src/compiler/syntax.rs:257:8
[INFO] [stdout]     |
[INFO] [stdout] 257 |     fn parse_token(stack: &mut TokenList, line: io::Result<String>) {
[INFO] [stdout]     |        ^^^^^^^^^^^
[INFO] [stdout] 
[INFO] [stdout] 
[INFO] [stdout] warning: method `table_lookup` is never used
[INFO] [stdout]    --> src/compiler/syntax.rs:274:8
[INFO] [stdout]     |
[INFO] [stdout] 274 |     fn table_lookup(&self, f: &Token, g: &Token) -> Handle {
[INFO] [stdout]     |        ^^^^^^^^^^^^
[INFO] [stdout] 
[INFO] [stdout] 
[INFO] [stdout] warning: method `next_op` is never used
[INFO] [stdout]    --> src/compiler/syntax.rs:293:8
[INFO] [stdout]     |
[INFO] [stdout] 293 |     fn next_op(&mut self) -> Option<Token> {
[INFO] [stdout]     |        ^^^^^^^
[INFO] [stdout] 
[INFO] [stdout] 
[INFO] [stdout] warning: method `last_op` is never used
[INFO] [stdout]    --> src/compiler/syntax.rs:314:8
[INFO] [stdout]     |
[INFO] [stdout] 314 |     fn last_op(&mut self) -> Option<Token> {
[INFO] [stdout]     |        ^^^^^^^
[INFO] [stdout] 
[INFO] [stdout] 
[INFO] [stdout] warning: method `next_token` is never used
[INFO] [stdout]    --> src/compiler/syntax.rs:329:8
[INFO] [stdout]     |
[INFO] [stdout] 329 |     fn next_token(&mut self) -> Option<Token> {
[INFO] [stdout]     |        ^^^^^^^^^^
[INFO] [stdout] 
[INFO] [stdout] 
[INFO] [stdout] warning: method `complete_analysis` is never used
[INFO] [stdout]    --> src/compiler/syntax.rs:338:12
[INFO] [stdout]     |
[INFO] [stdout] 338 |     pub fn complete_analysis(&mut self) {
[INFO] [stdout]     |            ^^^^^^^^^^^^^^^^^
[INFO] [stdout] 
[INFO] [stdout] 
[INFO] [stdout] warning: method `program` is never used
[INFO] [stdout]    --> src/compiler/syntax.rs:345:8
[INFO] [stdout]     |
[INFO] [stdout] 345 |     fn program(&mut self) {
[INFO] [stdout]     |        ^^^^^^^
[INFO] [stdout] 
[INFO] [stdout] 
[INFO] [stdout] warning: method `block` is never used
[INFO] [stdout]    --> src/compiler/syntax.rs:374:8
[INFO] [stdout]     |
[INFO] [stdout] 374 |     fn block(&mut self) {
[INFO] [stdout]     |        ^^^^^
[INFO] [stdout] 
[INFO] [stdout] 
[INFO] [stdout] warning: method `const_def_part` is never used
[INFO] [stdout]    --> src/compiler/syntax.rs:378:8
[INFO] [stdout]     |
[INFO] [stdout] 378 |     fn const_def_part(&mut self) {
[INFO] [stdout]     |        ^^^^^^^^^^^^^^
[INFO] [stdout] 
[INFO] [stdout] 
[INFO] [stdout] warning: method `const_list` is never used
[INFO] [stdout]    --> src/compiler/syntax.rs:382:8
[INFO] [stdout]     |
[INFO] [stdout] 382 |     fn const_list(&mut self) {
[INFO] [stdout]     |        ^^^^^^^^^^
[INFO] [stdout] 
[INFO] [stdout] 
[INFO] [stdout] warning: method `var_def_part` is never used
[INFO] [stdout]    --> src/compiler/syntax.rs:386:8
[INFO] [stdout]     |
[INFO] [stdout] 386 |     fn var_def_part(&mut self) {
[INFO] [stdout]     |        ^^^^^^^^^^^^
[INFO] [stdout] 
[INFO] [stdout] 
[INFO] [stdout] warning: method `var_list` is never used
[INFO] [stdout]    --> src/compiler/syntax.rs:390:8
[INFO] [stdout]     |
[INFO] [stdout] 390 |     fn var_list(&mut self) {
[INFO] [stdout]     |        ^^^^^^^^
[INFO] [stdout] 
[INFO] [stdout] 
[INFO] [stdout] warning: method `proc_def_part` is never used
[INFO] [stdout]    --> src/compiler/syntax.rs:394:8
[INFO] [stdout]     |
[INFO] [stdout] 394 |     fn proc_def_part(&mut self) {
[INFO] [stdout]     |        ^^^^^^^^^^^^^
[INFO] [stdout] 
[INFO] [stdout] 
[INFO] [stdout] warning: method `stmt` is never used
[INFO] [stdout]    --> src/compiler/syntax.rs:398:8
[INFO] [stdout]     |
[INFO] [stdout] 398 |     fn stmt(&mut self) {
[INFO] [stdout]     |        ^^^^
[INFO] [stdout] 
[INFO] [stdout] 
[INFO] [stdout] warning: method `call_stmt` is never used
[INFO] [stdout]    --> src/compiler/syntax.rs:402:8
[INFO] [stdout]     |
[INFO] [stdout] 402 |     fn call_stmt(&mut self) {
[INFO] [stdout]     |        ^^^^^^^^^
[INFO] [stdout] 
[INFO] [stdout] 
[INFO] [stdout] warning: method `param_list` is never used
[INFO] [stdout]    --> src/compiler/syntax.rs:406:8
[INFO] [stdout]     |
[INFO] [stdout] 406 |     fn param_list(&mut self) {
[INFO] [stdout]     |        ^^^^^^^^^^
[INFO] [stdout] 
[INFO] [stdout] 
[INFO] [stdout] warning: method `ident_list` is never used
[INFO] [stdout]    --> src/compiler/syntax.rs:410:8
[INFO] [stdout]     |
[INFO] [stdout] 410 |     fn ident_list(&mut self) {
[INFO] [stdout]     |        ^^^^^^^^^^
[INFO] [stdout] 
[INFO] [stdout] 
[INFO] [stdout] warning: method `comp_stmt` is never used
[INFO] [stdout]    --> src/compiler/syntax.rs:414:8
[INFO] [stdout]     |
[INFO] [stdout] 414 |     fn comp_stmt(&mut self) {
[INFO] [stdout]     |        ^^^^^^^^^
[INFO] [stdout] 
[INFO] [stdout] 
[INFO] [stdout] warning: method `stmt_list` is never used
[INFO] [stdout]    --> src/compiler/syntax.rs:418:8
[INFO] [stdout]     |
[INFO] [stdout] 418 |     fn stmt_list(&mut self) {
[INFO] [stdout]     |        ^^^^^^^^^
[INFO] [stdout] 
[INFO] [stdout] 
[INFO] [stdout] warning: method `if_stmt` is never used
[INFO] [stdout]    --> src/compiler/syntax.rs:422:8
[INFO] [stdout]     |
[INFO] [stdout] 422 |     fn if_stmt(&mut self) {
[INFO] [stdout]     |        ^^^^^^^
[INFO] [stdout] 
[INFO] [stdout] 
[INFO] [stdout] warning: method `while_stmt` is never used
[INFO] [stdout]    --> src/compiler/syntax.rs:426:8
[INFO] [stdout]     |
[INFO] [stdout] 426 |     fn while_stmt(&mut self) {
[INFO] [stdout]     |        ^^^^^^^^^^
[INFO] [stdout] 
[INFO] [stdout] 
[INFO] [stdout] warning: method `bool_exp` is never used
[INFO] [stdout]    --> src/compiler/syntax.rs:430:8
[INFO] [stdout]     |
[INFO] [stdout] 430 |     fn bool_exp(&mut self) {
[INFO] [stdout]     |        ^^^^^^^^
[INFO] [stdout] 
[INFO] [stdout] 
[INFO] [stdout] warning: method `rel_op` is never used
[INFO] [stdout]    --> src/compiler/syntax.rs:434:8
[INFO] [stdout]     |
[INFO] [stdout] 434 |     fn rel_op(&mut self) {
[INFO] [stdout]     |        ^^^^^^
[INFO] [stdout] 
[INFO] [stdout] 
[INFO] [stdout] warning: method `s_stmt` is never used
[INFO] [stdout]    --> src/compiler/syntax.rs:438:8
[INFO] [stdout]     |
[INFO] [stdout] 438 |     fn s_stmt(&mut self) {
[INFO] [stdout]     |        ^^^^^^
[INFO] [stdout] 
[INFO] [stdout] 
[INFO] [stdout] warning: method `expression` is never used
[INFO] [stdout]    --> src/compiler/syntax.rs:459:8
[INFO] [stdout]     |
[INFO] [stdout] 459 |     fn expression(&mut self) {
[INFO] [stdout]     |        ^^^^^^^^^^
[INFO] [stdout] 
[INFO] [stdout] 
[INFO] [stdout] warning: method `term` is never used
[INFO] [stdout]    --> src/compiler/syntax.rs:475:8
[INFO] [stdout]     |
[INFO] [stdout] 475 |     fn term(&mut self) {
[INFO] [stdout]     |        ^^^^
[INFO] [stdout] 
[INFO] [stdout] 
[INFO] [stdout] warning: method `factor` is never used
[INFO] [stdout]    --> src/compiler/syntax.rs:495:8
[INFO] [stdout]     |
[INFO] [stdout] 495 |     fn factor(&mut self) {
[INFO] [stdout]     |        ^^^^^^
[INFO] [stdout] 
[INFO] [stdout] 
[INFO] [stdout] warning: 55 warnings emitted
[INFO] [stdout] 
[INFO] [stdout] 
[INFO] [stderr]     Finished dev [unoptimized + debuginfo] target(s) in 0.38s
[INFO] running `Command { std: "docker" "inspect" "12d8bc694a0077eb1c9905c591cdfc06f1514345d6532706019ffa6b77cc1266", kill_on_drop: false }`
[INFO] running `Command { std: "docker" "rm" "-f" "12d8bc694a0077eb1c9905c591cdfc06f1514345d6532706019ffa6b77cc1266", kill_on_drop: false }`
[INFO] [stdout] 12d8bc694a0077eb1c9905c591cdfc06f1514345d6532706019ffa6b77cc1266
[INFO] running `Command { std: "docker" "create" "-v" "/var/lib/crater-agent-workspace/builds/worker-3-tc1/target:/opt/rustwide/target:rw,Z" "-v" "/var/lib/crater-agent-workspace/builds/worker-3-tc1/source:/opt/rustwide/workdir:ro,Z" "-v" "/var/lib/crater-agent-workspace/cargo-home:/opt/rustwide/cargo-home:ro,Z" "-v" "/var/lib/crater-agent-workspace/rustup-home:/opt/rustwide/rustup-home:ro,Z" "-e" "SOURCE_DIR=/opt/rustwide/workdir" "-e" "CARGO_TARGET_DIR=/opt/rustwide/target" "-e" "CARGO_INCREMENTAL=0" "-e" "RUST_BACKTRACE=full" "-e" "RUSTFLAGS=--cap-lints=warn" "-e" "RUSTDOCFLAGS=--cap-lints=warn" "-e" "CARGO_HOME=/opt/rustwide/cargo-home" "-e" "RUSTUP_HOME=/opt/rustwide/rustup-home" "-w" "/opt/rustwide/workdir" "-m" "1610612736" "--user" "0:0" "--network" "none" "ghcr.io/rust-lang/crates-build-env/linux@sha256:5ff2268d62e97bff2cde7d5815dd6ed5b47097566f13b8d0ca110b04b60e07ed" "/opt/rustwide/cargo-home/bin/cargo" "+1.69.0" "test" "--frozen" "--no-run" "--message-format=json", kill_on_drop: false }`
[INFO] [stdout] 54e2308a8d777dfff752a1c3681b676718d587992e55a3f25b23b2e83649e957
[INFO] running `Command { std: "docker" "start" "-a" "54e2308a8d777dfff752a1c3681b676718d587992e55a3f25b23b2e83649e957", kill_on_drop: false }`
[INFO] [stderr]    Compiling lang-translator v0.1.0 (/opt/rustwide/workdir)
[INFO] [stdout] warning: unused import: `self`
[INFO] [stdout]  --> src/compiler/syntax.rs:2:15
[INFO] [stdout]   |
[INFO] [stdout] 2 | use std::fs::{self, File, OpenOptions};
[INFO] [stdout]   |               ^^^^
[INFO] [stdout]   |
[INFO] [stdout]   = note: `#[warn(unused_imports)]` on by default
[INFO] [stdout] 
[INFO] [stdout] 
[INFO] [stdout] warning: unused variable: `filename`
[INFO] [stdout]    --> src/compiler/syntax.rs:124:43
[INFO] [stdout]     |
[INFO] [stdout] 124 |     pub fn create_symbol_table(&mut self, filename: &str) {
[INFO] [stdout]     |                                           ^^^^^^^^ help: if this is intentional, prefix it with an underscore: `_filename`
[INFO] [stdout]     |
[INFO] [stdout]     = note: `#[warn(unused_variables)]` on by default
[INFO] [stdout] 
[INFO] [stdout] 
[INFO] [stdout] warning: variable does not need to be mutable
[INFO] [stdout]   --> src/compiler/codegen.rs:61:25
[INFO] [stdout]    |
[INFO] [stdout] 61 |                     let mut line_vec: Vec<&str>;
[INFO] [stdout]    |                         ----^^^^^^^^
[INFO] [stdout]    |                         |
[INFO] [stdout]    |                         help: remove this `mut`
[INFO] [stdout]    |
[INFO] [stdout]    = note: `#[warn(unused_mut)]` on by default
[INFO] [stdout] 
[INFO] [stdout] 
[INFO] [stdout] warning: function `print_matrix` is never used
[INFO] [stdout]   --> src/boolean/matrix.rs:82:8
[INFO] [stdout]    |
[INFO] [stdout] 82 | pub fn print_matrix(m: &Matrix) {
[INFO] [stdout]    |        ^^^^^^^^^^^^
[INFO] [stdout]    |
[INFO] [stdout]    = note: `#[warn(dead_code)]` on by default
[INFO] [stdout] 
[INFO] [stdout] 
[INFO] [stdout] warning: associated function `token_to_file` is never used
[INFO] [stdout]    --> src/compiler/lexical.rs:138:12
[INFO] [stdout]     |
[INFO] [stdout] 138 |     pub fn token_to_file(token: Token) {
[INFO] [stdout]     |            ^^^^^^^^^^^^^
[INFO] [stdout] 
[INFO] [stdout] 
[INFO] [stdout] warning: method `program` is never used
[INFO] [stdout]    --> src/compiler/syntax.rs:345:8
[INFO] [stdout]     |
[INFO] [stdout] 345 |     fn program(&mut self) {
[INFO] [stdout]     |        ^^^^^^^
[INFO] [stdout] 
[INFO] [stdout] 
[INFO] [stdout] warning: method `block` is never used
[INFO] [stdout]    --> src/compiler/syntax.rs:374:8
[INFO] [stdout]     |
[INFO] [stdout] 374 |     fn block(&mut self) {
[INFO] [stdout]     |        ^^^^^
[INFO] [stdout] 
[INFO] [stdout] 
[INFO] [stdout] warning: method `const_def_part` is never used
[INFO] [stdout]    --> src/compiler/syntax.rs:378:8
[INFO] [stdout]     |
[INFO] [stdout] 378 |     fn const_def_part(&mut self) {
[INFO] [stdout]     |        ^^^^^^^^^^^^^^
[INFO] [stdout] 
[INFO] [stdout] 
[INFO] [stdout] warning: method `const_list` is never used
[INFO] [stdout]    --> src/compiler/syntax.rs:382:8
[INFO] [stdout]     |
[INFO] [stdout] 382 |     fn const_list(&mut self) {
[INFO] [stdout]     |        ^^^^^^^^^^
[INFO] [stdout] 
[INFO] [stdout] 
[INFO] [stdout] warning: method `var_def_part` is never used
[INFO] [stdout]    --> src/compiler/syntax.rs:386:8
[INFO] [stdout]     |
[INFO] [stdout] 386 |     fn var_def_part(&mut self) {
[INFO] [stdout]     |        ^^^^^^^^^^^^
[INFO] [stdout] 
[INFO] [stdout] 
[INFO] [stdout] warning: method `var_list` is never used
[INFO] [stdout]    --> src/compiler/syntax.rs:390:8
[INFO] [stdout]     |
[INFO] [stdout] 390 |     fn var_list(&mut self) {
[INFO] [stdout]     |        ^^^^^^^^
[INFO] [stdout] 
[INFO] [stdout] 
[INFO] [stdout] warning: method `proc_def_part` is never used
[INFO] [stdout]    --> src/compiler/syntax.rs:394:8
[INFO] [stdout]     |
[INFO] [stdout] 394 |     fn proc_def_part(&mut self) {
[INFO] [stdout]     |        ^^^^^^^^^^^^^
[INFO] [stdout] 
[INFO] [stdout] 
[INFO] [stdout] warning: method `stmt` is never used
[INFO] [stdout]    --> src/compiler/syntax.rs:398:8
[INFO] [stdout]     |
[INFO] [stdout] 398 |     fn stmt(&mut self) {
[INFO] [stdout]     |        ^^^^
[INFO] [stdout] 
[INFO] [stdout] 
[INFO] [stdout] warning: method `call_stmt` is never used
[INFO] [stdout]    --> src/compiler/syntax.rs:402:8
[INFO] [stdout]     |
[INFO] [stdout] 402 |     fn call_stmt(&mut self) {
[INFO] [stdout]     |        ^^^^^^^^^
[INFO] [stdout] 
[INFO] [stdout] 
[INFO] [stdout] warning: method `param_list` is never used
[INFO] [stdout]    --> src/compiler/syntax.rs:406:8
[INFO] [stdout]     |
[INFO] [stdout] 406 |     fn param_list(&mut self) {
[INFO] [stdout]     |        ^^^^^^^^^^
[INFO] [stdout] 
[INFO] [stdout] 
[INFO] [stdout] warning: method `ident_list` is never used
[INFO] [stdout]    --> src/compiler/syntax.rs:410:8
[INFO] [stdout]     |
[INFO] [stdout] 410 |     fn ident_list(&mut self) {
[INFO] [stdout]     |        ^^^^^^^^^^
[INFO] [stdout] 
[INFO] [stdout] 
[INFO] [stdout] warning: method `comp_stmt` is never used
[INFO] [stdout]    --> src/compiler/syntax.rs:414:8
[INFO] [stdout]     |
[INFO] [stdout] 414 |     fn comp_stmt(&mut self) {
[INFO] [stdout]     |        ^^^^^^^^^
[INFO] [stdout] 
[INFO] [stdout] 
[INFO] [stdout] warning: method `stmt_list` is never used
[INFO] [stdout]    --> src/compiler/syntax.rs:418:8
[INFO] [stdout]     |
[INFO] [stdout] 418 |     fn stmt_list(&mut self) {
[INFO] [stdout]     |        ^^^^^^^^^
[INFO] [stdout] 
[INFO] [stdout] 
[INFO] [stdout] warning: method `if_stmt` is never used
[INFO] [stdout]    --> src/compiler/syntax.rs:422:8
[INFO] [stdout]     |
[INFO] [stdout] 422 |     fn if_stmt(&mut self) {
[INFO] [stdout]     |        ^^^^^^^
[INFO] [stdout] 
[INFO] [stdout] 
[INFO] [stdout] warning: method `while_stmt` is never used
[INFO] [stdout]    --> src/compiler/syntax.rs:426:8
[INFO] [stdout]     |
[INFO] [stdout] 426 |     fn while_stmt(&mut self) {
[INFO] [stdout]     |        ^^^^^^^^^^
[INFO] [stdout] 
[INFO] [stdout] 
[INFO] [stdout] warning: method `bool_exp` is never used
[INFO] [stdout]    --> src/compiler/syntax.rs:430:8
[INFO] [stdout]     |
[INFO] [stdout] 430 |     fn bool_exp(&mut self) {
[INFO] [stdout]     |        ^^^^^^^^
[INFO] [stdout] 
[INFO] [stdout] 
[INFO] [stdout] warning: method `rel_op` is never used
[INFO] [stdout]    --> src/compiler/syntax.rs:434:8
[INFO] [stdout]     |
[INFO] [stdout] 434 |     fn rel_op(&mut self) {
[INFO] [stdout]     |        ^^^^^^
[INFO] [stdout] 
[INFO] [stdout] 
[INFO] [stdout] warning: 22 warnings emitted
[INFO] [stdout] 
[INFO] [stdout] 
[INFO] [stderr]     Finished test [unoptimized + debuginfo] target(s) in 0.57s
[INFO] running `Command { std: "docker" "inspect" "54e2308a8d777dfff752a1c3681b676718d587992e55a3f25b23b2e83649e957", kill_on_drop: false }`
[INFO] running `Command { std: "docker" "rm" "-f" "54e2308a8d777dfff752a1c3681b676718d587992e55a3f25b23b2e83649e957", kill_on_drop: false }`
[INFO] [stdout] 54e2308a8d777dfff752a1c3681b676718d587992e55a3f25b23b2e83649e957
[INFO] running `Command { std: "docker" "create" "-v" "/var/lib/crater-agent-workspace/builds/worker-3-tc1/target:/opt/rustwide/target:rw,Z" "-v" "/var/lib/crater-agent-workspace/builds/worker-3-tc1/source:/opt/rustwide/workdir:ro,Z" "-v" "/var/lib/crater-agent-workspace/cargo-home:/opt/rustwide/cargo-home:ro,Z" "-v" "/var/lib/crater-agent-workspace/rustup-home:/opt/rustwide/rustup-home:ro,Z" "-e" "SOURCE_DIR=/opt/rustwide/workdir" "-e" "CARGO_TARGET_DIR=/opt/rustwide/target" "-e" "CARGO_INCREMENTAL=0" "-e" "RUST_BACKTRACE=full" "-e" "RUSTFLAGS=--cap-lints=warn" "-e" "RUSTDOCFLAGS=--cap-lints=warn" "-e" "CARGO_HOME=/opt/rustwide/cargo-home" "-e" "RUSTUP_HOME=/opt/rustwide/rustup-home" "-w" "/opt/rustwide/workdir" "-m" "1610612736" "--user" "0:0" "--network" "none" "ghcr.io/rust-lang/crates-build-env/linux@sha256:5ff2268d62e97bff2cde7d5815dd6ed5b47097566f13b8d0ca110b04b60e07ed" "/opt/rustwide/cargo-home/bin/cargo" "+1.69.0" "test" "--frozen", kill_on_drop: false }`
[INFO] [stdout] c0f08fe7ec3b4e2612d0a2767b7684b21f6d6b03b05d973644e23112d3357ef2
[INFO] running `Command { std: "docker" "start" "-a" "c0f08fe7ec3b4e2612d0a2767b7684b21f6d6b03b05d973644e23112d3357ef2", kill_on_drop: false }`
[INFO] [stderr] warning: unused import: `self`
[INFO] [stderr]  --> src/compiler/syntax.rs:2:15
[INFO] [stderr]   |
[INFO] [stderr] 2 | use std::fs::{self, File, OpenOptions};
[INFO] [stderr]   |               ^^^^
[INFO] [stderr]   |
[INFO] [stderr]   = note: `#[warn(unused_imports)]` on by default
[INFO] [stderr] 
[INFO] [stderr] warning: unused variable: `filename`
[INFO] [stderr]    --> src/compiler/syntax.rs:124:43
[INFO] [stderr]     |
[INFO] [stderr] 124 |     pub fn create_symbol_table(&mut self, filename: &str) {
[INFO] [stderr]     |                                           ^^^^^^^^ help: if this is intentional, prefix it with an underscore: `_filename`
[INFO] [stderr]     |
[INFO] [stderr]     = note: `#[warn(unused_variables)]` on by default
[INFO] [stderr] 
[INFO] [stderr] warning: variable does not need to be mutable
[INFO] [stderr]   --> src/compiler/codegen.rs:61:25
[INFO] [stderr]    |
[INFO] [stderr] 61 |                     let mut line_vec: Vec<&str>;
[INFO] [stderr]    |                         ----^^^^^^^^
[INFO] [stderr]    |                         |
[INFO] [stderr]    |                         help: remove this `mut`
[INFO] [stderr]    |
[INFO] [stderr]    = note: `#[warn(unused_mut)]` on by default
[INFO] [stderr] 
[INFO] [stderr] warning: function `print_matrix` is never used
[INFO] [stderr]   --> src/boolean/matrix.rs:82:8
[INFO] [stderr]    |
[INFO] [stderr] 82 | pub fn print_matrix(m: &Matrix) {
[INFO] [stderr]    |        ^^^^^^^^^^^^
[INFO] [stderr]    |
[INFO] [stderr]    = note: `#[warn(dead_code)]` on by default
[INFO] [stderr] 
[INFO] [stderr] warning: associated function `token_to_file` is never used
[INFO] [stderr]    --> src/compiler/lexical.rs:138:12
[INFO] [stderr]     |
[INFO] [stderr] 138 |     pub fn token_to_file(token: Token) {
[INFO] [stderr]     |            ^^^^^^^^^^^^^
[INFO] [stderr] 
[INFO] [stderr] warning: method `program` is never used
[INFO] [stderr]    --> src/compiler/syntax.rs:345:8
[INFO] [stderr]     |
[INFO] [stderr] 345 |     fn program(&mut self) {
[INFO] [stderr]     |        ^^^^^^^
[INFO] [stderr] 
[INFO] [stderr] warning: method `block` is never used
[INFO] [stderr]    --> src/compiler/syntax.rs:374:8
[INFO] [stderr]     |
[INFO] [stderr] 374 |     fn block(&mut self) {
[INFO] [stderr]     |        ^^^^^
[INFO] [stderr] 
[INFO] [stderr] warning: method `const_def_part` is never used
[INFO] [stderr]    --> src/compiler/syntax.rs:378:8
[INFO] [stderr]     |
[INFO] [stderr] 378 |     fn const_def_part(&mut self) {
[INFO] [stderr]     |        ^^^^^^^^^^^^^^
[INFO] [stderr] 
[INFO] [stderr] warning: method `const_list` is never used
[INFO] [stderr]    --> src/compiler/syntax.rs:382:8
[INFO] [stderr]     |
[INFO] [stderr] 382 |     fn const_list(&mut self) {
[INFO] [stderr]     |        ^^^^^^^^^^
[INFO] [stderr] 
[INFO] [stderr] warning: method `var_def_part` is never used
[INFO] [stderr]    --> src/compiler/syntax.rs:386:8
[INFO] [stderr]     |
[INFO] [stderr] 386 |     fn var_def_part(&mut self) {
[INFO] [stderr]     |        ^^^^^^^^^^^^
[INFO] [stderr] 
[INFO] [stderr] warning: method `var_list` is never used
[INFO] [stderr]    --> src/compiler/syntax.rs:390:8
[INFO] [stderr]     |
[INFO] [stderr] 390 |     fn var_list(&mut self) {
[INFO] [stderr]     |        ^^^^^^^^
[INFO] [stderr] 
[INFO] [stderr] warning: method `proc_def_part` is never used
[INFO] [stderr]    --> src/compiler/syntax.rs:394:8
[INFO] [stderr]     |
[INFO] [stderr] 394 |     fn proc_def_part(&mut self) {
[INFO] [stderr]     |        ^^^^^^^^^^^^^
[INFO] [stderr] 
[INFO] [stderr] warning: method `stmt` is never used
[INFO] [stderr]    --> src/compiler/syntax.rs:398:8
[INFO] [stderr]     |
[INFO] [stderr] 398 |     fn stmt(&mut self) {
[INFO] [stderr]     |        ^^^^
[INFO] [stderr] 
[INFO] [stderr] warning: method `call_stmt` is never used
[INFO] [stderr]    --> src/compiler/syntax.rs:402:8
[INFO] [stderr]     |
[INFO] [stderr] 402 |     fn call_stmt(&mut self) {
[INFO] [stderr]     |        ^^^^^^^^^
[INFO] [stderr] 
[INFO] [stderr] warning: method `param_list` is never used
[INFO] [stderr]    --> src/compiler/syntax.rs:406:8
[INFO] [stderr]     |
[INFO] [stderr] 406 |     fn param_list(&mut self) {
[INFO] [stderr]     |        ^^^^^^^^^^
[INFO] [stderr] 
[INFO] [stderr] warning: method `ident_list` is never used
[INFO] [stderr]    --> src/compiler/syntax.rs:410:8
[INFO] [stderr]     |
[INFO] [stderr] 410 |     fn ident_list(&mut self) {
[INFO] [stderr]     |        ^^^^^^^^^^
[INFO] [stderr] 
[INFO] [stderr] warning: method `comp_stmt` is never used
[INFO] [stderr]    --> src/compiler/syntax.rs:414:8
[INFO] [stderr]     |
[INFO] [stderr] 414 |     fn comp_stmt(&mut self) {
[INFO] [stderr]     |        ^^^^^^^^^
[INFO] [stderr] 
[INFO] [stderr] warning: method `stmt_list` is never used
[INFO] [stderr]    --> src/compiler/syntax.rs:418:8
[INFO] [stderr]     |
[INFO] [stderr] 418 |     fn stmt_list(&mut self) {
[INFO] [stderr]     |        ^^^^^^^^^
[INFO] [stderr] 
[INFO] [stderr] warning: method `if_stmt` is never used
[INFO] [stderr]    --> src/compiler/syntax.rs:422:8
[INFO] [stderr]     |
[INFO] [stderr] 422 |     fn if_stmt(&mut self) {
[INFO] [stderr]     |        ^^^^^^^
[INFO] [stderr] 
[INFO] [stderr] warning: method `while_stmt` is never used
[INFO] [stderr]    --> src/compiler/syntax.rs:426:8
[INFO] [stderr]     |
[INFO] [stderr] 426 |     fn while_stmt(&mut self) {
[INFO] [stderr]     |        ^^^^^^^^^^
[INFO] [stderr] 
[INFO] [stderr] warning: method `bool_exp` is never used
[INFO] [stderr]    --> src/compiler/syntax.rs:430:8
[INFO] [stderr]     |
[INFO] [stderr] 430 |     fn bool_exp(&mut self) {
[INFO] [stderr]     |        ^^^^^^^^
[INFO] [stderr] 
[INFO] [stderr] warning: method `rel_op` is never used
[INFO] [stderr]    --> src/compiler/syntax.rs:434:8
[INFO] [stderr]     |
[INFO] [stderr] 434 |     fn rel_op(&mut self) {
[INFO] [stderr]     |        ^^^^^^
[INFO] [stderr] 
[INFO] [stderr] warning: `lang-translator` (bin "lang-translator" test) generated 22 warnings (run `cargo fix --bin "lang-translator" --tests` to apply 3 suggestions)
[INFO] [stderr]     Finished test [unoptimized + debuginfo] target(s) in 0.00s
[INFO] [stderr]      Running unittests src/main.rs (/opt/rustwide/target/debug/deps/lang_translator-7ad4e7c5124e7f6f)
[INFO] [stdout] 
[INFO] [stdout] running 2 tests
[INFO] [stdout] test compiler::codegen::test::test_program1 ... FAILED
[INFO] [stdout] test compiler::codegen::test::test_program2 ... FAILED
[INFO] [stdout] 
[INFO] [stdout] failures:
[INFO] [stdout] 
[INFO] [stdout] ---- compiler::codegen::test::test_program1 stdout ----
[INFO] [stdout] thread 'compiler::codegen::test::test_program1' panicked at 'called `Option::unwrap()` on a `None` value', src/compiler/lexical.rs:169:18
[INFO] [stdout] stack backtrace:
[INFO] [stdout]    0:     0x55be6d59264a - std::backtrace_rs::backtrace::libunwind::trace::ha9053a9a07ca49cb
[INFO] [stdout]                                at /rustc/84c898d65adf2f39a5a98507f1fe0ce10a2b8dbc/library/std/src/../../backtrace/src/backtrace/libunwind.rs:93:5
[INFO] [stdout]    1:     0x55be6d59264a - std::backtrace_rs::backtrace::trace_unsynchronized::h9c2852a457ad564e
[INFO] [stdout]                                at /rustc/84c898d65adf2f39a5a98507f1fe0ce10a2b8dbc/library/std/src/../../backtrace/src/backtrace/mod.rs:66:5
[INFO] [stdout]    2:     0x55be6d59264a - std::sys_common::backtrace::_print_fmt::h457936fbfaa0070f
[INFO] [stdout]                                at /rustc/84c898d65adf2f39a5a98507f1fe0ce10a2b8dbc/library/std/src/sys_common/backtrace.rs:65:5
[INFO] [stdout]    3:     0x55be6d59264a - <std::sys_common::backtrace::_print::DisplayBacktrace as core::fmt::Display>::fmt::h5779d7bf7f70cb0c
[INFO] [stdout]                                at /rustc/84c898d65adf2f39a5a98507f1fe0ce10a2b8dbc/library/std/src/sys_common/backtrace.rs:44:22
[INFO] [stdout]    4:     0x55be6d5b682e - core::fmt::write::h5a4baaff1bcd3eb5
[INFO] [stdout]                                at /rustc/84c898d65adf2f39a5a98507f1fe0ce10a2b8dbc/library/core/src/fmt/mod.rs:1232:17
[INFO] [stdout]    5:     0x55be6d58faa5 - std::io::Write::write_fmt::h478f79c628ef31d1
[INFO] [stdout]                                at /rustc/84c898d65adf2f39a5a98507f1fe0ce10a2b8dbc/library/std/src/io/mod.rs:1684:15
[INFO] [stdout]    6:     0x55be6d592415 - std::sys_common::backtrace::_print::h5fcdc36060f177e8
[INFO] [stdout]                                at /rustc/84c898d65adf2f39a5a98507f1fe0ce10a2b8dbc/library/std/src/sys_common/backtrace.rs:47:5
[INFO] [stdout]    7:     0x55be6d592415 - std::sys_common::backtrace::print::h54ca9458b876c8bf
[INFO] [stdout]                                at /rustc/84c898d65adf2f39a5a98507f1fe0ce10a2b8dbc/library/std/src/sys_common/backtrace.rs:34:9
[INFO] [stdout]    8:     0x55be6d5941df - std::panicking::default_hook::{{closure}}::hbe471161c7664ed6
[INFO] [stdout]                                at /rustc/84c898d65adf2f39a5a98507f1fe0ce10a2b8dbc/library/std/src/panicking.rs:271:22
[INFO] [stdout]    9:     0x55be6d593e9f - std::panicking::default_hook::ha3500da57aa4ac4f
[INFO] [stdout]                                at /rustc/84c898d65adf2f39a5a98507f1fe0ce10a2b8dbc/library/std/src/panicking.rs:287:9
[INFO] [stdout]   10:     0x55be6d566877 - <alloc::boxed::Box<F,A> as core::ops::function::Fn<Args>>::call::hdf1b89dd137ece34
[INFO] [stdout]                                at /rustc/84c898d65adf2f39a5a98507f1fe0ce10a2b8dbc/library/alloc/src/boxed.rs:2001:9
[INFO] [stdout]   11:     0x55be6d566877 - test::test_main::{{closure}}::h9081a79f20e75698
[INFO] [stdout]                                at /rustc/84c898d65adf2f39a5a98507f1fe0ce10a2b8dbc/library/test/src/lib.rs:135:21
[INFO] [stdout]   12:     0x55be6d59490d - <alloc::boxed::Box<F,A> as core::ops::function::Fn<Args>>::call::h6507bddc3eebb4a5
[INFO] [stdout]                                at /rustc/84c898d65adf2f39a5a98507f1fe0ce10a2b8dbc/library/alloc/src/boxed.rs:2001:9
[INFO] [stdout]   13:     0x55be6d59490d - std::panicking::rust_panic_with_hook::h50c09d000dc561d2
[INFO] [stdout]                                at /rustc/84c898d65adf2f39a5a98507f1fe0ce10a2b8dbc/library/std/src/panicking.rs:696:13
[INFO] [stdout]   14:     0x55be6d594642 - std::panicking::begin_panic_handler::{{closure}}::h9e2b2176e00e0d9c
[INFO] [stdout]                                at /rustc/84c898d65adf2f39a5a98507f1fe0ce10a2b8dbc/library/std/src/panicking.rs:581:13
[INFO] [stdout]   15:     0x55be6d592ab6 - std::sys_common::backtrace::__rust_end_short_backtrace::h5739b8e512c09d02
[INFO] [stdout]                                at /rustc/84c898d65adf2f39a5a98507f1fe0ce10a2b8dbc/library/std/src/sys_common/backtrace.rs:150:18
[INFO] [stdout]   16:     0x55be6d594392 - rust_begin_unwind
[INFO] [stdout]                                at /rustc/84c898d65adf2f39a5a98507f1fe0ce10a2b8dbc/library/std/src/panicking.rs:579:5
[INFO] [stdout]   17:     0x55be6d512c23 - core::panicking::panic_fmt::hf33a1475b4dc5c3e
[INFO] [stdout]                                at /rustc/84c898d65adf2f39a5a98507f1fe0ce10a2b8dbc/library/core/src/panicking.rs:64:14
[INFO] [stdout]   18:     0x55be6d512cbd - core::panicking::panic::h9533b2fee90b999e
[INFO] [stdout]                                at /rustc/84c898d65adf2f39a5a98507f1fe0ce10a2b8dbc/library/core/src/panicking.rs:114:5
[INFO] [stdout]   19:     0x55be6d5312d5 - core::option::Option<T>::unwrap::h7edccca00cad6d10
[INFO] [stdout]                                at /rustc/84c898d65adf2f39a5a98507f1fe0ce10a2b8dbc/library/core/src/option.rs:942:21
[INFO] [stdout]   20:     0x55be6d52f39b - lang_translator::compiler::lexical::Tokenize::table_lookup::hbc30b7338cf90024
[INFO] [stdout]                                at /opt/rustwide/workdir/src/compiler/lexical.rs:164:20
[INFO] [stdout]   21:     0x55be6d52f90d - <lang_translator::compiler::lexical::Tokenize as core::iter::traits::iterator::Iterator>::next::h3b74a49de00eab1c
[INFO] [stdout]                                at /opt/rustwide/workdir/src/compiler/lexical.rs:270:17
[INFO] [stdout]   22:     0x55be6d525d63 - lang_translator::compiler::syntax::Syntax::tokens_from_memory::h514fae1128eb18c4
[INFO] [stdout]                                at /opt/rustwide/workdir/src/compiler/syntax.rs:180:33
[INFO] [stdout]   23:     0x55be6d524c5e - lang_translator::compiler::syntax::Syntax::new::h8e3dc428de89d548
[INFO] [stdout]                                at /opt/rustwide/workdir/src/compiler/syntax.rs:84:22
[INFO] [stdout]   24:     0x55be6d51f617 - lang_translator::compiler::codegen::test::test_program1::h0b72d08b31150cc5
[INFO] [stdout]                                at /opt/rustwide/workdir/src/compiler/codegen.rs:214:23
[INFO] [stdout]   25:     0x55be6d51f5c7 - lang_translator::compiler::codegen::test::test_program1::{{closure}}::h8b91aa891e87f756
[INFO] [stdout]                                at /opt/rustwide/workdir/src/compiler/codegen.rs:213:24
[INFO] [stdout]   26:     0x55be6d528915 - core::ops::function::FnOnce::call_once::h0a795919447665cc
[INFO] [stdout]                                at /rustc/84c898d65adf2f39a5a98507f1fe0ce10a2b8dbc/library/core/src/ops/function.rs:250:5
[INFO] [stdout]   27:     0x55be6d56bc5f - core::ops::function::FnOnce::call_once::h7d969581be7d0075
[INFO] [stdout]                                at /rustc/84c898d65adf2f39a5a98507f1fe0ce10a2b8dbc/library/core/src/ops/function.rs:250:5
[INFO] [stdout]   28:     0x55be6d56bc5f - test::__rust_begin_short_backtrace::hca25a52684e56655
[INFO] [stdout]                                at /rustc/84c898d65adf2f39a5a98507f1fe0ce10a2b8dbc/library/test/src/lib.rs:656:18
[INFO] [stdout]   29:     0x55be6d53d27c - test::run_test::{{closure}}::ha8ac744c4af1a4bb
[INFO] [stdout]                                at /rustc/84c898d65adf2f39a5a98507f1fe0ce10a2b8dbc/library/test/src/lib.rs:647:30
[INFO] [stdout]   30:     0x55be6d53d27c - core::ops::function::FnOnce::call_once{{vtable.shim}}::h7b411a9ed45bdecf
[INFO] [stdout]                                at /rustc/84c898d65adf2f39a5a98507f1fe0ce10a2b8dbc/library/core/src/ops/function.rs:250:5
[INFO] [stdout]   31:     0x55be6d56ac26 - <alloc::boxed::Box<F,A> as core::ops::function::FnOnce<Args>>::call_once::hd05328869a8ed200
[INFO] [stdout]                                at /rustc/84c898d65adf2f39a5a98507f1fe0ce10a2b8dbc/library/alloc/src/boxed.rs:1987:9
[INFO] [stdout]   32:     0x55be6d56ac26 - <core::panic::unwind_safe::AssertUnwindSafe<F> as core::ops::function::FnOnce<()>>::call_once::h0c601ce20bd5b2be
[INFO] [stdout]                                at /rustc/84c898d65adf2f39a5a98507f1fe0ce10a2b8dbc/library/core/src/panic/unwind_safe.rs:271:9
[INFO] [stdout]   33:     0x55be6d56ac26 - std::panicking::try::do_call::ha4be5c164fe30854
[INFO] [stdout]                                at /rustc/84c898d65adf2f39a5a98507f1fe0ce10a2b8dbc/library/std/src/panicking.rs:487:40
[INFO] [stdout]   34:     0x55be6d56ac26 - std::panicking::try::h604546f3609af05f
[INFO] [stdout]                                at /rustc/84c898d65adf2f39a5a98507f1fe0ce10a2b8dbc/library/std/src/panicking.rs:451:19
[INFO] [stdout]   35:     0x55be6d56ac26 - std::panic::catch_unwind::h5bfa8afe44c9c2f9
[INFO] [stdout]                                at /rustc/84c898d65adf2f39a5a98507f1fe0ce10a2b8dbc/library/std/src/panic.rs:140:14
[INFO] [stdout]   36:     0x55be6d56ac26 - test::run_test_in_process::hd50dee55dd63e6aa
[INFO] [stdout]                                at /rustc/84c898d65adf2f39a5a98507f1fe0ce10a2b8dbc/library/test/src/lib.rs:679:27
[INFO] [stdout]   37:     0x55be6d56ac26 - test::run_test::run_test_inner::{{closure}}::h4aa0f433aa85cea8
[INFO] [stdout]                                at /rustc/84c898d65adf2f39a5a98507f1fe0ce10a2b8dbc/library/test/src/lib.rs:573:39
[INFO] [stdout]   38:     0x55be6d5378f1 - test::run_test::run_test_inner::{{closure}}::had56431adf24b4d6
[INFO] [stdout]                                at /rustc/84c898d65adf2f39a5a98507f1fe0ce10a2b8dbc/library/test/src/lib.rs:600:37
[INFO] [stdout]   39:     0x55be6d5378f1 - std::sys_common::backtrace::__rust_begin_short_backtrace::ha8d9890e0c73bf13
[INFO] [stdout]                                at /rustc/84c898d65adf2f39a5a98507f1fe0ce10a2b8dbc/library/std/src/sys_common/backtrace.rs:134:18
[INFO] [stdout]   40:     0x55be6d53d30b - std::thread::Builder::spawn_unchecked_::{{closure}}::{{closure}}::h251832bcb4a95327
[INFO] [stdout]                                at /rustc/84c898d65adf2f39a5a98507f1fe0ce10a2b8dbc/library/std/src/thread/mod.rs:560:17
[INFO] [stdout]   41:     0x55be6d53d30b - <core::panic::unwind_safe::AssertUnwindSafe<F> as core::ops::function::FnOnce<()>>::call_once::h8fdff598fa414831
[INFO] [stdout]                                at /rustc/84c898d65adf2f39a5a98507f1fe0ce10a2b8dbc/library/core/src/panic/unwind_safe.rs:271:9
[INFO] [stdout]   42:     0x55be6d53d30b - std::panicking::try::do_call::h455dd2f7764a950f
[INFO] [stdout]                                at /rustc/84c898d65adf2f39a5a98507f1fe0ce10a2b8dbc/library/std/src/panicking.rs:487:40
[INFO] [stdout]   43:     0x55be6d53d30b - std::panicking::try::had6f23b7b73ae72a
[INFO] [stdout]                                at /rustc/84c898d65adf2f39a5a98507f1fe0ce10a2b8dbc/library/std/src/panicking.rs:451:19
[INFO] [stdout]   44:     0x55be6d53d30b - std::panic::catch_unwind::ha6a5ca3915b4dad0
[INFO] [stdout]                                at /rustc/84c898d65adf2f39a5a98507f1fe0ce10a2b8dbc/library/std/src/panic.rs:140:14
[INFO] [stdout]   45:     0x55be6d53d30b - std::thread::Builder::spawn_unchecked_::{{closure}}::h883b72ef75da6231
[INFO] [stdout]                                at /rustc/84c898d65adf2f39a5a98507f1fe0ce10a2b8dbc/library/std/src/thread/mod.rs:559:30
[INFO] [stdout]   46:     0x55be6d53d30b - core::ops::function::FnOnce::call_once{{vtable.shim}}::hb7dff73dc8bd2ccb
[INFO] [stdout]                                at /rustc/84c898d65adf2f39a5a98507f1fe0ce10a2b8dbc/library/core/src/ops/function.rs:250:5
[INFO] [stdout]   47:     0x55be6d598d53 - <alloc::boxed::Box<F,A> as core::ops::function::FnOnce<Args>>::call_once::h39990b24eedef2ab
[INFO] [stdout]                                at /rustc/84c898d65adf2f39a5a98507f1fe0ce10a2b8dbc/library/alloc/src/boxed.rs:1987:9
[INFO] [stdout]   48:     0x55be6d598d53 - <alloc::boxed::Box<F,A> as core::ops::function::FnOnce<Args>>::call_once::h01a027258444143b
[INFO] [stdout]                                at /rustc/84c898d65adf2f39a5a98507f1fe0ce10a2b8dbc/library/alloc/src/boxed.rs:1987:9
[INFO] [stdout]   49:     0x55be6d598d53 - std::sys::unix::thread::Thread::new::thread_start::ha4f1cdd9c25884ba
[INFO] [stdout]                                at /rustc/84c898d65adf2f39a5a98507f1fe0ce10a2b8dbc/library/std/src/sys/unix/thread.rs:108:17
[INFO] [stdout]   50:     0x7f4d2e035b43 - <unknown>
[INFO] [stdout]   51:     0x7f4d2e0c6bb4 - __clone
[INFO] [stdout]   52:                0x0 - <unknown>
[INFO] [stdout] 
[INFO] [stdout] ---- compiler::codegen::test::test_program2 stdout ----
[INFO] [stdout] thread 'compiler::codegen::test::test_program2' panicked at 'called `Option::unwrap()` on a `None` value', src/compiler/lexical.rs:169:18
[INFO] [stdout] stack backtrace:
[INFO] [stdout]    0:     0x55be6d59264a - std::backtrace_rs::backtrace::libunwind::trace::ha9053a9a07ca49cb
[INFO] [stdout]                                at /rustc/84c898d65adf2f39a5a98507f1fe0ce10a2b8dbc/library/std/src/../../backtrace/src/backtrace/libunwind.rs:93:5
[INFO] [stdout]    1:     0x55be6d59264a - std::backtrace_rs::backtrace::trace_unsynchronized::h9c2852a457ad564e
[INFO] [stdout]                                at /rustc/84c898d65adf2f39a5a98507f1fe0ce10a2b8dbc/library/std/src/../../backtrace/src/backtrace/mod.rs:66:5
[INFO] [stdout]    2:     0x55be6d59264a - std::sys_common::backtrace::_print_fmt::h457936fbfaa0070f
[INFO] [stdout]                                at /rustc/84c898d65adf2f39a5a98507f1fe0ce10a2b8dbc/library/std/src/sys_common/backtrace.rs:65:5
[INFO] [stdout]    3:     0x55be6d59264a - <std::sys_common::backtrace::_print::DisplayBacktrace as core::fmt::Display>::fmt::h5779d7bf7f70cb0c
[INFO] [stdout]                                at /rustc/84c898d65adf2f39a5a98507f1fe0ce10a2b8dbc/library/std/src/sys_common/backtrace.rs:44:22
[INFO] [stdout]    4:     0x55be6d5b682e - core::fmt::write::h5a4baaff1bcd3eb5
[INFO] [stdout]                                at /rustc/84c898d65adf2f39a5a98507f1fe0ce10a2b8dbc/library/core/src/fmt/mod.rs:1232:17
[INFO] [stdout]    5:     0x55be6d58faa5 - std::io::Write::write_fmt::h478f79c628ef31d1
[INFO] [stdout]                                at /rustc/84c898d65adf2f39a5a98507f1fe0ce10a2b8dbc/library/std/src/io/mod.rs:1684:15
[INFO] [stdout]    6:     0x55be6d592415 - std::sys_common::backtrace::_print::h5fcdc36060f177e8
[INFO] [stdout]                                at /rustc/84c898d65adf2f39a5a98507f1fe0ce10a2b8dbc/library/std/src/sys_common/backtrace.rs:47:5
[INFO] [stdout]    7:     0x55be6d592415 - std::sys_common::backtrace::print::h54ca9458b876c8bf
[INFO] [stdout]                                at /rustc/84c898d65adf2f39a5a98507f1fe0ce10a2b8dbc/library/std/src/sys_common/backtrace.rs:34:9
[INFO] [stdout]    8:     0x55be6d5941df - std::panicking::default_hook::{{closure}}::hbe471161c7664ed6
[INFO] [stdout]                                at /rustc/84c898d65adf2f39a5a98507f1fe0ce10a2b8dbc/library/std/src/panicking.rs:271:22
[INFO] [stdout]    9:     0x55be6d593e9f - std::panicking::default_hook::ha3500da57aa4ac4f
[INFO] [stdout]                                at /rustc/84c898d65adf2f39a5a98507f1fe0ce10a2b8dbc/library/std/src/panicking.rs:287:9
[INFO] [stdout]   10:     0x55be6d566877 - <alloc::boxed::Box<F,A> as core::ops::function::Fn<Args>>::call::hdf1b89dd137ece34
[INFO] [stdout]                                at /rustc/84c898d65adf2f39a5a98507f1fe0ce10a2b8dbc/library/alloc/src/boxed.rs:2001:9
[INFO] [stdout]   11:     0x55be6d566877 - test::test_main::{{closure}}::h9081a79f20e75698
[INFO] [stdout]                                at /rustc/84c898d65adf2f39a5a98507f1fe0ce10a2b8dbc/library/test/src/lib.rs:135:21
[INFO] [stdout]   12:     0x55be6d59490d - <alloc::boxed::Box<F,A> as core::ops::function::Fn<Args>>::call::h6507bddc3eebb4a5
[INFO] [stdout]                                at /rustc/84c898d65adf2f39a5a98507f1fe0ce10a2b8dbc/library/alloc/src/boxed.rs:2001:9
[INFO] [stdout]   13:     0x55be6d59490d - std::panicking::rust_panic_with_hook::h50c09d000dc561d2
[INFO] [stdout]                                at /rustc/84c898d65adf2f39a5a98507f1fe0ce10a2b8dbc/library/std/src/panicking.rs:696:13
[INFO] [stdout]   14:     0x55be6d594642 - std::panicking::begin_panic_handler::{{closure}}::h9e2b2176e00e0d9c
[INFO] [stdout]                                at /rustc/84c898d65adf2f39a5a98507f1fe0ce10a2b8dbc/library/std/src/panicking.rs:581:13
[INFO] [stdout]   15:     0x55be6d592ab6 - std::sys_common::backtrace::__rust_end_short_backtrace::h5739b8e512c09d02
[INFO] [stdout]                                at /rustc/84c898d65adf2f39a5a98507f1fe0ce10a2b8dbc/library/std/src/sys_common/backtrace.rs:150:18
[INFO] [stdout]   16:     0x55be6d594392 - rust_begin_unwind
[INFO] [stdout]                                at /rustc/84c898d65adf2f39a5a98507f1fe0ce10a2b8dbc/library/std/src/panicking.rs:579:5
[INFO] [stdout]   17:     0x55be6d512c23 - core::panicking::panic_fmt::hf33a1475b4dc5c3e
[INFO] [stdout]                                at /rustc/84c898d65adf2f39a5a98507f1fe0ce10a2b8dbc/library/core/src/panicking.rs:64:14
[INFO] [stdout]   18:     0x55be6d512cbd - core::panicking::panic::h9533b2fee90b999e
[INFO] [stdout]                                at /rustc/84c898d65adf2f39a5a98507f1fe0ce10a2b8dbc/library/core/src/panicking.rs:114:5
[INFO] [stdout]   19:     0x55be6d5312d5 - core::option::Option<T>::unwrap::h7edccca00cad6d10
[INFO] [stdout]                                at /rustc/84c898d65adf2f39a5a98507f1fe0ce10a2b8dbc/library/core/src/option.rs:942:21
[INFO] [stdout]   20:     0x55be6d52f39b - lang_translator::compiler::lexical::Tokenize::table_lookup::hbc30b7338cf90024
[INFO] [stdout]                                at /opt/rustwide/workdir/src/compiler/lexical.rs:164:20
[INFO] [stdout]   21:     0x55be6d52f90d - <lang_translator::compiler::lexical::Tokenize as core::iter::traits::iterator::Iterator>::next::h3b74a49de00eab1c
[INFO] [stdout]                                at /opt/rustwide/workdir/src/compiler/lexical.rs:270:17
[INFO] [stdout]   22:     0x55be6d525d63 - lang_translator::compiler::syntax::Syntax::tokens_from_memory::h514fae1128eb18c4
[INFO] [stdout]                                at /opt/rustwide/workdir/src/compiler/syntax.rs:180:33
[INFO] [stdout]   23:     0x55be6d524c5e - lang_translator::compiler::syntax::Syntax::new::h8e3dc428de89d548
[INFO] [stdout]                                at /opt/rustwide/workdir/src/compiler/syntax.rs:84:22
[INFO] [stdout]   24:     0x55be6d51f997 - lang_translator::compiler::codegen::test::test_program2::h39e5260b037850fa
[INFO] [stdout]                                at /opt/rustwide/workdir/src/compiler/codegen.rs:228:23
[INFO] [stdout]   25:     0x55be6d51f947 - lang_translator::compiler::codegen::test::test_program2::{{closure}}::h286987d7fbcdd5c1
[INFO] [stdout]                                at /opt/rustwide/workdir/src/compiler/codegen.rs:227:24
[INFO] [stdout]   26:     0x55be6d5289d5 - core::ops::function::FnOnce::call_once::hf37e26aabff8a2d5
[INFO] [stdout]                                at /rustc/84c898d65adf2f39a5a98507f1fe0ce10a2b8dbc/library/core/src/ops/function.rs:250:5
[INFO] [stdout]   27:     0x55be6d56bc5f - core::ops::function::FnOnce::call_once::h7d969581be7d0075
[INFO] [stdout]                                at /rustc/84c898d65adf2f39a5a98507f1fe0ce10a2b8dbc/library/core/src/ops/function.rs:250:5
[INFO] [stdout]   28:     0x55be6d56bc5f - test::__rust_begin_short_backtrace::hca25a52684e56655
[INFO] [stdout]                                at /rustc/84c898d65adf2f39a5a98507f1fe0ce10a2b8dbc/library/test/src/lib.rs:656:18
[INFO] [stdout]   29:     0x55be6d53d27c - test::run_test::{{closure}}::ha8ac744c4af1a4bb
[INFO] [stdout]                                at /rustc/84c898d65adf2f39a5a98507f1fe0ce10a2b8dbc/library/test/src/lib.rs:647:30
[INFO] [stdout]   30:     0x55be6d53d27c - core::ops::function::FnOnce::call_once{{vtable.shim}}::h7b411a9ed45bdecf
[INFO] [stdout]                                at /rustc/84c898d65adf2f39a5a98507f1fe0ce10a2b8dbc/library/core/src/ops/function.rs:250:5
[INFO] [stdout]   31:     0x55be6d56ac26 - <alloc::boxed::Box<F,A> as core::ops::function::FnOnce<Args>>::call_once::hd05328869a8ed200
[INFO] [stdout]                                at /rustc/84c898d65adf2f39a5a98507f1fe0ce10a2b8dbc/library/alloc/src/boxed.rs:1987:9
[INFO] [stdout]   32:     0x55be6d56ac26 - <core::panic::unwind_safe::AssertUnwindSafe<F> as core::ops::function::FnOnce<()>>::call_once::h0c601ce20bd5b2be
[INFO] [stdout]                                at /rustc/84c898d65adf2f39a5a98507f1fe0ce10a2b8dbc/library/core/src/panic/unwind_safe.rs:271:9
[INFO] [stdout]   33:     0x55be6d56ac26 - std::panicking::try::do_call::ha4be5c164fe30854
[INFO] [stdout]                                at /rustc/84c898d65adf2f39a5a98507f1fe0ce10a2b8dbc/library/std/src/panicking.rs:487:40
[INFO] [stdout]   34:     0x55be6d56ac26 - std::panicking::try::h604546f3609af05f
[INFO] [stdout]                                at /rustc/84c898d65adf2f39a5a98507f1fe0ce10a2b8dbc/library/std/src/panicking.rs:451:19
[INFO] [stdout]   35:     0x55be6d56ac26 - std::panic::catch_unwind::h5bfa8afe44c9c2f9
[INFO] [stdout]                                at /rustc/84c898d65adf2f39a5a98507f1fe0ce10a2b8dbc/library/std/src/panic.rs:140:14
[INFO] [stdout]   36:     0x55be6d56ac26 - test::run_test_in_process::hd50dee55dd63e6aa
[INFO] [stdout]                                at /rustc/84c898d65adf2f39a5a98507f1fe0ce10a2b8dbc/library/test/src/lib.rs:679:27
[INFO] [stdout]   37:     0x55be6d56ac26 - test::run_test::run_test_inner::{{closure}}::h4aa0f433aa85cea8
[INFO] [stdout]                                at /rustc/84c898d65adf2f39a5a98507f1fe0ce10a2b8dbc/library/test/src/lib.rs:573:39
[INFO] [stdout]   38:     0x55be6d5378f1 - test::run_test::run_test_inner::{{closure}}::had56431adf24b4d6
[INFO] [stdout]                                at /rustc/84c898d65adf2f39a5a98507f1fe0ce10a2b8dbc/library/test/src/lib.rs:600:37
[INFO] [stdout]   39:     0x55be6d5378f1 - std::sys_common::backtrace::__rust_begin_short_backtrace::ha8d9890e0c73bf13
[INFO] [stdout]                                at /rustc/84c898d65adf2f39a5a98507f1fe0ce10a2b8dbc/library/std/src/sys_common/backtrace.rs:134:18
[INFO] [stdout]   40:     0x55be6d53d30b - std::thread::Builder::spawn_unchecked_::{{closure}}::{{closure}}::h251832bcb4a95327
[INFO] [stdout]                                at /rustc/84c898d65adf2f39a5a98507f1fe0ce10a2b8dbc/library/std/src/thread/mod.rs:560:17
[INFO] [stdout]   41:     0x55be6d53d30b - <core::panic::unwind_safe::AssertUnwindSafe<F> as core::ops::function::FnOnce<()>>::call_once::h8fdff598fa414831
[INFO] [stdout]                                at /rustc/84c898d65adf2f39a5a98507f1fe0ce10a2b8dbc/library/core/src/panic/unwind_safe.rs:271:9
[INFO] [stdout]   42:     0x55be6d53d30b - std::panicking::try::do_call::h455dd2f7764a950f
[INFO] [stdout]                                at /rustc/84c898d65adf2f39a5a98507f1fe0ce10a2b8dbc/library/std/src/panicking.rs:487:40
[INFO] [stdout]   43:     0x55be6d53d30b - std::panicking::try::had6f23b7b73ae72a
[INFO] [stdout]                                at /rustc/84c898d65adf2f39a5a98507f1fe0ce10a2b8dbc/library/std/src/panicking.rs:451:19
[INFO] [stdout]   44:     0x55be6d53d30b - std::panic::catch_unwind::ha6a5ca3915b4dad0
[INFO] [stdout]                                at /rustc/84c898d65adf2f39a5a98507f1fe0ce10a2b8dbc/library/std/src/panic.rs:140:14
[INFO] [stdout]   45:     0x55be6d53d30b - std::thread::Builder::spawn_unchecked_::{{closure}}::h883b72ef75da6231
[INFO] [stdout]                                at /rustc/84c898d65adf2f39a5a98507f1fe0ce10a2b8dbc/library/std/src/thread/mod.rs:559:30
[INFO] [stdout]   46:     0x55be6d53d30b - core::ops::function::FnOnce::call_once{{vtable.shim}}::hb7dff73dc8bd2ccb
[INFO] [stdout]                                at /rustc/84c898d65adf2f39a5a98507f1fe0ce10a2b8dbc/library/core/src/ops/function.rs:250:5
[INFO] [stdout]   47:     0x55be6d598d53 - <alloc::boxed::Box<F,A> as core::ops::function::FnOnce<Args>>::call_once::h39990b24eedef2ab
[INFO] [stdout]                                at /rustc/84c898d65adf2f39a5a98507f1fe0ce10a2b8dbc/library/alloc/src/boxed.rs:1987:9
[INFO] [stdout]   48:     0x55be6d598d53 - <alloc::boxed::Box<F,A> as core::ops::function::FnOnce<Args>>::call_once::h01a027258444143b
[INFO] [stdout]                                at /rustc/84c898d65adf2f39a5a98507f1fe0ce10a2b8dbc/library/alloc/src/boxed.rs:1987:9
[INFO] [stdout]   49:     0x55be6d598d53 - std::sys::unix::thread::Thread::new::thread_start::ha4f1cdd9c25884ba
[INFO] [stdout]                                at /rustc/84c898d65adf2f39a5a98507f1fe0ce10a2b8dbc/library/std/src/sys/unix/thread.rs:108:17
[INFO] [stdout]   50:     0x7f4d2e035b43 - <unknown>
[INFO] [stdout]   51:     0x7f4d2e0c6bb4 - __clone
[INFO] [stdout]   52:                0x0 - <unknown>
[INFO] [stdout] 
[INFO] [stdout] 
[INFO] [stdout] failures:
[INFO] [stdout]     compiler::codegen::test::test_program1
[INFO] [stdout]     compiler::codegen::test::test_program2
[INFO] [stdout] 
[INFO] [stdout] test result: FAILED. 0 passed; 2 failed; 0 ignored; 0 measured; 0 filtered out; finished in 0.01s
[INFO] [stdout] 
[INFO] [stderr] error: test failed, to rerun pass `--bin lang-translator`
[INFO] running `Command { std: "docker" "inspect" "c0f08fe7ec3b4e2612d0a2767b7684b21f6d6b03b05d973644e23112d3357ef2", kill_on_drop: false }`
[INFO] running `Command { std: "docker" "rm" "-f" "c0f08fe7ec3b4e2612d0a2767b7684b21f6d6b03b05d973644e23112d3357ef2", kill_on_drop: false }`
[INFO] [stdout] c0f08fe7ec3b4e2612d0a2767b7684b21f6d6b03b05d973644e23112d3357ef2
