[INFO] cloning repository https://github.com/TGElder/rust
[INFO] running `Command { std: "git" "-c" "credential.helper=" "-c" "credential.helper=/workspace/cargo-home/bin/git-credential-null" "clone" "--bare" "https://github.com/TGElder/rust" "/workspace/cache/git-repos/https%3A%2F%2Fgithub.com%2FTGElder%2Frust", kill_on_drop: false }`
[INFO] [stderr] Cloning into bare repository '/workspace/cache/git-repos/https%3A%2F%2Fgithub.com%2FTGElder%2Frust'...
[INFO] running `Command { std: "git" "rev-parse" "HEAD", kill_on_drop: false }`
[INFO] [stdout] fc5d4b4708d60817559a4735755d2b48f81ef7dd
[INFO] testing TGElder/rust against beta-2023-04-20 for beta-1.70-1
[INFO] running `Command { std: "git" "clone" "/workspace/cache/git-repos/https%3A%2F%2Fgithub.com%2FTGElder%2Frust" "/workspace/builds/worker-6-tc2/source", kill_on_drop: false }`
[INFO] [stderr] Cloning into '/workspace/builds/worker-6-tc2/source'...
[INFO] [stderr] done.
[INFO] validating manifest of git repo https://github.com/TGElder/rust on toolchain beta-2023-04-20
[INFO] running `Command { std: CARGO_HOME="/workspace/cargo-home" RUSTUP_HOME="/workspace/rustup-home" "/workspace/cargo-home/bin/cargo" "+beta-2023-04-20" "metadata" "--manifest-path" "Cargo.toml" "--no-deps", kill_on_drop: false }`
[INFO] started tweaking git repo https://github.com/TGElder/rust
[INFO] finished tweaking git repo https://github.com/TGElder/rust
[INFO] tweaked toml for git repo https://github.com/TGElder/rust written to /workspace/builds/worker-6-tc2/source/Cargo.toml
[INFO] crate git repo https://github.com/TGElder/rust already has a lockfile, it will not be regenerated
[INFO] running `Command { std: CARGO_HOME="/workspace/cargo-home" RUSTUP_HOME="/workspace/rustup-home" "/workspace/cargo-home/bin/cargo" "+beta-2023-04-20" "fetch" "--manifest-path" "Cargo.toml", kill_on_drop: false }`
[INFO] [stderr]     Updating crates.io index
[INFO] [stderr]  Downloading crates ...
[INFO] [stderr]   Downloaded hamcrest v0.1.5
[INFO] [stderr]   Downloaded line_drawing v0.8.0
[INFO] [stderr]   Downloaded simple_logger v1.11.0
[INFO] running `Command { std: "docker" "create" "-v" "/var/lib/crater-agent-workspace/builds/worker-6-tc2/target:/opt/rustwide/target:rw,Z" "-v" "/var/lib/crater-agent-workspace/builds/worker-6-tc2/source:/opt/rustwide/workdir:ro,Z" "-v" "/var/lib/crater-agent-workspace/cargo-home:/opt/rustwide/cargo-home:ro,Z" "-v" "/var/lib/crater-agent-workspace/rustup-home:/opt/rustwide/rustup-home:ro,Z" "-e" "SOURCE_DIR=/opt/rustwide/workdir" "-e" "CARGO_TARGET_DIR=/opt/rustwide/target" "-e" "CARGO_HOME=/opt/rustwide/cargo-home" "-e" "RUSTUP_HOME=/opt/rustwide/rustup-home" "-w" "/opt/rustwide/workdir" "-m" "1610612736" "--user" "0:0" "--network" "none" "ghcr.io/rust-lang/crates-build-env/linux@sha256:5ff2268d62e97bff2cde7d5815dd6ed5b47097566f13b8d0ca110b04b60e07ed" "/opt/rustwide/cargo-home/bin/cargo" "+beta-2023-04-20" "metadata" "--no-deps" "--format-version=1", kill_on_drop: false }`
[INFO] [stdout] 69f2a66806210fea9ea4674d594d0d5e27801abfa3bb8ab2d19624c8ca86ebc2
[INFO] running `Command { std: "docker" "start" "-a" "69f2a66806210fea9ea4674d594d0d5e27801abfa3bb8ab2d19624c8ca86ebc2", kill_on_drop: false }`
[INFO] running `Command { std: "docker" "inspect" "69f2a66806210fea9ea4674d594d0d5e27801abfa3bb8ab2d19624c8ca86ebc2", kill_on_drop: false }`
[INFO] running `Command { std: "docker" "rm" "-f" "69f2a66806210fea9ea4674d594d0d5e27801abfa3bb8ab2d19624c8ca86ebc2", kill_on_drop: false }`
[INFO] [stdout] 69f2a66806210fea9ea4674d594d0d5e27801abfa3bb8ab2d19624c8ca86ebc2
[INFO] running `Command { std: "docker" "create" "-v" "/var/lib/crater-agent-workspace/builds/worker-6-tc2/target:/opt/rustwide/target:rw,Z" "-v" "/var/lib/crater-agent-workspace/builds/worker-6-tc2/source:/opt/rustwide/workdir:ro,Z" "-v" "/var/lib/crater-agent-workspace/cargo-home:/opt/rustwide/cargo-home:ro,Z" "-v" "/var/lib/crater-agent-workspace/rustup-home:/opt/rustwide/rustup-home:ro,Z" "-e" "SOURCE_DIR=/opt/rustwide/workdir" "-e" "CARGO_TARGET_DIR=/opt/rustwide/target" "-e" "CARGO_INCREMENTAL=0" "-e" "RUST_BACKTRACE=full" "-e" "RUSTFLAGS=--cap-lints=warn" "-e" "RUSTDOCFLAGS=--cap-lints=warn" "-e" "CARGO_HOME=/opt/rustwide/cargo-home" "-e" "RUSTUP_HOME=/opt/rustwide/rustup-home" "-w" "/opt/rustwide/workdir" "-m" "1610612736" "--user" "0:0" "--network" "none" "ghcr.io/rust-lang/crates-build-env/linux@sha256:5ff2268d62e97bff2cde7d5815dd6ed5b47097566f13b8d0ca110b04b60e07ed" "/opt/rustwide/cargo-home/bin/cargo" "+beta-2023-04-20" "build" "--frozen" "--message-format=json", kill_on_drop: false }`
[INFO] [stdout] 64b4f261a49d3aa793c20f7ddd288096f953b7fcf7b4dc6094087ec8a8b294bb
[INFO] running `Command { std: "docker" "start" "-a" "64b4f261a49d3aa793c20f7ddd288096f953b7fcf7b4dc6094087ec8a8b294bb", kill_on_drop: false }`
[INFO] [stderr]    Compiling libc v0.2.95
[INFO] [stderr]    Compiling proc-macro2 v1.0.27
[INFO] [stderr]    Compiling unicode-xid v0.2.2
[INFO] [stderr]    Compiling syn v1.0.72
[INFO] [stderr]    Compiling version_check v0.9.3
[INFO] [stderr]    Compiling num-traits v0.2.14
[INFO] [stderr]    Compiling log v0.4.14
[INFO] [stderr]    Compiling memchr v2.4.0
[INFO] [stderr]    Compiling xml-rs v0.8.3
[INFO] [stderr]    Compiling num-integer v0.1.44
[INFO] [stderr]    Compiling pkg-config v0.3.19
[INFO] [stderr]    Compiling futures-core v0.3.15
[INFO] [stderr]    Compiling once_cell v1.7.2
[INFO] [stderr]    Compiling crossbeam-utils v0.8.5
[INFO] [stderr]    Compiling slab v0.4.3
[INFO] [stderr]    Compiling memoffset v0.6.4
[INFO] [stderr]    Compiling pin-project-lite v0.2.6
[INFO] [stderr]    Compiling crossbeam-epoch v0.9.5
[INFO] [stderr]    Compiling serde_derive v1.0.126
[INFO] [stderr]    Compiling futures-io v0.3.15
[INFO] [stderr]    Compiling libloading v0.7.0
[INFO] [stderr]    Compiling num-iter v0.1.42
[INFO] [stderr]    Compiling value-bag v1.0.0-alpha.7
[INFO] [stderr]    Compiling rayon-core v1.9.1
[INFO] [stderr]    Compiling serde v1.0.126
[INFO] [stderr]    Compiling smallvec v1.6.1
[INFO] [stderr]    Compiling wayland-sys v0.28.5
[INFO] [stderr]    Compiling dlib v0.5.0
[INFO] [stderr]    Compiling cache-padded v1.1.1
[INFO] [stderr]    Compiling getrandom v0.1.16
[INFO] [stderr]    Compiling concurrent-queue v1.2.2
[INFO] [stderr]    Compiling crossbeam-channel v0.5.1
[INFO] [stderr]    Compiling rayon v1.5.1
[INFO] [stderr]    Compiling event-listener v2.5.1
[INFO] [stderr]    Compiling proc-macro-hack v0.5.19
[INFO] [stderr]    Compiling fastrand v1.4.1
[INFO] [stderr]    Compiling quote v1.0.9
[INFO] [stderr]    Compiling cfg-if v0.1.10
[INFO] [stderr]    Compiling waker-fn v1.1.0
[INFO] [stderr]    Compiling parking v2.0.0
[INFO] [stderr]    Compiling nom v6.1.2
[INFO] [stderr]    Compiling crossbeam-deque v0.8.0
[INFO] [stderr]    Compiling wayland-scanner v0.28.5
[INFO] [stderr]    Compiling futures-lite v1.12.0
[INFO] [stderr]    Compiling miniz_oxide v0.4.4
[INFO] [stderr]    Compiling num-bigint v0.4.0
[INFO] [stderr]    Compiling futures-macro v0.3.15
[INFO] [stderr]    Compiling downcast-rs v1.2.0
[INFO] [stderr]    Compiling proc-macro-nested v0.1.7
[INFO] [stderr]    Compiling adler32 v1.2.0
[INFO] [stderr]    Compiling scoped-tls v1.0.0
[INFO] [stderr]    Compiling ppv-lite86 v0.2.10
[INFO] [stderr]    Compiling futures-channel v0.3.15
[INFO] [stderr]    Compiling either v1.6.1
[INFO] [stderr]    Compiling futures-task v0.3.15
[INFO] [stderr]    Compiling futures-util v0.3.15
[INFO] [stderr]    Compiling num-rational v0.4.0
[INFO] [stderr]    Compiling num-rational v0.3.2
[INFO] [stderr]    Compiling num_cpus v1.13.0
[INFO] [stderr]    Compiling nix v0.20.0
[INFO] [stderr]    Compiling weezl v0.1.5
[INFO] [stderr]    Compiling pin-utils v0.1.0
[INFO] [stderr]    Compiling async-task v4.0.3
[INFO] [stderr]    Compiling maybe-uninit v2.0.0
[INFO] [stderr]    Compiling ttf-parser v0.6.2
[INFO] [stderr]    Compiling futures-sink v0.3.15
[INFO] [stderr]    Compiling rand_core v0.5.1
[INFO] [stderr]    Compiling nix v0.18.0
[INFO] [stderr]    Compiling deflate v0.8.6
[INFO] [stderr]    Compiling getrandom v0.2.3
[INFO] [stderr]    Compiling socket2 v0.4.0
[INFO] [stderr]    Compiling miniz_oxide v0.3.7
[INFO] [stderr]    Compiling async-channel v1.6.1
[INFO] [stderr]    Compiling wayland-client v0.28.5
[INFO] [stderr]    Compiling wayland-protocols v0.28.5
[INFO] [stderr]    Compiling x11-dl v2.18.5
[INFO] [stderr]    Compiling same-file v1.0.6
[INFO] [stderr]    Compiling color_quant v1.1.0
[INFO] [stderr]    Compiling owned_ttf_parser v0.6.0
[INFO] [stderr]    Compiling typenum v1.13.0
[INFO] [stderr]    Compiling rustc-serialize v0.3.24
[INFO] [stderr]    Compiling atomic-waker v1.0.0
[INFO] [stderr]    Compiling ab_glyph_rasterizer v0.1.4
[INFO] [stderr]    Compiling rusttype v0.9.2
[INFO] [stderr]    Compiling blocking v1.0.2
[INFO] [stderr]    Compiling gif v0.11.2
[INFO] [stderr]    Compiling png v0.16.8
[INFO] [stderr]    Compiling walkdir v2.3.2
[INFO] [stderr]    Compiling rand_core v0.6.2
[INFO] [stderr]    Compiling rand_chacha v0.2.2
[INFO] [stderr]    Compiling async-executor v1.4.1
[INFO] [stderr]    Compiling iovec v0.1.4
[INFO] [stderr]    Compiling xcursor v0.3.3
[INFO] [stderr]    Compiling rand v0.4.6
[INFO] [stderr]    Compiling net2 v0.2.37
[INFO] [stderr]    Compiling approx v0.5.0
[INFO] [stderr]    Compiling async-mutex v1.4.0
[INFO] [stderr]    Compiling libloading v0.6.7
[INFO] [stderr]    Compiling wayland-commons v0.28.5
[INFO] [stderr]    Compiling jpeg-decoder v0.1.22
[INFO] [stderr]    Compiling instant v0.1.9
[INFO] [stderr]    Compiling bytemuck v1.5.1
[INFO] [stderr]    Compiling paste v1.0.5
[INFO] [stderr]    Compiling rawpointer v0.2.1
[INFO] [stderr]    Compiling async-trait v0.1.50
[INFO] [stderr]    Compiling andrew v0.3.1
[INFO] [stderr]    Compiling parking_lot_core v0.8.3
[INFO] [stderr]    Compiling dlib v0.4.2
[INFO] [stderr]    Compiling matrixmultiply v0.3.1
[INFO] [stderr]    Compiling rand v0.7.3
[INFO] [stderr]    Compiling rand_chacha v0.3.0
[INFO] [stderr]    Compiling tiff v0.6.1
[INFO] [stderr]    Compiling num-bigint v0.1.44
[INFO] [stderr]    Compiling rand_xorshift v0.2.0
[INFO] [stderr]    Compiling memmap2 v0.1.0
[INFO] [stderr]    Compiling async-lock v2.4.0
[INFO] [stderr]    Compiling lock_api v0.4.4
[INFO] [stderr]    Compiling regex v0.2.11
[INFO] [stderr]    Compiling lazycell v1.3.0
[INFO] [stderr]    Compiling ucd-util v0.1.8
[INFO] [stderr]    Compiling maplit v1.0.2
[INFO] [stderr]    Compiling parking_lot v0.11.1
[INFO] [stderr]    Compiling image v0.23.14
[INFO] [stderr]    Compiling rand v0.8.3
[INFO] [stderr]    Compiling num-complex v0.1.43
[INFO] [stderr]    Compiling regex-syntax v0.5.6
[INFO] [stderr]    Compiling shared_library v0.1.9
[INFO] [stderr]    Compiling num-rational v0.1.42
[INFO] [stderr]    Compiling raw-window-handle v0.3.3
[INFO] [stderr]    Compiling float-cmp v0.8.0
[INFO] [stderr]    Compiling aho-corasick v0.6.10
[INFO] [stderr]    Compiling utf8-ranges v1.0.4
[INFO] [stderr]    Compiling ryu v1.0.5
[INFO] [stderr]    Compiling wayland-cursor v0.28.5
[INFO] [stderr]    Compiling percent-encoding v2.1.0
[INFO] [stderr]    Compiling wayland-egl v0.28.5
[INFO] [stderr]    Compiling num v0.1.42
[INFO] [stderr]    Compiling osmesa-sys v0.1.2
[INFO] [stderr]    Compiling atty v0.2.14
[INFO] [stderr]    Compiling time v0.1.43
[INFO] [stderr]    Compiling aho-corasick v0.7.18
[INFO] [stderr]    Compiling tokio v1.6.1
[INFO] [stderr]    Compiling regex-syntax v0.6.25
[INFO] [stderr]    Compiling serde_json v1.0.64
[INFO] [stderr]    Compiling colored v1.9.3
[INFO] [stderr]    Compiling num-traits v0.1.43
[INFO] [stderr]    Compiling itoa v0.4.7
[INFO] [stderr]    Compiling chrono v0.4.19
[INFO] [stderr]    Compiling line_drawing v0.8.0
[INFO] [stderr]    Compiling ctor v0.1.20
[INFO] [stderr]    Compiling nalgebra-macros v0.1.0
[INFO] [stderr]    Compiling gl_generator v0.14.0
[INFO] [stderr]    Compiling polling v2.0.3
[INFO] [stderr]    Compiling kv-log-macro v1.0.7
[INFO] [stderr]    Compiling calloop v0.6.5
[INFO] [stderr]    Compiling mio v0.6.23
[INFO] [stderr]    Compiling simple_logger v1.11.0
[INFO] [stderr]    Compiling async-io v1.4.1
[INFO] [stderr]    Compiling regex v1.5.4
[INFO] [stderr]    Compiling hamcrest v0.1.5
[INFO] [stderr]    Compiling async-global-executor v2.0.2
[INFO] [stderr]    Compiling network v0.1.0 (/opt/rustwide/workdir/network)
[INFO] [stderr]    Compiling glutin_glx_sys v0.1.7
[INFO] [stderr]    Compiling glutin_egl_sys v0.1.5
[INFO] [stderr]    Compiling mio-extras v2.0.6
[INFO] [stderr]    Compiling gl v0.14.0
[INFO] [stderr]    Compiling noise v0.7.0
[INFO] [stderr]    Compiling async-std v1.9.0
[INFO] [stderr]    Compiling futures-executor v0.3.15
[INFO] [stderr]    Compiling futures v0.3.15
[INFO] [stderr]    Compiling num-complex v0.4.0
[INFO] [stderr]    Compiling bincode v1.3.3
[INFO] [stderr]    Compiling simba v0.5.1
[INFO] [stderr]    Compiling num v0.4.0
[INFO] [stderr]    Compiling nalgebra v0.27.1
[INFO] [stderr]    Compiling commons v0.1.0 (/opt/rustwide/workdir/commons)
[INFO] [stderr]    Compiling pioneer v0.1.0 (/opt/rustwide/workdir/pioneer)
[INFO] [stderr]    Compiling smithay-client-toolkit v0.12.3
[INFO] [stderr]    Compiling winit v0.24.0
[INFO] [stderr]    Compiling glutin v0.26.0
[INFO] [stderr]    Compiling isometric v0.1.0 (/opt/rustwide/workdir/isometric)
[INFO] [stdout] warning: field `default_color` is never read
[INFO] [stdout]    --> isometric/src/graphics/drawing/terrain/mod.rs:197:5
[INFO] [stdout]     |
[INFO] [stdout] 193 | pub struct TerrainDrawing {
[INFO] [stdout]     |            -------------- field in this struct
[INFO] [stdout] ...
[INFO] [stdout] 197 |     default_color: Color,
[INFO] [stdout]     |     ^^^^^^^^^^^^^
[INFO] [stdout]     |
[INFO] [stdout]     = note: `TerrainDrawing` has a derived impl for the trait `Clone`, but this is intentionally ignored during dead code analysis
[INFO] [stdout]     = note: `#[warn(dead_code)]` on by default
[INFO] [stdout] 
[INFO] [stdout] 
[INFO] [stdout] warning: 1 warning emitted
[INFO] [stdout] 
[INFO] [stdout] 
[INFO] [stderr]    Compiling frontier v0.1.0 (/opt/rustwide/workdir/frontier)
[INFO] [stderr]     Finished dev [unoptimized + debuginfo] target(s) in 1m 54s
[INFO] [stderr] warning: the following packages contain code that will be rejected by a future version of Rust: nalgebra v0.27.1, nom v6.1.2, rustc-serialize v0.3.24
[INFO] [stderr] note: to see what the problems were, use the option `--future-incompat-report`, or run `cargo report future-incompatibilities --id 1`
[INFO] running `Command { std: "docker" "inspect" "64b4f261a49d3aa793c20f7ddd288096f953b7fcf7b4dc6094087ec8a8b294bb", kill_on_drop: false }`
[INFO] running `Command { std: "docker" "rm" "-f" "64b4f261a49d3aa793c20f7ddd288096f953b7fcf7b4dc6094087ec8a8b294bb", kill_on_drop: false }`
[INFO] [stdout] 64b4f261a49d3aa793c20f7ddd288096f953b7fcf7b4dc6094087ec8a8b294bb
[INFO] running `Command { std: "docker" "create" "-v" "/var/lib/crater-agent-workspace/builds/worker-6-tc2/target:/opt/rustwide/target:rw,Z" "-v" "/var/lib/crater-agent-workspace/builds/worker-6-tc2/source:/opt/rustwide/workdir:ro,Z" "-v" "/var/lib/crater-agent-workspace/cargo-home:/opt/rustwide/cargo-home:ro,Z" "-v" "/var/lib/crater-agent-workspace/rustup-home:/opt/rustwide/rustup-home:ro,Z" "-e" "SOURCE_DIR=/opt/rustwide/workdir" "-e" "CARGO_TARGET_DIR=/opt/rustwide/target" "-e" "CARGO_INCREMENTAL=0" "-e" "RUST_BACKTRACE=full" "-e" "RUSTFLAGS=--cap-lints=warn" "-e" "RUSTDOCFLAGS=--cap-lints=warn" "-e" "CARGO_HOME=/opt/rustwide/cargo-home" "-e" "RUSTUP_HOME=/opt/rustwide/rustup-home" "-w" "/opt/rustwide/workdir" "-m" "1610612736" "--user" "0:0" "--network" "none" "ghcr.io/rust-lang/crates-build-env/linux@sha256:5ff2268d62e97bff2cde7d5815dd6ed5b47097566f13b8d0ca110b04b60e07ed" "/opt/rustwide/cargo-home/bin/cargo" "+beta-2023-04-20" "test" "--frozen" "--no-run" "--message-format=json", kill_on_drop: false }`
[INFO] [stdout] c27fc36ec81f9b73ecbeb1a2a3280d748f2a3c2838e27b0382c0b9138a2f1f44
[INFO] running `Command { std: "docker" "start" "-a" "c27fc36ec81f9b73ecbeb1a2a3280d748f2a3c2838e27b0382c0b9138a2f1f44", kill_on_drop: false }`
[INFO] [stderr]     Blocking waiting for file lock on package cache
[INFO] [stderr]    Compiling pioneer v0.1.0 (/opt/rustwide/workdir/pioneer)
[INFO] [stderr]    Compiling commons v0.1.0 (/opt/rustwide/workdir/commons)
[INFO] [stderr]    Compiling network v0.1.0 (/opt/rustwide/workdir/network)
[INFO] [stderr]    Compiling isometric v0.1.0 (/opt/rustwide/workdir/isometric)
[INFO] [stdout] warning: field `default_color` is never read
[INFO] [stdout]    --> isometric/src/graphics/drawing/terrain/mod.rs:197:5
[INFO] [stdout]     |
[INFO] [stdout] 193 | pub struct TerrainDrawing {
[INFO] [stdout]     |            -------------- field in this struct
[INFO] [stdout] ...
[INFO] [stdout] 197 |     default_color: Color,
[INFO] [stdout]     |     ^^^^^^^^^^^^^
[INFO] [stdout]     |
[INFO] [stdout]     = note: `TerrainDrawing` has a derived impl for the trait `Clone`, but this is intentionally ignored during dead code analysis
[INFO] [stdout]     = note: `#[warn(dead_code)]` on by default
[INFO] [stdout] 
[INFO] [stdout] 
[INFO] [stderr]    Compiling frontier v0.1.0 (/opt/rustwide/workdir/frontier)
[INFO] [stdout] warning: 1 warning emitted
[INFO] [stdout] 
[INFO] [stdout] 
[INFO] [stdout] warning: field `default_color` is never read
[INFO] [stdout]    --> isometric/src/graphics/drawing/terrain/mod.rs:197:5
[INFO] [stdout]     |
[INFO] [stdout] 193 | pub struct TerrainDrawing {
[INFO] [stdout]     |            -------------- field in this struct
[INFO] [stdout] ...
[INFO] [stdout] 197 |     default_color: Color,
[INFO] [stdout]     |     ^^^^^^^^^^^^^
[INFO] [stdout]     |
[INFO] [stdout]     = note: `TerrainDrawing` has a derived impl for the trait `Clone`, but this is intentionally ignored during dead code analysis
[INFO] [stdout]     = note: `#[warn(dead_code)]` on by default
[INFO] [stdout] 
[INFO] [stdout] 
[INFO] [stdout] warning: 1 warning emitted
[INFO] [stdout] 
[INFO] [stdout] 
[INFO] [stderr]     Finished test [unoptimized + debuginfo] target(s) in 30.56s
[INFO] [stderr] warning: the following packages contain code that will be rejected by a future version of Rust: nalgebra v0.27.1, nom v6.1.2, rustc-serialize v0.3.24
[INFO] [stderr] note: to see what the problems were, use the option `--future-incompat-report`, or run `cargo report future-incompatibilities --id 1`
[INFO] running `Command { std: "docker" "inspect" "c27fc36ec81f9b73ecbeb1a2a3280d748f2a3c2838e27b0382c0b9138a2f1f44", kill_on_drop: false }`
[INFO] running `Command { std: "docker" "rm" "-f" "c27fc36ec81f9b73ecbeb1a2a3280d748f2a3c2838e27b0382c0b9138a2f1f44", kill_on_drop: false }`
[INFO] [stdout] c27fc36ec81f9b73ecbeb1a2a3280d748f2a3c2838e27b0382c0b9138a2f1f44
[INFO] running `Command { std: "docker" "create" "-v" "/var/lib/crater-agent-workspace/builds/worker-6-tc2/target:/opt/rustwide/target:rw,Z" "-v" "/var/lib/crater-agent-workspace/builds/worker-6-tc2/source:/opt/rustwide/workdir:ro,Z" "-v" "/var/lib/crater-agent-workspace/cargo-home:/opt/rustwide/cargo-home:ro,Z" "-v" "/var/lib/crater-agent-workspace/rustup-home:/opt/rustwide/rustup-home:ro,Z" "-e" "SOURCE_DIR=/opt/rustwide/workdir" "-e" "CARGO_TARGET_DIR=/opt/rustwide/target" "-e" "CARGO_INCREMENTAL=0" "-e" "RUST_BACKTRACE=full" "-e" "RUSTFLAGS=--cap-lints=warn" "-e" "RUSTDOCFLAGS=--cap-lints=warn" "-e" "CARGO_HOME=/opt/rustwide/cargo-home" "-e" "RUSTUP_HOME=/opt/rustwide/rustup-home" "-w" "/opt/rustwide/workdir" "-m" "1610612736" "--user" "0:0" "--network" "none" "ghcr.io/rust-lang/crates-build-env/linux@sha256:5ff2268d62e97bff2cde7d5815dd6ed5b47097566f13b8d0ca110b04b60e07ed" "/opt/rustwide/cargo-home/bin/cargo" "+beta-2023-04-20" "test" "--frozen", kill_on_drop: false }`
[INFO] [stdout] 694369b500863938ce49731c42312aab65ea2eeeb0c750718fb5b11687074366
[INFO] running `Command { std: "docker" "start" "-a" "694369b500863938ce49731c42312aab65ea2eeeb0c750718fb5b11687074366", kill_on_drop: false }`
[INFO] [stderr] warning: field `default_color` is never read
[INFO] [stderr]    --> isometric/src/graphics/drawing/terrain/mod.rs:197:5
[INFO] [stderr]     |
[INFO] [stderr] 193 | pub struct TerrainDrawing {
[INFO] [stderr]     |            -------------- field in this struct
[INFO] [stderr] ...
[INFO] [stderr] 197 |     default_color: Color,
[INFO] [stderr]     |     ^^^^^^^^^^^^^
[INFO] [stderr]     |
[INFO] [stderr]     = note: `TerrainDrawing` has a derived impl for the trait `Clone`, but this is intentionally ignored during dead code analysis
[INFO] [stderr]     = note: `#[warn(dead_code)]` on by default
[INFO] [stderr] 
[INFO] [stderr] warning: `isometric` (lib) generated 1 warning
[INFO] [stderr] warning: `isometric` (lib test) generated 1 warning (1 duplicate)
[INFO] [stderr]     Finished test [unoptimized + debuginfo] target(s) in 0.47s
[INFO] [stderr] warning: the following packages contain code that will be rejected by a future version of Rust: nalgebra v0.27.1, nom v6.1.2, rustc-serialize v0.3.24
[INFO] [stderr] note: to see what the problems were, use the option `--future-incompat-report`, or run `cargo report future-incompatibilities --id 1`
[INFO] [stderr]      Running unittests src/lib.rs (/opt/rustwide/target/debug/deps/commons-6adaef550cb7fbaf)
[INFO] [stdout] 
[INFO] [stdout] running 114 tests
[INFO] [stdout] test almost::tests::test_almost_option_both_none ... ok
[INFO] [stdout] test almost::tests::test_almost_m ... ok
[INFO] [stdout] test almost::tests::test_almost_option_both_some ... ok
[INFO] [stdout] test almost::tests::test_almost_option_lhs_none ... ok
[INFO] [stdout] test almost::tests::test_almost_option_rhs_none ... ok
[INFO] [stdout] test almost::tests::test_almost_v2 ... ok
[INFO] [stdout] test almost::tests::test_almost_v3 ... ok
[INFO] [stdout] test almost::tests::test_almost_vector ... ok
[INFO] [stdout] test barycentric::tests::barycentric_0 ... ok
[INFO] [stdout] test barycentric::tests::barycentric_1 ... ok
[INFO] [stdout] test barycentric::tests::barycentric_2 ... ok
[INFO] [stdout] test barycentric::tests::barycentric_between_0_and_1 ... ok
[INFO] [stdout] test barycentric::tests::barycentric_between_1_and_2 ... ok
[INFO] [stdout] test barycentric::tests::barycentric_between_2_and_0 ... ok
[INFO] [stdout] test barycentric::tests::barycentric_centre ... ok
[INFO] [stdout] test barycentric::tests::barycentric_outside ... ok
[INFO] [stdout] test barycentric::tests::test_triangle_interpolate_any ... ok
[INFO] [stdout] test barycentric::tests::triangle_interpolate_1 ... ok
[INFO] [stdout] test barycentric::tests::triangle_interpolate_0 ... ok
[INFO] [stdout] test barycentric::tests::triangle_interpolate_2 ... ok
[INFO] [stdout] test barycentric::tests::triangle_interpolate_between_0_and_1 ... ok
[INFO] [stdout] test barycentric::tests::triangle_interpolate_between_1_and_2 ... ok
[INFO] [stdout] test barycentric::tests::triangle_interpolate_between_2_and_0 ... ok
[INFO] [stdout] test barycentric::tests::triangle_interpolate_centre ... ok
[INFO] [stdout] test edge::tests::test_edges_empty_list ... ok
[INFO] [stdout] test barycentric::tests::triangle_interpolate_outside ... ok
[INFO] [stdout] test edge::tests::test_edges_singleton_list ... ok
[INFO] [stdout] test edge::tests::test_horizontal ... ok
[INFO] [stdout] test edge::tests::test_length ... ok
[INFO] [stdout] test edge::tests::edges_should_be_canonical ... ok
[INFO] [stdout] test edge::tests::test_edges_with_vector ... ok
[INFO] [stdout] test edge::tests::test_edges_with_array ... ok
[INFO] [stdout] test equalize::tests::test_equalize ... ok
[INFO] [stdout] test equalize::tests::test_equalize_duplicates ... ok
[INFO] [stdout] test equalize::tests::test_equalize_with_filter ... ok
[INFO] [stdout] test fn_sender::tests::fn_thread_should_get_message_sent_before_join ... ok
[INFO] [stdout] test grid::tests::edges_cells_1x1 ... ok
[INFO] [stdout] test grid::tests::edges_cells_2x1 ... ok
[INFO] [stdout] test grid::tests::corner_cell ... ok
[INFO] [stdout] test fn_sender::tests::fn_thread ... ok
[INFO] [stdout] test grid::tests::edges_cells_1x2 ... ok
[INFO] [stdout] test fn_sender::tests::wait ... ok
[INFO] [stdout] test grid::tests::edges_cells_3x3 ... ok
[INFO] [stdout] test grid::tests::edges_cells_2x2 ... ok
[INFO] [stdout] test grid::tests::neighbours_some_out_of_bounds ... ok
[INFO] [stdout] test grid::tests::offset_out_of_bounds ... ok
[INFO] [stdout] test grid::tests::test_expand ... ok
[INFO] [stdout] test grid::tests::neighbours_all_in_bounds ... ok
[INFO] [stdout] test fn_sender::tests::wait_future ... ok
[INFO] [stdout] test grid::tests::test_get_adjacent_tiles_some_tiles_out_of_bounds ... ok
[INFO] [stdout] test grid::tests::test_get_corners ... ok
[INFO] [stdout] test grid::tests::test_get_corners_in_bound ... ok
[INFO] [stdout] test grid::tests::offset_in_bounds ... ok
[INFO] [stdout] test grid::tests::test_get_adjacent_tiles_input_is_out_of_bounds_tile ... ok
[INFO] [stdout] test grid::tests::test_get_corners_in_bounds_grid ... ok
[INFO] [stdout] test grid::tests::test_rescale ... ok
[INFO] [stdout] test grid::tests::test_expand_top_left_corner ... ok
[INFO] [stdout] test grid::tests::test_expand_bottom_right_corner ... ok
[INFO] [stdout] test grid::tests::test_get_adjacent_tiles ... ok
[INFO] [stdout] test index2d::tests::test_index_2d_indices ... ok
[INFO] [stdout] test index2d::tests::test_index_2d_index_out_of_bounds ... ok
[INFO] [stdout] test index2d::tests::test_index_2d_get_index ... ok
[INFO] [stdout] test index2d::tests::test_index_2d_x_out_of_bounds ... ok
[INFO] [stdout] test index2d::tests::test_index_2d_get_position ... ok
[INFO] [stdout] test index2d::tests::test_vec_2d_get_mut_in_bounds ... ok
[INFO] [stdout] test index2d::tests::test_vec_2d_get_in_bounds ... ok
[INFO] [stdout] test index2d::tests::test_vec_2d_get_mut_out_of_bounds ... ok
[INFO] [stdout] test index2d::tests::test_vec_2d_get_out_of_bounds ... ok
[INFO] [stdout] test index2d::tests::test_index_2d_y_out_of_bounds ... ok
[INFO] [stdout] test hub::tests::test_hub ... ok
[INFO] [stdout] test index2d::tests::test_vec_2d_set_out_of_bounds ... ok
[INFO] [stdout] test index2d::tests::test_vec_2d_same_size_as ... ok
[INFO] [stdout] test junction::tests::get_edges_from ... ok
[INFO] [stdout] test index2d::tests::test_vec_2d_set_in_bounds ... ok
[INFO] [stdout] test junction::tests::longest_side ... ok
[INFO] [stdout] test junction::tests::get_vertical_edge_from ... ok
[INFO] [stdout] test manhattan::tests::all_different ... ok
[INFO] [stdout] test junction::tests::get_horizontal_edge_from ... ok
[INFO] [stdout] test junction::tests::get_horizontal_edge_from_false ... ok
[INFO] [stdout] test junction::tests::get_vertical_edge_from_false ... ok
[INFO] [stdout] test manhattan::tests::two_b_x_greater ... ok
[INFO] [stdout] test manhattan::tests::two_a_y_greater ... ok
[INFO] [stdout] test manhattan::tests::two_a_x_greater ... ok
[INFO] [stdout] test manhattan::tests::two_b_y_greater ... ok
[INFO] [stdout] test manhattan::tests::two_identical_points ... ok
[INFO] [stdout] test process::tests::object_ref_and_mut ... ok
[INFO] [stdout] test rectangle::tests::rectangles_do_not_overlap_a_below_b ... ok
[INFO] [stdout] test rectangle::tests::left_right_bottom_top ... ok
[INFO] [stdout] test rectangle::tests::rectangles_do_not_overlap_a_left_of_b ... ok
[INFO] [stdout] test rectangle::tests::rectangles_overlap_a_inside_b ... ok
[INFO] [stdout] test rectangle::tests::rectangles_overlap_b_inside_a ... ok
[INFO] [stdout] test rectangle::tests::rectangles_overlap_bottom_left_of_a ... ok
[INFO] [stdout] test rectangle::tests::rectangles_overlap_bottom_right_of_a ... ok
[INFO] [stdout] test rectangle::tests::rectangles_overlap_top_left_of_a ... ok
[INFO] [stdout] test rectangle::tests::rectangles_overlap_top_right_of_a ... ok
[INFO] [stdout] test rectangle::tests::rectangles_overlaps_itself ... ok
[INFO] [stdout] test rectangle::tests::unit_rectangle ... ok
[INFO] [stdout] test scale::tests::test_above_range ... ok
[INFO] [stdout] test scale::tests::test_below_range ... ok
[INFO] [stdout] test scale::tests::test_inside_range ... ok
[INFO] [stdout] test tests::test_different_elements ... ok
[INFO] [stdout] test scale::tests::test_scale ... ok
[INFO] [stdout] test tests::test_rescale ... ok
[INFO] [stdout] test tests::test_same_elements ... ok
[INFO] [stdout] test unwrap_or::tests::test_ok_or_return ... ok
[INFO] [stdout] test unwrap_or::tests::test_ok_or_continue ... ok
[INFO] [stdout] test unwrap_or::tests::test_unwrap_or_continue ... ok
[INFO] [stdout] test unwrap_or::tests::test_unwrap_or_return ... ok
[INFO] [stdout] test unwrap_or::tests::test_ok_or_return_value ... ok
[INFO] [stdout] test unwrap_or::tests::test_unwrap_or_return_value ... ok
[INFO] [stdout] test process::tests::drain ... ok
[INFO] [stdout] test process::tests::run_passive ... ok
[INFO] [stdout] test process::tests::run_then_drain_then_run ... ok
[INFO] [stdout] test process::tests::run_active ... ok
[INFO] [stdout] 
[INFO] [stdout] test result: ok. 114 passed; 0 failed; 0 ignored; 0 measured; 0 filtered out; finished in 0.01s
[INFO] [stdout] 
[INFO] [stderr]      Running unittests src/main.rs (/opt/rustwide/target/debug/deps/frontier-741b95711db680fc)
[INFO] [stdout] 
[INFO] [stdout] running 412 tests
[INFO] [stdout] test actors::crossings::tests::should_not_add_convex_crossing ... ok
[INFO] [stdout] test actors::crossings::tests::should_add_crossing_over_horizontal_river ... ok
[INFO] [stdout] test actors::crossings::tests::should_not_add_crossing_over_stream ... ok
[INFO] [stdout] test actors::crossings::tests::should_add_crossing_over_vertical_river ... ok
[INFO] [stdout] test actors::crossings::tests::should_not_add_crossing_along_river ... ok
[INFO] [stdout] test actors::crossings::tests::should_not_add_crossing_exceeding_max_gradient ... ok
[INFO] [stdout] test actors::resource_targets::tests::test_init ... ok
[INFO] [stdout] test actors::resource_targets::tests::test_refresh_targets_at_blocked_by ... ok
[INFO] [stdout] test actors::river_explorer::tests::avatar_not_in_river ... ok
[INFO] [stdout] test actors::resource_targets::tests::test_refresh_targets_at ... ok
[INFO] [stdout] test actors::river_explorer::tests::avatar_moving ... ok
[INFO] [stdout] test actors::river_explorer::tests::mixed_candidates_moving_downstream ... ok
[INFO] [stdout] test actors::river_explorer::tests::mixed_candidates_no_river_behind ... ok
[INFO] [stdout] test actors::river_explorer::tests::no_candidates ... ok
[INFO] [stdout] test actors::river_explorer::tests::multiple_candidates_all_upstream ... ok
[INFO] [stdout] test actors::river_explorer::tests::mixed_candidates_moving_upstream ... ok
[INFO] [stdout] test actors::river_explorer::tests::should_not_cut_inside_u_bend ... ok
[INFO] [stdout] test actors::river_explorer::tests::single_candidate ... ok
[INFO] [stdout] test actors::river_piers::tests::should_add_pier_into_river_left ... ok
[INFO] [stdout] test actors::river_piers::tests::should_add_pier_into_river_down ... ok
[INFO] [stdout] test actors::river_piers::tests::should_not_add_piers_into_stream ... ok
[INFO] [stdout] test actors::river_piers::tests::should_add_pier_into_river_up ... ok
[INFO] [stdout] test actors::sea_piers::tests::should_add_pier_into_sea_down ... ok
[INFO] [stdout] test actors::river_piers::tests::should_not_add_pier_exceeding_max_gradient ... ok
[INFO] [stdout] test actors::sea_piers::tests::should_add_pier_into_sea_right ... ok
[INFO] [stdout] test actors::river_piers::tests::should_add_pier_into_river_right ... ok
[INFO] [stdout] test actors::sea_piers::tests::should_add_pier_into_sea_up ... ok
[INFO] [stdout] test actors::sea_piers::tests::should_not_add_pier_exceeding_max_gradient ... ok
[INFO] [stdout] test actors::river_piers::tests::should_not_add_pier_with_no_landing_zone ... ok
[INFO] [stdout] test actors::sea_piers::tests::should_not_add_piers_into_shallow_sea ... ok
[INFO] [stdout] test actors::sea_piers::tests::should_not_add_pier_with_no_landing_zone ... ok
[INFO] [stdout] test actors::voyager::tests::test_invisible_land_in_way_is_voyagable ... ok
[INFO] [stdout] test actors::voyager::tests::test_all_visibile_not_voyagable ... ok
[INFO] [stdout] test actors::sea_piers::tests::should_not_add_pier_from_river ... ok
[INFO] [stdout] test actors::sea_piers::tests::should_add_pier_into_sea_left ... ok
[INFO] [stdout] test actors::voyager::tests::test_non_coast_sea_is_not_coastal ... ok
[INFO] [stdout] test actors::voyager::tests::test_land_is_not_coastal ... ok
[INFO] [stdout] test actors::voyager::tests::test_is_coastal ... ok
[INFO] [stdout] test actors::voyager::tests::test_not_coastal_if_land_invisible ... ok
[INFO] [stdout] test actors::voyager::tests::test_not_coastal_if_sea_invisible ... ok
[INFO] [stdout] test actors::voyager::tests::test_to_not_coastal_not_voyagle ... ok
[INFO] [stdout] test actors::voyager::tests::test_get_voyage ... ok
[INFO] [stdout] test actors::voyager::tests::test_to_invisibile_not_voyagable ... ok
[INFO] [stdout] test artists::world_artist::slab::tests::at ... ok
[INFO] [stdout] test artists::world_artist::slab::tests::inside ... ok
[INFO] [stdout] test artists::world_artist::slab::tests::to ... ok
[INFO] [stdout] test avatar::avatar_travel_mode_fn::tests::inside_of_river_u_bend_should_not_count_as_river ... ok
[INFO] [stdout] test actors::voyager::tests::test_from_visible_is_voyagable ... ok
[INFO] [stdout] test avatar::avatar_travel_mode_fn::tests::inside_of_road_u_bend_should_not_count_as_road ... ok
[INFO] [stdout] test avatar::avatar_travel_mode_fn::tests::travel_mode_here ... ok
[INFO] [stdout] test avatar::avatar_travel_mode_fn::tests::travel_mode_here_planned_road_ignore_planned_roads ... ok
[INFO] [stdout] test actors::voyager::tests::test_visible_land_in_way_not_voyagable ... ok
[INFO] [stdout] test avatar::avatar_travel_mode_fn::tests::travel_mode_into_stream ... ok
[INFO] [stdout] test avatar::avatar_travel_mode_fn::tests::travel_mode_in_sea ... ok
[INFO] [stdout] test avatar::avatar_travel_mode_fn::tests::travel_mode_here_planned_road_and_river ... ok
[INFO] [stdout] test avatar::avatar_travel_mode_fn::tests::travel_mode_here_road_and_river ... ok
[INFO] [stdout] test avatar::avatar_travel_mode_fn::tests::travel_mode_in_stream ... ok
[INFO] [stdout] test avatar::avatar_travel_mode_fn::tests::travel_mode_land_to_river ... ok
[INFO] [stdout] test avatar::avatar_travel_mode_fn::tests::travel_mode_land_to_planned_road ... ok
[INFO] [stdout] test avatar::avatar_travel_mode_fn::tests::travel_mode_here_planned_road_include_planned_roads ... ok
[INFO] [stdout] test avatar::avatar_travel_mode_fn::tests::travel_mode_land_to_road ... ok
[INFO] [stdout] test avatar::avatar_travel_mode_fn::tests::travel_mode_land_to_sea ... ok
[INFO] [stdout] test avatar::avatar_travel_mode_fn::tests::travel_mode_on_planned_road_ignore_planned_roads ... ok
[INFO] [stdout] test avatar::avatar_travel_mode_fn::tests::travel_mode_on_planned_road_include_planned_roads ... ok
[INFO] [stdout] test avatar::avatar_travel_mode_fn::tests::travel_mode_on_road ... ok
[INFO] [stdout] test avatar::avatar_travel_mode_fn::tests::travel_mode_walk ... ok
[INFO] [stdout] test avatar::journey::tests::test_add ... ok
[INFO] [stdout] test avatar::avatar_travel_mode_fn::tests::travel_mode_river_to_sea ... ok
[INFO] [stdout] test avatar::journey::tests::test_extend_compatible ... ok
[INFO] [stdout] test avatar::avatar_travel_mode_fn::tests::travel_mode_in_river ... ok
[INFO] [stdout] test avatar::journey::tests::test_extend_incompatible ... ok
[INFO] [stdout] test avatar::journey::tests::test_final_frame ... ok
[INFO] [stdout] test avatar::journey::tests::test_forward_path ... ok
[INFO] [stdout] test avatar::avatar_travel_mode_fn::tests::travel_mode_out_of_bounds ... ok
[INFO] [stdout] test avatar::journey::tests::test_frames_between_before_start_and_after_end ... ok
[INFO] [stdout] test avatar::journey::tests::test_frames_between_end_is_included ... ok
[INFO] [stdout] test avatar::journey::tests::test_frames_between_start_not_included ... ok
[INFO] [stdout] test avatar::journey::tests::test_done ... ok
[INFO] [stdout] test avatar::journey::tests::test_frames_between_times ... ok
[INFO] [stdout] test avatar::journey::tests::test_new ... ok
[INFO] [stdout] test avatar::journey::tests::test_index_at ... ok
[INFO] [stdout] test avatar::journey::tests::test_progress_at_after_end ... ok
[INFO] [stdout] test avatar::journey::tests::test_progress_at ... ok
[INFO] [stdout] test avatar::journey::tests::test_progress_enum_at ... ok
[INFO] [stdout] test avatar::journey::tests::test_progress_enum_between ... ok
[INFO] [stdout] test avatar::journey::tests::test_stop ... ok
[INFO] [stdout] test avatar::journey::tests::test_stop_after_finished ... ok
[INFO] [stdout] test avatar::journey::tests::test_with_load ... ok
[INFO] [stdout] test avatar::journey::tests::test_with_pause_at_start_empty ... ok
[INFO] [stdout] test avatar::journey::tests::test_with_pause_at_start ... ok
[INFO] [stdout] test avatar::journey::tests::test_stop_stationary ... ok
[INFO] [stdout] test avatar::travel_duration::tests::cannot_travel_from_invisible ... ok
[INFO] [stdout] test avatar::tests::test_from_positions ... ok
[INFO] [stdout] test avatar::travel_duration::tests::cannot_travel_into_invisible ... ok
[INFO] [stdout] test avatar::journey::tests::test_using_bridge ... ok
[INFO] [stdout] test avatar::journey::tests::test_progress_at_before_start ... ok
[INFO] [stdout] test avatar::journey::tests::test_with_pause_at_end ... ok
[INFO] [stdout] test avatar::travel_mode_change::tests::test_travel_mode_change_empty_to_empty ... ok
[INFO] [stdout] test avatar::travel_mode_change::tests::test_travel_mode_change_land_to_empty ... ok
[INFO] [stdout] test avatar::travel_mode_change::tests::test_travel_mode_change_land_to_land ... ok
[INFO] [stdout] test avatar::journey::tests::test_then_rotate_to ... ok
[INFO] [stdout] test avatar::travel_mode_change::tests::test_travel_mode_change_land_to_water ... ok
[INFO] [stdout] test avatar::journey::tests::test_with_pause_at_end_empty ... ok
[INFO] [stdout] test bridges::bridge_duration::tests::lowest_duration_bridge ... ok
[INFO] [stdout] test avatar::travel_mode_change::tests::test_travel_mode_change_water_to_empty ... ok
[INFO] [stdout] test bridges::bridge_duration::tests::total_duration ... ok
[INFO] [stdout] test bridges::tests::count_platforms_at_counts_platform_in_to_pier ... ok
[INFO] [stdout] test avatar::travel_mode_change::tests::test_travel_mode_change_water_to_water ... ok
[INFO] [stdout] test bridges::tests::count_platforms_does_not_count_bridges_of_different_type ... ok
[INFO] [stdout] test bridges::bridge_duration::tests::frames_from ... ok
[INFO] [stdout] test bridges::tests::count_platforms_does_not_count_platforms_in_other_positions ... ok
[INFO] [stdout] test bridges::bridge_duration::tests::changing_vehicle_should_incur_penalty ... ok
[INFO] [stdout] test bridges::tests::count_platforms_at_counts_platforms_in_different_edges ... ok
[INFO] [stdout] test bridges::tests::empty_bridge ... ok
[INFO] [stdout] test bridges::tests::diagonal_segment_bridge ... ok
[INFO] [stdout] test bridges::tests::end ... ok
[INFO] [stdout] test bridges::bridge_duration::tests::total_edge_durations ... ok
[INFO] [stdout] test bridges::tests::segment_edge ... ok
[INFO] [stdout] test bridges::tests::diagonal_bridge ... ok
[INFO] [stdout] test bridges::tests::segments_from_end ... ok
[INFO] [stdout] test bridges::tests::segments ... ok
[INFO] [stdout] test bridges::tests::segments_from_start ... ok
[INFO] [stdout] test bridges::tests::start ... ok
[INFO] [stdout] test bridges::tests::count_platforms_does_not_count_piers_where_platform_is_false ... ok
[INFO] [stdout] test build::build::tests::bridge_build_key ... ok
[INFO] [stdout] test bridges::tests::total_edge ... ok
[INFO] [stdout] test build::build::tests::mine_build_key ... ok
[INFO] [stdout] test build::build::tests::road_build_key ... ok
[INFO] [stdout] test build::build::tests::town_build_key ... ok
[INFO] [stdout] test build::build_queue::tests::get_instruction ... ok
[INFO] [stdout] test build::build_queue::tests::insert_should_remove_later_instruction_with_same_key ... ok
[INFO] [stdout] test build::build_queue::tests::remove_should_always_remove_instruction ... ok
[INFO] [stdout] test build::build_queue::tests::take_instructions_before ... ok
[INFO] [stdout] test build::build_queue::tests::take_instructions_before_none_after ... ok
[INFO] [stdout] test build::build_queue::tests::take_instructions_before_none_before ... ok
[INFO] [stdout] test build::builders::bridge_builder::tests::can_build_bridge ... ok
[INFO] [stdout] test build::builders::bridge_builder::tests::should_build_all_bridges ... ok
[INFO] [stdout] test build::builders::mine_builder::tests::can_build_object ... ok
[INFO] [stdout] test build::builders::bridge_builder::tests::should_build_bridge ... ok
[INFO] [stdout] test build::builders::mine_builder::tests::should_build_object_if_no_town_on_tile ... ok
[INFO] [stdout] test build::builders::mine_builder::tests::should_not_build_object_if_town_on_tile ... ok
[INFO] [stdout] test build::builders::road_builder::tests::can_build_road ... ok
[INFO] [stdout] test build::builders::road_builder::tests::should_build_all_roads ... ok
[INFO] [stdout] test build::builders::road_builder::tests::should_build_road ... ok
[INFO] [stdout] test build::builders::town_builder::tests::can_build_town ... ok
[INFO] [stdout] test build::builders::town_builder::tests::should_build_all_towns ... ok
[INFO] [stdout] test build::builders::town_builder::tests::should_build_if_position_not_controlled ... ok
[INFO] [stdout] test build::builders::town_builder::tests::should_not_update_territory_if_position_controlled ... ok
[INFO] [stdout] test build::builders::town_builder::tests::should_update_territory_if_settlement_built ... ok
[INFO] [stdout] test build::builders::town_builder::tests::should_not_update_territory_if_settlement_not_built ... ok
[INFO] [stdout] test build::builders::town_builder::tests::should_not_build_if_position_controlled ... ok
[INFO] [stdout] test build::builders::mine_builder::tests::should_build_all_objects ... ok
[INFO] [stdout] test pathfinder::pathfinder::tests::test_closest_origins ... ok
[INFO] [stdout] test pathfinder::pathfinder::tests::test_closest_targets ... ok
[INFO] [stdout] test build::build_queue::tests::insert_should_not_remove_earlier_instruction_with_same_key ... ok
[INFO] [stdout] test pathfinder::pathfinder::tests::test_find_path ... ok
[INFO] [stdout] test homeland_start::tests::test_100_random_starts_south_edge_only ... ok
[INFO] [stdout] test label_editor::tests::round_trip_label ... ok
[INFO] [stdout] test pathfinder::pathfinder::tests::test_find_path_impossible ... ok
[INFO] [stdout] test homeland_start::tests::test_100_random_starts_north_edge_only ... ok
[INFO] [stdout] test homeland_start::tests::test_100_random_starts_west_edge_only ... ok
[INFO] [stdout] test pathfinder::pathfinder::tests::test_find_path_multiple_to ... ok
[INFO] [stdout] test pathfinder::pathfinder::tests::test_find_path_multiple_from ... ok
[INFO] [stdout] test pathfinder::pathfinder::tests::test_get_network_position ... ok
[INFO] [stdout] test pathfinder::pathfinder::tests::test_get_network_index ... ok
[INFO] [stdout] test homeland_start::tests::test_100_random_starts_east_edge_only ... ok
[INFO] [stdout] test pathfinder::pathfinder::tests::test_get_network_indices ... ok
[INFO] [stdout] test pathfinder::pathfinder::tests::test_get_positions_from_network_indices ... ok
[INFO] [stdout] test road_builder::tests::test_mode_build ... ok
[INFO] [stdout] test road_builder::tests::test_mode_demolish ... ok
[INFO] [stdout] test road_builder::tests::test_positions ... ok
[INFO] [stdout] test homeland_start::tests::test_100_random_pairs_min_distance ... ok
[INFO] [stdout] test road_builder::travel_duration::tests::can_not_build_along_river ... ok
[INFO] [stdout] test bridges::tests::segments_rev ... ok
[INFO] [stdout] test road_builder::travel_duration::tests::can_not_build_from_invisible ... ok
[INFO] [stdout] test pathfinder::pathfinder::tests::test_get_positions_from_network_indices_out_of_bounds ... ok
[INFO] [stdout] test road_builder::travel_duration::tests::can_not_build_in_sea ... ok
[INFO] [stdout] test pathfinder::pathfinder::tests::test_in_bounds ... ok
[INFO] [stdout] test pathfinder::pathfinder::tests::test_manhattan_distance_multiple_targets ... ok
[INFO] [stdout] test pathfinder::pathfinder::tests::test_manhattan_distance_single_target ... ok
[INFO] [stdout] test pathfinder::pathfinder::tests::test_positions_within ... ok
[INFO] [stdout] test pathfinder::pathfinder::tests::test_remove_edge ... ok
[INFO] [stdout] test road_builder::travel_duration::tests::can_not_build_over_river_corner ... ok
[INFO] [stdout] test road_builder::travel_duration::tests::cannot_build_from_invisible ... ok
[INFO] [stdout] test pathfinder::pathfinder::tests::test_set_edge_duration ... ok
[INFO] [stdout] test road_builder::travel_duration::tests::max_duration ... ok
[INFO] [stdout] test road_builder::travel_duration::tests::min_duration ... ok
[INFO] [stdout] test road_builder::travel_duration::tests::cannot_build_into_invisible ... ok
[INFO] [stdout] test road_builder::travel_duration::tests::defaults_to_off_road_travel_duration ... ok
[INFO] [stdout] test services::clock::tests::test_get_micros ... ok
[INFO] [stdout] test services::clock::tests::test_pause ... ok
[INFO] [stdout] test services::clock::tests::test_resume ... ok
[INFO] [stdout] test pathfinder::pathfinder::tests::test_find_path_length_0 ... ok
[INFO] [stdout] test services::clock::tests::test_set_speed ... ok
[INFO] [stdout] test services::clock::tests::test_adjust_speed ... ok
[INFO] [stdout] test road_builder::travel_duration::tests::uses_road_travel_duration_for_planned_roads ... ok
[INFO] [stdout] test simulation::build::edges::extensions::build_bridge::tests::should_not_raise_first_or_last_piers ... ok
[INFO] [stdout] test simulation::build::edges::extensions::build_bridge::tests::should_build_bridge_if_traffic_meets_threshold ... ok
[INFO] [stdout] test simulation::build::edges::extensions::build_bridge::tests::should_build_if_bridge_planned_later ... ok
[INFO] [stdout] test simulation::build::edges::extensions::build_bridge::tests::should_not_build_if_bridge_already_exists ... ok
[INFO] [stdout] test simulation::build::edges::extensions::build_bridge::tests::should_raise_deck_over_river ... ok
[INFO] [stdout] test simulation::build::edges::extensions::build_bridge::tests::should_not_build_if_bridge_planned_earlier ... ok
[INFO] [stdout] test simulation::build::edges::extensions::build_bridge::tests::should_not_build_if_no_theoretical_bridge ... ok
[INFO] [stdout] test road_builder::travel_duration::tests::uses_road_travel_duration_for_existing_roads ... ok
[INFO] [stdout] test simulation::build::edges::extensions::build_bridge::tests::should_not_build_if_no_traffic_entry ... ok
[INFO] [stdout] test simulation::build::edges::extensions::build_bridge::tests::should_not_build_if_traffic_below_threshold ... ok
[INFO] [stdout] test simulation::build::edges::extensions::build_bridge::tests::should_raise_deck_over_sea ... ok
[INFO] [stdout] test simulation::build::edges::extensions::build_road::tests::should_not_build_if_road_already_exists ... ok
[INFO] [stdout] test simulation::build::edges::extensions::build_road::tests::should_not_build_if_no_traffic_entry ... ok
[INFO] [stdout] test simulation::build::edges::extensions::build_road::tests::should_not_build_if_road_not_possible ... ok
[INFO] [stdout] test simulation::build::edges::extensions::build_road::tests::should_build_road_if_traffic_meets_threshold ... ok
[INFO] [stdout] test simulation::build::edges::extensions::build_road::tests::should_not_build_if_road_planned_earlier ... ok
[INFO] [stdout] test simulation::build::edges::extensions::build_road::tests::should_build_if_road_planned_later ... ok
[INFO] [stdout] test homeland_start::tests::test_100_random_starts ... ok
[INFO] [stdout] test simulation::build::edges::extensions::build_road::tests::should_not_build_if_traffic_below_threshold ... ok
[INFO] [stdout] test simulation::build::edges::extensions::build_road::tests::should_not_build_for_non_existent_route ... ok
[INFO] [stdout] test simulation::build::edges::extensions::remove_road::tests::should_remove_build_instruction ... ok
[INFO] [stdout] test simulation::build::edges::extensions::remove_road::tests::should_not_remove_if_any_routes ... ok
[INFO] [stdout] test simulation::build::edges::extensions::remove_road::tests::should_remove_existing_road ... ok
[INFO] [stdout] test simulation::build::edges::extensions::remove_road::tests::should_remove_if_empty_route_entry ... ok
[INFO] [stdout] test simulation::build::edges::extensions::remove_road::tests::should_not_remove_if_road_neither_exists_nor_planned ... ok
[INFO] [stdout] test simulation::build::positions::extensions::build_mines::tests::should_not_remove_mine_if_no_mine_expected_and_mine_does_not_exist ... ok
[INFO] [stdout] test simulation::build::positions::extensions::build_mines::tests::should_remove_mine_if_no_mine_expected_and_mine_exists ... ok
[INFO] [stdout] test simulation::build::positions::extensions::build_mines::tests::should_not_build_mine_if_resource_has_no_mine ... ok
[INFO] [stdout] test simulation::build::positions::extensions::build_mines::tests::should_build_mine_if_mine_expected_and_mine_does_not_exist ... ok
[INFO] [stdout] test simulation::build::edges::extensions::remove_road::tests::should_remove_planned_road ... ok
[INFO] [stdout] test simulation::build::positions::extensions::build_mines::tests::should_build_mine_if_object_already_exists_at_position ... ok
[INFO] [stdout] test simulation::build::positions::extensions::build_mines::tests::should_not_build_mine_if_destination_not_at_position ... ok
[INFO] [stdout] test simulation::build::positions::extensions::build_mines::tests::should_not_build_mine_if_mine_expected_and_mine_already_exists ... ok
[INFO] [stdout] test simulation::build::positions::extensions::build_mines::tests::should_build_first_matching_mine ... ok
[INFO] [stdout] test simulation::build::positions::extensions::build_town::tests::should_not_build_for_non_existent_settlement ... ok
[INFO] [stdout] test simulation::build::positions::extensions::build_town::tests::should_build_if_gate_at_position ... ok
[INFO] [stdout] test simulation::build::positions::extensions::build_town::tests::should_not_build_if_tile_invisible ... ok
[INFO] [stdout] test simulation::build::positions::extensions::build_town::tests::should_not_build_for_any_route ... ok
[INFO] [stdout] test simulation::settlement::demand::demand_fn::town::tests::should_return_no_demand_if_settlement_not_town ... ok
[INFO] [stdout] test simulation::build::positions::extensions::build_town::tests::should_not_build_for_non_existent_route ... ok
[INFO] [stdout] test simulation::build::positions::extensions::build_town::tests::should_not_build_if_cliff ... ok
[INFO] [stdout] test simulation::build::positions::extensions::build_town::tests::should_not_build_if_no_traffic_entry ... ok
[INFO] [stdout] test simulation::build::positions::extensions::build_town::tests::should_not_build_if_zero_traffic ... ok
[INFO] [stdout] test simulation::settlement::demand::demand_fn::homeland::tests::should_return_no_demand_if_settlement_not_homeland ... ok
[INFO] [stdout] test simulation::build::positions::extensions::build_town::tests::should_not_build_on_sea_tile ... ok
[INFO] [stdout] test simulation::build::positions::extensions::build_town::tests::should_not_build_if_position_controlled ... ok
[INFO] [stdout] test simulation::build::positions::extensions::build_town::tests::should_build_if_route_ends_at_position ... ok
[INFO] [stdout] test simulation::settlement::extensions::get_route_changes::tests::multiple_changes ... ok
[INFO] [stdout] test simulation::settlement::extensions::get_route_changes::tests::should_add_no_change_instruction_if_route_is_unchanged ... ok
[INFO] [stdout] test simulation::settlement::extensions::get_route_changes::tests::should_add_route_and_new_route_change_if_route_is_new ... ok
[INFO] [stdout] test simulation::settlement::extensions::get_route_changes::tests::should_add_route_and_update_route_change_if_route_has_changed ... ok
[INFO] [stdout] test simulation::settlement::extensions::get_routes::tests::test ... ok
[INFO] [stdout] test simulation::settlement::extensions::get_routes::tests::test_no_closest_targets ... ok
[INFO] [stdout] test simulation::settlement::extensions::get_routes::tests::zero_quantity_route_should_return_empty_route_set_and_should_not_call_pathfinder ... ok
[INFO] [stdout] test simulation::settlement::extensions::get_route_changes::tests::should_remove_route_and_add_removed_route_change_if_route_is_removed ... ok
[INFO] [stdout] test simulation::settlement::extensions::get_town_traffic::tests::should_ignore_gates_outside_territory ... ok
[INFO] [stdout] test simulation::settlement::extensions::get_territory::tests::should_call_update_territory_and_return_controlled ... ok
[INFO] [stdout] test simulation::settlement::extensions::get_town_traffic::tests::should_include_route_with_gate_in_territory ... ok
[INFO] [stdout] test simulation::settlement::extensions::get_town_traffic::tests::should_include_routes_ending_in_territory ... ok
[INFO] [stdout] test simulation::settlement::extensions::get_town_traffic::tests::should_ignore_invalid_route ... ok
[INFO] [stdout] test simulation::settlement::extensions::get_town_traffic::tests::should_include_routes_ending_in_territory_with_gate_outside_territory ... ok
[INFO] [stdout] test simulation::settlement::extensions::get_routes::tests::test_more_closest_targets_than_requested ... ok
[INFO] [stdout] test simulation::settlement::extensions::get_town_traffic::tests::should_link_route_from_corner_of_settlement_to_correct_settlement ... ok
[INFO] [stdout] test simulation::settlement::extensions::get_town_traffic::tests::should_split_routes_from_different_nations ... ok
[INFO] [stdout] test simulation::settlement::extensions::get_town_traffic::tests::should_ignore_route_from_invalid_settlement ... ok
[INFO] [stdout] test simulation::settlement::extensions::get_routes::tests::zero_source_route_should_return_empty_route_set_and_should_not_call_pathfinder ... ok
[INFO] [stdout] test simulation::settlement::extensions::get_town_traffic::tests::should_ignore_routes_not_ending_in_territory ... ok
[INFO] [stdout] test simulation::settlement::extensions::get_town_traffic::tests::should_aggregate_routes_from_same_nation ... ok
[INFO] [stdout] test simulation::settlement::extensions::get_town_traffic::tests::should_ignore_routes_starting_in_territory ... ok
[INFO] [stdout] test simulation::settlement::extensions::get_town_traffic::tests::should_include_route_with_destination_and_gate_in_territory ... ok
[INFO] [stdout] test simulation::settlement::extensions::refresh_edges::tests::multiple_changes ... ok
[INFO] [stdout] test simulation::settlement::extensions::refresh_edges::tests::no_change_route_should_refresh_all_edges_in_route ... ok
[INFO] [stdout] test simulation::settlement::extensions::refresh_edges::tests::removed_route_should_refresh_all_edges_in_route ... ok
[INFO] [stdout] test simulation::settlement::extensions::refresh_edges::tests::new_route_should_refresh_all_edges_in_route ... ok
[INFO] [stdout] test simulation::settlement::extensions::refresh_edges::tests::updated_route_should_refresh_edges_in_old_and_new ... ok
[INFO] [stdout] test simulation::settlement::extensions::update_current_population::tests::should_clamp_population_change_to_max_abs_population_change_when_decreasing ... ok
[INFO] [stdout] test simulation::settlement::extensions::refresh_positions::tests::multiple_changes ... ok
[INFO] [stdout] test simulation::settlement::extensions::refresh_positions::tests::new_route_should_refresh_all_positions_in_route ... ok
[INFO] [stdout] test simulation::settlement::extensions::refresh_positions::tests::no_change_route_should_refresh_all_positions_in_route ... ok
[INFO] [stdout] test simulation::settlement::extensions::remove_town::tests::should_not_remove_town_with_current_population_below_threshold_but_traffic ... ok
[INFO] [stdout] test simulation::settlement::extensions::refresh_positions::tests::removed_route_should_refresh_all_positions_in_route ... ok
[INFO] [stdout] test simulation::settlement::extensions::refresh_positions::tests::updated_route_should_refresh_positions_from_old_and_new_route ... ok
[INFO] [stdout] test simulation::settlement::extensions::remove_town::tests::should_not_remove_town_with_no_traffic_but_current_population_above_threshold ... ok
[INFO] [stdout] test simulation::settlement::extensions::update_current_population::tests::should_clamp_population_change_to_max_abs_population_change_when_increasing ... ok
[INFO] [stdout] test simulation::settlement::extensions::remove_town::tests::should_refresh_all_positions_controlled_by_town ... ok
[INFO] [stdout] test simulation::settlement::extensions::remove_town::tests::should_remove_town_with_no_traffic_and_current_population_below_threshold ... ok
[INFO] [stdout] test simulation::settlement::extensions::update_current_population::tests::should_move_current_population_towards_target_population_when_target_less ... ok
[INFO] [stdout] test simulation::settlement::extensions::update_current_population::tests::should_move_current_population_towards_target_population_when_target_more ... ok
[INFO] [stdout] test simulation::settlement::extensions::update_edge_traffic::tests::no_change_route_should_not_change_edge_traffic ... ok
[INFO] [stdout] test simulation::settlement::extensions::update_current_population::tests::should_not_change_settlement_if_last_population_update_after_game_micros ... ok
[INFO] [stdout] test simulation::settlement::extensions::update_edge_traffic::tests::updated_route_should_add_edge_traffic_for_edges_not_in_old_route ... ok
[INFO] [stdout] test simulation::settlement::extensions::update_edge_traffic::tests::should_retain_traffic_added_by_other_route_when_adding_route ... ok
[INFO] [stdout] test simulation::settlement::extensions::update_edge_traffic::tests::new_route_should_add_edge_traffic_for_all_edges_in_route ... ok
[INFO] [stdout] test simulation::settlement::extensions::update_homeland::tests::target_population_should_be_equal_share_of_visible_land ... ok
[INFO] [stdout] test simulation::settlement::extensions::update_edge_traffic::tests::updated_route_should_remove_edge_traffic_for_edges_not_in_new_route ... ok
[INFO] [stdout] test simulation::settlement::extensions::update_current_population::tests::should_set_current_population_to_target_population_if_half_life_zero ... ok
[INFO] [stdout] test simulation::settlement::extensions::update_edge_traffic::tests::removed_route_should_remove_edge_traffic_for_all_edges_in_route ... ok
[INFO] [stdout] test simulation::settlement::extensions::update_position_traffic::tests::new_route_should_add_traffic_for_all_positions_in_route ... ok
[INFO] [stdout] test simulation::settlement::extensions::update_position_traffic::tests::no_change_route_should_not_change_traffic ... ok
[INFO] [stdout] test simulation::settlement::extensions::update_position_traffic::tests::removed_route_should_remove_traffic_for_all_positions_in_route ... ok
[INFO] [stdout] test simulation::settlement::extensions::update_route_to_gates::tests::multiple_changes ... ok
[INFO] [stdout] test simulation::settlement::extensions::update_position_traffic::tests::updated_route_should_remove_traffic_for_positions_not_in_new_route ... ok
[INFO] [stdout] test simulation::settlement::extensions::update_edge_traffic::tests::should_retain_traffic_added_by_other_route_when_removing_route ... ok
[INFO] [stdout] test simulation::settlement::extensions::update_route_to_gates::tests::should_do_nothing_for_new_route_with_no_gates ... ok
[INFO] [stdout] test simulation::settlement::extensions::update_route_to_gates::tests::should_do_nothing_for_updated_route_with_same_path ... ok
[INFO] [stdout] test simulation::settlement::extensions::update_position_traffic::tests::should_retain_traffic_added_by_other_route_when_adding_route ... ok
[INFO] [stdout] test simulation::settlement::extensions::update_position_traffic::tests::should_retain_traffic_added_by_other_route_when_removing_route ... ok
[INFO] [stdout] test simulation::settlement::extensions::update_route_to_gates::tests::should_remove_entry_for_removed_route ... ok
[INFO] [stdout] test simulation::settlement::extensions::update_position_traffic::tests::updated_route_should_add_traffic_for_positions_not_in_old_route ... ok
[INFO] [stdout] test simulation::settlement::extensions::update_route_to_gates::tests::should_insert_entry_for_new_route_with_gates ... ok
[INFO] [stdout] test simulation::settlement::extensions::update_town::tests::should_keep_original_nation_if_no_nation_exceeds_nation_flip_traffic_pc ... ok
[INFO] [stdout] test simulation::settlement::extensions::update_route_to_gates::tests::should_only_insert_entry_for_platforms ... ok
[INFO] [stdout] test simulation::settlement::extensions::update_town::tests::should_set_gap_to_total_round_trip_duration_divided_by_total_traffic_share_multiplied_by_half_life_factor ... ok
[INFO] [stdout] test simulation::settlement::extensions::update_town::tests::should_update_target_population_based_on_total_traffic_share ... ok
[INFO] [stdout] test simulation::settlement::extensions::update_town::tests::should_update_target_population_to_zero_for_town_with_no_traffic ... ok
[INFO] [stdout] test simulation::settlement::extensions::update_town::tests::should_keep_original_nation_if_population_is_in_decline ... ok
[INFO] [stdout] test simulation::settlement::extensions::update_route_to_gates::tests::should_update_entry_for_updated_route_with_updated_path_with_gates ... ok
[INFO] [stdout] test territory::tests::add_controller ... ok
[INFO] [stdout] test simulation::settlement::extensions::update_route_to_gates::tests::should_remove_entry_for_updated_route_with_no_gates ... ok
[INFO] [stdout] test simulation::settlement::extensions::update_town::tests::should_not_change_gap_half_life_for_town_with_no_traffic ... ok
[INFO] [stdout] test territory::tests::controlled_does_not_includes_claimed_but_not_controlled ... ok
[INFO] [stdout] test simulation::settlement::extensions::update_town::tests::should_update_town_nation_if_any_nation_exceeds_nation_flip_traffic_pc ... ok
[INFO] [stdout] test territory::tests::no_longer_claimed_no_other_claim_changes ... ok
[INFO] [stdout] test territory::tests::is_controlled_by_returns_false_when_not_controlled ... ok
[INFO] [stdout] test territory::tests::controlled_no_claims ... ok
[INFO] [stdout] test territory::tests::controlled_includes_controlled ... ok
[INFO] [stdout] test territory::tests::owner_change_through_duration_decrease_changes ... ok
[INFO] [stdout] test territory::tests::no_longer_claimed_other_claim_changes ... ok
[INFO] [stdout] test territory::tests::additional_claim_changes ... ok
[INFO] [stdout] test territory::tests::is_controlled_by_returns_true_when_controlled ... ok
[INFO] [stdout] test territory::tests::who_controls_multiple_claims_same_durations ... ok
[INFO] [stdout] test territory::tests::who_controls_no_claims ... ok
[INFO] [stdout] test territory::tests::owner_change_through_duration_increase_changes ... ok
[INFO] [stdout] test territory::tests::who_controls_single_claim ... ok
[INFO] [stdout] test territory::tests::new_controller_changes ... ok
[INFO] [stdout] test territory::tests::who_controls_tile_multiple_claims_different_durations ... ok
[INFO] [stdout] test travel_duration::gradient::tests::downhill_use_absolute_rise ... ok
[INFO] [stdout] test territory::tests::who_controls_tile_all_corners_claimed ... ok
[INFO] [stdout] test territory::tests::who_controls_multiple_claims_different_durations ... ok
[INFO] [stdout] test territory::tests::who_controls_tile_multiple_claims_same_durations ... ok
[INFO] [stdout] test territory::tests::remove_controller ... ok
[INFO] [stdout] test territory::tests::who_controls_tile_no_claims ... ok
[INFO] [stdout] test territory::tests::who_controls_tile_not_all_corners_claimed ... ok
[INFO] [stdout] test traits::world::tests::test_visible_land_positions ... ok
[INFO] [stdout] test travel_duration::gradient::tests::min_duration ... ok
[INFO] [stdout] test travel_duration::gradient::tests::should_not_allow_gradient_out_of_range_uphill ... ok
[INFO] [stdout] test travel_duration::gradient::tests::should_not_allow_gradient_out_of_range_downhill ... ok
[INFO] [stdout] test travel_duration::gradient::tests::downhill_do_not_use_absolute_rise ... ok
[INFO] [stdout] test travel_duration::no_river_corners::tests::can_walk_elsewhere ... ok
[INFO] [stdout] test travel_duration::no_river_corners::tests::cannot_walk_from_corner ... ok
[INFO] [stdout] test travel_duration::gradient::tests::max_duration ... ok
[INFO] [stdout] test travel_duration::no_river_corners::tests::cannot_walk_into_corner ... ok
[INFO] [stdout] test travel_duration::gradient::tests::uphill_do_not_use_absolute_rise ... ok
[INFO] [stdout] test visibility_computer::tests::round_trip ... ok
[INFO] [stdout] test travel_duration::tests::test_get_durations_for_corner ... ok
[INFO] [stdout] test visibility_computer::tests::test_bresenham_circle ... ok
[INFO] [stdout] test travel_duration::tests::test_get_durations_for_position ... ok
[INFO] [stdout] test visibility_computer::tests::test_check_visibility_along_line_dip ... ok
[INFO] [stdout] test visibility_computer::tests::test_check_visibility_along_line_flat ... ok
[INFO] [stdout] test visibility_computer::tests::test_check_visibility_along_line_flat_with_raised_head ... ok
[INFO] [stdout] test visibility_computer::tests::test_run ... ok
[INFO] [stdout] test visibility_computer::tests::test_no_planet_curve_adjustment ... ok
[INFO] [stdout] test visibility_computer::tests::test_check_visibility_along_line_flat_with_raised_head_and_curve ... ok
[INFO] [stdout] test visibility_computer::tests::test_check_visibility_along_line_hill_behind_hill ... ok
[INFO] [stdout] test visibility_computer::tests::test_bresenham_line ... ok
[INFO] [stdout] test visibility_computer::tests::test_planet_curve_adjustment ... ok
[INFO] [stdout] test world::planned_road::tests::either ... ok
[INFO] [stdout] test visibility_computer::tests::test_check_visibility_along_line_hill ... ok
[INFO] [stdout] test visibility_computer::tests::update_visibility ... ok
[INFO] [stdout] test world::planned_road::tests::get_mut ... ok
[INFO] [stdout] test world::planned_road::tests::some ... ok
[INFO] [stdout] test world::tests::test_all_none_tile_average ... ok
[INFO] [stdout] test world::planned_road::tests::get ... ok
[INFO] [stdout] test world::tests::round_trip ... ok
[INFO] [stdout] test world::tests::test_filtered_tile_average ... ok
[INFO] [stdout] test world::tests::test_get_highest_corner ... ok
[INFO] [stdout] test world::tests::test_get_max_abs_rise ... ok
[INFO] [stdout] test world::tests::test_get_rise ... ok
[INFO] [stdout] test world::tests::test_get_border ... ok
[INFO] [stdout] test world::tests::test_is_river_or_road ... ok
[INFO] [stdout] test world::tests::test_is_road_horizontal ... ok
[INFO] [stdout] test world::tests::test_get_lowest_corner ... ok
[INFO] [stdout] test world::tests::test_is_road_vertical ... ok
[INFO] [stdout] test world::tests::test_is_sea ... ok
[INFO] [stdout] test world::tests::test_is_land_tile ... ok
[INFO] [stdout] test world::tests::test_road_planned_horizontal ... ok
[INFO] [stdout] test world::tests::test_in_bounds ... ok
[INFO] [stdout] test world::tests::test_reveal_all ... ok
[INFO] [stdout] test world::tests::test_road_planned_horizontal_and_vertical ... ok
[INFO] [stdout] test world::tests::test_road_planned_vertical ... ok
[INFO] [stdout] test world::tests::test_is_river ... ok
[INFO] [stdout] test world::tests::test_tile_temperature_average ... ok
[INFO] [stdout] test world::world_cell::tests::test_junction ... ok
[INFO] [stdout] test world::tests::test_simple_tile_average ... ok
[INFO] [stdout] test world::tests::test_snap_to_middle ... ok
[INFO] [stdout] test world_gen::rainfall_gen::tests::test_calculate_probability ... ok
[INFO] [stdout] test world::tests::test_tile_groundwater_average ... ok
[INFO] [stdout] test world_gen::river_water::tests::test_add_river_water_for ... ok
[INFO] [stdout] test world::tests::test_set_visible ... ok
[INFO] [stdout] test world::tests::test_world_cell_junction ... ok
[INFO] [stdout] test world_gen::river_water::tests::test_get_max_distance ... ok
[INFO] [stdout] test world_gen::river_water::tests::test_add_river_water_cumulative ... ok
[INFO] [stdout] test world_gen::river_water::tests::test_get_max_distance_low_flow ... ok
[INFO] [stdout] test world_gen::river_water::tests::test_get_river_water_origin ... ok
[INFO] [stdout] test world_gen::river_water::tests::test_get_river_water_other ... ok
[INFO] [stdout] test world_gen::sea_border::tests::test_with_sea_border ... ok
[INFO] [stdout] test world_gen::tests::test_min_max_ignoring_sea ... ok
[INFO] [stdout] test world_gen::vegetation_gen::tests::test_equal_frequency_weights_starting_at_midway ... ok
[INFO] [stdout] test world_gen::vegetation_gen::tests::test_equal_frequency_weights_starting_at_start ... ok
[INFO] [stdout] test world_gen::temperature::tests::test_z_to_elevation ... ok
[INFO] [stdout] test world_gen::temperature::tests::test_y_to_latitude ... ok
[INFO] [stdout] test pathfinder::pathfinder::tests::test_get_network_indices_out_of_bounds - should panic ... ok
[INFO] [stdout] test services::clock::tests::test_save_load ... FAILED
[INFO] [stdout] test actors::builder::tests::should_pass_build_instructions_to_builders_ordered_by_when ... ok
[INFO] [stdout] test actors::setup_new_world::tests::test_min_distance_between_homelands ... ok
[INFO] [stdout] test actors::setup_new_world::tests::test_min_distance_between_homelands_rounds_up ... ok
[INFO] [stdout] 
[INFO] [stdout] failures:
[INFO] [stdout] 
[INFO] [stdout] ---- services::clock::tests::test_save_load stdout ----
[INFO] [stdout] thread 'services::clock::tests::test_save_load' panicked at 'called `Result::unwrap()` on an `Err` value: Os { code: 30, kind: ReadOnlyFilesystem, message: "Read-only file system" }', frontier/src/services/clock.rs:79:58
[INFO] [stdout] stack backtrace:
[INFO] [stdout]    0:     0x559a4f33a2aa - std::backtrace_rs::backtrace::libunwind::trace::h2f05d0192276a8f6
[INFO] [stdout]                                at /rustc/1b7dd2252b99671ce5d1cb9664c5f8636329436d/library/std/src/../../backtrace/src/backtrace/libunwind.rs:93:5
[INFO] [stdout]    1:     0x559a4f33a2aa - std::backtrace_rs::backtrace::trace_unsynchronized::hedc23dff7a1af150
[INFO] [stdout]                                at /rustc/1b7dd2252b99671ce5d1cb9664c5f8636329436d/library/std/src/../../backtrace/src/backtrace/mod.rs:66:5
[INFO] [stdout]    2:     0x559a4f33a2aa - std::sys_common::backtrace::_print_fmt::h17541ef7592f3ce2
[INFO] [stdout]                                at /rustc/1b7dd2252b99671ce5d1cb9664c5f8636329436d/library/std/src/sys_common/backtrace.rs:65:5
[INFO] [stdout]    3:     0x559a4f33a2aa - <std::sys_common::backtrace::_print::DisplayBacktrace as core::fmt::Display>::fmt::h20f75df5ab0c0792
[INFO] [stdout]                                at /rustc/1b7dd2252b99671ce5d1cb9664c5f8636329436d/library/std/src/sys_common/backtrace.rs:44:22
[INFO] [stdout]    4:     0x559a4f35f6bf - core::fmt::write::h78109e6f466b3af6
[INFO] [stdout]                                at /rustc/1b7dd2252b99671ce5d1cb9664c5f8636329436d/library/core/src/fmt/mod.rs:1254:17
[INFO] [stdout]    5:     0x559a4f3375a5 - std::io::Write::write_fmt::hd24bfb68a1b35a25
[INFO] [stdout]                                at /rustc/1b7dd2252b99671ce5d1cb9664c5f8636329436d/library/std/src/io/mod.rs:1698:15
[INFO] [stdout]    6:     0x559a4f33a075 - std::sys_common::backtrace::_print::h8dac57a9f8fbf9a5
[INFO] [stdout]                                at /rustc/1b7dd2252b99671ce5d1cb9664c5f8636329436d/library/std/src/sys_common/backtrace.rs:47:5
[INFO] [stdout]    7:     0x559a4f33a075 - std::sys_common::backtrace::print::hf9ecbf41d1aa712f
[INFO] [stdout]                                at /rustc/1b7dd2252b99671ce5d1cb9664c5f8636329436d/library/std/src/sys_common/backtrace.rs:34:9
[INFO] [stdout]    8:     0x559a4f33bd2e - std::panicking::default_hook::{{closure}}::h04c07acfc84ca028
[INFO] [stdout]                                at /rustc/1b7dd2252b99671ce5d1cb9664c5f8636329436d/library/std/src/panicking.rs:269:22
[INFO] [stdout]    9:     0x559a4f33ba61 - std::panicking::default_hook::h01f6bb23e1eceb2c
[INFO] [stdout]                                at /rustc/1b7dd2252b99671ce5d1cb9664c5f8636329436d/library/std/src/panicking.rs:285:9
[INFO] [stdout]   10:     0x559a4f23eaab - <alloc::boxed::Box<F,A> as core::ops::function::Fn<Args>>::call::h87fe9f7b2fd49e4c
[INFO] [stdout]                                at /rustc/1b7dd2252b99671ce5d1cb9664c5f8636329436d/library/alloc/src/boxed.rs:1987:9
[INFO] [stdout]   11:     0x559a4f23eaab - test::test_main::{{closure}}::he94d679243a7531b
[INFO] [stdout]                                at /rustc/1b7dd2252b99671ce5d1cb9664c5f8636329436d/library/test/src/lib.rs:134:21
[INFO] [stdout]   12:     0x559a4f33c414 - <alloc::boxed::Box<F,A> as core::ops::function::Fn<Args>>::call::h3f2d6d8b14c4769f
[INFO] [stdout]                                at /rustc/1b7dd2252b99671ce5d1cb9664c5f8636329436d/library/alloc/src/boxed.rs:1987:9
[INFO] [stdout]   13:     0x559a4f33c414 - std::panicking::rust_panic_with_hook::h2bb3722bbaf2f6df
[INFO] [stdout]                                at /rustc/1b7dd2252b99671ce5d1cb9664c5f8636329436d/library/std/src/panicking.rs:695:13
[INFO] [stdout]   14:     0x559a4f33c189 - std::panicking::begin_panic_handler::{{closure}}::h91bc7f36a4be011b
[INFO] [stdout]                                at /rustc/1b7dd2252b99671ce5d1cb9664c5f8636329436d/library/std/src/panicking.rs:582:13
[INFO] [stdout]   15:     0x559a4f33a716 - std::sys_common::backtrace::__rust_end_short_backtrace::h8b3d3717114f9e59
[INFO] [stdout]                                at /rustc/1b7dd2252b99671ce5d1cb9664c5f8636329436d/library/std/src/sys_common/backtrace.rs:150:18
[INFO] [stdout]   16:     0x559a4f33bee2 - rust_begin_unwind
[INFO] [stdout]                                at /rustc/1b7dd2252b99671ce5d1cb9664c5f8636329436d/library/std/src/panicking.rs:578:5
[INFO] [stdout]   17:     0x559a4ef97073 - core::panicking::panic_fmt::hfd368e3fbdabea26
[INFO] [stdout]                                at /rustc/1b7dd2252b99671ce5d1cb9664c5f8636329436d/library/core/src/panicking.rs:67:14
[INFO] [stdout]   18:     0x559a4ef97613 - core::result::unwrap_failed::he54eb4b2f125b26f
[INFO] [stdout]                                at /rustc/1b7dd2252b99671ce5d1cb9664c5f8636329436d/library/core/src/result.rs:1687:5
[INFO] [stdout]   19:     0x559a4f2739ab - core::result::Result<T,E>::unwrap::ha0bc7d6024b42174
[INFO] [stdout]                                at /rustc/1b7dd2252b99671ce5d1cb9664c5f8636329436d/library/core/src/result.rs:1089:23
[INFO] [stdout]   20:     0x559a4f1fc0d6 - frontier::services::clock::Clock<T>::save::hf25b7903197a4d2e
[INFO] [stdout]                                at /opt/rustwide/workdir/frontier/src/services/clock.rs:79:39
[INFO] [stdout]   21:     0x559a4f199ca7 - frontier::services::clock::tests::test_save_load::hced9ff5ffd21d7be
[INFO] [stdout]                                at /opt/rustwide/workdir/frontier/src/services/clock.rs:204:9
[INFO] [stdout]   22:     0x559a4f199be7 - frontier::services::clock::tests::test_save_load::{{closure}}::hc2de34ea39389249
[INFO] [stdout]                                at /opt/rustwide/workdir/frontier/src/services/clock.rs:200:25
[INFO] [stdout]   23:     0x559a4f0d6f15 - core::ops::function::FnOnce::call_once::h4c8902fc98596da1
[INFO] [stdout]                                at /rustc/1b7dd2252b99671ce5d1cb9664c5f8636329436d/library/core/src/ops/function.rs:250:5
[INFO] [stdout]   24:     0x559a4f24397f - core::ops::function::FnOnce::call_once::ha6a70e79f7481a7e
[INFO] [stdout]                                at /rustc/1b7dd2252b99671ce5d1cb9664c5f8636329436d/library/core/src/ops/function.rs:250:5
[INFO] [stdout]   25:     0x559a4f24397f - test::__rust_begin_short_backtrace::hce33033019b61e69
[INFO] [stdout]                                at /rustc/1b7dd2252b99671ce5d1cb9664c5f8636329436d/library/test/src/lib.rs:655:18
[INFO] [stdout]   26:     0x559a4f21116c - test::run_test::{{closure}}::h858d3528838ae3e5
[INFO] [stdout]                                at /rustc/1b7dd2252b99671ce5d1cb9664c5f8636329436d/library/test/src/lib.rs:646:30
[INFO] [stdout]   27:     0x559a4f21116c - core::ops::function::FnOnce::call_once{{vtable.shim}}::he8ac2b00f01ae79e
[INFO] [stdout]                                at /rustc/1b7dd2252b99671ce5d1cb9664c5f8636329436d/library/core/src/ops/function.rs:250:5
[INFO] [stdout]   28:     0x559a4f242a56 - <alloc::boxed::Box<F,A> as core::ops::function::FnOnce<Args>>::call_once::h8093d25b522725ef
[INFO] [stdout]                                at /rustc/1b7dd2252b99671ce5d1cb9664c5f8636329436d/library/alloc/src/boxed.rs:1973:9
[INFO] [stdout]   29:     0x559a4f242a56 - <core::panic::unwind_safe::AssertUnwindSafe<F> as core::ops::function::FnOnce<()>>::call_once::h5c334c204e4a3913
[INFO] [stdout]                                at /rustc/1b7dd2252b99671ce5d1cb9664c5f8636329436d/library/core/src/panic/unwind_safe.rs:271:9
[INFO] [stdout]   30:     0x559a4f242a56 - std::panicking::try::do_call::ha8b740c7b9478074
[INFO] [stdout]                                at /rustc/1b7dd2252b99671ce5d1cb9664c5f8636329436d/library/std/src/panicking.rs:485:40
[INFO] [stdout]   31:     0x559a4f242a56 - std::panicking::try::h5d34f63d0e41b64e
[INFO] [stdout]                                at /rustc/1b7dd2252b99671ce5d1cb9664c5f8636329436d/library/std/src/panicking.rs:449:19
[INFO] [stdout]   32:     0x559a4f242a56 - std::panic::catch_unwind::hcfbb511e1aa7fc67
[INFO] [stdout]                                at /rustc/1b7dd2252b99671ce5d1cb9664c5f8636329436d/library/std/src/panic.rs:140:14
[INFO] [stdout]   33:     0x559a4f242a56 - test::run_test_in_process::h9abda90f802eaf21
[INFO] [stdout]                                at /rustc/1b7dd2252b99671ce5d1cb9664c5f8636329436d/library/test/src/lib.rs:678:27
[INFO] [stdout]   34:     0x559a4f242a56 - test::run_test::run_test_inner::{{closure}}::h0f058de91f6c6edf
[INFO] [stdout]                                at /rustc/1b7dd2252b99671ce5d1cb9664c5f8636329436d/library/test/src/lib.rs:572:39
[INFO] [stdout]   35:     0x559a4f20b975 - test::run_test::run_test_inner::{{closure}}::h5ca48a4c59c6c1fb
[INFO] [stdout]                                at /rustc/1b7dd2252b99671ce5d1cb9664c5f8636329436d/library/test/src/lib.rs:599:37
[INFO] [stdout]   36:     0x559a4f20b975 - std::sys_common::backtrace::__rust_begin_short_backtrace::h32bd51e1495d4a33
[INFO] [stdout]                                at /rustc/1b7dd2252b99671ce5d1cb9664c5f8636329436d/library/std/src/sys_common/backtrace.rs:134:18
[INFO] [stdout]   37:     0x559a4f210eb1 - std::thread::Builder::spawn_unchecked_::{{closure}}::{{closure}}::hc086fae9b128b2db
[INFO] [stdout]                                at /rustc/1b7dd2252b99671ce5d1cb9664c5f8636329436d/library/std/src/thread/mod.rs:526:17
[INFO] [stdout]   38:     0x559a4f210eb1 - <core::panic::unwind_safe::AssertUnwindSafe<F> as core::ops::function::FnOnce<()>>::call_once::hb66571888d270d43
[INFO] [stdout]                                at /rustc/1b7dd2252b99671ce5d1cb9664c5f8636329436d/library/core/src/panic/unwind_safe.rs:271:9
[INFO] [stdout]   39:     0x559a4f210eb1 - std::panicking::try::do_call::h4fa2ef4f6e51fecf
[INFO] [stdout]                                at /rustc/1b7dd2252b99671ce5d1cb9664c5f8636329436d/library/std/src/panicking.rs:485:40
[INFO] [stdout]   40:     0x559a4f210eb1 - std::panicking::try::h1e9e22b8584489b5
[INFO] [stdout]                                at /rustc/1b7dd2252b99671ce5d1cb9664c5f8636329436d/library/std/src/panicking.rs:449:19
[INFO] [stdout]   41:     0x559a4f210eb1 - std::panic::catch_unwind::h44698a3de0e0769e
[INFO] [stdout]                                at /rustc/1b7dd2252b99671ce5d1cb9664c5f8636329436d/library/std/src/panic.rs:140:14
[INFO] [stdout]   42:     0x559a4f210eb1 - std::thread::Builder::spawn_unchecked_::{{closure}}::h50153abde3fe239e
[INFO] [stdout]                                at /rustc/1b7dd2252b99671ce5d1cb9664c5f8636329436d/library/std/src/thread/mod.rs:525:30
[INFO] [stdout]   43:     0x559a4f210eb1 - core::ops::function::FnOnce::call_once{{vtable.shim}}::hbe5bbf6f38394364
[INFO] [stdout]                                at /rustc/1b7dd2252b99671ce5d1cb9664c5f8636329436d/library/core/src/ops/function.rs:250:5
[INFO] [stdout]   44:     0x559a4f3408f5 - <alloc::boxed::Box<F,A> as core::ops::function::FnOnce<Args>>::call_once::h0d83cb2920a49046
[INFO] [stdout]                                at /rustc/1b7dd2252b99671ce5d1cb9664c5f8636329436d/library/alloc/src/boxed.rs:1973:9
[INFO] [stdout]   45:     0x559a4f3408f5 - <alloc::boxed::Box<F,A> as core::ops::function::FnOnce<Args>>::call_once::hbe0a008aa7d9ef59
[INFO] [stdout]                                at /rustc/1b7dd2252b99671ce5d1cb9664c5f8636329436d/library/alloc/src/boxed.rs:1973:9
[INFO] [stdout]   46:     0x559a4f3408f5 - std::sys::unix::thread::Thread::new::thread_start::h3a466996bdf6b1f9
[INFO] [stdout]                                at /rustc/1b7dd2252b99671ce5d1cb9664c5f8636329436d/library/std/src/sys/unix/thread.rs:108:17
[INFO] [stdout]   47:     0x7f9a06886b43 - <unknown>
[INFO] [stdout]   48:     0x7f9a06917bb4 - __clone
[INFO] [stdout]   49:                0x0 - <unknown>
[INFO] [stdout] 
[INFO] [stdout] 
[INFO] [stdout] failures:
[INFO] [stdout]     services::clock::tests::test_save_load
[INFO] [stdout] 
[INFO] [stdout] test result: FAILED. 411 passed; 1 failed; 0 ignored; 0 measured; 0 filtered out; finished in 0.25s
[INFO] [stdout] 
[INFO] [stderr] error: test failed, to rerun pass `-p frontier --bin frontier`
[INFO] running `Command { std: "docker" "inspect" "694369b500863938ce49731c42312aab65ea2eeeb0c750718fb5b11687074366", kill_on_drop: false }`
[INFO] running `Command { std: "docker" "rm" "-f" "694369b500863938ce49731c42312aab65ea2eeeb0c750718fb5b11687074366", kill_on_drop: false }`
[INFO] [stdout] 694369b500863938ce49731c42312aab65ea2eeeb0c750718fb5b11687074366
