[INFO] cloning repository https://github.com/SuperTanker/ruplacer
[INFO] running `Command { std: "git" "-c" "credential.helper=" "-c" "credential.helper=/workspace/cargo-home/bin/git-credential-null" "clone" "--bare" "https://github.com/SuperTanker/ruplacer" "/workspace/cache/git-repos/https%3A%2F%2Fgithub.com%2FSuperTanker%2Fruplacer", kill_on_drop: false }`
[INFO] [stderr] Cloning into bare repository '/workspace/cache/git-repos/https%3A%2F%2Fgithub.com%2FSuperTanker%2Fruplacer'...
[INFO] running `Command { std: "git" "rev-parse" "HEAD", kill_on_drop: false }`
[INFO] [stdout] add652f45cc3d88fd6f1e151579fa084b74593e5
[INFO] testing SuperTanker/ruplacer against 1.69.0 for beta-1.70-1
[INFO] running `Command { std: "git" "clone" "/workspace/cache/git-repos/https%3A%2F%2Fgithub.com%2FSuperTanker%2Fruplacer" "/workspace/builds/worker-4-tc1/source", kill_on_drop: false }`
[INFO] [stderr] Cloning into '/workspace/builds/worker-4-tc1/source'...
[INFO] [stderr] done.
[INFO] validating manifest of git repo https://github.com/SuperTanker/ruplacer on toolchain 1.69.0
[INFO] running `Command { std: CARGO_HOME="/workspace/cargo-home" RUSTUP_HOME="/workspace/rustup-home" "/workspace/cargo-home/bin/cargo" "+1.69.0" "metadata" "--manifest-path" "Cargo.toml" "--no-deps", kill_on_drop: false }`
[INFO] started tweaking git repo https://github.com/SuperTanker/ruplacer
[INFO] finished tweaking git repo https://github.com/SuperTanker/ruplacer
[INFO] tweaked toml for git repo https://github.com/SuperTanker/ruplacer written to /workspace/builds/worker-4-tc1/source/Cargo.toml
[INFO] crate git repo https://github.com/SuperTanker/ruplacer already has a lockfile, it will not be regenerated
[INFO] running `Command { std: CARGO_HOME="/workspace/cargo-home" RUSTUP_HOME="/workspace/rustup-home" "/workspace/cargo-home/bin/cargo" "+1.69.0" "fetch" "--manifest-path" "Cargo.toml", kill_on_drop: false }`
[INFO] [stderr]  Downloading crates ...
[INFO] [stderr]   Downloaded Inflector v0.11.3
[INFO] [stderr]   Downloaded clap_derive v4.0.0-rc.1
[INFO] [stderr]   Downloaded clap v4.0.0-rc.2
[INFO] running `Command { std: "docker" "create" "-v" "/var/lib/crater-agent-workspace/builds/worker-4-tc1/target:/opt/rustwide/target:rw,Z" "-v" "/var/lib/crater-agent-workspace/builds/worker-4-tc1/source:/opt/rustwide/workdir:ro,Z" "-v" "/var/lib/crater-agent-workspace/cargo-home:/opt/rustwide/cargo-home:ro,Z" "-v" "/var/lib/crater-agent-workspace/rustup-home:/opt/rustwide/rustup-home:ro,Z" "-e" "SOURCE_DIR=/opt/rustwide/workdir" "-e" "CARGO_TARGET_DIR=/opt/rustwide/target" "-e" "CARGO_HOME=/opt/rustwide/cargo-home" "-e" "RUSTUP_HOME=/opt/rustwide/rustup-home" "-w" "/opt/rustwide/workdir" "-m" "1610612736" "--user" "0:0" "--network" "none" "ghcr.io/rust-lang/crates-build-env/linux@sha256:97d61d7686bf65f8ecb15491ab51835e82dc9176a96a831f143a431b191fc501" "/opt/rustwide/cargo-home/bin/cargo" "+1.69.0" "metadata" "--no-deps" "--format-version=1", kill_on_drop: false }`
[INFO] [stdout] c75d7f4ff0c088a01a0cefdcec921e72b774d69174b9a04bb4b41df80ceb7156
[INFO] running `Command { std: "docker" "start" "-a" "c75d7f4ff0c088a01a0cefdcec921e72b774d69174b9a04bb4b41df80ceb7156", kill_on_drop: false }`
[INFO] running `Command { std: "docker" "inspect" "c75d7f4ff0c088a01a0cefdcec921e72b774d69174b9a04bb4b41df80ceb7156", kill_on_drop: false }`
[INFO] running `Command { std: "docker" "rm" "-f" "c75d7f4ff0c088a01a0cefdcec921e72b774d69174b9a04bb4b41df80ceb7156", kill_on_drop: false }`
[INFO] [stdout] c75d7f4ff0c088a01a0cefdcec921e72b774d69174b9a04bb4b41df80ceb7156
[INFO] running `Command { std: "docker" "create" "-v" "/var/lib/crater-agent-workspace/builds/worker-4-tc1/target:/opt/rustwide/target:rw,Z" "-v" "/var/lib/crater-agent-workspace/builds/worker-4-tc1/source:/opt/rustwide/workdir:ro,Z" "-v" "/var/lib/crater-agent-workspace/cargo-home:/opt/rustwide/cargo-home:ro,Z" "-v" "/var/lib/crater-agent-workspace/rustup-home:/opt/rustwide/rustup-home:ro,Z" "-e" "SOURCE_DIR=/opt/rustwide/workdir" "-e" "CARGO_TARGET_DIR=/opt/rustwide/target" "-e" "CARGO_INCREMENTAL=0" "-e" "RUST_BACKTRACE=full" "-e" "RUSTFLAGS=--cap-lints=warn" "-e" "RUSTDOCFLAGS=--cap-lints=warn" "-e" "CARGO_HOME=/opt/rustwide/cargo-home" "-e" "RUSTUP_HOME=/opt/rustwide/rustup-home" "-w" "/opt/rustwide/workdir" "-m" "1610612736" "--user" "0:0" "--network" "none" "ghcr.io/rust-lang/crates-build-env/linux@sha256:97d61d7686bf65f8ecb15491ab51835e82dc9176a96a831f143a431b191fc501" "/opt/rustwide/cargo-home/bin/cargo" "+1.69.0" "build" "--frozen" "--message-format=json", kill_on_drop: false }`
[INFO] [stdout] 7b03f7c19a6b835fcbb5fbd7d58069dc4db743871bb570234d28f70c07e291c3
[INFO] running `Command { std: "docker" "start" "-a" "7b03f7c19a6b835fcbb5fbd7d58069dc4db743871bb570234d28f70c07e291c3", kill_on_drop: false }`
[INFO] [stderr]    Compiling version_check v0.9.4
[INFO] [stderr]    Compiling proc-macro2 v1.0.43
[INFO] [stderr]    Compiling memchr v2.4.0
[INFO] [stderr]    Compiling unicode-ident v1.0.4
[INFO] [stderr]    Compiling version_check v0.1.5
[INFO] [stderr]    Compiling syn v1.0.85
[INFO] [stderr]    Compiling libc v0.2.105
[INFO] [stderr]    Compiling regex-syntax v0.6.25
[INFO] [stderr]    Compiling once_cell v1.15.0
[INFO] [stderr]    Compiling log v0.4.14
[INFO] [stderr]    Compiling crossbeam-utils v0.8.10
[INFO] [stderr]    Compiling same-file v1.0.6
[INFO] [stderr]    Compiling anyhow v1.0.32
[INFO] [stderr]    Compiling heck v0.4.0
[INFO] [stderr]    Compiling os_str_bytes v6.0.0
[INFO] [stderr]    Compiling termcolor v1.1.2
[INFO] [stderr]    Compiling strsim v0.10.0
[INFO] [stderr]    Compiling thread_local v1.1.4
[INFO] [stderr]    Compiling clap_lex v0.3.0
[INFO] [stderr]    Compiling walkdir v2.3.2
[INFO] [stderr]    Compiling lazy_static v1.1.0
[INFO] [stderr]    Compiling proc-macro-error-attr v1.0.4
[INFO] [stderr]    Compiling proc-macro-error v1.0.4
[INFO] [stderr]    Compiling aho-corasick v0.7.18
[INFO] [stderr]    Compiling bstr v0.2.16
[INFO] [stderr]    Compiling quote v1.0.14
[INFO] [stderr]    Compiling atty v0.2.14
[INFO] [stderr]    Compiling colored v2.0.0
[INFO] [stderr]    Compiling regex v1.5.5
[INFO] [stderr]    Compiling globset v0.4.9
[INFO] [stderr]    Compiling Inflector v0.11.3
[INFO] [stderr]    Compiling ignore v0.4.18
[INFO] [stderr]    Compiling clap_derive v4.0.0-rc.1
[INFO] [stderr]    Compiling clap v4.0.0-rc.2
[INFO] [stderr]    Compiling ruplacer v0.8.1 (/opt/rustwide/workdir)
[INFO] [stderr]     Finished dev [unoptimized + debuginfo] target(s) in 11.84s
[INFO] running `Command { std: "docker" "inspect" "7b03f7c19a6b835fcbb5fbd7d58069dc4db743871bb570234d28f70c07e291c3", kill_on_drop: false }`
[INFO] running `Command { std: "docker" "rm" "-f" "7b03f7c19a6b835fcbb5fbd7d58069dc4db743871bb570234d28f70c07e291c3", kill_on_drop: false }`
[INFO] [stdout] 7b03f7c19a6b835fcbb5fbd7d58069dc4db743871bb570234d28f70c07e291c3
[INFO] running `Command { std: "docker" "create" "-v" "/var/lib/crater-agent-workspace/builds/worker-4-tc1/target:/opt/rustwide/target:rw,Z" "-v" "/var/lib/crater-agent-workspace/builds/worker-4-tc1/source:/opt/rustwide/workdir:ro,Z" "-v" "/var/lib/crater-agent-workspace/cargo-home:/opt/rustwide/cargo-home:ro,Z" "-v" "/var/lib/crater-agent-workspace/rustup-home:/opt/rustwide/rustup-home:ro,Z" "-e" "SOURCE_DIR=/opt/rustwide/workdir" "-e" "CARGO_TARGET_DIR=/opt/rustwide/target" "-e" "CARGO_INCREMENTAL=0" "-e" "RUST_BACKTRACE=full" "-e" "RUSTFLAGS=--cap-lints=warn" "-e" "RUSTDOCFLAGS=--cap-lints=warn" "-e" "CARGO_HOME=/opt/rustwide/cargo-home" "-e" "RUSTUP_HOME=/opt/rustwide/rustup-home" "-w" "/opt/rustwide/workdir" "-m" "1610612736" "--user" "0:0" "--network" "none" "ghcr.io/rust-lang/crates-build-env/linux@sha256:97d61d7686bf65f8ecb15491ab51835e82dc9176a96a831f143a431b191fc501" "/opt/rustwide/cargo-home/bin/cargo" "+1.69.0" "test" "--frozen" "--no-run" "--message-format=json", kill_on_drop: false }`
[INFO] [stdout] a3ef62e876eb60274ce9ac93e116b773c7397124881c2807739affa005dcb896
[INFO] running `Command { std: "docker" "start" "-a" "a3ef62e876eb60274ce9ac93e116b773c7397124881c2807739affa005dcb896", kill_on_drop: false }`
[INFO] [stderr]    Compiling libc v0.2.105
[INFO] [stderr]    Compiling ppv-lite86 v0.2.15
[INFO] [stderr]    Compiling remove_dir_all v0.5.1
[INFO] [stderr]    Compiling getrandom v0.2.3
[INFO] [stderr]    Compiling atty v0.2.14
[INFO] [stderr]    Compiling clap v4.0.0-rc.2
[INFO] [stderr]    Compiling colored v2.0.0
[INFO] [stderr]    Compiling rand_core v0.6.3
[INFO] [stderr]    Compiling rand_chacha v0.3.1
[INFO] [stderr]    Compiling rand v0.8.4
[INFO] [stderr]    Compiling tempfile v3.2.0
[INFO] [stderr]    Compiling ruplacer v0.8.1 (/opt/rustwide/workdir)
[INFO] [stderr]     Finished test [unoptimized + debuginfo] target(s) in 6.18s
[INFO] running `Command { std: "docker" "inspect" "a3ef62e876eb60274ce9ac93e116b773c7397124881c2807739affa005dcb896", kill_on_drop: false }`
[INFO] running `Command { std: "docker" "rm" "-f" "a3ef62e876eb60274ce9ac93e116b773c7397124881c2807739affa005dcb896", kill_on_drop: false }`
[INFO] [stdout] a3ef62e876eb60274ce9ac93e116b773c7397124881c2807739affa005dcb896
[INFO] running `Command { std: "docker" "create" "-v" "/var/lib/crater-agent-workspace/builds/worker-4-tc1/target:/opt/rustwide/target:rw,Z" "-v" "/var/lib/crater-agent-workspace/builds/worker-4-tc1/source:/opt/rustwide/workdir:ro,Z" "-v" "/var/lib/crater-agent-workspace/cargo-home:/opt/rustwide/cargo-home:ro,Z" "-v" "/var/lib/crater-agent-workspace/rustup-home:/opt/rustwide/rustup-home:ro,Z" "-e" "SOURCE_DIR=/opt/rustwide/workdir" "-e" "CARGO_TARGET_DIR=/opt/rustwide/target" "-e" "CARGO_INCREMENTAL=0" "-e" "RUST_BACKTRACE=full" "-e" "RUSTFLAGS=--cap-lints=warn" "-e" "RUSTDOCFLAGS=--cap-lints=warn" "-e" "CARGO_HOME=/opt/rustwide/cargo-home" "-e" "RUSTUP_HOME=/opt/rustwide/rustup-home" "-w" "/opt/rustwide/workdir" "-m" "1610612736" "--user" "0:0" "--network" "none" "ghcr.io/rust-lang/crates-build-env/linux@sha256:97d61d7686bf65f8ecb15491ab51835e82dc9176a96a831f143a431b191fc501" "/opt/rustwide/cargo-home/bin/cargo" "+1.69.0" "test" "--frozen", kill_on_drop: false }`
[INFO] [stdout] d9b70bad6f7f4cf03e2de5a5361b649040fcdbe611d6446f59c4dfc7b6831d7f
[INFO] running `Command { std: "docker" "start" "-a" "d9b70bad6f7f4cf03e2de5a5361b649040fcdbe611d6446f59c4dfc7b6831d7f", kill_on_drop: false }`
[INFO] [stderr]     Blocking waiting for file lock on package cache
[INFO] [stderr]     Finished test [unoptimized + debuginfo] target(s) in 0.16s
[INFO] [stderr]      Running unittests src/lib.rs (/opt/rustwide/target/debug/deps/ruplacer-1f54f76f5e34605b)
[INFO] [stdout] 
[INFO] [stdout] running 8 tests
[INFO] [stdout] test replacer::tests::test_substring_2 ... ok
[INFO] [stdout] test replacer::tests::test_subvert ... ok
[INFO] [stdout] test replacer::tests::test_substring_1 ... ok
[INFO] [stdout] test replacer::tests::test_simple_regex ... ok
[INFO] [stdout] test replacer::tests::test_display_patch ... ok
[INFO] [stdout] test replacer::tests::test_regex_with_substitutions ... ok
[INFO] [stdout] test file_patcher::tests::test_patch_file ... ok
[INFO] [stdout] test stats::tests::test_stats_to_string ... ok
[INFO] [stdout] 
[INFO] [stdout] test result: ok. 8 passed; 0 failed; 0 ignored; 0 measured; 0 filtered out; finished in 0.10s
[INFO] [stdout] 
[INFO] [stderr]      Running unittests src/main.rs (/opt/rustwide/target/debug/deps/ruplacer-5eca08c369e3879a)
[INFO] [stdout] 
[INFO] [stdout] running 0 tests
[INFO] [stdout] 
[INFO] [stdout] test result: ok. 0 passed; 0 failed; 0 ignored; 0 measured; 0 filtered out; finished in 0.00s
[INFO] [stdout] 
[INFO] [stderr]      Running tests/integration_tests.rs (/opt/rustwide/target/debug/deps/integration_tests-19448715e4b5e2d7)
[INFO] [stdout] 
[INFO] [stdout] running 15 tests
[INFO] [stdout] test test_ignore_file_types_by_incorrect_glob_pattern ... ok
[INFO] [stdout] test test_dry_run ... ok
[INFO] [stdout] test test_select_file_types_by_incorrect_glob_pattern ... ok
[INFO] [stdout] test test_select_file_types_by_glob_pattern_1 ... ok
[INFO] [stdout] test test_can_replace_ignored_files ... ok
[INFO] [stdout] test test_select_file_types_by_glob_pattern_2 ... ok
[INFO] [stdout] test test_select_file_types ... ok
[INFO] [stdout] test test_skip_hidden_and_ignored_by_default ... ok
[INFO] [stdout] test test_ignore_file_types ... ok
[INFO] [stdout] test test_ignore_file_types_by_glob_pattern_1 ... ok
[INFO] [stdout] test test_ignore_file_types_by_glob_pattern_2 ... ok
[INFO] [stdout] test test_replace_old_by_new ... ok
[INFO] [stdout] test test_stats ... ok
[INFO] [stdout] test test_can_replace_hidden_files ... ok
[INFO] [stdout] test test_skip_non_utf8_files ... ok
[INFO] [stdout] 
[INFO] [stdout] test result: ok. 15 passed; 0 failed; 0 ignored; 0 measured; 0 filtered out; finished in 0.08s
[INFO] [stdout] 
[INFO] [stderr]    Doc-tests ruplacer
[INFO] [stdout] 
[INFO] [stdout] running 4 tests
[INFO] [stdout] test src/replacer.rs - replacer::replace (line 10) ... ok
[INFO] [stdout] test src/file_patcher.rs - file_patcher::FilePatcher (line 13) ... FAILED
[INFO] [stdout] test src/console.rs - console::Console::print_replacement (line 46) ... ok
[INFO] [stdout] test src/directory_patcher.rs - directory_patcher::DirectoryPatcher (line 12) ... ok
[INFO] [stdout] 
[INFO] [stdout] failures:
[INFO] [stdout] 
[INFO] [stdout] ---- src/file_patcher.rs - file_patcher::FilePatcher (line 13) stdout ----
[INFO] [stdout] Test executable failed (exit status: 101).
[INFO] [stdout] 
[INFO] [stdout] stderr:
[INFO] [stdout] thread 'main' panicked at 'called `Result::unwrap()` on an `Err` value: Os { code: 30, kind: ReadOnlyFilesystem, message: "Read-only file system" }', src/file_patcher.rs:7:51
[INFO] [stdout] stack backtrace:
[INFO] [stdout]    0:     0x5629bcf6edda - std::backtrace_rs::backtrace::libunwind::trace::ha9053a9a07ca49cb
[INFO] [stdout]                                at /rustc/84c898d65adf2f39a5a98507f1fe0ce10a2b8dbc/library/std/src/../../backtrace/src/backtrace/libunwind.rs:93:5
[INFO] [stdout]    1:     0x5629bcf6edda - std::backtrace_rs::backtrace::trace_unsynchronized::h9c2852a457ad564e
[INFO] [stdout]                                at /rustc/84c898d65adf2f39a5a98507f1fe0ce10a2b8dbc/library/std/src/../../backtrace/src/backtrace/mod.rs:66:5
[INFO] [stdout]    2:     0x5629bcf6edda - std::sys_common::backtrace::_print_fmt::h457936fbfaa0070f
[INFO] [stdout]                                at /rustc/84c898d65adf2f39a5a98507f1fe0ce10a2b8dbc/library/std/src/sys_common/backtrace.rs:65:5
[INFO] [stdout]    3:     0x5629bcf6edda - <std::sys_common::backtrace::_print::DisplayBacktrace as core::fmt::Display>::fmt::h5779d7bf7f70cb0c
[INFO] [stdout]                                at /rustc/84c898d65adf2f39a5a98507f1fe0ce10a2b8dbc/library/std/src/sys_common/backtrace.rs:44:22
[INFO] [stdout]    4:     0x5629bcf8956e - core::fmt::write::h5a4baaff1bcd3eb5
[INFO] [stdout]                                at /rustc/84c898d65adf2f39a5a98507f1fe0ce10a2b8dbc/library/core/src/fmt/mod.rs:1232:17
[INFO] [stdout]    5:     0x5629bcf6ce05 - std::io::Write::write_fmt::h4bc1f301cb9e9cce
[INFO] [stdout]                                at /rustc/84c898d65adf2f39a5a98507f1fe0ce10a2b8dbc/library/std/src/io/mod.rs:1684:15
[INFO] [stdout]    6:     0x5629bcf6eba5 - std::sys_common::backtrace::_print::h5fcdc36060f177e8
[INFO] [stdout]                                at /rustc/84c898d65adf2f39a5a98507f1fe0ce10a2b8dbc/library/std/src/sys_common/backtrace.rs:47:5
[INFO] [stdout]    7:     0x5629bcf6eba5 - std::sys_common::backtrace::print::h54ca9458b876c8bf
[INFO] [stdout]                                at /rustc/84c898d65adf2f39a5a98507f1fe0ce10a2b8dbc/library/std/src/sys_common/backtrace.rs:34:9
[INFO] [stdout]    8:     0x5629bcf701ff - std::panicking::default_hook::{{closure}}::hbe471161c7664ed6
[INFO] [stdout]                                at /rustc/84c898d65adf2f39a5a98507f1fe0ce10a2b8dbc/library/std/src/panicking.rs:271:22
[INFO] [stdout]    9:     0x5629bcf6ff3b - std::panicking::default_hook::ha3500da57aa4ac4f
[INFO] [stdout]                                at /rustc/84c898d65adf2f39a5a98507f1fe0ce10a2b8dbc/library/std/src/panicking.rs:290:9
[INFO] [stdout]   10:     0x5629bcf707a8 - std::panicking::rust_panic_with_hook::h50c09d000dc561d2
[INFO] [stdout]                                at /rustc/84c898d65adf2f39a5a98507f1fe0ce10a2b8dbc/library/std/src/panicking.rs:692:13
[INFO] [stdout]   11:     0x5629bcf706a9 - std::panicking::begin_panic_handler::{{closure}}::h9e2b2176e00e0d9c
[INFO] [stdout]                                at /rustc/84c898d65adf2f39a5a98507f1fe0ce10a2b8dbc/library/std/src/panicking.rs:583:13
[INFO] [stdout]   12:     0x5629bcf6f246 - std::sys_common::backtrace::__rust_end_short_backtrace::h5739b8e512c09d02
[INFO] [stdout]                                at /rustc/84c898d65adf2f39a5a98507f1fe0ce10a2b8dbc/library/std/src/sys_common/backtrace.rs:150:18
[INFO] [stdout]   13:     0x5629bcf703b2 - rust_begin_unwind
[INFO] [stdout]                                at /rustc/84c898d65adf2f39a5a98507f1fe0ce10a2b8dbc/library/std/src/panicking.rs:579:5
[INFO] [stdout]   14:     0x5629bce77763 - core::panicking::panic_fmt::hf33a1475b4dc5c3e
[INFO] [stdout]                                at /rustc/84c898d65adf2f39a5a98507f1fe0ce10a2b8dbc/library/core/src/panicking.rs:64:14
[INFO] [stdout]   15:     0x5629bce77b53 - core::result::unwrap_failed::hdff5465d74574b44
[INFO] [stdout]                                at /rustc/84c898d65adf2f39a5a98507f1fe0ce10a2b8dbc/library/core/src/result.rs:1750:5
[INFO] [stdout]   16:     0x5629bce782eb - core::result::Result<T,E>::unwrap::hffa93c3900639595
[INFO] [stdout]   17:     0x5629bce7848d - rust_out::main::_doctest_main_src_file_patcher_rs_13_0::he62c726b56b3e25b
[INFO] [stdout]   18:     0x5629bce78446 - rust_out::main::h045d0fd74ed7290e
[INFO] [stdout]   19:     0x5629bce77f63 - core::ops::function::FnOnce::call_once::h5b89dea722ea21ad
[INFO] [stdout]   20:     0x5629bce77db9 - std::sys_common::backtrace::__rust_begin_short_backtrace::hc178e4cfacf1803d
[INFO] [stdout]   21:     0x5629bce77f39 - std::rt::lang_start::{{closure}}::he8c5d60628d06093
[INFO] [stdout]   22:     0x5629bcf69a8c - core::ops::function::impls::<impl core::ops::function::FnOnce<A> for &F>::call_once::hd6efcd3bec896f2c
[INFO] [stdout]                                at /rustc/84c898d65adf2f39a5a98507f1fe0ce10a2b8dbc/library/core/src/ops/function.rs:287:13
[INFO] [stdout]   23:     0x5629bcf69a8c - std::panicking::try::do_call::hce04e543bb1f4cbb
[INFO] [stdout]                                at /rustc/84c898d65adf2f39a5a98507f1fe0ce10a2b8dbc/library/std/src/panicking.rs:487:40
[INFO] [stdout]   24:     0x5629bcf69a8c - std::panicking::try::h3342dd4e1f680968
[INFO] [stdout]                                at /rustc/84c898d65adf2f39a5a98507f1fe0ce10a2b8dbc/library/std/src/panicking.rs:451:19
[INFO] [stdout]   25:     0x5629bcf69a8c - std::panic::catch_unwind::h148ce1e59ac0cee7
[INFO] [stdout]                                at /rustc/84c898d65adf2f39a5a98507f1fe0ce10a2b8dbc/library/std/src/panic.rs:140:14
[INFO] [stdout]   26:     0x5629bcf69a8c - std::rt::lang_start_internal::{{closure}}::h25f9dda2057a67fe
[INFO] [stdout]                                at /rustc/84c898d65adf2f39a5a98507f1fe0ce10a2b8dbc/library/std/src/rt.rs:148:48
[INFO] [stdout]   27:     0x5629bcf69a8c - std::panicking::try::do_call::h7caaaeaf9401650b
[INFO] [stdout]                                at /rustc/84c898d65adf2f39a5a98507f1fe0ce10a2b8dbc/library/std/src/panicking.rs:487:40
[INFO] [stdout]   28:     0x5629bcf69a8c - std::panicking::try::he7d15285746cbbc2
[INFO] [stdout]                                at /rustc/84c898d65adf2f39a5a98507f1fe0ce10a2b8dbc/library/std/src/panicking.rs:451:19
[INFO] [stdout]   29:     0x5629bcf69a8c - std::panic::catch_unwind::h89fb4f50c0301fe0
[INFO] [stdout]                                at /rustc/84c898d65adf2f39a5a98507f1fe0ce10a2b8dbc/library/std/src/panic.rs:140:14
[INFO] [stdout]   30:     0x5629bcf69a8c - std::rt::lang_start_internal::h078acd489417d3c1
[INFO] [stdout]                                at /rustc/84c898d65adf2f39a5a98507f1fe0ce10a2b8dbc/library/std/src/rt.rs:148:20
[INFO] [stdout]   31:     0x5629bce77f17 - std::rt::lang_start::h335d6166ecad8ac7
[INFO] [stdout]   32:     0x5629bce787a5 - main
[INFO] [stdout]   33:     0x7f0e863c1d90 - <unknown>
[INFO] [stdout]   34:     0x7f0e863c1e40 - __libc_start_main
[INFO] [stdout]   35:     0x5629bce77ce5 - _start
[INFO] [stdout]   36:                0x0 - <unknown>
[INFO] [stdout] 
[INFO] [stdout] 
[INFO] [stdout] 
[INFO] [stdout] failures:
[INFO] [stdout]     src/file_patcher.rs - file_patcher::FilePatcher (line 13)
[INFO] [stdout] 
[INFO] [stdout] test result: FAILED. 3 passed; 1 failed; 0 ignored; 0 measured; 0 filtered out; finished in 1.53s
[INFO] [stdout] 
[INFO] [stderr] error: doctest failed, to rerun pass `--doc`
[INFO] running `Command { std: "docker" "inspect" "d9b70bad6f7f4cf03e2de5a5361b649040fcdbe611d6446f59c4dfc7b6831d7f", kill_on_drop: false }`
[INFO] running `Command { std: "docker" "rm" "-f" "d9b70bad6f7f4cf03e2de5a5361b649040fcdbe611d6446f59c4dfc7b6831d7f", kill_on_drop: false }`
[INFO] [stdout] d9b70bad6f7f4cf03e2de5a5361b649040fcdbe611d6446f59c4dfc7b6831d7f
