[INFO] cloning repository https://github.com/SpicyRicecaker/hometown-rs
[INFO] running `Command { std: "git" "-c" "credential.helper=" "-c" "credential.helper=/workspace/cargo-home/bin/git-credential-null" "clone" "--bare" "https://github.com/SpicyRicecaker/hometown-rs" "/workspace/cache/git-repos/https%3A%2F%2Fgithub.com%2FSpicyRicecaker%2Fhometown-rs", kill_on_drop: false }`
[INFO] [stderr] Cloning into bare repository '/workspace/cache/git-repos/https%3A%2F%2Fgithub.com%2FSpicyRicecaker%2Fhometown-rs'...
[INFO] running `Command { std: "git" "rev-parse" "HEAD", kill_on_drop: false }`
[INFO] [stdout] 92845c3632e8b474073a8376be357288f6c05586
[INFO] testing SpicyRicecaker/hometown-rs against beta-2023-04-20 for beta-1.70-1
[INFO] running `Command { std: "git" "clone" "/workspace/cache/git-repos/https%3A%2F%2Fgithub.com%2FSpicyRicecaker%2Fhometown-rs" "/workspace/builds/worker-7-tc2/source", kill_on_drop: false }`
[INFO] [stderr] Cloning into '/workspace/builds/worker-7-tc2/source'...
[INFO] [stderr] done.
[INFO] validating manifest of git repo https://github.com/SpicyRicecaker/hometown-rs on toolchain beta-2023-04-20
[INFO] running `Command { std: CARGO_HOME="/workspace/cargo-home" RUSTUP_HOME="/workspace/rustup-home" "/workspace/cargo-home/bin/cargo" "+beta-2023-04-20" "metadata" "--manifest-path" "Cargo.toml" "--no-deps", kill_on_drop: false }`
[INFO] started tweaking git repo https://github.com/SpicyRicecaker/hometown-rs
[INFO] finished tweaking git repo https://github.com/SpicyRicecaker/hometown-rs
[INFO] tweaked toml for git repo https://github.com/SpicyRicecaker/hometown-rs written to /workspace/builds/worker-7-tc2/source/Cargo.toml
[INFO] crate git repo https://github.com/SpicyRicecaker/hometown-rs already has a lockfile, it will not be regenerated
[INFO] running `Command { std: CARGO_HOME="/workspace/cargo-home" RUSTUP_HOME="/workspace/rustup-home" "/workspace/cargo-home/bin/cargo" "+beta-2023-04-20" "fetch" "--manifest-path" "Cargo.toml", kill_on_drop: false }`
[INFO] [stderr]  Downloading crates ...
[INFO] [stderr]   Downloaded naga v0.6.3
[INFO] [stderr]   Downloaded wgpu-hal v0.10.7
[INFO] [stderr]   Downloaded clang-sys v1.2.2
[INFO] [stderr]   Downloaded combine v4.6.1
[INFO] [stderr]   Downloaded wgpu_glyph v0.14.1
[INFO] [stderr]   Downloaded profiling v1.0.3
[INFO] [stderr]   Downloaded twox-hash v1.6.1
[INFO] [stderr]   Downloaded wgpu-core v0.10.4
[INFO] [stderr]   Downloaded wgpu-types v0.10.0
[INFO] [stderr]   Downloaded wgpu v0.10.2
[INFO] running `Command { std: "docker" "create" "-v" "/var/lib/crater-agent-workspace/builds/worker-7-tc2/target:/opt/rustwide/target:rw,Z" "-v" "/var/lib/crater-agent-workspace/builds/worker-7-tc2/source:/opt/rustwide/workdir:ro,Z" "-v" "/var/lib/crater-agent-workspace/cargo-home:/opt/rustwide/cargo-home:ro,Z" "-v" "/var/lib/crater-agent-workspace/rustup-home:/opt/rustwide/rustup-home:ro,Z" "-e" "SOURCE_DIR=/opt/rustwide/workdir" "-e" "CARGO_TARGET_DIR=/opt/rustwide/target" "-e" "CARGO_HOME=/opt/rustwide/cargo-home" "-e" "RUSTUP_HOME=/opt/rustwide/rustup-home" "-w" "/opt/rustwide/workdir" "-m" "1610612736" "--user" "0:0" "--network" "none" "ghcr.io/rust-lang/crates-build-env/linux@sha256:5ff2268d62e97bff2cde7d5815dd6ed5b47097566f13b8d0ca110b04b60e07ed" "/opt/rustwide/cargo-home/bin/cargo" "+beta-2023-04-20" "metadata" "--no-deps" "--format-version=1", kill_on_drop: false }`
[INFO] [stdout] 96b935891fc0b79fe389c3624980d3d12862f3c57a2fb7dae6ab6598b35c3cf6
[INFO] running `Command { std: "docker" "start" "-a" "96b935891fc0b79fe389c3624980d3d12862f3c57a2fb7dae6ab6598b35c3cf6", kill_on_drop: false }`
[INFO] running `Command { std: "docker" "inspect" "96b935891fc0b79fe389c3624980d3d12862f3c57a2fb7dae6ab6598b35c3cf6", kill_on_drop: false }`
[INFO] running `Command { std: "docker" "rm" "-f" "96b935891fc0b79fe389c3624980d3d12862f3c57a2fb7dae6ab6598b35c3cf6", kill_on_drop: false }`
[INFO] [stdout] 96b935891fc0b79fe389c3624980d3d12862f3c57a2fb7dae6ab6598b35c3cf6
[INFO] running `Command { std: "docker" "create" "-v" "/var/lib/crater-agent-workspace/builds/worker-7-tc2/target:/opt/rustwide/target:rw,Z" "-v" "/var/lib/crater-agent-workspace/builds/worker-7-tc2/source:/opt/rustwide/workdir:ro,Z" "-v" "/var/lib/crater-agent-workspace/cargo-home:/opt/rustwide/cargo-home:ro,Z" "-v" "/var/lib/crater-agent-workspace/rustup-home:/opt/rustwide/rustup-home:ro,Z" "-e" "SOURCE_DIR=/opt/rustwide/workdir" "-e" "CARGO_TARGET_DIR=/opt/rustwide/target" "-e" "CARGO_INCREMENTAL=0" "-e" "RUST_BACKTRACE=full" "-e" "RUSTFLAGS=--cap-lints=warn" "-e" "RUSTDOCFLAGS=--cap-lints=warn" "-e" "CARGO_HOME=/opt/rustwide/cargo-home" "-e" "RUSTUP_HOME=/opt/rustwide/rustup-home" "-w" "/opt/rustwide/workdir" "-m" "1610612736" "--user" "0:0" "--network" "none" "ghcr.io/rust-lang/crates-build-env/linux@sha256:5ff2268d62e97bff2cde7d5815dd6ed5b47097566f13b8d0ca110b04b60e07ed" "/opt/rustwide/cargo-home/bin/cargo" "+beta-2023-04-20" "build" "--frozen" "--message-format=json", kill_on_drop: false }`
[INFO] [stdout] 23ce3c218a65dc5f3c73a3a365a13f9bd4f268820c94ac2d20e857566c059623
[INFO] running `Command { std: "docker" "start" "-a" "23ce3c218a65dc5f3c73a3a365a13f9bd4f268820c94ac2d20e857566c059623", kill_on_drop: false }`
[INFO] [stderr]    Compiling autocfg v1.0.1
[INFO] [stderr]    Compiling cfg-if v1.0.0
[INFO] [stderr]    Compiling libc v0.2.102
[INFO] [stderr]    Compiling proc-macro2 v1.0.29
[INFO] [stderr]    Compiling unicode-xid v0.2.2
[INFO] [stderr]    Compiling bitflags v1.3.2
[INFO] [stderr]    Compiling lazy_static v1.4.0
[INFO] [stderr]    Compiling scopeguard v1.1.0
[INFO] [stderr]    Compiling syn v1.0.77
[INFO] [stderr]    Compiling pkg-config v0.3.19
[INFO] [stderr]    Compiling crossbeam-utils v0.8.5
[INFO] [stderr]    Compiling libloading v0.7.0
[INFO] [stderr]    Compiling crossbeam-epoch v0.9.5
[INFO] [stderr]    Compiling smallvec v1.6.1
[INFO] [stderr]    Compiling log v0.4.14
[INFO] [stderr]    Compiling num-traits v0.2.14
[INFO] [stderr]    Compiling memoffset v0.6.4
[INFO] [stderr]    Compiling memchr v2.4.1
[INFO] [stderr]    Compiling byteorder v1.4.3
[INFO] [stderr]    Compiling quote v1.0.9
[INFO] [stderr]    Compiling crossbeam-channel v0.5.1
[INFO] [stderr]    Compiling xml-rs v0.8.4
[INFO] [stderr]    Compiling rayon-core v1.9.1
[INFO] [stderr]    Compiling parking_lot_core v0.8.5
[INFO] [stderr]    Compiling crossbeam-deque v0.8.1
[INFO] [stderr]    Compiling wayland-scanner v0.28.6
[INFO] [stderr]    Compiling instant v0.1.11
[INFO] [stderr]    Compiling ab_glyph_rasterizer v0.1.4
[INFO] [stderr]    Compiling nix v0.20.0
[INFO] [stderr]    Compiling num_cpus v1.13.0
[INFO] [stderr]    Compiling wayland-sys v0.28.6
[INFO] [stderr]    Compiling rayon v1.5.1
[INFO] [stderr]    Compiling indexmap v1.7.0
[INFO] [stderr]    Compiling lock_api v0.4.5
[INFO] [stderr]    Compiling dlib v0.5.0
[INFO] [stderr]    Compiling parking_lot v0.11.2
[INFO] [stderr]    Compiling version_check v0.9.3
[INFO] [stderr]    Compiling hashbrown v0.11.2
[INFO] [stderr]    Compiling termcolor v1.1.2
[INFO] [stderr]    Compiling either v1.6.1
[INFO] [stderr]    Compiling nom v7.0.0
[INFO] [stderr]    Compiling wayland-client v0.28.6
[INFO] [stderr]    Compiling getrandom v0.2.3
[INFO] [stderr]    Compiling ttf-parser v0.12.3
[INFO] [stderr]    Compiling proc-macro-hack v0.5.19
[INFO] [stderr]    Compiling bit-vec v0.6.3
[INFO] [stderr]    Compiling once_cell v1.8.0
[INFO] [stderr]    Compiling ahash v0.4.7
[INFO] [stderr]    Compiling khronos-egl v4.1.0
[INFO] [stderr]    Compiling fixedbitset v0.4.0
[INFO] [stderr]    Compiling futures-core v0.3.17
[INFO] [stderr]    Compiling unicode-width v0.1.9
[INFO] [stderr]    Compiling petgraph v0.6.0
[INFO] [stderr]    Compiling codespan-reporting v0.11.1
[INFO] [stderr]    Compiling hashbrown v0.9.1
[INFO] [stderr]    Compiling bit-set v0.5.2
[INFO] [stderr]    Compiling owned_ttf_parser v0.12.1
[INFO] [stderr]    Compiling rand_core v0.6.3
[INFO] [stderr]    Compiling raw-window-handle v0.3.3
[INFO] [stderr]    Compiling spirv v0.2.0+1.5.4
[INFO] [stderr]    Compiling fxhash v0.2.1
[INFO] [stderr]    Compiling wayland-commons v0.28.6
[INFO] [stderr]    Compiling alsa-sys v0.3.1
[INFO] [stderr]    Compiling futures-macro v0.3.17
[INFO] [stderr]    Compiling num-integer v0.1.44
[INFO] [stderr]    Compiling gpu-alloc-types v0.2.0
[INFO] [stderr]    Compiling gpu-descriptor-types v0.1.1
[INFO] [stderr]    Compiling cc v1.0.70
[INFO] [stderr]    Compiling ppv-lite86 v0.2.10
[INFO] [stderr]    Compiling scoped-tls v1.0.0
[INFO] [stderr]    Compiling thiserror-impl v1.0.29
[INFO] [stderr]    Compiling ttf-parser v0.6.2
[INFO] [stderr]    Compiling futures-task v0.3.17
[INFO] [stderr]    Compiling minimal-lexical v0.1.3
[INFO] [stderr]    Compiling proc-macro-nested v0.1.7
[INFO] [stderr]    Compiling futures-channel v0.3.17
[INFO] [stderr]    Compiling crossbeam-queue v0.3.2
[INFO] [stderr]    Compiling cfg_aliases v0.1.1
[INFO] [stderr]    Compiling downcast-rs v1.2.0
[INFO] [stderr]    Compiling nix v0.18.0
[INFO] [stderr]    Compiling wgpu-core v0.10.4
[INFO] [stderr]    Compiling rand_chacha v0.3.1
[INFO] [stderr]    Compiling gpu-alloc v0.5.2
[INFO] [stderr]    Compiling gpu-descriptor v0.2.1
[INFO] [stderr]    Compiling minimp3-sys v0.3.2
[INFO] [stderr]    Compiling owned_ttf_parser v0.6.0
[INFO] [stderr]    Compiling ab_glyph v0.2.11
[INFO] [stderr]    Compiling wayland-protocols v0.28.6
[INFO] [stderr]    Compiling miniz_oxide v0.4.4
[INFO] [stderr]    Compiling futures-util v0.3.17
[INFO] [stderr]    Compiling thiserror v1.0.29
[INFO] [stderr]    Compiling ash v0.33.3+1.2.191
[INFO] [stderr]    Compiling naga v0.6.3
[INFO] [stderr]    Compiling wgpu-types v0.10.0
[INFO] [stderr]    Compiling arrayvec v0.7.1
[INFO] [stderr]    Compiling inplace_it v0.3.3
[INFO] [stderr]    Compiling crc32fast v1.2.1
[INFO] [stderr]    Compiling adler32 v1.2.0
[INFO] [stderr]    Compiling same-file v1.0.6
[INFO] [stderr]    Compiling glow v0.11.0
[INFO] [stderr]    Compiling futures-sink v0.3.17
[INFO] [stderr]    Compiling cfg-if v0.1.10
[INFO] [stderr]    Compiling renderdoc-sys v0.7.1
[INFO] [stderr]    Compiling walkdir v2.3.2
[INFO] [stderr]    Compiling xcursor v0.3.4
[INFO] [stderr]    Compiling rusttype v0.9.2
[INFO] [stderr]    Compiling rand v0.8.4
[INFO] [stderr]    Compiling bytemuck_derive v1.0.1
[INFO] [stderr]    Compiling approx v0.5.0
[INFO] [stderr]    Compiling x11-dl v2.19.1
[INFO] [stderr]    Compiling num-rational v0.3.2
[INFO] [stderr]    Compiling num-iter v0.1.42
[INFO] [stderr]    Compiling libloading v0.6.7
[INFO] [stderr]    Compiling xi-unicode v0.3.0
[INFO] [stderr]    Compiling slab v0.4.4
[INFO] [stderr]    Compiling copyless v0.1.5
[INFO] [stderr]    Compiling weezl v0.1.5
[INFO] [stderr]    Compiling pin-project-lite v0.2.7
[INFO] [stderr]    Compiling adler v1.0.2
[INFO] [stderr]    Compiling linked-hash-map v0.5.4
[INFO] [stderr]    Compiling tinyvec_macros v0.1.0
[INFO] [stderr]    Compiling static_assertions v1.1.0
[INFO] [stderr]    Compiling xdg v2.2.0
[INFO] [stderr]    Compiling profiling v1.0.3
[INFO] [stderr]    Compiling pin-utils v0.1.0
[INFO] [stderr]    Compiling rustc-hash v1.1.0
[INFO] [stderr]    Compiling futures-io v0.3.17
[INFO] [stderr]    Compiling cpal v0.13.4
[INFO] [stderr]    Compiling andrew v0.3.1
[INFO] [stderr]    Compiling glyph_brush_draw_cache v0.1.4
[INFO] [stderr]    Compiling twox-hash v1.6.1
[INFO] [stderr]    Compiling calloop v0.6.5
[INFO] [stderr]    Compiling tinyvec v1.5.0
[INFO] [stderr]    Compiling bytemuck v1.7.2
[INFO] [stderr]    Compiling glyph_brush_layout v0.2.3
[INFO] [stderr]    Compiling dlib v0.4.2
[INFO] [stderr]    Compiling crossbeam v0.8.1
[INFO] [stderr]    Compiling alsa v0.5.0
[INFO] [stderr]    Compiling wayland-cursor v0.28.6
[INFO] [stderr]    Compiling deflate v0.8.6
[INFO] [stderr]    Compiling miniz_oxide v0.3.7
[INFO] [stderr]    Compiling jpeg-decoder v0.1.22
[INFO] [stderr]    Compiling memmap2 v0.1.0
[INFO] [stderr]    Compiling slice-deque v0.3.0
[INFO] [stderr]    Compiling mio v0.7.13
[INFO] [stderr]    Compiling ordered-float v2.8.0
[INFO] [stderr]    Compiling aho-corasick v0.7.18
[INFO] [stderr]    Compiling ogg v0.8.0
[INFO] [stderr]    Compiling color_quant v1.1.0
[INFO] [stderr]    Compiling cgmath v0.18.0
[INFO] [stderr]    Compiling regex-syntax v0.6.25
[INFO] [stderr]    Compiling winit v0.25.0
[INFO] [stderr]    Compiling anyhow v1.0.44
[INFO] [stderr]    Compiling lewton v0.10.2
[INFO] [stderr]    Compiling gif v0.11.2
[INFO] [stderr]    Compiling glyph_brush v0.7.2
[INFO] [stderr]    Compiling mio-misc v1.2.1
[INFO] [stderr]    Compiling futures-executor v0.3.17
[INFO] [stderr]    Compiling minimp3 v0.5.1
[INFO] [stderr]    Compiling png v0.16.8
[INFO] [stderr]    Compiling tiff v0.6.1
[INFO] [stderr]    Compiling wgpu-hal v0.10.7
[INFO] [stderr]    Compiling regex v1.5.4
[INFO] [stderr]    Compiling atty v0.2.14
[INFO] [stderr]    Compiling approx v0.4.0
[INFO] [stderr]    Compiling claxon v0.4.3
[INFO] [stderr]    Compiling humantime v2.1.0
[INFO] [stderr]    Compiling scoped_threadpool v0.1.9
[INFO] [stderr]    Compiling percent-encoding v2.1.0
[INFO] [stderr]    Compiling hound v3.4.0
[INFO] [stderr]    Compiling rodio v0.14.0
[INFO] [stderr]    Compiling image v0.23.14
[INFO] [stderr]    Compiling env_logger v0.9.0
[INFO] [stderr]    Compiling futures v0.3.17
[INFO] [stderr]    Compiling wgpu v0.10.2
[INFO] [stderr]    Compiling wgpu_glyph v0.14.1
[INFO] [stderr]    Compiling smithay-client-toolkit v0.12.3
[INFO] [stderr]    Compiling thomas v0.1.0 (/opt/rustwide/workdir/thomas)
[INFO] [stdout] warning: unused import: `context::Context`
[INFO] [stdout]  --> thomas/src/debugger.rs:1:13
[INFO] [stdout]   |
[INFO] [stdout] 1 | use crate::{context::Context, graphics::backend::State};
[INFO] [stdout]   |             ^^^^^^^^^^^^^^^^
[INFO] [stdout]   |
[INFO] [stdout]   = note: `#[warn(unused_imports)]` on by default
[INFO] [stdout] 
[INFO] [stdout] 
[INFO] [stdout] warning: unused variable: `lr_dz`
[INFO] [stdout]    --> thomas/src/graphics/frontend/mod.rs:119:13
[INFO] [stdout]     |
[INFO] [stdout] 119 |         let lr_dz = lr_p.cos() + lr_p.sin();
[INFO] [stdout]     |             ^^^^^ help: if this is intentional, prefix it with an underscore: `_lr_dz`
[INFO] [stdout]     |
[INFO] [stdout]     = note: `#[warn(unused_variables)]` on by default
[INFO] [stdout] 
[INFO] [stdout] 
[INFO] [stdout] warning: unused variable: `fb_p`
[INFO] [stdout]    --> thomas/src/graphics/frontend/mod.rs:124:13
[INFO] [stdout]     |
[INFO] [stdout] 124 |         let fb_p = fb_angle + PI / 2.0;
[INFO] [stdout]     |             ^^^^ help: if this is intentional, prefix it with an underscore: `_fb_p`
[INFO] [stdout] 
[INFO] [stdout] 
[INFO] [stdout] warning: unused variable: `fb_r`
[INFO] [stdout]    --> thomas/src/graphics/frontend/mod.rs:126:13
[INFO] [stdout]     |
[INFO] [stdout] 126 |         let fb_r = thickness / 2.0;
[INFO] [stdout]     |             ^^^^ help: if this is intentional, prefix it with an underscore: `_fb_r`
[INFO] [stdout] 
[INFO] [stdout] 
[INFO] [stdout] warning: unused variable: `fb_dx`
[INFO] [stdout]    --> thomas/src/graphics/frontend/mod.rs:128:13
[INFO] [stdout]     |
[INFO] [stdout] 128 |         let fb_dx = lr_p.cos() * lr_r;
[INFO] [stdout]     |             ^^^^^ help: if this is intentional, prefix it with an underscore: `_fb_dx`
[INFO] [stdout] 
[INFO] [stdout] 
[INFO] [stdout] warning: unused variable: `fb_dy`
[INFO] [stdout]    --> thomas/src/graphics/frontend/mod.rs:129:13
[INFO] [stdout]     |
[INFO] [stdout] 129 |         let fb_dy = lr_p.sin() * lr_r;
[INFO] [stdout]     |             ^^^^^ help: if this is intentional, prefix it with an underscore: `_fb_dy`
[INFO] [stdout] 
[INFO] [stdout] 
[INFO] [stdout] warning: unused variable: `fb_dz`
[INFO] [stdout]    --> thomas/src/graphics/frontend/mod.rs:130:13
[INFO] [stdout]     |
[INFO] [stdout] 130 |         let fb_dz = lr_p.cos() + lr_p.sin();
[INFO] [stdout]     |             ^^^^^ help: if this is intentional, prefix it with an underscore: `_fb_dz`
[INFO] [stdout] 
[INFO] [stdout] 
[INFO] [stderr]    Compiling hometown v0.1.0 (/opt/rustwide/workdir/hometown)
[INFO] [stdout] warning: unused imports: `distributions::Uniform`, `prelude::ThreadRng`
[INFO] [stdout]  --> hometown/src/rain.rs:1:12
[INFO] [stdout]   |
[INFO] [stdout] 1 | use rand::{distributions::Uniform, prelude::ThreadRng};
[INFO] [stdout]   |            ^^^^^^^^^^^^^^^^^^^^^^  ^^^^^^^^^^^^^^^^^^
[INFO] [stdout]   |
[INFO] [stdout]   = note: `#[warn(unused_imports)]` on by default
[INFO] [stdout] 
[INFO] [stdout] 
[INFO] [stdout] warning: unused variable: `ctx`
[INFO] [stdout]   --> hometown/src/rain.rs:64:28
[INFO] [stdout]    |
[INFO] [stdout] 64 |     pub fn tick(&mut self, ctx: &mut Context) {
[INFO] [stdout]    |                            ^^^ help: if this is intentional, prefix it with an underscore: `_ctx`
[INFO] [stdout]    |
[INFO] [stdout]    = note: `#[warn(unused_variables)]` on by default
[INFO] [stdout] 
[INFO] [stdout] 
[INFO] [stdout] warning: unused variable: `ctx`
[INFO] [stdout]    --> hometown/src/rain.rs:142:28
[INFO] [stdout]     |
[INFO] [stdout] 142 |     pub fn tick(&mut self, ctx: &mut Context) {}
[INFO] [stdout]     |                            ^^^ help: if this is intentional, prefix it with an underscore: `_ctx`
[INFO] [stdout] 
[INFO] [stdout] 
[INFO] [stdout] warning: unused variable: `ctx`
[INFO] [stdout]    --> hometown/src/rain.rs:143:26
[INFO] [stdout]     |
[INFO] [stdout] 143 |     pub fn render(&self, ctx: &mut Context) {}
[INFO] [stdout]     |                          ^^^ help: if this is intentional, prefix it with an underscore: `_ctx`
[INFO] [stdout] 
[INFO] [stdout] 
[INFO] [stdout] warning: unused variable: `ctx`
[INFO] [stdout]    --> hometown/src/rain.rs:164:28
[INFO] [stdout]     |
[INFO] [stdout] 164 |     pub fn tick(&mut self, ctx: &mut Context) {}
[INFO] [stdout]     |                            ^^^ help: if this is intentional, prefix it with an underscore: `_ctx`
[INFO] [stdout] 
[INFO] [stdout] 
[INFO] [stdout] warning: unused variable: `ctx`
[INFO] [stdout]    --> hometown/src/rain.rs:165:26
[INFO] [stdout]     |
[INFO] [stdout] 165 |     pub fn render(&self, ctx: &mut Context) {}
[INFO] [stdout]     |                          ^^^ help: if this is intentional, prefix it with an underscore: `_ctx`
[INFO] [stdout] 
[INFO] [stdout] 
[INFO] [stdout] warning: unused variable: `thickness`
[INFO] [stdout]   --> hometown/src/game/mod.rs:27:13
[INFO] [stdout]    |
[INFO] [stdout] 27 |         let thickness = 2;
[INFO] [stdout]    |             ^^^^^^^^^ help: if this is intentional, prefix it with an underscore: `_thickness`
[INFO] [stdout] 
[INFO] [stdout] 
[INFO] [stdout] warning: struct `Frustrum` is never constructed
[INFO] [stdout]   --> hometown/src/lib.rs:11:8
[INFO] [stdout]    |
[INFO] [stdout] 11 | struct Frustrum {
[INFO] [stdout]    |        ^^^^^^^^
[INFO] [stdout]    |
[INFO] [stdout]    = note: `#[warn(dead_code)]` on by default
[INFO] [stdout] 
[INFO] [stdout] 
[INFO] [stdout] warning: struct `Any` is never constructed
[INFO] [stdout]   --> hometown/src/lib.rs:18:8
[INFO] [stdout]    |
[INFO] [stdout] 18 | struct Any {
[INFO] [stdout]    |        ^^^
[INFO] [stdout] 
[INFO] [stdout] 
[INFO] [stdout] warning: field `y` is never read
[INFO] [stdout]   --> hometown/src/lib.rs:29:5
[INFO] [stdout]    |
[INFO] [stdout] 27 | struct CoordRange {
[INFO] [stdout]    |        ---------- field in this struct
[INFO] [stdout] 28 |     x_range: Uniform<f32>,
[INFO] [stdout] 29 |     y: f32,
[INFO] [stdout]    |     ^
[INFO] [stdout] 
[INFO] [stdout] 
[INFO] [stdout] warning: field `endy` is never read
[INFO] [stdout]    --> hometown/src/rain.rs:109:5
[INFO] [stdout]     |
[INFO] [stdout] 101 | pub struct Falling {
[INFO] [stdout]     |            ------- field in this struct
[INFO] [stdout] ...
[INFO] [stdout] 109 |     endy: f32,
[INFO] [stdout]     |     ^^^^
[INFO] [stdout]     |
[INFO] [stdout]     = note: `Falling` has a derived impl for the trait `Debug`, but this is intentionally ignored during dead code analysis
[INFO] [stdout] 
[INFO] [stdout] 
[INFO] [stdout] warning: multiple fields are never read
[INFO] [stdout]    --> hometown/src/rain.rs:126:5
[INFO] [stdout]     |
[INFO] [stdout] 124 | pub struct Colliding {
[INFO] [stdout]     |            --------- fields in this struct
[INFO] [stdout] 125 |     // Length, should get modified as its being inserted into the puddle
[INFO] [stdout] 126 |     length: u32,
[INFO] [stdout]     |     ^^^^^^
[INFO] [stdout] 127 |     x: f32,
[INFO] [stdout]     |     ^
[INFO] [stdout] 128 |     y: f32,
[INFO] [stdout]     |     ^
[INFO] [stdout] 129 |     // The z is fixed at this point
[INFO] [stdout] 130 |     z: f32,
[INFO] [stdout]     |     ^
[INFO] [stdout] 131 |     dx: f32,
[INFO] [stdout]     |     ^^
[INFO] [stdout] 132 |     dy: f32,
[INFO] [stdout]     |     ^^
[INFO] [stdout] 133 |     dz: f32,
[INFO] [stdout]     |     ^^
[INFO] [stdout] 134 |     // We no know z declares the tip of the water
[INFO] [stdout] 135 |     thickness: u32,
[INFO] [stdout]     |     ^^^^^^^^^
[INFO] [stdout] ...
[INFO] [stdout] 138 |     spreading: Spreading,
[INFO] [stdout]     |     ^^^^^^^^^
[INFO] [stdout]     |
[INFO] [stdout]     = note: `Colliding` has a derived impl for the trait `Debug`, but this is intentionally ignored during dead code analysis
[INFO] [stdout] 
[INFO] [stdout] 
[INFO] [stdout] warning: multiple fields are never read
[INFO] [stdout]    --> hometown/src/rain.rs:149:5
[INFO] [stdout]     |
[INFO] [stdout] 147 | pub struct Spreading {
[INFO] [stdout]     |            --------- fields in this struct
[INFO] [stdout] 148 |     // The location of the puddle
[INFO] [stdout] 149 |     x: f32,
[INFO] [stdout]     |     ^
[INFO] [stdout] 150 |     y: f32,
[INFO] [stdout]     |     ^
[INFO] [stdout] 151 |     z: f32,
[INFO] [stdout]     |     ^
[INFO] [stdout] 152 |     // The thickness of the edges of the water
[INFO] [stdout] 153 |     thickness: u32,
[INFO] [stdout]     |     ^^^^^^^^^
[INFO] [stdout] 154 |     // The radius
[INFO] [stdout] 155 |     r: f32,
[INFO] [stdout]     |     ^
[INFO] [stdout] 156 |     // The rate at which the radius is changing
[INFO] [stdout] 157 |     dr: u32,
[INFO] [stdout]     |     ^^
[INFO] [stdout] ...
[INFO] [stdout] 160 |     lifetime: u32,
[INFO] [stdout]     |     ^^^^^^^^
[INFO] [stdout]     |
[INFO] [stdout]     = note: `Spreading` has a derived impl for the trait `Debug`, but this is intentionally ignored during dead code analysis
[INFO] [stdout] 
[INFO] [stdout] 
[INFO] [stdout] warning: fields `x_angle` and `z_angle` are never read
[INFO] [stdout]   --> hometown/src/game/mod.rs:19:5
[INFO] [stdout]    |
[INFO] [stdout] 4  | pub struct Game {
[INFO] [stdout]    |            ---- fields in this struct
[INFO] [stdout] ...
[INFO] [stdout] 19 |     x_angle: f32,
[INFO] [stdout]    |     ^^^^^^^
[INFO] [stdout] 20 |     z_angle: f32,
[INFO] [stdout]    |     ^^^^^^^
[INFO] [stdout] 
[INFO] [stdout] 
[INFO] [stdout] warning: fields `direction` and `camera_controller` are never read
[INFO] [stdout]   --> hometown/src/player.rs:12:5
[INFO] [stdout]    |
[INFO] [stdout] 4  | pub struct Player {
[INFO] [stdout]    |            ------ fields in this struct
[INFO] [stdout] ...
[INFO] [stdout] 12 |     direction: cgmath::Vector3<f32>,
[INFO] [stdout]    |     ^^^^^^^^^
[INFO] [stdout] 13 |     camera_controller: CameraController,
[INFO] [stdout]    |     ^^^^^^^^^^^^^^^^^
[INFO] [stdout] 
[INFO] [stdout] 
[INFO] [stdout] warning: 15 warnings emitted
[INFO] [stdout] 
[INFO] [stdout] 
[INFO] [stdout] warning: 7 warnings emitted
[INFO] [stdout] 
[INFO] [stdout] 
[INFO] [stderr]     Finished dev [unoptimized + debuginfo] target(s) in 3m 14s
[INFO] running `Command { std: "docker" "inspect" "23ce3c218a65dc5f3c73a3a365a13f9bd4f268820c94ac2d20e857566c059623", kill_on_drop: false }`
[INFO] running `Command { std: "docker" "rm" "-f" "23ce3c218a65dc5f3c73a3a365a13f9bd4f268820c94ac2d20e857566c059623", kill_on_drop: false }`
[INFO] [stdout] 23ce3c218a65dc5f3c73a3a365a13f9bd4f268820c94ac2d20e857566c059623
[INFO] running `Command { std: "docker" "create" "-v" "/var/lib/crater-agent-workspace/builds/worker-7-tc2/target:/opt/rustwide/target:rw,Z" "-v" "/var/lib/crater-agent-workspace/builds/worker-7-tc2/source:/opt/rustwide/workdir:ro,Z" "-v" "/var/lib/crater-agent-workspace/cargo-home:/opt/rustwide/cargo-home:ro,Z" "-v" "/var/lib/crater-agent-workspace/rustup-home:/opt/rustwide/rustup-home:ro,Z" "-e" "SOURCE_DIR=/opt/rustwide/workdir" "-e" "CARGO_TARGET_DIR=/opt/rustwide/target" "-e" "CARGO_INCREMENTAL=0" "-e" "RUST_BACKTRACE=full" "-e" "RUSTFLAGS=--cap-lints=warn" "-e" "RUSTDOCFLAGS=--cap-lints=warn" "-e" "CARGO_HOME=/opt/rustwide/cargo-home" "-e" "RUSTUP_HOME=/opt/rustwide/rustup-home" "-w" "/opt/rustwide/workdir" "-m" "1610612736" "--user" "0:0" "--network" "none" "ghcr.io/rust-lang/crates-build-env/linux@sha256:5ff2268d62e97bff2cde7d5815dd6ed5b47097566f13b8d0ca110b04b60e07ed" "/opt/rustwide/cargo-home/bin/cargo" "+beta-2023-04-20" "test" "--frozen" "--no-run" "--message-format=json", kill_on_drop: false }`
[INFO] [stdout] 6fbdda099ddf5930425028708cfa807a321b576086aef9a1fc1cd0b7be93fb92
[INFO] running `Command { std: "docker" "start" "-a" "6fbdda099ddf5930425028708cfa807a321b576086aef9a1fc1cd0b7be93fb92", kill_on_drop: false }`
[INFO] [stderr]    Compiling thomas v0.1.0 (/opt/rustwide/workdir/thomas)
[INFO] [stdout] warning: unused import: `context::Context`
[INFO] [stdout]  --> thomas/src/debugger.rs:1:13
[INFO] [stdout]   |
[INFO] [stdout] 1 | use crate::{context::Context, graphics::backend::State};
[INFO] [stdout]   |             ^^^^^^^^^^^^^^^^
[INFO] [stdout]   |
[INFO] [stdout]   = note: `#[warn(unused_imports)]` on by default
[INFO] [stdout] 
[INFO] [stdout] 
[INFO] [stdout] warning: unused variable: `lr_dz`
[INFO] [stdout]    --> thomas/src/graphics/frontend/mod.rs:119:13
[INFO] [stdout]     |
[INFO] [stdout] 119 |         let lr_dz = lr_p.cos() + lr_p.sin();
[INFO] [stdout]     |             ^^^^^ help: if this is intentional, prefix it with an underscore: `_lr_dz`
[INFO] [stdout]     |
[INFO] [stdout]     = note: `#[warn(unused_variables)]` on by default
[INFO] [stdout] 
[INFO] [stdout] 
[INFO] [stdout] warning: unused variable: `fb_p`
[INFO] [stdout]    --> thomas/src/graphics/frontend/mod.rs:124:13
[INFO] [stdout]     |
[INFO] [stdout] 124 |         let fb_p = fb_angle + PI / 2.0;
[INFO] [stdout]     |             ^^^^ help: if this is intentional, prefix it with an underscore: `_fb_p`
[INFO] [stdout] 
[INFO] [stdout] 
[INFO] [stdout] warning: unused variable: `fb_r`
[INFO] [stdout]    --> thomas/src/graphics/frontend/mod.rs:126:13
[INFO] [stdout]     |
[INFO] [stdout] 126 |         let fb_r = thickness / 2.0;
[INFO] [stdout]     |             ^^^^ help: if this is intentional, prefix it with an underscore: `_fb_r`
[INFO] [stdout] 
[INFO] [stdout] 
[INFO] [stdout] warning: unused variable: `fb_dx`
[INFO] [stdout]    --> thomas/src/graphics/frontend/mod.rs:128:13
[INFO] [stdout]     |
[INFO] [stdout] 128 |         let fb_dx = lr_p.cos() * lr_r;
[INFO] [stdout]     |             ^^^^^ help: if this is intentional, prefix it with an underscore: `_fb_dx`
[INFO] [stdout] 
[INFO] [stdout] 
[INFO] [stdout] warning: unused variable: `fb_dy`
[INFO] [stdout]    --> thomas/src/graphics/frontend/mod.rs:129:13
[INFO] [stdout]     |
[INFO] [stdout] 129 |         let fb_dy = lr_p.sin() * lr_r;
[INFO] [stdout]     |             ^^^^^ help: if this is intentional, prefix it with an underscore: `_fb_dy`
[INFO] [stdout] 
[INFO] [stdout] 
[INFO] [stdout] warning: unused variable: `fb_dz`
[INFO] [stdout]    --> thomas/src/graphics/frontend/mod.rs:130:13
[INFO] [stdout]     |
[INFO] [stdout] 130 |         let fb_dz = lr_p.cos() + lr_p.sin();
[INFO] [stdout]     |             ^^^^^ help: if this is intentional, prefix it with an underscore: `_fb_dz`
[INFO] [stdout] 
[INFO] [stdout] 
[INFO] [stdout] warning: 7 warnings emitted
[INFO] [stdout] 
[INFO] [stdout] 
[INFO] [stdout] warning: unused imports: `distributions::Uniform`, `prelude::ThreadRng`
[INFO] [stdout]  --> hometown/src/rain.rs:1:12
[INFO] [stdout]   |
[INFO] [stdout] 1 | use rand::{distributions::Uniform, prelude::ThreadRng};
[INFO] [stdout]   |            ^^^^^^^^^^^^^^^^^^^^^^  ^^^^^^^^^^^^^^^^^^
[INFO] [stdout]   |
[INFO] [stdout]   = note: `#[warn(unused_imports)]` on by default
[INFO] [stdout] 
[INFO] [stdout] 
[INFO] [stderr]    Compiling hometown v0.1.0 (/opt/rustwide/workdir/hometown)
[INFO] [stdout] warning: unused variable: `ctx`
[INFO] [stdout]   --> hometown/src/rain.rs:64:28
[INFO] [stdout]    |
[INFO] [stdout] 64 |     pub fn tick(&mut self, ctx: &mut Context) {
[INFO] [stdout]    |                            ^^^ help: if this is intentional, prefix it with an underscore: `_ctx`
[INFO] [stdout]    |
[INFO] [stdout]    = note: `#[warn(unused_variables)]` on by default
[INFO] [stdout] 
[INFO] [stdout] 
[INFO] [stdout] warning: unused variable: `ctx`
[INFO] [stdout]    --> hometown/src/rain.rs:142:28
[INFO] [stdout]     |
[INFO] [stdout] 142 |     pub fn tick(&mut self, ctx: &mut Context) {}
[INFO] [stdout]     |                            ^^^ help: if this is intentional, prefix it with an underscore: `_ctx`
[INFO] [stdout] 
[INFO] [stdout] 
[INFO] [stdout] warning: unused variable: `ctx`
[INFO] [stdout]    --> hometown/src/rain.rs:143:26
[INFO] [stdout]     |
[INFO] [stdout] 143 |     pub fn render(&self, ctx: &mut Context) {}
[INFO] [stdout]     |                          ^^^ help: if this is intentional, prefix it with an underscore: `_ctx`
[INFO] [stdout] 
[INFO] [stdout] 
[INFO] [stdout] warning: unused variable: `ctx`
[INFO] [stdout]    --> hometown/src/rain.rs:164:28
[INFO] [stdout]     |
[INFO] [stdout] 164 |     pub fn tick(&mut self, ctx: &mut Context) {}
[INFO] [stdout]     |                            ^^^ help: if this is intentional, prefix it with an underscore: `_ctx`
[INFO] [stdout] 
[INFO] [stdout] 
[INFO] [stdout] warning: unused variable: `ctx`
[INFO] [stdout]    --> hometown/src/rain.rs:165:26
[INFO] [stdout]     |
[INFO] [stdout] 165 |     pub fn render(&self, ctx: &mut Context) {}
[INFO] [stdout]     |                          ^^^ help: if this is intentional, prefix it with an underscore: `_ctx`
[INFO] [stdout] 
[INFO] [stdout] 
[INFO] [stdout] warning: unused variable: `thickness`
[INFO] [stdout]   --> hometown/src/game/mod.rs:27:13
[INFO] [stdout]    |
[INFO] [stdout] 27 |         let thickness = 2;
[INFO] [stdout]    |             ^^^^^^^^^ help: if this is intentional, prefix it with an underscore: `_thickness`
[INFO] [stdout] 
[INFO] [stdout] 
[INFO] [stdout] warning: struct `Frustrum` is never constructed
[INFO] [stdout]   --> hometown/src/lib.rs:11:8
[INFO] [stdout]    |
[INFO] [stdout] 11 | struct Frustrum {
[INFO] [stdout]    |        ^^^^^^^^
[INFO] [stdout]    |
[INFO] [stdout]    = note: `#[warn(dead_code)]` on by default
[INFO] [stdout] 
[INFO] [stdout] 
[INFO] [stdout] warning: struct `Any` is never constructed
[INFO] [stdout]   --> hometown/src/lib.rs:18:8
[INFO] [stdout]    |
[INFO] [stdout] 18 | struct Any {
[INFO] [stdout]    |        ^^^
[INFO] [stdout] 
[INFO] [stdout] 
[INFO] [stdout] warning: field `y` is never read
[INFO] [stdout]   --> hometown/src/lib.rs:29:5
[INFO] [stdout]    |
[INFO] [stdout] 27 | struct CoordRange {
[INFO] [stdout]    |        ---------- field in this struct
[INFO] [stdout] 28 |     x_range: Uniform<f32>,
[INFO] [stdout] 29 |     y: f32,
[INFO] [stdout]    |     ^
[INFO] [stdout] 
[INFO] [stdout] 
[INFO] [stdout] warning: field `endy` is never read
[INFO] [stdout]    --> hometown/src/rain.rs:109:5
[INFO] [stdout]     |
[INFO] [stdout] 101 | pub struct Falling {
[INFO] [stdout]     |            ------- field in this struct
[INFO] [stdout] ...
[INFO] [stdout] 109 |     endy: f32,
[INFO] [stdout]     |     ^^^^
[INFO] [stdout]     |
[INFO] [stdout]     = note: `Falling` has a derived impl for the trait `Debug`, but this is intentionally ignored during dead code analysis
[INFO] [stdout] 
[INFO] [stdout] 
[INFO] [stdout] warning: multiple fields are never read
[INFO] [stdout]    --> hometown/src/rain.rs:126:5
[INFO] [stdout]     |
[INFO] [stdout] 124 | pub struct Colliding {
[INFO] [stdout]     |            --------- fields in this struct
[INFO] [stdout] 125 |     // Length, should get modified as its being inserted into the puddle
[INFO] [stdout] 126 |     length: u32,
[INFO] [stdout]     |     ^^^^^^
[INFO] [stdout] 127 |     x: f32,
[INFO] [stdout]     |     ^
[INFO] [stdout] 128 |     y: f32,
[INFO] [stdout]     |     ^
[INFO] [stdout] 129 |     // The z is fixed at this point
[INFO] [stdout] 130 |     z: f32,
[INFO] [stdout]     |     ^
[INFO] [stdout] 131 |     dx: f32,
[INFO] [stdout]     |     ^^
[INFO] [stdout] 132 |     dy: f32,
[INFO] [stdout]     |     ^^
[INFO] [stdout] 133 |     dz: f32,
[INFO] [stdout]     |     ^^
[INFO] [stdout] 134 |     // We no know z declares the tip of the water
[INFO] [stdout] 135 |     thickness: u32,
[INFO] [stdout]     |     ^^^^^^^^^
[INFO] [stdout] ...
[INFO] [stdout] 138 |     spreading: Spreading,
[INFO] [stdout]     |     ^^^^^^^^^
[INFO] [stdout]     |
[INFO] [stdout]     = note: `Colliding` has a derived impl for the trait `Debug`, but this is intentionally ignored during dead code analysis
[INFO] [stdout] 
[INFO] [stdout] 
[INFO] [stdout] warning: multiple fields are never read
[INFO] [stdout]    --> hometown/src/rain.rs:149:5
[INFO] [stdout]     |
[INFO] [stdout] 147 | pub struct Spreading {
[INFO] [stdout]     |            --------- fields in this struct
[INFO] [stdout] 148 |     // The location of the puddle
[INFO] [stdout] 149 |     x: f32,
[INFO] [stdout]     |     ^
[INFO] [stdout] 150 |     y: f32,
[INFO] [stdout]     |     ^
[INFO] [stdout] 151 |     z: f32,
[INFO] [stdout]     |     ^
[INFO] [stdout] 152 |     // The thickness of the edges of the water
[INFO] [stdout] 153 |     thickness: u32,
[INFO] [stdout]     |     ^^^^^^^^^
[INFO] [stdout] 154 |     // The radius
[INFO] [stdout] 155 |     r: f32,
[INFO] [stdout]     |     ^
[INFO] [stdout] 156 |     // The rate at which the radius is changing
[INFO] [stdout] 157 |     dr: u32,
[INFO] [stdout]     |     ^^
[INFO] [stdout] ...
[INFO] [stdout] 160 |     lifetime: u32,
[INFO] [stdout]     |     ^^^^^^^^
[INFO] [stdout]     |
[INFO] [stdout]     = note: `Spreading` has a derived impl for the trait `Debug`, but this is intentionally ignored during dead code analysis
[INFO] [stdout] 
[INFO] [stdout] 
[INFO] [stdout] warning: fields `x_angle` and `z_angle` are never read
[INFO] [stdout]   --> hometown/src/game/mod.rs:19:5
[INFO] [stdout]    |
[INFO] [stdout] 4  | pub struct Game {
[INFO] [stdout]    |            ---- fields in this struct
[INFO] [stdout] ...
[INFO] [stdout] 19 |     x_angle: f32,
[INFO] [stdout]    |     ^^^^^^^
[INFO] [stdout] 20 |     z_angle: f32,
[INFO] [stdout]    |     ^^^^^^^
[INFO] [stdout] 
[INFO] [stdout] 
[INFO] [stdout] warning: fields `direction` and `camera_controller` are never read
[INFO] [stdout]   --> hometown/src/player.rs:12:5
[INFO] [stdout]    |
[INFO] [stdout] 4  | pub struct Player {
[INFO] [stdout]    |            ------ fields in this struct
[INFO] [stdout] ...
[INFO] [stdout] 12 |     direction: cgmath::Vector3<f32>,
[INFO] [stdout]    |     ^^^^^^^^^
[INFO] [stdout] 13 |     camera_controller: CameraController,
[INFO] [stdout]    |     ^^^^^^^^^^^^^^^^^
[INFO] [stdout] 
[INFO] [stdout] 
[INFO] [stdout] warning: 15 warnings emitted
[INFO] [stdout] 
[INFO] [stdout] 
[INFO] [stdout] warning: unused imports: `distributions::Uniform`, `prelude::ThreadRng`
[INFO] [stdout]  --> hometown/src/rain.rs:1:12
[INFO] [stdout]   |
[INFO] [stdout] 1 | use rand::{distributions::Uniform, prelude::ThreadRng};
[INFO] [stdout]   |            ^^^^^^^^^^^^^^^^^^^^^^  ^^^^^^^^^^^^^^^^^^
[INFO] [stdout]   |
[INFO] [stdout]   = note: `#[warn(unused_imports)]` on by default
[INFO] [stdout] 
[INFO] [stdout] 
[INFO] [stdout] warning: unused import: `context::Context`
[INFO] [stdout]  --> thomas/src/debugger.rs:1:13
[INFO] [stdout]   |
[INFO] [stdout] 1 | use crate::{context::Context, graphics::backend::State};
[INFO] [stdout]   |             ^^^^^^^^^^^^^^^^
[INFO] [stdout]   |
[INFO] [stdout]   = note: `#[warn(unused_imports)]` on by default
[INFO] [stdout] 
[INFO] [stdout] 
[INFO] [stdout] warning: unused variable: `ctx`
[INFO] [stdout]   --> hometown/src/rain.rs:64:28
[INFO] [stdout]    |
[INFO] [stdout] 64 |     pub fn tick(&mut self, ctx: &mut Context) {
[INFO] [stdout]    |                            ^^^ help: if this is intentional, prefix it with an underscore: `_ctx`
[INFO] [stdout]    |
[INFO] [stdout]    = note: `#[warn(unused_variables)]` on by default
[INFO] [stdout] 
[INFO] [stdout] 
[INFO] [stdout] warning: unused variable: `ctx`
[INFO] [stdout]    --> hometown/src/rain.rs:142:28
[INFO] [stdout]     |
[INFO] [stdout] 142 |     pub fn tick(&mut self, ctx: &mut Context) {}
[INFO] [stdout]     |                            ^^^ help: if this is intentional, prefix it with an underscore: `_ctx`
[INFO] [stdout] 
[INFO] [stdout] 
[INFO] [stdout] warning: unused variable: `ctx`
[INFO] [stdout]    --> hometown/src/rain.rs:143:26
[INFO] [stdout]     |
[INFO] [stdout] 143 |     pub fn render(&self, ctx: &mut Context) {}
[INFO] [stdout]     |                          ^^^ help: if this is intentional, prefix it with an underscore: `_ctx`
[INFO] [stdout] 
[INFO] [stdout] 
[INFO] [stdout] warning: unused variable: `ctx`
[INFO] [stdout]    --> hometown/src/rain.rs:164:28
[INFO] [stdout]     |
[INFO] [stdout] 164 |     pub fn tick(&mut self, ctx: &mut Context) {}
[INFO] [stdout]     |                            ^^^ help: if this is intentional, prefix it with an underscore: `_ctx`
[INFO] [stdout] 
[INFO] [stdout] 
[INFO] [stdout] warning: unused variable: `ctx`
[INFO] [stdout]    --> hometown/src/rain.rs:165:26
[INFO] [stdout]     |
[INFO] [stdout] 165 |     pub fn render(&self, ctx: &mut Context) {}
[INFO] [stdout]     |                          ^^^ help: if this is intentional, prefix it with an underscore: `_ctx`
[INFO] [stdout] 
[INFO] [stdout] 
[INFO] [stdout] warning: unused variable: `thickness`
[INFO] [stdout]   --> hometown/src/game/mod.rs:27:13
[INFO] [stdout]    |
[INFO] [stdout] 27 |         let thickness = 2;
[INFO] [stdout]    |             ^^^^^^^^^ help: if this is intentional, prefix it with an underscore: `_thickness`
[INFO] [stdout] 
[INFO] [stdout] 
[INFO] [stdout] warning: struct `Frustrum` is never constructed
[INFO] [stdout]   --> hometown/src/lib.rs:11:8
[INFO] [stdout]    |
[INFO] [stdout] 11 | struct Frustrum {
[INFO] [stdout]    |        ^^^^^^^^
[INFO] [stdout]    |
[INFO] [stdout]    = note: `#[warn(dead_code)]` on by default
[INFO] [stdout] 
[INFO] [stdout] 
[INFO] [stdout] warning: struct `Any` is never constructed
[INFO] [stdout]   --> hometown/src/lib.rs:18:8
[INFO] [stdout]    |
[INFO] [stdout] 18 | struct Any {
[INFO] [stdout]    |        ^^^
[INFO] [stdout] 
[INFO] [stdout] 
[INFO] [stdout] warning: field `y` is never read
[INFO] [stdout]   --> hometown/src/lib.rs:29:5
[INFO] [stdout]    |
[INFO] [stdout] 27 | struct CoordRange {
[INFO] [stdout]    |        ---------- field in this struct
[INFO] [stdout] 28 |     x_range: Uniform<f32>,
[INFO] [stdout] 29 |     y: f32,
[INFO] [stdout]    |     ^
[INFO] [stdout] 
[INFO] [stdout] 
[INFO] [stdout] warning: field `endy` is never read
[INFO] [stdout]    --> hometown/src/rain.rs:109:5
[INFO] [stdout]     |
[INFO] [stdout] 101 | pub struct Falling {
[INFO] [stdout]     |            ------- field in this struct
[INFO] [stdout] ...
[INFO] [stdout] 109 |     endy: f32,
[INFO] [stdout]     |     ^^^^
[INFO] [stdout]     |
[INFO] [stdout]     = note: `Falling` has a derived impl for the trait `Debug`, but this is intentionally ignored during dead code analysis
[INFO] [stdout] 
[INFO] [stdout] 
[INFO] [stdout] warning: multiple fields are never read
[INFO] [stdout]    --> hometown/src/rain.rs:126:5
[INFO] [stdout]     |
[INFO] [stdout] 124 | pub struct Colliding {
[INFO] [stdout]     |            --------- fields in this struct
[INFO] [stdout] 125 |     // Length, should get modified as its being inserted into the puddle
[INFO] [stdout] 126 |     length: u32,
[INFO] [stdout]     |     ^^^^^^
[INFO] [stdout] 127 |     x: f32,
[INFO] [stdout]     |     ^
[INFO] [stdout] 128 |     y: f32,
[INFO] [stdout]     |     ^
[INFO] [stdout] 129 |     // The z is fixed at this point
[INFO] [stdout] 130 |     z: f32,
[INFO] [stdout]     |     ^
[INFO] [stdout] 131 |     dx: f32,
[INFO] [stdout]     |     ^^
[INFO] [stdout] 132 |     dy: f32,
[INFO] [stdout]     |     ^^
[INFO] [stdout] 133 |     dz: f32,
[INFO] [stdout]     |     ^^
[INFO] [stdout] 134 |     // We no know z declares the tip of the water
[INFO] [stdout] 135 |     thickness: u32,
[INFO] [stdout]     |     ^^^^^^^^^
[INFO] [stdout] ...
[INFO] [stdout] 138 |     spreading: Spreading,
[INFO] [stdout]     |     ^^^^^^^^^
[INFO] [stdout]     |
[INFO] [stdout]     = note: `Colliding` has a derived impl for the trait `Debug`, but this is intentionally ignored during dead code analysis
[INFO] [stdout] 
[INFO] [stdout] 
[INFO] [stdout] warning: multiple fields are never read
[INFO] [stdout]    --> hometown/src/rain.rs:149:5
[INFO] [stdout]     |
[INFO] [stdout] 147 | pub struct Spreading {
[INFO] [stdout]     |            --------- fields in this struct
[INFO] [stdout] 148 |     // The location of the puddle
[INFO] [stdout] 149 |     x: f32,
[INFO] [stdout]     |     ^
[INFO] [stdout] 150 |     y: f32,
[INFO] [stdout]     |     ^
[INFO] [stdout] 151 |     z: f32,
[INFO] [stdout]     |     ^
[INFO] [stdout] 152 |     // The thickness of the edges of the water
[INFO] [stdout] 153 |     thickness: u32,
[INFO] [stdout]     |     ^^^^^^^^^
[INFO] [stdout] 154 |     // The radius
[INFO] [stdout] 155 |     r: f32,
[INFO] [stdout]     |     ^
[INFO] [stdout] 156 |     // The rate at which the radius is changing
[INFO] [stdout] 157 |     dr: u32,
[INFO] [stdout]     |     ^^
[INFO] [stdout] ...
[INFO] [stdout] 160 |     lifetime: u32,
[INFO] [stdout]     |     ^^^^^^^^
[INFO] [stdout]     |
[INFO] [stdout]     = note: `Spreading` has a derived impl for the trait `Debug`, but this is intentionally ignored during dead code analysis
[INFO] [stdout] 
[INFO] [stdout] 
[INFO] [stdout] warning: fields `x_angle` and `z_angle` are never read
[INFO] [stdout]   --> hometown/src/game/mod.rs:19:5
[INFO] [stdout]    |
[INFO] [stdout] 4  | pub struct Game {
[INFO] [stdout]    |            ---- fields in this struct
[INFO] [stdout] ...
[INFO] [stdout] 19 |     x_angle: f32,
[INFO] [stdout]    |     ^^^^^^^
[INFO] [stdout] 20 |     z_angle: f32,
[INFO] [stdout]    |     ^^^^^^^
[INFO] [stdout] 
[INFO] [stdout] 
[INFO] [stdout] warning: fields `direction` and `camera_controller` are never read
[INFO] [stdout]   --> hometown/src/player.rs:12:5
[INFO] [stdout]    |
[INFO] [stdout] 4  | pub struct Player {
[INFO] [stdout]    |            ------ fields in this struct
[INFO] [stdout] ...
[INFO] [stdout] 12 |     direction: cgmath::Vector3<f32>,
[INFO] [stdout]    |     ^^^^^^^^^
[INFO] [stdout] 13 |     camera_controller: CameraController,
[INFO] [stdout]    |     ^^^^^^^^^^^^^^^^^
[INFO] [stdout] 
[INFO] [stdout] 
[INFO] [stdout] warning: unused variable: `lr_dz`
[INFO] [stdout]    --> thomas/src/graphics/frontend/mod.rs:119:13
[INFO] [stdout]     |
[INFO] [stdout] 119 |         let lr_dz = lr_p.cos() + lr_p.sin();
[INFO] [stdout]     |             ^^^^^ help: if this is intentional, prefix it with an underscore: `_lr_dz`
[INFO] [stdout]     |
[INFO] [stdout]     = note: `#[warn(unused_variables)]` on by default
[INFO] [stdout] 
[INFO] [stdout] 
[INFO] [stdout] warning: unused variable: `fb_p`
[INFO] [stdout]    --> thomas/src/graphics/frontend/mod.rs:124:13
[INFO] [stdout]     |
[INFO] [stdout] 124 |         let fb_p = fb_angle + PI / 2.0;
[INFO] [stdout]     |             ^^^^ help: if this is intentional, prefix it with an underscore: `_fb_p`
[INFO] [stdout] 
[INFO] [stdout] 
[INFO] [stdout] warning: unused variable: `fb_r`
[INFO] [stdout]    --> thomas/src/graphics/frontend/mod.rs:126:13
[INFO] [stdout]     |
[INFO] [stdout] 126 |         let fb_r = thickness / 2.0;
[INFO] [stdout]     |             ^^^^ help: if this is intentional, prefix it with an underscore: `_fb_r`
[INFO] [stdout] 
[INFO] [stdout] 
[INFO] [stdout] warning: unused variable: `fb_dx`
[INFO] [stdout]    --> thomas/src/graphics/frontend/mod.rs:128:13
[INFO] [stdout]     |
[INFO] [stdout] 128 |         let fb_dx = lr_p.cos() * lr_r;
[INFO] [stdout]     |             ^^^^^ help: if this is intentional, prefix it with an underscore: `_fb_dx`
[INFO] [stdout] 
[INFO] [stdout] 
[INFO] [stdout] warning: unused variable: `fb_dy`
[INFO] [stdout]    --> thomas/src/graphics/frontend/mod.rs:129:13
[INFO] [stdout]     |
[INFO] [stdout] 129 |         let fb_dy = lr_p.sin() * lr_r;
[INFO] [stdout]     |             ^^^^^ help: if this is intentional, prefix it with an underscore: `_fb_dy`
[INFO] [stdout] 
[INFO] [stdout] 
[INFO] [stdout] warning: unused variable: `fb_dz`
[INFO] [stdout]    --> thomas/src/graphics/frontend/mod.rs:130:13
[INFO] [stdout]     |
[INFO] [stdout] 130 |         let fb_dz = lr_p.cos() + lr_p.sin();
[INFO] [stdout]     |             ^^^^^ help: if this is intentional, prefix it with an underscore: `_fb_dz`
[INFO] [stdout] 
[INFO] [stdout] 
[INFO] [stdout] warning: 15 warnings emitted
[INFO] [stdout] 
[INFO] [stdout] 
[INFO] [stdout] warning: 7 warnings emitted
[INFO] [stdout] 
[INFO] [stdout] 
[INFO] [stderr]     Finished test [unoptimized + debuginfo] target(s) in 6.13s
[INFO] running `Command { std: "docker" "inspect" "6fbdda099ddf5930425028708cfa807a321b576086aef9a1fc1cd0b7be93fb92", kill_on_drop: false }`
[INFO] running `Command { std: "docker" "rm" "-f" "6fbdda099ddf5930425028708cfa807a321b576086aef9a1fc1cd0b7be93fb92", kill_on_drop: false }`
[INFO] [stdout] 6fbdda099ddf5930425028708cfa807a321b576086aef9a1fc1cd0b7be93fb92
[INFO] running `Command { std: "docker" "create" "-v" "/var/lib/crater-agent-workspace/builds/worker-7-tc2/target:/opt/rustwide/target:rw,Z" "-v" "/var/lib/crater-agent-workspace/builds/worker-7-tc2/source:/opt/rustwide/workdir:ro,Z" "-v" "/var/lib/crater-agent-workspace/cargo-home:/opt/rustwide/cargo-home:ro,Z" "-v" "/var/lib/crater-agent-workspace/rustup-home:/opt/rustwide/rustup-home:ro,Z" "-e" "SOURCE_DIR=/opt/rustwide/workdir" "-e" "CARGO_TARGET_DIR=/opt/rustwide/target" "-e" "CARGO_INCREMENTAL=0" "-e" "RUST_BACKTRACE=full" "-e" "RUSTFLAGS=--cap-lints=warn" "-e" "RUSTDOCFLAGS=--cap-lints=warn" "-e" "CARGO_HOME=/opt/rustwide/cargo-home" "-e" "RUSTUP_HOME=/opt/rustwide/rustup-home" "-w" "/opt/rustwide/workdir" "-m" "1610612736" "--user" "0:0" "--network" "none" "ghcr.io/rust-lang/crates-build-env/linux@sha256:5ff2268d62e97bff2cde7d5815dd6ed5b47097566f13b8d0ca110b04b60e07ed" "/opt/rustwide/cargo-home/bin/cargo" "+beta-2023-04-20" "test" "--frozen", kill_on_drop: false }`
[INFO] [stdout] dca22acf052e43b40067d8d27c8c51b83547a69f8c9e16fce9d945fb64bf70dc
[INFO] running `Command { std: "docker" "start" "-a" "dca22acf052e43b40067d8d27c8c51b83547a69f8c9e16fce9d945fb64bf70dc", kill_on_drop: false }`
[INFO] [stderr] warning: unused import: `context::Context`
[INFO] [stderr]  --> thomas/src/debugger.rs:1:13
[INFO] [stderr]   |
[INFO] [stderr] 1 | use crate::{context::Context, graphics::backend::State};
[INFO] [stderr]   |             ^^^^^^^^^^^^^^^^
[INFO] [stderr]   |
[INFO] [stderr]   = note: `#[warn(unused_imports)]` on by default
[INFO] [stderr] 
[INFO] [stderr] warning: unused variable: `lr_dz`
[INFO] [stderr]    --> thomas/src/graphics/frontend/mod.rs:119:13
[INFO] [stderr]     |
[INFO] [stderr] 119 |         let lr_dz = lr_p.cos() + lr_p.sin();
[INFO] [stderr]     |             ^^^^^ help: if this is intentional, prefix it with an underscore: `_lr_dz`
[INFO] [stderr]     |
[INFO] [stderr]     = note: `#[warn(unused_variables)]` on by default
[INFO] [stderr] 
[INFO] [stderr] warning: unused variable: `fb_p`
[INFO] [stderr]    --> thomas/src/graphics/frontend/mod.rs:124:13
[INFO] [stderr]     |
[INFO] [stderr] 124 |         let fb_p = fb_angle + PI / 2.0;
[INFO] [stderr]     |             ^^^^ help: if this is intentional, prefix it with an underscore: `_fb_p`
[INFO] [stderr] 
[INFO] [stderr] warning: unused variable: `fb_r`
[INFO] [stderr]    --> thomas/src/graphics/frontend/mod.rs:126:13
[INFO] [stderr]     |
[INFO] [stderr] 126 |         let fb_r = thickness / 2.0;
[INFO] [stderr]     |             ^^^^ help: if this is intentional, prefix it with an underscore: `_fb_r`
[INFO] [stderr] 
[INFO] [stderr] warning: unused variable: `fb_dx`
[INFO] [stderr]    --> thomas/src/graphics/frontend/mod.rs:128:13
[INFO] [stderr]     |
[INFO] [stderr] 128 |         let fb_dx = lr_p.cos() * lr_r;
[INFO] [stderr]     |             ^^^^^ help: if this is intentional, prefix it with an underscore: `_fb_dx`
[INFO] [stderr] 
[INFO] [stderr] warning: unused variable: `fb_dy`
[INFO] [stderr]    --> thomas/src/graphics/frontend/mod.rs:129:13
[INFO] [stderr]     |
[INFO] [stderr] 129 |         let fb_dy = lr_p.sin() * lr_r;
[INFO] [stderr]     |             ^^^^^ help: if this is intentional, prefix it with an underscore: `_fb_dy`
[INFO] [stderr] 
[INFO] [stderr] warning: unused variable: `fb_dz`
[INFO] [stderr]    --> thomas/src/graphics/frontend/mod.rs:130:13
[INFO] [stderr]     |
[INFO] [stderr] 130 |         let fb_dz = lr_p.cos() + lr_p.sin();
[INFO] [stderr]     |             ^^^^^ help: if this is intentional, prefix it with an underscore: `_fb_dz`
[INFO] [stderr] 
[INFO] [stderr] warning: `thomas` (lib) generated 7 warnings (run `cargo fix --lib -p thomas` to apply 7 suggestions)
[INFO] [stderr] warning: `thomas` (lib test) generated 7 warnings (7 duplicates)
[INFO] [stderr] warning: unused imports: `distributions::Uniform`, `prelude::ThreadRng`
[INFO] [stderr]  --> hometown/src/rain.rs:1:12
[INFO] [stderr]   |
[INFO] [stderr] 1 | use rand::{distributions::Uniform, prelude::ThreadRng};
[INFO] [stderr]   |            ^^^^^^^^^^^^^^^^^^^^^^  ^^^^^^^^^^^^^^^^^^
[INFO] [stderr]   |
[INFO] [stderr]   = note: `#[warn(unused_imports)]` on by default
[INFO] [stderr] 
[INFO] [stderr] warning: unused variable: `ctx`
[INFO] [stderr]   --> hometown/src/rain.rs:64:28
[INFO] [stderr]    |
[INFO] [stderr] 64 |     pub fn tick(&mut self, ctx: &mut Context) {
[INFO] [stderr]    |                            ^^^ help: if this is intentional, prefix it with an underscore: `_ctx`
[INFO] [stderr]    |
[INFO] [stderr]    = note: `#[warn(unused_variables)]` on by default
[INFO] [stderr] 
[INFO] [stderr] warning: unused variable: `ctx`
[INFO] [stderr]    --> hometown/src/rain.rs:142:28
[INFO] [stderr]     |
[INFO] [stderr] 142 |     pub fn tick(&mut self, ctx: &mut Context) {}
[INFO] [stderr]     |                            ^^^ help: if this is intentional, prefix it with an underscore: `_ctx`
[INFO] [stderr] 
[INFO] [stderr] warning: unused variable: `ctx`
[INFO] [stderr]    --> hometown/src/rain.rs:143:26
[INFO] [stderr]     |
[INFO] [stderr] 143 |     pub fn render(&self, ctx: &mut Context) {}
[INFO] [stderr]     |                          ^^^ help: if this is intentional, prefix it with an underscore: `_ctx`
[INFO] [stderr] 
[INFO] [stderr] warning: unused variable: `ctx`
[INFO] [stderr]    --> hometown/src/rain.rs:164:28
[INFO] [stderr]     |
[INFO] [stderr] 164 |     pub fn tick(&mut self, ctx: &mut Context) {}
[INFO] [stderr]     |                            ^^^ help: if this is intentional, prefix it with an underscore: `_ctx`
[INFO] [stderr] 
[INFO] [stderr] warning: unused variable: `ctx`
[INFO] [stderr]    --> hometown/src/rain.rs:165:26
[INFO] [stderr]     |
[INFO] [stderr] 165 |     pub fn render(&self, ctx: &mut Context) {}
[INFO] [stderr]     |                          ^^^ help: if this is intentional, prefix it with an underscore: `_ctx`
[INFO] [stderr] 
[INFO] [stderr] warning: unused variable: `thickness`
[INFO] [stderr]   --> hometown/src/game/mod.rs:27:13
[INFO] [stderr]    |
[INFO] [stderr] 27 |         let thickness = 2;
[INFO] [stderr]    |             ^^^^^^^^^ help: if this is intentional, prefix it with an underscore: `_thickness`
[INFO] [stderr] 
[INFO] [stderr] warning: struct `Frustrum` is never constructed
[INFO] [stderr]   --> hometown/src/lib.rs:11:8
[INFO] [stderr]    |
[INFO] [stderr] 11 | struct Frustrum {
[INFO] [stderr]    |        ^^^^^^^^
[INFO] [stderr]    |
[INFO] [stderr]    = note: `#[warn(dead_code)]` on by default
[INFO] [stderr] 
[INFO] [stderr] warning: struct `Any` is never constructed
[INFO] [stderr]   --> hometown/src/lib.rs:18:8
[INFO] [stderr]    |
[INFO] [stderr] 18 | struct Any {
[INFO] [stderr]    |        ^^^
[INFO] [stderr] 
[INFO] [stderr] warning: field `y` is never read
[INFO] [stderr]   --> hometown/src/lib.rs:29:5
[INFO] [stderr]    |
[INFO] [stderr] 27 | struct CoordRange {
[INFO] [stderr]    |        ---------- field in this struct
[INFO] [stderr] 28 |     x_range: Uniform<f32>,
[INFO] [stderr] 29 |     y: f32,
[INFO] [stderr]    |     ^
[INFO] [stderr] 
[INFO] [stderr] warning: field `endy` is never read
[INFO] [stderr]    --> hometown/src/rain.rs:109:5
[INFO] [stderr]     |
[INFO] [stderr] 101 | pub struct Falling {
[INFO] [stderr]     |            ------- field in this struct
[INFO] [stderr] ...
[INFO] [stderr] 109 |     endy: f32,
[INFO] [stderr]     |     ^^^^
[INFO] [stderr]     |
[INFO] [stderr]     = note: `Falling` has a derived impl for the trait `Debug`, but this is intentionally ignored during dead code analysis
[INFO] [stderr] 
[INFO] [stderr] warning: multiple fields are never read
[INFO] [stderr]    --> hometown/src/rain.rs:126:5
[INFO] [stderr]     |
[INFO] [stderr] 124 | pub struct Colliding {
[INFO] [stderr]     |            --------- fields in this struct
[INFO] [stderr] 125 |     // Length, should get modified as its being inserted into the puddle
[INFO] [stderr] 126 |     length: u32,
[INFO] [stderr]     |     ^^^^^^
[INFO] [stderr] 127 |     x: f32,
[INFO] [stderr]     |     ^
[INFO] [stderr] 128 |     y: f32,
[INFO] [stderr]     |     ^
[INFO] [stderr] 129 |     // The z is fixed at this point
[INFO] [stderr] 130 |     z: f32,
[INFO] [stderr]     |     ^
[INFO] [stderr] 131 |     dx: f32,
[INFO] [stderr]     |     ^^
[INFO] [stderr] 132 |     dy: f32,
[INFO] [stderr]     |     ^^
[INFO] [stderr] 133 |     dz: f32,
[INFO] [stderr]     |     ^^
[INFO] [stderr] 134 |     // We no know z declares the tip of the water
[INFO] [stderr] 135 |     thickness: u32,
[INFO] [stderr]     |     ^^^^^^^^^
[INFO] [stderr] ...
[INFO] [stderr] 138 |     spreading: Spreading,
[INFO] [stderr]     |     ^^^^^^^^^
[INFO] [stderr]     |
[INFO] [stderr]     = note: `Colliding` has a derived impl for the trait `Debug`, but this is intentionally ignored during dead code analysis
[INFO] [stderr] 
[INFO] [stderr] warning: multiple fields are never read
[INFO] [stderr]    --> hometown/src/rain.rs:149:5
[INFO] [stderr]     |
[INFO] [stderr] 147 | pub struct Spreading {
[INFO] [stderr]     |            --------- fields in this struct
[INFO] [stderr] 148 |     // The location of the puddle
[INFO] [stderr] 149 |     x: f32,
[INFO] [stderr]     |     ^
[INFO] [stderr] 150 |     y: f32,
[INFO] [stderr]     |     ^
[INFO] [stderr] 151 |     z: f32,
[INFO] [stderr]     |     ^
[INFO] [stderr] 152 |     // The thickness of the edges of the water
[INFO] [stderr] 153 |     thickness: u32,
[INFO] [stderr]     |     ^^^^^^^^^
[INFO] [stderr] 154 |     // The radius
[INFO] [stderr] 155 |     r: f32,
[INFO] [stderr]     |     ^
[INFO] [stderr] 156 |     // The rate at which the radius is changing
[INFO] [stderr] 157 |     dr: u32,
[INFO] [stderr]     |     ^^
[INFO] [stderr] ...
[INFO] [stderr] 160 |     lifetime: u32,
[INFO] [stderr]     |     ^^^^^^^^
[INFO] [stderr]     |
[INFO] [stderr]     = note: `Spreading` has a derived impl for the trait `Debug`, but this is intentionally ignored during dead code analysis
[INFO] [stderr] 
[INFO] [stderr] warning: fields `x_angle` and `z_angle` are never read
[INFO] [stderr]   --> hometown/src/game/mod.rs:19:5
[INFO] [stderr]    |
[INFO] [stderr] 4  | pub struct Game {
[INFO] [stderr]    |            ---- fields in this struct
[INFO] [stderr] ...
[INFO] [stderr] 19 |     x_angle: f32,
[INFO] [stderr]    |     ^^^^^^^
[INFO] [stderr] 20 |     z_angle: f32,
[INFO] [stderr]    |     ^^^^^^^
[INFO] [stderr] 
[INFO] [stderr] warning: fields `direction` and `camera_controller` are never read
[INFO] [stderr]   --> hometown/src/player.rs:12:5
[INFO] [stderr]    |
[INFO] [stderr] 4  | pub struct Player {
[INFO] [stderr]    |            ------ fields in this struct
[INFO] [stderr] ...
[INFO] [stderr] 12 |     direction: cgmath::Vector3<f32>,
[INFO] [stderr]    |     ^^^^^^^^^
[INFO] [stderr] 13 |     camera_controller: CameraController,
[INFO] [stderr]    |     ^^^^^^^^^^^^^^^^^
[INFO] [stderr] 
[INFO] [stderr] warning: `hometown` (lib) generated 15 warnings (run `cargo fix --lib -p hometown` to apply 7 suggestions)
[INFO] [stderr] warning: `hometown` (lib test) generated 15 warnings (15 duplicates)
[INFO] [stderr]     Finished test [unoptimized + debuginfo] target(s) in 0.17s
[INFO] [stderr]      Running unittests src/lib.rs (/opt/rustwide/target/debug/deps/hometown-95aacea89c78fbd3)
[INFO] [stdout] 
[INFO] [stdout] running 0 tests
[INFO] [stdout] 
[INFO] [stdout] test result: ok. 0 passed; 0 failed; 0 ignored; 0 measured; 0 filtered out; finished in 0.00s
[INFO] [stdout] 
[INFO] [stderr]      Running unittests src/main.rs (/opt/rustwide/target/debug/deps/hometown-34bf494ce971b4e3)
[INFO] [stderr]      Running unittests src/lib.rs (/opt/rustwide/target/debug/deps/thomas-627f6154e7717453)
[INFO] [stdout] 
[INFO] [stdout] running 0 tests
[INFO] [stdout] 
[INFO] [stdout] test result: ok. 0 passed; 0 failed; 0 ignored; 0 measured; 0 filtered out; finished in 0.00s
[INFO] [stdout] 
[INFO] [stdout] 
[INFO] [stdout] running 2 tests
[INFO] [stdout] test graphics::frontend::color::test::test_color_from_hex ... ok
[INFO] [stdout] test graphics::frontend::color::test::test_color_to_wgpu_color ... FAILED
[INFO] [stdout] 
[INFO] [stdout] failures:
[INFO] [stdout] 
[INFO] [stdout] ---- graphics::frontend::color::test::test_color_to_wgpu_color stdout ----
[INFO] [stdout] thread 'graphics::frontend::color::test::test_color_to_wgpu_color' panicked at 'assertion failed: `(left == right)`
[INFO] [stdout]   left: `Color { r: 0.017782653290274876, g: 0.016842403094008966, b: 0.016842403094008966, a: 1.0 }`,
[INFO] [stdout]  right: `Color { r: 0.16015625, g: 0.15625, b: 0.15625, a: 1.0 }`', thomas/src/graphics/frontend/color.rs:98:9
[INFO] [stdout] stack backtrace:
[INFO] [stdout]    0:     0x5602f39424ba - std::backtrace_rs::backtrace::libunwind::trace::h2f05d0192276a8f6
[INFO] [stdout]                                at /rustc/1b7dd2252b99671ce5d1cb9664c5f8636329436d/library/std/src/../../backtrace/src/backtrace/libunwind.rs:93:5
[INFO] [stdout]    1:     0x5602f39424ba - std::backtrace_rs::backtrace::trace_unsynchronized::hedc23dff7a1af150
[INFO] [stdout]                                at /rustc/1b7dd2252b99671ce5d1cb9664c5f8636329436d/library/std/src/../../backtrace/src/backtrace/mod.rs:66:5
[INFO] [stdout]    2:     0x5602f39424ba - std::sys_common::backtrace::_print_fmt::h17541ef7592f3ce2
[INFO] [stdout]                                at /rustc/1b7dd2252b99671ce5d1cb9664c5f8636329436d/library/std/src/sys_common/backtrace.rs:65:5
[INFO] [stdout]    3:     0x5602f39424ba - <std::sys_common::backtrace::_print::DisplayBacktrace as core::fmt::Display>::fmt::h20f75df5ab0c0792
[INFO] [stdout]                                at /rustc/1b7dd2252b99671ce5d1cb9664c5f8636329436d/library/std/src/sys_common/backtrace.rs:44:22
[INFO] [stdout]    4:     0x5602f3966a3f - core::fmt::write::h78109e6f466b3af6
[INFO] [stdout]                                at /rustc/1b7dd2252b99671ce5d1cb9664c5f8636329436d/library/core/src/fmt/mod.rs:1254:17
[INFO] [stdout]    5:     0x5602f393f805 - std::io::Write::write_fmt::hd24bfb68a1b35a25
[INFO] [stdout]                                at /rustc/1b7dd2252b99671ce5d1cb9664c5f8636329436d/library/std/src/io/mod.rs:1698:15
[INFO] [stdout]    6:     0x5602f3942285 - std::sys_common::backtrace::_print::h8dac57a9f8fbf9a5
[INFO] [stdout]                                at /rustc/1b7dd2252b99671ce5d1cb9664c5f8636329436d/library/std/src/sys_common/backtrace.rs:47:5
[INFO] [stdout]    7:     0x5602f3942285 - std::sys_common::backtrace::print::hf9ecbf41d1aa712f
[INFO] [stdout]                                at /rustc/1b7dd2252b99671ce5d1cb9664c5f8636329436d/library/std/src/sys_common/backtrace.rs:34:9
[INFO] [stdout]    8:     0x5602f3943f3e - std::panicking::default_hook::{{closure}}::h04c07acfc84ca028
[INFO] [stdout]                                at /rustc/1b7dd2252b99671ce5d1cb9664c5f8636329436d/library/std/src/panicking.rs:269:22
[INFO] [stdout]    9:     0x5602f3943c71 - std::panicking::default_hook::h01f6bb23e1eceb2c
[INFO] [stdout]                                at /rustc/1b7dd2252b99671ce5d1cb9664c5f8636329436d/library/std/src/panicking.rs:285:9
[INFO] [stdout]   10:     0x5602f390e82b - <alloc::boxed::Box<F,A> as core::ops::function::Fn<Args>>::call::h87fe9f7b2fd49e4c
[INFO] [stdout]                                at /rustc/1b7dd2252b99671ce5d1cb9664c5f8636329436d/library/alloc/src/boxed.rs:1987:9
[INFO] [stdout]   11:     0x5602f390e82b - test::test_main::{{closure}}::he94d679243a7531b
[INFO] [stdout]                                at /rustc/1b7dd2252b99671ce5d1cb9664c5f8636329436d/library/test/src/lib.rs:134:21
[INFO] [stdout]   12:     0x5602f3944624 - <alloc::boxed::Box<F,A> as core::ops::function::Fn<Args>>::call::h3f2d6d8b14c4769f
[INFO] [stdout]                                at /rustc/1b7dd2252b99671ce5d1cb9664c5f8636329436d/library/alloc/src/boxed.rs:1987:9
[INFO] [stdout]   13:     0x5602f3944624 - std::panicking::rust_panic_with_hook::h2bb3722bbaf2f6df
[INFO] [stdout]                                at /rustc/1b7dd2252b99671ce5d1cb9664c5f8636329436d/library/std/src/panicking.rs:695:13
[INFO] [stdout]   14:     0x5602f3944399 - std::panicking::begin_panic_handler::{{closure}}::h91bc7f36a4be011b
[INFO] [stdout]                                at /rustc/1b7dd2252b99671ce5d1cb9664c5f8636329436d/library/std/src/panicking.rs:582:13
[INFO] [stdout]   15:     0x5602f3942926 - std::sys_common::backtrace::__rust_end_short_backtrace::h8b3d3717114f9e59
[INFO] [stdout]                                at /rustc/1b7dd2252b99671ce5d1cb9664c5f8636329436d/library/std/src/sys_common/backtrace.rs:150:18
[INFO] [stdout]   16:     0x5602f39440f2 - rust_begin_unwind
[INFO] [stdout]                                at /rustc/1b7dd2252b99671ce5d1cb9664c5f8636329436d/library/std/src/panicking.rs:578:5
[INFO] [stdout]   17:     0x5602f38d6ba3 - core::panicking::panic_fmt::hfd368e3fbdabea26
[INFO] [stdout]                                at /rustc/1b7dd2252b99671ce5d1cb9664c5f8636329436d/library/core/src/panicking.rs:67:14
[INFO] [stdout]   18:     0x5602f38d6e7f - core::panicking::assert_failed_inner::haef49168e1798a91
[INFO] [stdout]   19:     0x5602f38d8efa - core::panicking::assert_failed::h22a65993fb4593af
[INFO] [stdout]                                at /rustc/1b7dd2252b99671ce5d1cb9664c5f8636329436d/library/core/src/panicking.rs:228:5
[INFO] [stdout]   20:     0x5602f38d97cd - thomas::graphics::frontend::color::test::test_color_to_wgpu_color::ha28f9bff8bfc3d4d
[INFO] [stdout]                                at /opt/rustwide/workdir/thomas/src/graphics/frontend/color.rs:98:9
[INFO] [stdout]   21:     0x5602f38d96d7 - thomas::graphics::frontend::color::test::test_color_to_wgpu_color::{{closure}}::h2b42b33362282a0d
[INFO] [stdout]                                at /opt/rustwide/workdir/thomas/src/graphics/frontend/color.rs:96:35
[INFO] [stdout]   22:     0x5602f38daba5 - core::ops::function::FnOnce::call_once::hdf34420cab3498da
[INFO] [stdout]                                at /rustc/1b7dd2252b99671ce5d1cb9664c5f8636329436d/library/core/src/ops/function.rs:250:5
[INFO] [stdout]   23:     0x5602f39136ff - core::ops::function::FnOnce::call_once::ha6a70e79f7481a7e
[INFO] [stdout]                                at /rustc/1b7dd2252b99671ce5d1cb9664c5f8636329436d/library/core/src/ops/function.rs:250:5
[INFO] [stdout]   24:     0x5602f39136ff - test::__rust_begin_short_backtrace::hce33033019b61e69
[INFO] [stdout]                                at /rustc/1b7dd2252b99671ce5d1cb9664c5f8636329436d/library/test/src/lib.rs:655:18
[INFO] [stdout]   25:     0x5602f38e0eec - test::run_test::{{closure}}::h858d3528838ae3e5
[INFO] [stdout]                                at /rustc/1b7dd2252b99671ce5d1cb9664c5f8636329436d/library/test/src/lib.rs:646:30
[INFO] [stdout]   26:     0x5602f38e0eec - core::ops::function::FnOnce::call_once{{vtable.shim}}::he8ac2b00f01ae79e
[INFO] [stdout]                                at /rustc/1b7dd2252b99671ce5d1cb9664c5f8636329436d/library/core/src/ops/function.rs:250:5
[INFO] [stdout]   27:     0x5602f39127d6 - <alloc::boxed::Box<F,A> as core::ops::function::FnOnce<Args>>::call_once::h8093d25b522725ef
[INFO] [stdout]                                at /rustc/1b7dd2252b99671ce5d1cb9664c5f8636329436d/library/alloc/src/boxed.rs:1973:9
[INFO] [stdout]   28:     0x5602f39127d6 - <core::panic::unwind_safe::AssertUnwindSafe<F> as core::ops::function::FnOnce<()>>::call_once::h5c334c204e4a3913
[INFO] [stdout]                                at /rustc/1b7dd2252b99671ce5d1cb9664c5f8636329436d/library/core/src/panic/unwind_safe.rs:271:9
[INFO] [stdout]   29:     0x5602f39127d6 - std::panicking::try::do_call::ha8b740c7b9478074
[INFO] [stdout]                                at /rustc/1b7dd2252b99671ce5d1cb9664c5f8636329436d/library/std/src/panicking.rs:485:40
[INFO] [stdout]   30:     0x5602f39127d6 - std::panicking::try::h5d34f63d0e41b64e
[INFO] [stdout]                                at /rustc/1b7dd2252b99671ce5d1cb9664c5f8636329436d/library/std/src/panicking.rs:449:19
[INFO] [stdout]   31:     0x5602f39127d6 - std::panic::catch_unwind::hcfbb511e1aa7fc67
[INFO] [stdout]                                at /rustc/1b7dd2252b99671ce5d1cb9664c5f8636329436d/library/std/src/panic.rs:140:14
[INFO] [stdout]   32:     0x5602f39127d6 - test::run_test_in_process::h9abda90f802eaf21
[INFO] [stdout]                                at /rustc/1b7dd2252b99671ce5d1cb9664c5f8636329436d/library/test/src/lib.rs:678:27
[INFO] [stdout]   33:     0x5602f39127d6 - test::run_test::run_test_inner::{{closure}}::h0f058de91f6c6edf
[INFO] [stdout]                                at /rustc/1b7dd2252b99671ce5d1cb9664c5f8636329436d/library/test/src/lib.rs:572:39
[INFO] [stdout]   34:     0x5602f38db6f5 - test::run_test::run_test_inner::{{closure}}::h5ca48a4c59c6c1fb
[INFO] [stdout]                                at /rustc/1b7dd2252b99671ce5d1cb9664c5f8636329436d/library/test/src/lib.rs:599:37
[INFO] [stdout]   35:     0x5602f38db6f5 - std::sys_common::backtrace::__rust_begin_short_backtrace::h32bd51e1495d4a33
[INFO] [stdout]                                at /rustc/1b7dd2252b99671ce5d1cb9664c5f8636329436d/library/std/src/sys_common/backtrace.rs:134:18
[INFO] [stdout]   36:     0x5602f38e0c31 - std::thread::Builder::spawn_unchecked_::{{closure}}::{{closure}}::hc086fae9b128b2db
[INFO] [stdout]                                at /rustc/1b7dd2252b99671ce5d1cb9664c5f8636329436d/library/std/src/thread/mod.rs:526:17
[INFO] [stdout]   37:     0x5602f38e0c31 - <core::panic::unwind_safe::AssertUnwindSafe<F> as core::ops::function::FnOnce<()>>::call_once::hb66571888d270d43
[INFO] [stdout]                                at /rustc/1b7dd2252b99671ce5d1cb9664c5f8636329436d/library/core/src/panic/unwind_safe.rs:271:9
[INFO] [stdout]   38:     0x5602f38e0c31 - std::panicking::try::do_call::h4fa2ef4f6e51fecf
[INFO] [stdout]                                at /rustc/1b7dd2252b99671ce5d1cb9664c5f8636329436d/library/std/src/panicking.rs:485:40
[INFO] [stdout]   39:     0x5602f38e0c31 - std::panicking::try::h1e9e22b8584489b5
[INFO] [stdout]                                at /rustc/1b7dd2252b99671ce5d1cb9664c5f8636329436d/library/std/src/panicking.rs:449:19
[INFO] [stdout]   40:     0x5602f38e0c31 - std::panic::catch_unwind::h44698a3de0e0769e
[INFO] [stdout]                                at /rustc/1b7dd2252b99671ce5d1cb9664c5f8636329436d/library/std/src/panic.rs:140:14
[INFO] [stdout]   41:     0x5602f38e0c31 - std::thread::Builder::spawn_unchecked_::{{closure}}::h50153abde3fe239e
[INFO] [stdout]                                at /rustc/1b7dd2252b99671ce5d1cb9664c5f8636329436d/library/std/src/thread/mod.rs:525:30
[INFO] [stdout]   42:     0x5602f38e0c31 - core::ops::function::FnOnce::call_once{{vtable.shim}}::hbe5bbf6f38394364
[INFO] [stdout]                                at /rustc/1b7dd2252b99671ce5d1cb9664c5f8636329436d/library/core/src/ops/function.rs:250:5
[INFO] [stdout]   43:     0x5602f3948af5 - <alloc::boxed::Box<F,A> as core::ops::function::FnOnce<Args>>::call_once::h0d83cb2920a49046
[INFO] [stdout]                                at /rustc/1b7dd2252b99671ce5d1cb9664c5f8636329436d/library/alloc/src/boxed.rs:1973:9
[INFO] [stdout]   44:     0x5602f3948af5 - <alloc::boxed::Box<F,A> as core::ops::function::FnOnce<Args>>::call_once::hbe0a008aa7d9ef59
[INFO] [stdout]                                at /rustc/1b7dd2252b99671ce5d1cb9664c5f8636329436d/library/alloc/src/boxed.rs:1973:9
[INFO] [stdout]   45:     0x5602f3948af5 - std::sys::unix::thread::Thread::new::thread_start::h3a466996bdf6b1f9
[INFO] [stdout]                                at /rustc/1b7dd2252b99671ce5d1cb9664c5f8636329436d/library/std/src/sys/unix/thread.rs:108:17
[INFO] [stdout]   46:     0x7f6b376a7b43 - <unknown>
[INFO] [stdout]   47:     0x7f6b37738bb4 - __clone
[INFO] [stdout]   48:                0x0 - <unknown>
[INFO] [stdout] 
[INFO] [stdout] 
[INFO] [stdout] failures:
[INFO] [stdout]     graphics::frontend::color::test::test_color_to_wgpu_color
[INFO] [stdout] 
[INFO] [stdout] test result: FAILED. 1 passed; 1 failed; 0 ignored; 0 measured; 0 filtered out; finished in 0.03s
[INFO] [stdout] 
[INFO] [stderr] error: test failed, to rerun pass `-p thomas --lib`
[INFO] running `Command { std: "docker" "inspect" "dca22acf052e43b40067d8d27c8c51b83547a69f8c9e16fce9d945fb64bf70dc", kill_on_drop: false }`
[INFO] running `Command { std: "docker" "rm" "-f" "dca22acf052e43b40067d8d27c8c51b83547a69f8c9e16fce9d945fb64bf70dc", kill_on_drop: false }`
[INFO] [stdout] dca22acf052e43b40067d8d27c8c51b83547a69f8c9e16fce9d945fb64bf70dc
