[INFO] cloning repository https://github.com/Sam647254/Niverno
[INFO] running `Command { std: "git" "-c" "credential.helper=" "-c" "credential.helper=/workspace/cargo-home/bin/git-credential-null" "clone" "--bare" "https://github.com/Sam647254/Niverno" "/workspace/cache/git-repos/https%3A%2F%2Fgithub.com%2FSam647254%2FNiverno", kill_on_drop: false }`
[INFO] [stderr] Cloning into bare repository '/workspace/cache/git-repos/https%3A%2F%2Fgithub.com%2FSam647254%2FNiverno'...
[INFO] running `Command { std: "git" "rev-parse" "HEAD", kill_on_drop: false }`
[INFO] [stdout] 969285f519a92806f017e5bff636c8dff4ec2370
[INFO] testing Sam647254/Niverno against beta-2023-04-20 for beta-1.70-1
[INFO] running `Command { std: "git" "clone" "/workspace/cache/git-repos/https%3A%2F%2Fgithub.com%2FSam647254%2FNiverno" "/workspace/builds/worker-2-tc2/source", kill_on_drop: false }`
[INFO] [stderr] Cloning into '/workspace/builds/worker-2-tc2/source'...
[INFO] [stderr] done.
[INFO] validating manifest of git repo https://github.com/Sam647254/Niverno on toolchain beta-2023-04-20
[INFO] running `Command { std: CARGO_HOME="/workspace/cargo-home" RUSTUP_HOME="/workspace/rustup-home" "/workspace/cargo-home/bin/cargo" "+beta-2023-04-20" "metadata" "--manifest-path" "Cargo.toml" "--no-deps", kill_on_drop: false }`
[INFO] started tweaking git repo https://github.com/Sam647254/Niverno
[INFO] finished tweaking git repo https://github.com/Sam647254/Niverno
[INFO] tweaked toml for git repo https://github.com/Sam647254/Niverno written to /workspace/builds/worker-2-tc2/source/Cargo.toml
[INFO] crate git repo https://github.com/Sam647254/Niverno already has a lockfile, it will not be regenerated
[INFO] running `Command { std: CARGO_HOME="/workspace/cargo-home" RUSTUP_HOME="/workspace/rustup-home" "/workspace/cargo-home/bin/cargo" "+beta-2023-04-20" "fetch" "--manifest-path" "Cargo.toml", kill_on_drop: false }`
[INFO] running `Command { std: "docker" "create" "-v" "/var/lib/crater-agent-workspace/builds/worker-2-tc2/target:/opt/rustwide/target:rw,Z" "-v" "/var/lib/crater-agent-workspace/builds/worker-2-tc2/source:/opt/rustwide/workdir:ro,Z" "-v" "/var/lib/crater-agent-workspace/cargo-home:/opt/rustwide/cargo-home:ro,Z" "-v" "/var/lib/crater-agent-workspace/rustup-home:/opt/rustwide/rustup-home:ro,Z" "-e" "SOURCE_DIR=/opt/rustwide/workdir" "-e" "CARGO_TARGET_DIR=/opt/rustwide/target" "-e" "CARGO_HOME=/opt/rustwide/cargo-home" "-e" "RUSTUP_HOME=/opt/rustwide/rustup-home" "-w" "/opt/rustwide/workdir" "-m" "1610612736" "--user" "0:0" "--network" "none" "ghcr.io/rust-lang/crates-build-env/linux@sha256:5ff2268d62e97bff2cde7d5815dd6ed5b47097566f13b8d0ca110b04b60e07ed" "/opt/rustwide/cargo-home/bin/cargo" "+beta-2023-04-20" "metadata" "--no-deps" "--format-version=1", kill_on_drop: false }`
[INFO] [stdout] 7588d0bf722c41bd0e0ee453dbfccdd552f38658ef70b3fc227f47fbb72b7361
[INFO] running `Command { std: "docker" "start" "-a" "7588d0bf722c41bd0e0ee453dbfccdd552f38658ef70b3fc227f47fbb72b7361", kill_on_drop: false }`
[INFO] running `Command { std: "docker" "inspect" "7588d0bf722c41bd0e0ee453dbfccdd552f38658ef70b3fc227f47fbb72b7361", kill_on_drop: false }`
[INFO] running `Command { std: "docker" "rm" "-f" "7588d0bf722c41bd0e0ee453dbfccdd552f38658ef70b3fc227f47fbb72b7361", kill_on_drop: false }`
[INFO] [stdout] 7588d0bf722c41bd0e0ee453dbfccdd552f38658ef70b3fc227f47fbb72b7361
[INFO] running `Command { std: "docker" "create" "-v" "/var/lib/crater-agent-workspace/builds/worker-2-tc2/target:/opt/rustwide/target:rw,Z" "-v" "/var/lib/crater-agent-workspace/builds/worker-2-tc2/source:/opt/rustwide/workdir:ro,Z" "-v" "/var/lib/crater-agent-workspace/cargo-home:/opt/rustwide/cargo-home:ro,Z" "-v" "/var/lib/crater-agent-workspace/rustup-home:/opt/rustwide/rustup-home:ro,Z" "-e" "SOURCE_DIR=/opt/rustwide/workdir" "-e" "CARGO_TARGET_DIR=/opt/rustwide/target" "-e" "CARGO_INCREMENTAL=0" "-e" "RUST_BACKTRACE=full" "-e" "RUSTFLAGS=--cap-lints=warn" "-e" "RUSTDOCFLAGS=--cap-lints=warn" "-e" "CARGO_HOME=/opt/rustwide/cargo-home" "-e" "RUSTUP_HOME=/opt/rustwide/rustup-home" "-w" "/opt/rustwide/workdir" "-m" "1610612736" "--user" "0:0" "--network" "none" "ghcr.io/rust-lang/crates-build-env/linux@sha256:5ff2268d62e97bff2cde7d5815dd6ed5b47097566f13b8d0ca110b04b60e07ed" "/opt/rustwide/cargo-home/bin/cargo" "+beta-2023-04-20" "build" "--frozen" "--message-format=json", kill_on_drop: false }`
[INFO] [stdout] 3c386355814ea1c46f7f930caea977a11b2cdddd136df506651d05078d5a5a78
[INFO] running `Command { std: "docker" "start" "-a" "3c386355814ea1c46f7f930caea977a11b2cdddd136df506651d05078d5a5a78", kill_on_drop: false }`
[INFO] [stderr]    Compiling niverno v0.1.0 (/opt/rustwide/workdir)
[INFO] [stdout] warning: unused variable: `prototype`
[INFO] [stdout]   --> src/grammar/morphology/mod.rs:14:23
[INFO] [stdout]    |
[INFO] [stdout] 14 | pub fn derivations_of(prototype: Prototype) -> HashSet<Derivation> {
[INFO] [stdout]    |                       ^^^^^^^^^ help: if this is intentional, prefix it with an underscore: `_prototype`
[INFO] [stdout]    |
[INFO] [stdout]    = note: `#[warn(unused_variables)]` on by default
[INFO] [stdout] 
[INFO] [stdout] 
[INFO] [stdout] warning: unused variable: `prototype`
[INFO] [stdout]   --> src/grammar/morphology/mod.rs:18:23
[INFO] [stdout]    |
[INFO] [stdout] 18 | pub fn inflections_of(prototype: &Prototype) -> HashSet<Inflection> {
[INFO] [stdout]    |                       ^^^^^^^^^ help: if this is intentional, prefix it with an underscore: `_prototype`
[INFO] [stdout] 
[INFO] [stdout] 
[INFO] [stdout] warning: struct `DerivedPrototype` is never constructed
[INFO] [stdout]  --> src/grammar/morphology/mod.rs:9:12
[INFO] [stdout]   |
[INFO] [stdout] 9 | pub struct DerivedPrototype {
[INFO] [stdout]   |            ^^^^^^^^^^^^^^^^
[INFO] [stdout]   |
[INFO] [stdout]   = note: `#[warn(dead_code)]` on by default
[INFO] [stdout] 
[INFO] [stdout] 
[INFO] [stdout] warning: function `derivations_of` is never used
[INFO] [stdout]   --> src/grammar/morphology/mod.rs:14:8
[INFO] [stdout]    |
[INFO] [stdout] 14 | pub fn derivations_of(prototype: Prototype) -> HashSet<Derivation> {
[INFO] [stdout]    |        ^^^^^^^^^^^^^^
[INFO] [stdout] 
[INFO] [stdout] 
[INFO] [stdout] warning: function `inflections_of` is never used
[INFO] [stdout]   --> src/grammar/morphology/mod.rs:18:8
[INFO] [stdout]    |
[INFO] [stdout] 18 | pub fn inflections_of(prototype: &Prototype) -> HashSet<Inflection> {
[INFO] [stdout]    |        ^^^^^^^^^^^^^^
[INFO] [stdout] 
[INFO] [stdout] 
[INFO] [stdout] warning: enum `Derivation` is never used
[INFO] [stdout]  --> src/grammar/morphology/derivations.rs:1:10
[INFO] [stdout]   |
[INFO] [stdout] 1 | pub enum Derivation {
[INFO] [stdout]   |          ^^^^^^^^^^
[INFO] [stdout] 
[INFO] [stdout] 
[INFO] [stdout] warning: multiple variants are never constructed
[INFO] [stdout]   --> src/grammar/morphology/inflections.rs:3:4
[INFO] [stdout]    |
[INFO] [stdout] 2  | pub enum Inflection {
[INFO] [stdout]    |          ---------- variants in this enum
[INFO] [stdout] 3  |    Nonspecific,
[INFO] [stdout]    |    ^^^^^^^^^^^
[INFO] [stdout] 4  |    Specific,
[INFO] [stdout]    |    ^^^^^^^^
[INFO] [stdout] 5  |    Anaphor,
[INFO] [stdout]    |    ^^^^^^^
[INFO] [stdout] 6  |    Archetype,
[INFO] [stdout]    |    ^^^^^^^^^
[INFO] [stdout] 7  |    Associated,
[INFO] [stdout]    |    ^^^^^^^^^^
[INFO] [stdout] 8  |    Detached,
[INFO] [stdout]    |    ^^^^^^^^
[INFO] [stdout] 9  |    StartImperative,
[INFO] [stdout]    |    ^^^^^^^^^^^^^^^
[INFO] [stdout] 10 |    StopImperative,
[INFO] [stdout]    |    ^^^^^^^^^^^^^^
[INFO] [stdout] 11 |    Started,
[INFO] [stdout]    |    ^^^^^^^
[INFO] [stdout] 12 |    Finished,
[INFO] [stdout]    |    ^^^^^^^^
[INFO] [stdout] 13 |    NotStarted,
[INFO] [stdout]    |    ^^^^^^^^^^
[INFO] [stdout] 14 |    Paused,
[INFO] [stdout]    |    ^^^^^^
[INFO] [stdout] 15 |    Stopped,
[INFO] [stdout]    |    ^^^^^^^
[INFO] [stdout] 16 |    Cancelled,
[INFO] [stdout]    |    ^^^^^^^^^
[INFO] [stdout] 17 |    Right,
[INFO] [stdout]    |    ^^^^^
[INFO] [stdout] 18 |    Left,
[INFO] [stdout]    |    ^^^^
[INFO] [stdout]    |
[INFO] [stdout]    = note: `Inflection` has a derived impl for the trait `Debug`, but this is intentionally ignored during dead code analysis
[INFO] [stdout] 
[INFO] [stdout] 
[INFO] [stdout] warning: variants `Singleton` and `Mass` are never constructed
[INFO] [stdout]  --> src/grammar/prototypes/noun.rs:5:4
[INFO] [stdout]   |
[INFO] [stdout] 3 | pub enum Enumerability {
[INFO] [stdout]   |          ------------- variants in this enum
[INFO] [stdout] 4 |    Countable,
[INFO] [stdout] 5 |    Singleton,
[INFO] [stdout]   |    ^^^^^^^^^
[INFO] [stdout] 6 |    Mass,
[INFO] [stdout]   |    ^^^^
[INFO] [stdout] 
[INFO] [stdout] 
[INFO] [stdout] warning: variant `Mid` is never constructed
[INFO] [stdout]   --> src/grammar/prototypes/noun.rs:11:4
[INFO] [stdout]    |
[INFO] [stdout] 9  | pub enum Flavour {
[INFO] [stdout]    |          ------- variant in this enum
[INFO] [stdout] 10 |    Open,
[INFO] [stdout] 11 |    Mid,
[INFO] [stdout]    |    ^^^
[INFO] [stdout] 
[INFO] [stdout] 
[INFO] [stdout] warning: variants `Common` and `Intrinsic` are never constructed
[INFO] [stdout]   --> src/grammar/prototypes/noun.rs:15:4
[INFO] [stdout]    |
[INFO] [stdout] 14 | pub enum Associability {
[INFO] [stdout]    |          ------------- variants in this enum
[INFO] [stdout] 15 |    Common,
[INFO] [stdout]    |    ^^^^^^
[INFO] [stdout] 16 |    Associable,
[INFO] [stdout] 17 |    Intrinsic,
[INFO] [stdout]    |    ^^^^^^^^^
[INFO] [stdout] 
[INFO] [stdout] 
[INFO] [stdout] warning: variants `Multiple` and `Global` are never constructed
[INFO] [stdout]  --> src/grammar/prototypes/verb.rs:5:4
[INFO] [stdout]   |
[INFO] [stdout] 3 | pub enum Receiver {
[INFO] [stdout]   |          -------- variants in this enum
[INFO] [stdout] 4 |    Single,
[INFO] [stdout] 5 |    Multiple,
[INFO] [stdout]   |    ^^^^^^^^
[INFO] [stdout] 6 |    Global,
[INFO] [stdout]   |    ^^^^^^
[INFO] [stdout] 
[INFO] [stdout] 
[INFO] [stdout] warning: variants `Zero` and `Two` are never constructed
[INFO] [stdout]   --> src/grammar/prototypes/verb.rs:10:4
[INFO] [stdout]    |
[INFO] [stdout] 9  | pub enum Valency {
[INFO] [stdout]    |          ------- variants in this enum
[INFO] [stdout] 10 |    Zero,
[INFO] [stdout]    |    ^^^^
[INFO] [stdout] 11 |    One,
[INFO] [stdout] 12 |    Two,
[INFO] [stdout]    |    ^^^
[INFO] [stdout] 
[INFO] [stdout] 
[INFO] [stdout] warning: 12 warnings emitted
[INFO] [stdout] 
[INFO] [stdout] 
[INFO] [stderr]     Finished dev [unoptimized + debuginfo] target(s) in 0.24s
[INFO] running `Command { std: "docker" "inspect" "3c386355814ea1c46f7f930caea977a11b2cdddd136df506651d05078d5a5a78", kill_on_drop: false }`
[INFO] running `Command { std: "docker" "rm" "-f" "3c386355814ea1c46f7f930caea977a11b2cdddd136df506651d05078d5a5a78", kill_on_drop: false }`
[INFO] [stdout] 3c386355814ea1c46f7f930caea977a11b2cdddd136df506651d05078d5a5a78
[INFO] running `Command { std: "docker" "create" "-v" "/var/lib/crater-agent-workspace/builds/worker-2-tc2/target:/opt/rustwide/target:rw,Z" "-v" "/var/lib/crater-agent-workspace/builds/worker-2-tc2/source:/opt/rustwide/workdir:ro,Z" "-v" "/var/lib/crater-agent-workspace/cargo-home:/opt/rustwide/cargo-home:ro,Z" "-v" "/var/lib/crater-agent-workspace/rustup-home:/opt/rustwide/rustup-home:ro,Z" "-e" "SOURCE_DIR=/opt/rustwide/workdir" "-e" "CARGO_TARGET_DIR=/opt/rustwide/target" "-e" "CARGO_INCREMENTAL=0" "-e" "RUST_BACKTRACE=full" "-e" "RUSTFLAGS=--cap-lints=warn" "-e" "RUSTDOCFLAGS=--cap-lints=warn" "-e" "CARGO_HOME=/opt/rustwide/cargo-home" "-e" "RUSTUP_HOME=/opt/rustwide/rustup-home" "-w" "/opt/rustwide/workdir" "-m" "1610612736" "--user" "0:0" "--network" "none" "ghcr.io/rust-lang/crates-build-env/linux@sha256:5ff2268d62e97bff2cde7d5815dd6ed5b47097566f13b8d0ca110b04b60e07ed" "/opt/rustwide/cargo-home/bin/cargo" "+beta-2023-04-20" "test" "--frozen" "--no-run" "--message-format=json", kill_on_drop: false }`
[INFO] [stdout] 1cea4f55be8ba3788407b3248248076d3b403580f99748af26e7ecab7d3f7bd2
[INFO] running `Command { std: "docker" "start" "-a" "1cea4f55be8ba3788407b3248248076d3b403580f99748af26e7ecab7d3f7bd2", kill_on_drop: false }`
[INFO] [stdout] warning: unused variable: `prototype`
[INFO] [stdout]   --> src/grammar/morphology/mod.rs:14:23
[INFO] [stdout]    |
[INFO] [stdout] 14 | pub fn derivations_of(prototype: Prototype) -> HashSet<Derivation> {
[INFO] [stdout]    |                       ^^^^^^^^^ help: if this is intentional, prefix it with an underscore: `_prototype`
[INFO] [stdout]    |
[INFO] [stdout]    = note: `#[warn(unused_variables)]` on by default
[INFO] [stdout] 
[INFO] [stdout] 
[INFO] [stdout] warning: unused variable: `prototype`
[INFO] [stdout]   --> src/grammar/morphology/mod.rs:18:23
[INFO] [stdout]    |
[INFO] [stdout] 18 | pub fn inflections_of(prototype: &Prototype) -> HashSet<Inflection> {
[INFO] [stdout]    |                       ^^^^^^^^^ help: if this is intentional, prefix it with an underscore: `_prototype`
[INFO] [stdout] 
[INFO] [stdout] 
[INFO] [stdout] warning: struct `DerivedPrototype` is never constructed
[INFO] [stdout]  --> src/grammar/morphology/mod.rs:9:12
[INFO] [stdout]   |
[INFO] [stdout] 9 | pub struct DerivedPrototype {
[INFO] [stdout]   |            ^^^^^^^^^^^^^^^^
[INFO] [stdout]   |
[INFO] [stdout]   = note: `#[warn(dead_code)]` on by default
[INFO] [stdout] 
[INFO] [stdout] 
[INFO] [stdout] warning: function `derivations_of` is never used
[INFO] [stdout]   --> src/grammar/morphology/mod.rs:14:8
[INFO] [stdout]    |
[INFO] [stdout] 14 | pub fn derivations_of(prototype: Prototype) -> HashSet<Derivation> {
[INFO] [stdout]    |        ^^^^^^^^^^^^^^
[INFO] [stdout] 
[INFO] [stdout] 
[INFO] [stdout] warning: function `inflections_of` is never used
[INFO] [stdout]   --> src/grammar/morphology/mod.rs:18:8
[INFO] [stdout]    |
[INFO] [stdout] 18 | pub fn inflections_of(prototype: &Prototype) -> HashSet<Inflection> {
[INFO] [stdout]    |        ^^^^^^^^^^^^^^
[INFO] [stdout] 
[INFO] [stdout] 
[INFO] [stdout] warning: enum `Derivation` is never used
[INFO] [stdout]  --> src/grammar/morphology/derivations.rs:1:10
[INFO] [stdout]   |
[INFO] [stdout] 1 | pub enum Derivation {
[INFO] [stdout]   |          ^^^^^^^^^^
[INFO] [stdout] 
[INFO] [stdout] 
[INFO] [stdout] warning: multiple variants are never constructed
[INFO] [stdout]   --> src/grammar/morphology/inflections.rs:3:4
[INFO] [stdout]    |
[INFO] [stdout] 2  | pub enum Inflection {
[INFO] [stdout]    |          ---------- variants in this enum
[INFO] [stdout] 3  |    Nonspecific,
[INFO] [stdout]    |    ^^^^^^^^^^^
[INFO] [stdout] 4  |    Specific,
[INFO] [stdout]    |    ^^^^^^^^
[INFO] [stdout] 5  |    Anaphor,
[INFO] [stdout]    |    ^^^^^^^
[INFO] [stdout] 6  |    Archetype,
[INFO] [stdout]    |    ^^^^^^^^^
[INFO] [stdout] 7  |    Associated,
[INFO] [stdout]    |    ^^^^^^^^^^
[INFO] [stdout] 8  |    Detached,
[INFO] [stdout]    |    ^^^^^^^^
[INFO] [stdout] 9  |    StartImperative,
[INFO] [stdout]    |    ^^^^^^^^^^^^^^^
[INFO] [stdout] 10 |    StopImperative,
[INFO] [stdout]    |    ^^^^^^^^^^^^^^
[INFO] [stdout] 11 |    Started,
[INFO] [stdout]    |    ^^^^^^^
[INFO] [stdout] 12 |    Finished,
[INFO] [stdout]    |    ^^^^^^^^
[INFO] [stdout] 13 |    NotStarted,
[INFO] [stdout]    |    ^^^^^^^^^^
[INFO] [stdout] 14 |    Paused,
[INFO] [stdout]    |    ^^^^^^
[INFO] [stdout] 15 |    Stopped,
[INFO] [stdout]    |    ^^^^^^^
[INFO] [stdout] 16 |    Cancelled,
[INFO] [stdout]    |    ^^^^^^^^^
[INFO] [stdout] 17 |    Right,
[INFO] [stdout]    |    ^^^^^
[INFO] [stdout] 18 |    Left,
[INFO] [stdout]    |    ^^^^
[INFO] [stdout]    |
[INFO] [stdout]    = note: `Inflection` has a derived impl for the trait `Debug`, but this is intentionally ignored during dead code analysis
[INFO] [stdout] 
[INFO] [stdout] 
[INFO] [stdout] warning: variants `Singleton` and `Mass` are never constructed
[INFO] [stdout]  --> src/grammar/prototypes/noun.rs:5:4
[INFO] [stdout]   |
[INFO] [stdout] 3 | pub enum Enumerability {
[INFO] [stdout]   |          ------------- variants in this enum
[INFO] [stdout] 4 |    Countable,
[INFO] [stdout] 5 |    Singleton,
[INFO] [stdout]   |    ^^^^^^^^^
[INFO] [stdout] 6 |    Mass,
[INFO] [stdout]   |    ^^^^
[INFO] [stdout] 
[INFO] [stdout] 
[INFO] [stdout] warning: variant `Mid` is never constructed
[INFO] [stdout]   --> src/grammar/prototypes/noun.rs:11:4
[INFO] [stdout]    |
[INFO] [stdout] 9  | pub enum Flavour {
[INFO] [stdout]    |          ------- variant in this enum
[INFO] [stdout] 10 |    Open,
[INFO] [stdout] 11 |    Mid,
[INFO] [stdout]    |    ^^^
[INFO] [stdout] 
[INFO] [stdout] 
[INFO] [stdout] warning: variants `Common` and `Intrinsic` are never constructed
[INFO] [stdout]   --> src/grammar/prototypes/noun.rs:15:4
[INFO] [stdout]    |
[INFO] [stdout] 14 | pub enum Associability {
[INFO] [stdout]    |          ------------- variants in this enum
[INFO] [stdout] 15 |    Common,
[INFO] [stdout]    |    ^^^^^^
[INFO] [stdout] 16 |    Associable,
[INFO] [stdout] 17 |    Intrinsic,
[INFO] [stdout]    |    ^^^^^^^^^
[INFO] [stdout] 
[INFO] [stdout] 
[INFO] [stdout] warning: variants `Multiple` and `Global` are never constructed
[INFO] [stdout]  --> src/grammar/prototypes/verb.rs:5:4
[INFO] [stdout]   |
[INFO] [stdout] 3 | pub enum Receiver {
[INFO] [stdout]   |          -------- variants in this enum
[INFO] [stdout] 4 |    Single,
[INFO] [stdout] 5 |    Multiple,
[INFO] [stdout]   |    ^^^^^^^^
[INFO] [stdout] 6 |    Global,
[INFO] [stdout]   |    ^^^^^^
[INFO] [stdout] 
[INFO] [stdout] 
[INFO] [stderr]    Compiling niverno v0.1.0 (/opt/rustwide/workdir)
[INFO] [stdout] warning: variants `Zero` and `Two` are never constructed
[INFO] [stdout]   --> src/grammar/prototypes/verb.rs:10:4
[INFO] [stdout]    |
[INFO] [stdout] 9  | pub enum Valency {
[INFO] [stdout]    |          ------- variants in this enum
[INFO] [stdout] 10 |    Zero,
[INFO] [stdout]    |    ^^^^
[INFO] [stdout] 11 |    One,
[INFO] [stdout] 12 |    Two,
[INFO] [stdout]    |    ^^^
[INFO] [stdout] 
[INFO] [stdout] 
[INFO] [stdout] warning: 12 warnings emitted
[INFO] [stdout] 
[INFO] [stdout] 
[INFO] [stdout] warning: unused import: `std::iter::FromIterator`
[INFO] [stdout]   --> src/grammar/morphology/mod.rs:27:8
[INFO] [stdout]    |
[INFO] [stdout] 27 |    use std::iter::FromIterator;
[INFO] [stdout]    |        ^^^^^^^^^^^^^^^^^^^^^^^
[INFO] [stdout]    |
[INFO] [stdout]    = note: `#[warn(unused_imports)]` on by default
[INFO] [stdout] 
[INFO] [stdout] 
[INFO] [stdout] warning: unused variable: `prototype`
[INFO] [stdout]   --> src/grammar/morphology/mod.rs:14:23
[INFO] [stdout]    |
[INFO] [stdout] 14 | pub fn derivations_of(prototype: Prototype) -> HashSet<Derivation> {
[INFO] [stdout]    |                       ^^^^^^^^^ help: if this is intentional, prefix it with an underscore: `_prototype`
[INFO] [stdout]    |
[INFO] [stdout]    = note: `#[warn(unused_variables)]` on by default
[INFO] [stdout] 
[INFO] [stdout] 
[INFO] [stdout] warning: unused variable: `prototype`
[INFO] [stdout]   --> src/grammar/morphology/mod.rs:18:23
[INFO] [stdout]    |
[INFO] [stdout] 18 | pub fn inflections_of(prototype: &Prototype) -> HashSet<Inflection> {
[INFO] [stdout]    |                       ^^^^^^^^^ help: if this is intentional, prefix it with an underscore: `_prototype`
[INFO] [stdout] 
[INFO] [stdout] 
[INFO] [stdout] warning: struct `DerivedPrototype` is never constructed
[INFO] [stdout]  --> src/grammar/morphology/mod.rs:9:12
[INFO] [stdout]   |
[INFO] [stdout] 9 | pub struct DerivedPrototype {
[INFO] [stdout]   |            ^^^^^^^^^^^^^^^^
[INFO] [stdout]   |
[INFO] [stdout]   = note: `#[warn(dead_code)]` on by default
[INFO] [stdout] 
[INFO] [stdout] 
[INFO] [stdout] warning: function `derivations_of` is never used
[INFO] [stdout]   --> src/grammar/morphology/mod.rs:14:8
[INFO] [stdout]    |
[INFO] [stdout] 14 | pub fn derivations_of(prototype: Prototype) -> HashSet<Derivation> {
[INFO] [stdout]    |        ^^^^^^^^^^^^^^
[INFO] [stdout] 
[INFO] [stdout] 
[INFO] [stdout] warning: enum `Derivation` is never used
[INFO] [stdout]  --> src/grammar/morphology/derivations.rs:1:10
[INFO] [stdout]   |
[INFO] [stdout] 1 | pub enum Derivation {
[INFO] [stdout]   |          ^^^^^^^^^^
[INFO] [stdout] 
[INFO] [stdout] 
[INFO] [stdout] warning: multiple variants are never constructed
[INFO] [stdout]   --> src/grammar/morphology/inflections.rs:8:4
[INFO] [stdout]    |
[INFO] [stdout] 2  | pub enum Inflection {
[INFO] [stdout]    |          ---------- variants in this enum
[INFO] [stdout] ...
[INFO] [stdout] 8  |    Detached,
[INFO] [stdout]    |    ^^^^^^^^
[INFO] [stdout] 9  |    StartImperative,
[INFO] [stdout]    |    ^^^^^^^^^^^^^^^
[INFO] [stdout] 10 |    StopImperative,
[INFO] [stdout]    |    ^^^^^^^^^^^^^^
[INFO] [stdout] 11 |    Started,
[INFO] [stdout]    |    ^^^^^^^
[INFO] [stdout] 12 |    Finished,
[INFO] [stdout]    |    ^^^^^^^^
[INFO] [stdout] 13 |    NotStarted,
[INFO] [stdout]    |    ^^^^^^^^^^
[INFO] [stdout] 14 |    Paused,
[INFO] [stdout]    |    ^^^^^^
[INFO] [stdout] 15 |    Stopped,
[INFO] [stdout]    |    ^^^^^^^
[INFO] [stdout] 16 |    Cancelled,
[INFO] [stdout]    |    ^^^^^^^^^
[INFO] [stdout] 17 |    Right,
[INFO] [stdout]    |    ^^^^^
[INFO] [stdout] 18 |    Left,
[INFO] [stdout]    |    ^^^^
[INFO] [stdout]    |
[INFO] [stdout]    = note: `Inflection` has a derived impl for the trait `Debug`, but this is intentionally ignored during dead code analysis
[INFO] [stdout] 
[INFO] [stdout] 
[INFO] [stdout] warning: variants `Singleton` and `Mass` are never constructed
[INFO] [stdout]  --> src/grammar/prototypes/noun.rs:5:4
[INFO] [stdout]   |
[INFO] [stdout] 3 | pub enum Enumerability {
[INFO] [stdout]   |          ------------- variants in this enum
[INFO] [stdout] 4 |    Countable,
[INFO] [stdout] 5 |    Singleton,
[INFO] [stdout]   |    ^^^^^^^^^
[INFO] [stdout] 6 |    Mass,
[INFO] [stdout]   |    ^^^^
[INFO] [stdout] 
[INFO] [stdout] 
[INFO] [stdout] warning: variant `Mid` is never constructed
[INFO] [stdout]   --> src/grammar/prototypes/noun.rs:11:4
[INFO] [stdout]    |
[INFO] [stdout] 9  | pub enum Flavour {
[INFO] [stdout]    |          ------- variant in this enum
[INFO] [stdout] 10 |    Open,
[INFO] [stdout] 11 |    Mid,
[INFO] [stdout]    |    ^^^
[INFO] [stdout] 
[INFO] [stdout] 
[INFO] [stdout] warning: variants `Common` and `Intrinsic` are never constructed
[INFO] [stdout]   --> src/grammar/prototypes/noun.rs:15:4
[INFO] [stdout]    |
[INFO] [stdout] 14 | pub enum Associability {
[INFO] [stdout]    |          ------------- variants in this enum
[INFO] [stdout] 15 |    Common,
[INFO] [stdout]    |    ^^^^^^
[INFO] [stdout] 16 |    Associable,
[INFO] [stdout] 17 |    Intrinsic,
[INFO] [stdout]    |    ^^^^^^^^^
[INFO] [stdout] 
[INFO] [stdout] 
[INFO] [stdout] warning: variants `Multiple` and `Global` are never constructed
[INFO] [stdout]  --> src/grammar/prototypes/verb.rs:5:4
[INFO] [stdout]   |
[INFO] [stdout] 3 | pub enum Receiver {
[INFO] [stdout]   |          -------- variants in this enum
[INFO] [stdout] 4 |    Single,
[INFO] [stdout] 5 |    Multiple,
[INFO] [stdout]   |    ^^^^^^^^
[INFO] [stdout] 6 |    Global,
[INFO] [stdout]   |    ^^^^^^
[INFO] [stdout] 
[INFO] [stdout] 
[INFO] [stdout] warning: variants `Zero` and `Two` are never constructed
[INFO] [stdout]   --> src/grammar/prototypes/verb.rs:10:4
[INFO] [stdout]    |
[INFO] [stdout] 9  | pub enum Valency {
[INFO] [stdout]    |          ------- variants in this enum
[INFO] [stdout] 10 |    Zero,
[INFO] [stdout]    |    ^^^^
[INFO] [stdout] 11 |    One,
[INFO] [stdout] 12 |    Two,
[INFO] [stdout]    |    ^^^
[INFO] [stdout] 
[INFO] [stdout] 
[INFO] [stdout] warning: 12 warnings emitted
[INFO] [stdout] 
[INFO] [stdout] 
[INFO] [stderr]     Finished test [unoptimized + debuginfo] target(s) in 0.29s
[INFO] running `Command { std: "docker" "inspect" "1cea4f55be8ba3788407b3248248076d3b403580f99748af26e7ecab7d3f7bd2", kill_on_drop: false }`
[INFO] running `Command { std: "docker" "rm" "-f" "1cea4f55be8ba3788407b3248248076d3b403580f99748af26e7ecab7d3f7bd2", kill_on_drop: false }`
[INFO] [stdout] 1cea4f55be8ba3788407b3248248076d3b403580f99748af26e7ecab7d3f7bd2
[INFO] running `Command { std: "docker" "create" "-v" "/var/lib/crater-agent-workspace/builds/worker-2-tc2/target:/opt/rustwide/target:rw,Z" "-v" "/var/lib/crater-agent-workspace/builds/worker-2-tc2/source:/opt/rustwide/workdir:ro,Z" "-v" "/var/lib/crater-agent-workspace/cargo-home:/opt/rustwide/cargo-home:ro,Z" "-v" "/var/lib/crater-agent-workspace/rustup-home:/opt/rustwide/rustup-home:ro,Z" "-e" "SOURCE_DIR=/opt/rustwide/workdir" "-e" "CARGO_TARGET_DIR=/opt/rustwide/target" "-e" "CARGO_INCREMENTAL=0" "-e" "RUST_BACKTRACE=full" "-e" "RUSTFLAGS=--cap-lints=warn" "-e" "RUSTDOCFLAGS=--cap-lints=warn" "-e" "CARGO_HOME=/opt/rustwide/cargo-home" "-e" "RUSTUP_HOME=/opt/rustwide/rustup-home" "-w" "/opt/rustwide/workdir" "-m" "1610612736" "--user" "0:0" "--network" "none" "ghcr.io/rust-lang/crates-build-env/linux@sha256:5ff2268d62e97bff2cde7d5815dd6ed5b47097566f13b8d0ca110b04b60e07ed" "/opt/rustwide/cargo-home/bin/cargo" "+beta-2023-04-20" "test" "--frozen", kill_on_drop: false }`
[INFO] [stdout] bb1480ed11fd453b898a77b07ce73ef6d89a98edfbb0e50aaecc2bc795ea7650
[INFO] running `Command { std: "docker" "start" "-a" "bb1480ed11fd453b898a77b07ce73ef6d89a98edfbb0e50aaecc2bc795ea7650", kill_on_drop: false }`
[INFO] [stderr] warning: unused variable: `prototype`
[INFO] [stderr]   --> src/grammar/morphology/mod.rs:14:23
[INFO] [stderr]    |
[INFO] [stderr] 14 | pub fn derivations_of(prototype: Prototype) -> HashSet<Derivation> {
[INFO] [stderr]    |                       ^^^^^^^^^ help: if this is intentional, prefix it with an underscore: `_prototype`
[INFO] [stderr]    |
[INFO] [stderr]    = note: `#[warn(unused_variables)]` on by default
[INFO] [stderr] 
[INFO] [stderr] warning: unused variable: `prototype`
[INFO] [stderr]   --> src/grammar/morphology/mod.rs:18:23
[INFO] [stderr]    |
[INFO] [stderr] 18 | pub fn inflections_of(prototype: &Prototype) -> HashSet<Inflection> {
[INFO] [stderr]    |                       ^^^^^^^^^ help: if this is intentional, prefix it with an underscore: `_prototype`
[INFO] [stderr] 
[INFO] [stderr] warning: struct `DerivedPrototype` is never constructed
[INFO] [stderr]  --> src/grammar/morphology/mod.rs:9:12
[INFO] [stderr]   |
[INFO] [stderr] 9 | pub struct DerivedPrototype {
[INFO] [stderr]   |            ^^^^^^^^^^^^^^^^
[INFO] [stderr]   |
[INFO] [stderr]   = note: `#[warn(dead_code)]` on by default
[INFO] [stderr] 
[INFO] [stderr] warning: function `derivations_of` is never used
[INFO] [stderr]   --> src/grammar/morphology/mod.rs:14:8
[INFO] [stderr]    |
[INFO] [stderr] 14 | pub fn derivations_of(prototype: Prototype) -> HashSet<Derivation> {
[INFO] [stderr]    |        ^^^^^^^^^^^^^^
[INFO] [stderr] 
[INFO] [stderr] warning: function `inflections_of` is never used
[INFO] [stderr]   --> src/grammar/morphology/mod.rs:18:8
[INFO] [stderr]    |
[INFO] [stderr] 18 | pub fn inflections_of(prototype: &Prototype) -> HashSet<Inflection> {
[INFO] [stderr]    |        ^^^^^^^^^^^^^^
[INFO] [stderr] 
[INFO] [stderr] warning: enum `Derivation` is never used
[INFO] [stderr]  --> src/grammar/morphology/derivations.rs:1:10
[INFO] [stderr]   |
[INFO] [stderr] 1 | pub enum Derivation {
[INFO] [stderr]   |          ^^^^^^^^^^
[INFO] [stderr] 
[INFO] [stderr] warning: multiple variants are never constructed
[INFO] [stderr]   --> src/grammar/morphology/inflections.rs:3:4
[INFO] [stderr]    |
[INFO] [stderr] 2  | pub enum Inflection {
[INFO] [stderr]    |          ---------- variants in this enum
[INFO] [stderr] 3  |    Nonspecific,
[INFO] [stderr]    |    ^^^^^^^^^^^
[INFO] [stderr] 4  |    Specific,
[INFO] [stderr]    |    ^^^^^^^^
[INFO] [stderr] 5  |    Anaphor,
[INFO] [stderr]    |    ^^^^^^^
[INFO] [stderr] 6  |    Archetype,
[INFO] [stderr]    |    ^^^^^^^^^
[INFO] [stderr] 7  |    Associated,
[INFO] [stderr]    |    ^^^^^^^^^^
[INFO] [stderr] 8  |    Detached,
[INFO] [stderr]    |    ^^^^^^^^
[INFO] [stderr] 9  |    StartImperative,
[INFO] [stderr]    |    ^^^^^^^^^^^^^^^
[INFO] [stderr] 10 |    StopImperative,
[INFO] [stderr]    |    ^^^^^^^^^^^^^^
[INFO] [stderr] 11 |    Started,
[INFO] [stderr]    |    ^^^^^^^
[INFO] [stderr] 12 |    Finished,
[INFO] [stderr]    |    ^^^^^^^^
[INFO] [stderr] 13 |    NotStarted,
[INFO] [stderr]    |    ^^^^^^^^^^
[INFO] [stderr] 14 |    Paused,
[INFO] [stderr]    |    ^^^^^^
[INFO] [stderr] 15 |    Stopped,
[INFO] [stderr]    |    ^^^^^^^
[INFO] [stderr] 16 |    Cancelled,
[INFO] [stderr]    |    ^^^^^^^^^
[INFO] [stderr] 17 |    Right,
[INFO] [stderr]    |    ^^^^^
[INFO] [stderr] 18 |    Left,
[INFO] [stderr]    |    ^^^^
[INFO] [stderr]    |
[INFO] [stderr]    = note: `Inflection` has a derived impl for the trait `Debug`, but this is intentionally ignored during dead code analysis
[INFO] [stderr] 
[INFO] [stderr] warning: variants `Singleton` and `Mass` are never constructed
[INFO] [stderr]  --> src/grammar/prototypes/noun.rs:5:4
[INFO] [stderr]   |
[INFO] [stderr] 3 | pub enum Enumerability {
[INFO] [stderr]   |          ------------- variants in this enum
[INFO] [stderr] 4 |    Countable,
[INFO] [stderr] 5 |    Singleton,
[INFO] [stderr]   |    ^^^^^^^^^
[INFO] [stderr] 6 |    Mass,
[INFO] [stderr]   |    ^^^^
[INFO] [stderr] 
[INFO] [stderr] warning: variant `Mid` is never constructed
[INFO] [stderr]   --> src/grammar/prototypes/noun.rs:11:4
[INFO] [stderr]    |
[INFO] [stderr] 9  | pub enum Flavour {
[INFO] [stderr]    |          ------- variant in this enum
[INFO] [stderr] 10 |    Open,
[INFO] [stderr] 11 |    Mid,
[INFO] [stderr]    |    ^^^
[INFO] [stderr] 
[INFO] [stderr] warning: variants `Common` and `Intrinsic` are never constructed
[INFO] [stderr]   --> src/grammar/prototypes/noun.rs:15:4
[INFO] [stderr]    |
[INFO] [stderr] 14 | pub enum Associability {
[INFO] [stderr]    |          ------------- variants in this enum
[INFO] [stderr] 15 |    Common,
[INFO] [stderr]    |    ^^^^^^
[INFO] [stderr] 16 |    Associable,
[INFO] [stderr] 17 |    Intrinsic,
[INFO] [stderr]    |    ^^^^^^^^^
[INFO] [stderr] 
[INFO] [stderr] warning: variants `Multiple` and `Global` are never constructed
[INFO] [stderr]  --> src/grammar/prototypes/verb.rs:5:4
[INFO] [stderr]   |
[INFO] [stderr] 3 | pub enum Receiver {
[INFO] [stderr]   |          -------- variants in this enum
[INFO] [stderr] 4 |    Single,
[INFO] [stderr] 5 |    Multiple,
[INFO] [stderr]   |    ^^^^^^^^
[INFO] [stderr] 6 |    Global,
[INFO] [stderr]   |    ^^^^^^
[INFO] [stderr] 
[INFO] [stderr] warning: variants `Zero` and `Two` are never constructed
[INFO] [stderr]   --> src/grammar/prototypes/verb.rs:10:4
[INFO] [stderr]    |
[INFO] [stderr] 9  | pub enum Valency {
[INFO] [stderr]    |          ------- variants in this enum
[INFO] [stderr] 10 |    Zero,
[INFO] [stderr]    |    ^^^^
[INFO] [stderr] 11 |    One,
[INFO] [stderr] 12 |    Two,
[INFO] [stderr]    |    ^^^
[INFO] [stderr] 
[INFO] [stderr] warning: `niverno` (lib) generated 12 warnings (run `cargo fix --lib -p niverno` to apply 2 suggestions)
[INFO] [stderr] warning: unused import: `std::iter::FromIterator`
[INFO] [stderr]   --> src/grammar/morphology/mod.rs:27:8
[INFO] [stderr]    |
[INFO] [stderr] 27 |    use std::iter::FromIterator;
[INFO] [stderr]    |        ^^^^^^^^^^^^^^^^^^^^^^^
[INFO] [stderr]    |
[INFO] [stderr]    = note: `#[warn(unused_imports)]` on by default
[INFO] [stderr] 
[INFO] [stderr] warning: multiple variants are never constructed
[INFO] [stderr]   --> src/grammar/morphology/inflections.rs:8:4
[INFO] [stderr]    |
[INFO] [stderr] 2  | pub enum Inflection {
[INFO] [stderr]    |          ---------- variants in this enum
[INFO] [stderr] ...
[INFO] [stderr] 8  |    Detached,
[INFO] [stderr]    |    ^^^^^^^^
[INFO] [stderr] 9  |    StartImperative,
[INFO] [stderr]    |    ^^^^^^^^^^^^^^^
[INFO] [stderr] 10 |    StopImperative,
[INFO] [stderr]    |    ^^^^^^^^^^^^^^
[INFO] [stderr] 11 |    Started,
[INFO] [stderr]    |    ^^^^^^^
[INFO] [stderr] 12 |    Finished,
[INFO] [stderr]    |    ^^^^^^^^
[INFO] [stderr] 13 |    NotStarted,
[INFO] [stderr]    |    ^^^^^^^^^^
[INFO] [stderr] 14 |    Paused,
[INFO] [stderr]    |    ^^^^^^
[INFO] [stderr] 15 |    Stopped,
[INFO] [stderr]    |    ^^^^^^^
[INFO] [stderr] 16 |    Cancelled,
[INFO] [stderr]    |    ^^^^^^^^^
[INFO] [stderr] 17 |    Right,
[INFO] [stderr]    |    ^^^^^
[INFO] [stderr] 18 |    Left,
[INFO] [stderr]    |    ^^^^
[INFO] [stderr]    |
[INFO] [stderr]    = note: `Inflection` has a derived impl for the trait `Debug`, but this is intentionally ignored during dead code analysis
[INFO] [stderr] 
[INFO] [stderr] warning: `niverno` (lib test) generated 12 warnings (10 duplicates) (run `cargo fix --lib -p niverno --tests` to apply 1 suggestion)
[INFO] [stderr]     Finished test [unoptimized + debuginfo] target(s) in 0.00s
[INFO] [stderr]      Running unittests src/lib.rs (/opt/rustwide/target/debug/deps/niverno-a66e6ef7b10e40f8)
[INFO] [stdout] 
[INFO] [stdout] running 1 test
[INFO] [stdout] test grammar::morphology::tests::apple_inflections ... FAILED
[INFO] [stdout] 
[INFO] [stdout] failures:
[INFO] [stdout] 
[INFO] [stdout] ---- grammar::morphology::tests::apple_inflections stdout ----
[INFO] [stdout] thread 'grammar::morphology::tests::apple_inflections' panicked at 'assertion failed: `(left == right)`
[INFO] [stdout]   left: `{Archetype, Nonspecific, Associated, Anaphor, Specific}`,
[INFO] [stdout]  right: `{}`', src/grammar/morphology/mod.rs:38:7
[INFO] [stdout] stack backtrace:
[INFO] [stdout]    0:     0x5639c005efaa - std::backtrace_rs::backtrace::libunwind::trace::h2f05d0192276a8f6
[INFO] [stdout]                                at /rustc/1b7dd2252b99671ce5d1cb9664c5f8636329436d/library/std/src/../../backtrace/src/backtrace/libunwind.rs:93:5
[INFO] [stdout]    1:     0x5639c005efaa - std::backtrace_rs::backtrace::trace_unsynchronized::hedc23dff7a1af150
[INFO] [stdout]                                at /rustc/1b7dd2252b99671ce5d1cb9664c5f8636329436d/library/std/src/../../backtrace/src/backtrace/mod.rs:66:5
[INFO] [stdout]    2:     0x5639c005efaa - std::sys_common::backtrace::_print_fmt::h17541ef7592f3ce2
[INFO] [stdout]                                at /rustc/1b7dd2252b99671ce5d1cb9664c5f8636329436d/library/std/src/sys_common/backtrace.rs:65:5
[INFO] [stdout]    3:     0x5639c005efaa - <std::sys_common::backtrace::_print::DisplayBacktrace as core::fmt::Display>::fmt::h20f75df5ab0c0792
[INFO] [stdout]                                at /rustc/1b7dd2252b99671ce5d1cb9664c5f8636329436d/library/std/src/sys_common/backtrace.rs:44:22
[INFO] [stdout]    4:     0x5639c0082c5f - core::fmt::write::h78109e6f466b3af6
[INFO] [stdout]                                at /rustc/1b7dd2252b99671ce5d1cb9664c5f8636329436d/library/core/src/fmt/mod.rs:1254:17
[INFO] [stdout]    5:     0x5639c005c2f5 - std::io::Write::write_fmt::hd24bfb68a1b35a25
[INFO] [stdout]                                at /rustc/1b7dd2252b99671ce5d1cb9664c5f8636329436d/library/std/src/io/mod.rs:1698:15
[INFO] [stdout]    6:     0x5639c005ed75 - std::sys_common::backtrace::_print::h8dac57a9f8fbf9a5
[INFO] [stdout]                                at /rustc/1b7dd2252b99671ce5d1cb9664c5f8636329436d/library/std/src/sys_common/backtrace.rs:47:5
[INFO] [stdout]    7:     0x5639c005ed75 - std::sys_common::backtrace::print::hf9ecbf41d1aa712f
[INFO] [stdout]                                at /rustc/1b7dd2252b99671ce5d1cb9664c5f8636329436d/library/std/src/sys_common/backtrace.rs:34:9
[INFO] [stdout]    8:     0x5639c0060a2e - std::panicking::default_hook::{{closure}}::h04c07acfc84ca028
[INFO] [stdout]                                at /rustc/1b7dd2252b99671ce5d1cb9664c5f8636329436d/library/std/src/panicking.rs:269:22
[INFO] [stdout]    9:     0x5639c0060761 - std::panicking::default_hook::h01f6bb23e1eceb2c
[INFO] [stdout]                                at /rustc/1b7dd2252b99671ce5d1cb9664c5f8636329436d/library/std/src/panicking.rs:285:9
[INFO] [stdout]   10:     0x5639c00340fb - <alloc::boxed::Box<F,A> as core::ops::function::Fn<Args>>::call::h87fe9f7b2fd49e4c
[INFO] [stdout]                                at /rustc/1b7dd2252b99671ce5d1cb9664c5f8636329436d/library/alloc/src/boxed.rs:1987:9
[INFO] [stdout]   11:     0x5639c00340fb - test::test_main::{{closure}}::he94d679243a7531b
[INFO] [stdout]                                at /rustc/1b7dd2252b99671ce5d1cb9664c5f8636329436d/library/test/src/lib.rs:134:21
[INFO] [stdout]   12:     0x5639c0061114 - <alloc::boxed::Box<F,A> as core::ops::function::Fn<Args>>::call::h3f2d6d8b14c4769f
[INFO] [stdout]                                at /rustc/1b7dd2252b99671ce5d1cb9664c5f8636329436d/library/alloc/src/boxed.rs:1987:9
[INFO] [stdout]   13:     0x5639c0061114 - std::panicking::rust_panic_with_hook::h2bb3722bbaf2f6df
[INFO] [stdout]                                at /rustc/1b7dd2252b99671ce5d1cb9664c5f8636329436d/library/std/src/panicking.rs:695:13
[INFO] [stdout]   14:     0x5639c0060e89 - std::panicking::begin_panic_handler::{{closure}}::h91bc7f36a4be011b
[INFO] [stdout]                                at /rustc/1b7dd2252b99671ce5d1cb9664c5f8636329436d/library/std/src/panicking.rs:582:13
[INFO] [stdout]   15:     0x5639c005f416 - std::sys_common::backtrace::__rust_end_short_backtrace::h8b3d3717114f9e59
[INFO] [stdout]                                at /rustc/1b7dd2252b99671ce5d1cb9664c5f8636329436d/library/std/src/sys_common/backtrace.rs:150:18
[INFO] [stdout]   16:     0x5639c0060be2 - rust_begin_unwind
[INFO] [stdout]                                at /rustc/1b7dd2252b99671ce5d1cb9664c5f8636329436d/library/std/src/panicking.rs:578:5
[INFO] [stdout]   17:     0x5639bfff2ba3 - core::panicking::panic_fmt::hfd368e3fbdabea26
[INFO] [stdout]                                at /rustc/1b7dd2252b99671ce5d1cb9664c5f8636329436d/library/core/src/panicking.rs:67:14
[INFO] [stdout]   18:     0x5639bfff2f6f - core::panicking::assert_failed_inner::haef49168e1798a91
[INFO] [stdout]   19:     0x5639bfffe58a - core::panicking::assert_failed::h75e3968760bd7f5b
[INFO] [stdout]                                at /rustc/1b7dd2252b99671ce5d1cb9664c5f8636329436d/library/core/src/panicking.rs:228:5
[INFO] [stdout]   20:     0x5639bfff9859 - niverno::grammar::morphology::tests::apple_inflections::had2b001751ee1edd
[INFO] [stdout]                                at /opt/rustwide/workdir/src/grammar/morphology/mod.rs:38:7
[INFO] [stdout]   21:     0x5639bfff9637 - niverno::grammar::morphology::tests::apple_inflections::{{closure}}::h26899e9875cbed0b
[INFO] [stdout]                                at /opt/rustwide/workdir/src/grammar/morphology/mod.rs:30:27
[INFO] [stdout]   22:     0x5639bfffdf25 - core::ops::function::FnOnce::call_once::h5f2ef2f47fa9b971
[INFO] [stdout]                                at /rustc/1b7dd2252b99671ce5d1cb9664c5f8636329436d/library/core/src/ops/function.rs:250:5
[INFO] [stdout]   23:     0x5639c0038fcf - core::ops::function::FnOnce::call_once::ha6a70e79f7481a7e
[INFO] [stdout]                                at /rustc/1b7dd2252b99671ce5d1cb9664c5f8636329436d/library/core/src/ops/function.rs:250:5
[INFO] [stdout]   24:     0x5639c0038fcf - test::__rust_begin_short_backtrace::hce33033019b61e69
[INFO] [stdout]                                at /rustc/1b7dd2252b99671ce5d1cb9664c5f8636329436d/library/test/src/lib.rs:655:18
[INFO] [stdout]   25:     0x5639c00067bc - test::run_test::{{closure}}::h858d3528838ae3e5
[INFO] [stdout]                                at /rustc/1b7dd2252b99671ce5d1cb9664c5f8636329436d/library/test/src/lib.rs:646:30
[INFO] [stdout]   26:     0x5639c00067bc - core::ops::function::FnOnce::call_once{{vtable.shim}}::he8ac2b00f01ae79e
[INFO] [stdout]                                at /rustc/1b7dd2252b99671ce5d1cb9664c5f8636329436d/library/core/src/ops/function.rs:250:5
[INFO] [stdout]   27:     0x5639c00380a6 - <alloc::boxed::Box<F,A> as core::ops::function::FnOnce<Args>>::call_once::h8093d25b522725ef
[INFO] [stdout]                                at /rustc/1b7dd2252b99671ce5d1cb9664c5f8636329436d/library/alloc/src/boxed.rs:1973:9
[INFO] [stdout]   28:     0x5639c00380a6 - <core::panic::unwind_safe::AssertUnwindSafe<F> as core::ops::function::FnOnce<()>>::call_once::h5c334c204e4a3913
[INFO] [stdout]                                at /rustc/1b7dd2252b99671ce5d1cb9664c5f8636329436d/library/core/src/panic/unwind_safe.rs:271:9
[INFO] [stdout]   29:     0x5639c00380a6 - std::panicking::try::do_call::ha8b740c7b9478074
[INFO] [stdout]                                at /rustc/1b7dd2252b99671ce5d1cb9664c5f8636329436d/library/std/src/panicking.rs:485:40
[INFO] [stdout]   30:     0x5639c00380a6 - std::panicking::try::h5d34f63d0e41b64e
[INFO] [stdout]                                at /rustc/1b7dd2252b99671ce5d1cb9664c5f8636329436d/library/std/src/panicking.rs:449:19
[INFO] [stdout]   31:     0x5639c00380a6 - std::panic::catch_unwind::hcfbb511e1aa7fc67
[INFO] [stdout]                                at /rustc/1b7dd2252b99671ce5d1cb9664c5f8636329436d/library/std/src/panic.rs:140:14
[INFO] [stdout]   32:     0x5639c00380a6 - test::run_test_in_process::h9abda90f802eaf21
[INFO] [stdout]                                at /rustc/1b7dd2252b99671ce5d1cb9664c5f8636329436d/library/test/src/lib.rs:678:27
[INFO] [stdout]   33:     0x5639c00380a6 - test::run_test::run_test_inner::{{closure}}::h0f058de91f6c6edf
[INFO] [stdout]                                at /rustc/1b7dd2252b99671ce5d1cb9664c5f8636329436d/library/test/src/lib.rs:572:39
[INFO] [stdout]   34:     0x5639c0000fc5 - test::run_test::run_test_inner::{{closure}}::h5ca48a4c59c6c1fb
[INFO] [stdout]                                at /rustc/1b7dd2252b99671ce5d1cb9664c5f8636329436d/library/test/src/lib.rs:599:37
[INFO] [stdout]   35:     0x5639c0000fc5 - std::sys_common::backtrace::__rust_begin_short_backtrace::h32bd51e1495d4a33
[INFO] [stdout]                                at /rustc/1b7dd2252b99671ce5d1cb9664c5f8636329436d/library/std/src/sys_common/backtrace.rs:134:18
[INFO] [stdout]   36:     0x5639c0006501 - std::thread::Builder::spawn_unchecked_::{{closure}}::{{closure}}::hc086fae9b128b2db
[INFO] [stdout]                                at /rustc/1b7dd2252b99671ce5d1cb9664c5f8636329436d/library/std/src/thread/mod.rs:526:17
[INFO] [stdout]   37:     0x5639c0006501 - <core::panic::unwind_safe::AssertUnwindSafe<F> as core::ops::function::FnOnce<()>>::call_once::hb66571888d270d43
[INFO] [stdout]                                at /rustc/1b7dd2252b99671ce5d1cb9664c5f8636329436d/library/core/src/panic/unwind_safe.rs:271:9
[INFO] [stdout]   38:     0x5639c0006501 - std::panicking::try::do_call::h4fa2ef4f6e51fecf
[INFO] [stdout]                                at /rustc/1b7dd2252b99671ce5d1cb9664c5f8636329436d/library/std/src/panicking.rs:485:40
[INFO] [stdout]   39:     0x5639c0006501 - std::panicking::try::h1e9e22b8584489b5
[INFO] [stdout]                                at /rustc/1b7dd2252b99671ce5d1cb9664c5f8636329436d/library/std/src/panicking.rs:449:19
[INFO] [stdout]   40:     0x5639c0006501 - std::panic::catch_unwind::h44698a3de0e0769e
[INFO] [stdout]                                at /rustc/1b7dd2252b99671ce5d1cb9664c5f8636329436d/library/std/src/panic.rs:140:14
[INFO] [stdout]   41:     0x5639c0006501 - std::thread::Builder::spawn_unchecked_::{{closure}}::h50153abde3fe239e
[INFO] [stdout]                                at /rustc/1b7dd2252b99671ce5d1cb9664c5f8636329436d/library/std/src/thread/mod.rs:525:30
[INFO] [stdout]   42:     0x5639c0006501 - core::ops::function::FnOnce::call_once{{vtable.shim}}::hbe5bbf6f38394364
[INFO] [stdout]                                at /rustc/1b7dd2252b99671ce5d1cb9664c5f8636329436d/library/core/src/ops/function.rs:250:5
[INFO] [stdout]   43:     0x5639c00655e5 - <alloc::boxed::Box<F,A> as core::ops::function::FnOnce<Args>>::call_once::h0d83cb2920a49046
[INFO] [stdout]                                at /rustc/1b7dd2252b99671ce5d1cb9664c5f8636329436d/library/alloc/src/boxed.rs:1973:9
[INFO] [stdout]   44:     0x5639c00655e5 - <alloc::boxed::Box<F,A> as core::ops::function::FnOnce<Args>>::call_once::hbe0a008aa7d9ef59
[INFO] [stdout]                                at /rustc/1b7dd2252b99671ce5d1cb9664c5f8636329436d/library/alloc/src/boxed.rs:1973:9
[INFO] [stdout]   45:     0x5639c00655e5 - std::sys::unix::thread::Thread::new::thread_start::h3a466996bdf6b1f9
[INFO] [stdout]                                at /rustc/1b7dd2252b99671ce5d1cb9664c5f8636329436d/library/std/src/sys/unix/thread.rs:108:17
[INFO] [stdout]   46:     0x7f882e67db43 - <unknown>
[INFO] [stdout]   47:     0x7f882e70ebb4 - __clone
[INFO] [stdout]   48:                0x0 - <unknown>
[INFO] [stdout] 
[INFO] [stdout] 
[INFO] [stdout] failures:
[INFO] [stdout]     grammar::morphology::tests::apple_inflections
[INFO] [stdout] 
[INFO] [stdout] test result: FAILED. 0 passed; 1 failed; 0 ignored; 0 measured; 0 filtered out; finished in 0.01s
[INFO] [stdout] 
[INFO] [stderr] error: test failed, to rerun pass `--lib`
[INFO] running `Command { std: "docker" "inspect" "bb1480ed11fd453b898a77b07ce73ef6d89a98edfbb0e50aaecc2bc795ea7650", kill_on_drop: false }`
[INFO] running `Command { std: "docker" "rm" "-f" "bb1480ed11fd453b898a77b07ce73ef6d89a98edfbb0e50aaecc2bc795ea7650", kill_on_drop: false }`
[INFO] [stdout] bb1480ed11fd453b898a77b07ce73ef6d89a98edfbb0e50aaecc2bc795ea7650
