[INFO] cloning repository https://github.com/SaadDAHMANI/mlsolver
[INFO] running `Command { std: "git" "-c" "credential.helper=" "-c" "credential.helper=/workspace/cargo-home/bin/git-credential-null" "clone" "--bare" "https://github.com/SaadDAHMANI/mlsolver" "/workspace/cache/git-repos/https%3A%2F%2Fgithub.com%2FSaadDAHMANI%2Fmlsolver", kill_on_drop: false }`
[INFO] [stderr] Cloning into bare repository '/workspace/cache/git-repos/https%3A%2F%2Fgithub.com%2FSaadDAHMANI%2Fmlsolver'...
[INFO] running `Command { std: "git" "rev-parse" "HEAD", kill_on_drop: false }`
[INFO] [stdout] 33f1eec227280a68589b2615656575aef0f2ed23
[INFO] testing SaadDAHMANI/mlsolver against beta-2023-04-20 for beta-1.70-1
[INFO] running `Command { std: "git" "clone" "/workspace/cache/git-repos/https%3A%2F%2Fgithub.com%2FSaadDAHMANI%2Fmlsolver" "/workspace/builds/worker-1-tc2/source", kill_on_drop: false }`
[INFO] [stderr] Cloning into '/workspace/builds/worker-1-tc2/source'...
[INFO] [stderr] done.
[INFO] validating manifest of git repo https://github.com/SaadDAHMANI/mlsolver on toolchain beta-2023-04-20
[INFO] running `Command { std: CARGO_HOME="/workspace/cargo-home" RUSTUP_HOME="/workspace/rustup-home" "/workspace/cargo-home/bin/cargo" "+beta-2023-04-20" "metadata" "--manifest-path" "Cargo.toml" "--no-deps", kill_on_drop: false }`
[INFO] started tweaking git repo https://github.com/SaadDAHMANI/mlsolver
[INFO] finished tweaking git repo https://github.com/SaadDAHMANI/mlsolver
[INFO] tweaked toml for git repo https://github.com/SaadDAHMANI/mlsolver written to /workspace/builds/worker-1-tc2/source/Cargo.toml
[INFO] crate git repo https://github.com/SaadDAHMANI/mlsolver already has a lockfile, it will not be regenerated
[INFO] running `Command { std: CARGO_HOME="/workspace/cargo-home" RUSTUP_HOME="/workspace/rustup-home" "/workspace/cargo-home/bin/cargo" "+beta-2023-04-20" "fetch" "--manifest-path" "Cargo.toml", kill_on_drop: false }`
[INFO] [stderr]  Downloading crates ...
[INFO] [stderr]   Downloaded puruspe v0.1.5
[INFO] [stderr]   Downloaded thread-tree v0.3.2
[INFO] [stderr]   Downloaded peroxide v0.30.9
[INFO] running `Command { std: "docker" "create" "-v" "/var/lib/crater-agent-workspace/builds/worker-1-tc2/target:/opt/rustwide/target:rw,Z" "-v" "/var/lib/crater-agent-workspace/builds/worker-1-tc2/source:/opt/rustwide/workdir:ro,Z" "-v" "/var/lib/crater-agent-workspace/cargo-home:/opt/rustwide/cargo-home:ro,Z" "-v" "/var/lib/crater-agent-workspace/rustup-home:/opt/rustwide/rustup-home:ro,Z" "-e" "SOURCE_DIR=/opt/rustwide/workdir" "-e" "CARGO_TARGET_DIR=/opt/rustwide/target" "-e" "CARGO_HOME=/opt/rustwide/cargo-home" "-e" "RUSTUP_HOME=/opt/rustwide/rustup-home" "-w" "/opt/rustwide/workdir" "-m" "1610612736" "--user" "0:0" "--network" "none" "ghcr.io/rust-lang/crates-build-env/linux@sha256:5ff2268d62e97bff2cde7d5815dd6ed5b47097566f13b8d0ca110b04b60e07ed" "/opt/rustwide/cargo-home/bin/cargo" "+beta-2023-04-20" "metadata" "--no-deps" "--format-version=1", kill_on_drop: false }`
[INFO] [stdout] cbec32aa23008f003127b1952081a2c5a41fcccfd19488e8c740e55aacf16f6f
[INFO] running `Command { std: "docker" "start" "-a" "cbec32aa23008f003127b1952081a2c5a41fcccfd19488e8c740e55aacf16f6f", kill_on_drop: false }`
[INFO] running `Command { std: "docker" "inspect" "cbec32aa23008f003127b1952081a2c5a41fcccfd19488e8c740e55aacf16f6f", kill_on_drop: false }`
[INFO] running `Command { std: "docker" "rm" "-f" "cbec32aa23008f003127b1952081a2c5a41fcccfd19488e8c740e55aacf16f6f", kill_on_drop: false }`
[INFO] [stdout] cbec32aa23008f003127b1952081a2c5a41fcccfd19488e8c740e55aacf16f6f
[INFO] running `Command { std: "docker" "create" "-v" "/var/lib/crater-agent-workspace/builds/worker-1-tc2/target:/opt/rustwide/target:rw,Z" "-v" "/var/lib/crater-agent-workspace/builds/worker-1-tc2/source:/opt/rustwide/workdir:ro,Z" "-v" "/var/lib/crater-agent-workspace/cargo-home:/opt/rustwide/cargo-home:ro,Z" "-v" "/var/lib/crater-agent-workspace/rustup-home:/opt/rustwide/rustup-home:ro,Z" "-e" "SOURCE_DIR=/opt/rustwide/workdir" "-e" "CARGO_TARGET_DIR=/opt/rustwide/target" "-e" "CARGO_INCREMENTAL=0" "-e" "RUST_BACKTRACE=full" "-e" "RUSTFLAGS=--cap-lints=warn" "-e" "RUSTDOCFLAGS=--cap-lints=warn" "-e" "CARGO_HOME=/opt/rustwide/cargo-home" "-e" "RUSTUP_HOME=/opt/rustwide/rustup-home" "-w" "/opt/rustwide/workdir" "-m" "1610612736" "--user" "0:0" "--network" "none" "ghcr.io/rust-lang/crates-build-env/linux@sha256:5ff2268d62e97bff2cde7d5815dd6ed5b47097566f13b8d0ca110b04b60e07ed" "/opt/rustwide/cargo-home/bin/cargo" "+beta-2023-04-20" "build" "--frozen" "--message-format=json", kill_on_drop: false }`
[INFO] [stdout] 98bd3d169344a3f64c6b206e67f83d7c88c2d8f54c16cfb6876f9ab3fc88f4cf
[INFO] running `Command { std: "docker" "start" "-a" "98bd3d169344a3f64c6b206e67f83d7c88c2d8f54c16cfb6876f9ab3fc88f4cf", kill_on_drop: false }`
[INFO] [stderr]    Compiling libc v0.2.100
[INFO] [stderr]    Compiling proc-macro2 v1.0.28
[INFO] [stderr]    Compiling crossbeam-utils v0.8.5
[INFO] [stderr]    Compiling libm v0.2.1
[INFO] [stderr]    Compiling unicode-xid v0.2.2
[INFO] [stderr]    Compiling ppv-lite86 v0.2.10
[INFO] [stderr]    Compiling syn v1.0.75
[INFO] [stderr]    Compiling rawpointer v0.2.1
[INFO] [stderr]    Compiling once_cell v1.8.0
[INFO] [stderr]    Compiling peroxide v0.30.9
[INFO] [stderr]    Compiling order-stat v0.1.3
[INFO] [stderr]    Compiling puruspe v0.1.5
[INFO] [stderr]    Compiling num-traits v0.2.14
[INFO] [stderr]    Compiling crossbeam-channel v0.5.1
[INFO] [stderr]    Compiling quote v1.0.9
[INFO] [stderr]    Compiling getrandom v0.2.3
[INFO] [stderr]    Compiling num_cpus v1.13.0
[INFO] [stderr]    Compiling thread-tree v0.3.2
[INFO] [stderr]    Compiling rand_core v0.6.3
[INFO] [stderr]    Compiling matrixmultiply v0.3.1
[INFO] [stderr]    Compiling rand_chacha v0.3.1
[INFO] [stderr]    Compiling rand v0.8.4
[INFO] [stderr]    Compiling rand_distr v0.4.1
[INFO] [stderr]    Compiling peroxide-ad v0.3.0
[INFO] [stderr]    Compiling mlsolver v0.1.0 (/opt/rustwide/workdir)
[INFO] [stdout] warning: unused variable: `r`
[INFO] [stdout]   --> src/mlsolver.rs:22:27
[INFO] [stdout]    |
[INFO] [stdout] 22 |     let (a21, a10, h0, q, r) = network.get_network();
[INFO] [stdout]    |                           ^ help: if this is intentional, prefix it with an underscore: `_r`
[INFO] [stdout]    |
[INFO] [stdout]    = note: `#[warn(unused_variables)]` on by default
[INFO] [stdout] 
[INFO] [stdout] 
[INFO] [stdout] warning: method `velocity` is never used
[INFO] [stdout]   --> src/pipe.rs:63:8
[INFO] [stdout]    |
[INFO] [stdout] 17 | impl Pipe {
[INFO] [stdout]    | --------- method in this implementation
[INFO] [stdout] ...
[INFO] [stdout] 63 |     fn velocity(&self)-> Option<f64> {
[INFO] [stdout]    |        ^^^^^^^^
[INFO] [stdout]    |
[INFO] [stdout]    = note: `#[warn(dead_code)]` on by default
[INFO] [stdout] 
[INFO] [stdout] 
[INFO] [stdout] warning: fields `flow` and `head` are never read
[INFO] [stdout]  --> src/pump.rs:8:5
[INFO] [stdout]   |
[INFO] [stdout] 3 | pub struct Pump{
[INFO] [stdout]   |            ---- fields in this struct
[INFO] [stdout] ...
[INFO] [stdout] 8 |     flow : Option<f64>,
[INFO] [stdout]   |     ^^^^
[INFO] [stdout] 9 |     head : Option<f64>, 
[INFO] [stdout]   |     ^^^^
[INFO] [stdout]   |
[INFO] [stdout]   = note: `Pump` has derived impls for the traits `Clone` and `Debug`, but these are intentionally ignored during dead code analysis
[INFO] [stdout] 
[INFO] [stdout] 
[INFO] [stdout] warning: methods `head_of` and `head` are never used
[INFO] [stdout]   --> src/pump.rs:18:8
[INFO] [stdout]    |
[INFO] [stdout] 17 | impl Pump {
[INFO] [stdout]    | --------- methods in this implementation
[INFO] [stdout] 18 |     fn head_of(&self, flow :f64)->f64 {
[INFO] [stdout]    |        ^^^^^^^
[INFO] [stdout] ...
[INFO] [stdout] 22 |     fn head(&self)-> Option<f64> {
[INFO] [stdout]    |        ^^^^
[INFO] [stdout] 
[INFO] [stdout] 
[INFO] [stdout] warning: field `flow` is never read
[INFO] [stdout]  --> src/valve.rs:9:5
[INFO] [stdout]   |
[INFO] [stdout] 3 | pub struct Valve{
[INFO] [stdout]   |            ----- field in this struct
[INFO] [stdout] ...
[INFO] [stdout] 9 |     flow : Option<f64>,
[INFO] [stdout]   |     ^^^^
[INFO] [stdout]   |
[INFO] [stdout]   = note: `Valve` has derived impls for the traits `Clone` and `Debug`, but these are intentionally ignored during dead code analysis
[INFO] [stdout] 
[INFO] [stdout] 
[INFO] [stdout] warning: function `network1` is never used
[INFO] [stdout]  --> src/benchmark.rs:3:4
[INFO] [stdout]   |
[INFO] [stdout] 3 | fn network1()-> (Vec<Vec<f64>>, Vec<Vec<f64>>, Vec<f64>, Vec<f64>, Vec<f64>) {
[INFO] [stdout]   |    ^^^^^^^^
[INFO] [stdout] 
[INFO] [stdout] 
[INFO] [stdout] warning: function `network7` is never used
[INFO] [stdout]   --> src/benchmark.rs:59:4
[INFO] [stdout]    |
[INFO] [stdout] 59 | fn network7()->Network {
[INFO] [stdout]    |    ^^^^^^^^
[INFO] [stdout] 
[INFO] [stdout] 
[INFO] [stdout] warning: function `network2` is never used
[INFO] [stdout]    --> src/benchmark.rs:166:4
[INFO] [stdout]     |
[INFO] [stdout] 166 | fn network2()-> (Vec<Vec<f64>>, Vec<Vec<f64>>, Vec<f64>, Vec<f64>, Vec<f64>) {
[INFO] [stdout]     |    ^^^^^^^^
[INFO] [stdout] 
[INFO] [stdout] 
[INFO] [stdout] warning: function `network3` is never used
[INFO] [stdout]    --> src/benchmark.rs:222:4
[INFO] [stdout]     |
[INFO] [stdout] 222 | fn network3()->Network {
[INFO] [stdout]     |    ^^^^^^^^
[INFO] [stdout] 
[INFO] [stdout] 
[INFO] [stdout] warning: function `network4` is never used
[INFO] [stdout]    --> src/benchmark.rs:312:4
[INFO] [stdout]     |
[INFO] [stdout] 312 | fn network4()->Network {
[INFO] [stdout]     |    ^^^^^^^^
[INFO] [stdout] 
[INFO] [stdout] 
[INFO] [stdout] warning: function `network5` is never used
[INFO] [stdout]    --> src/benchmark.rs:424:4
[INFO] [stdout]     |
[INFO] [stdout] 424 | fn network5()-> Network {
[INFO] [stdout]     |    ^^^^^^^^
[INFO] [stdout] 
[INFO] [stdout] 
[INFO] [stdout] warning: function `network6` is never used
[INFO] [stdout]    --> src/benchmark.rs:525:4
[INFO] [stdout]     |
[INFO] [stdout] 525 | fn network6()-> Network {
[INFO] [stdout]     |    ^^^^^^^^
[INFO] [stdout] 
[INFO] [stdout] 
[INFO] [stdout] warning: function `network1_todini` is never used
[INFO] [stdout]    --> src/benchmark.rs:640:4
[INFO] [stdout]     |
[INFO] [stdout] 640 | fn network1_todini()-> Network {
[INFO] [stdout]     |    ^^^^^^^^^^^^^^^
[INFO] [stdout] 
[INFO] [stdout] 
[INFO] [stdout] warning: 13 warnings emitted
[INFO] [stdout] 
[INFO] [stdout] 
[INFO] [stderr]     Finished dev [unoptimized + debuginfo] target(s) in 8.91s
[INFO] running `Command { std: "docker" "inspect" "98bd3d169344a3f64c6b206e67f83d7c88c2d8f54c16cfb6876f9ab3fc88f4cf", kill_on_drop: false }`
[INFO] running `Command { std: "docker" "rm" "-f" "98bd3d169344a3f64c6b206e67f83d7c88c2d8f54c16cfb6876f9ab3fc88f4cf", kill_on_drop: false }`
[INFO] [stdout] 98bd3d169344a3f64c6b206e67f83d7c88c2d8f54c16cfb6876f9ab3fc88f4cf
[INFO] running `Command { std: "docker" "create" "-v" "/var/lib/crater-agent-workspace/builds/worker-1-tc2/target:/opt/rustwide/target:rw,Z" "-v" "/var/lib/crater-agent-workspace/builds/worker-1-tc2/source:/opt/rustwide/workdir:ro,Z" "-v" "/var/lib/crater-agent-workspace/cargo-home:/opt/rustwide/cargo-home:ro,Z" "-v" "/var/lib/crater-agent-workspace/rustup-home:/opt/rustwide/rustup-home:ro,Z" "-e" "SOURCE_DIR=/opt/rustwide/workdir" "-e" "CARGO_TARGET_DIR=/opt/rustwide/target" "-e" "CARGO_INCREMENTAL=0" "-e" "RUST_BACKTRACE=full" "-e" "RUSTFLAGS=--cap-lints=warn" "-e" "RUSTDOCFLAGS=--cap-lints=warn" "-e" "CARGO_HOME=/opt/rustwide/cargo-home" "-e" "RUSTUP_HOME=/opt/rustwide/rustup-home" "-w" "/opt/rustwide/workdir" "-m" "1610612736" "--user" "0:0" "--network" "none" "ghcr.io/rust-lang/crates-build-env/linux@sha256:5ff2268d62e97bff2cde7d5815dd6ed5b47097566f13b8d0ca110b04b60e07ed" "/opt/rustwide/cargo-home/bin/cargo" "+beta-2023-04-20" "test" "--frozen" "--no-run" "--message-format=json", kill_on_drop: false }`
[INFO] [stdout] 56e3238217a004e366bd10096da0fa71f3b1ed8d2d8ab0479c9e67f41e8f2dc0
[INFO] running `Command { std: "docker" "start" "-a" "56e3238217a004e366bd10096da0fa71f3b1ed8d2d8ab0479c9e67f41e8f2dc0", kill_on_drop: false }`
[INFO] [stderr]    Compiling mlsolver v0.1.0 (/opt/rustwide/workdir)
[INFO] [stdout] warning: unused variable: `r`
[INFO] [stdout]   --> src/mlsolver.rs:22:27
[INFO] [stdout]    |
[INFO] [stdout] 22 |     let (a21, a10, h0, q, r) = network.get_network();
[INFO] [stdout]    |                           ^ help: if this is intentional, prefix it with an underscore: `_r`
[INFO] [stdout]    |
[INFO] [stdout]    = note: `#[warn(unused_variables)]` on by default
[INFO] [stdout] 
[INFO] [stdout] 
[INFO] [stdout] warning: method `velocity` is never used
[INFO] [stdout]   --> src/pipe.rs:63:8
[INFO] [stdout]    |
[INFO] [stdout] 17 | impl Pipe {
[INFO] [stdout]    | --------- method in this implementation
[INFO] [stdout] ...
[INFO] [stdout] 63 |     fn velocity(&self)-> Option<f64> {
[INFO] [stdout]    |        ^^^^^^^^
[INFO] [stdout]    |
[INFO] [stdout]    = note: `#[warn(dead_code)]` on by default
[INFO] [stdout] 
[INFO] [stdout] 
[INFO] [stdout] warning: fields `flow` and `head` are never read
[INFO] [stdout]  --> src/pump.rs:8:5
[INFO] [stdout]   |
[INFO] [stdout] 3 | pub struct Pump{
[INFO] [stdout]   |            ---- fields in this struct
[INFO] [stdout] ...
[INFO] [stdout] 8 |     flow : Option<f64>,
[INFO] [stdout]   |     ^^^^
[INFO] [stdout] 9 |     head : Option<f64>, 
[INFO] [stdout]   |     ^^^^
[INFO] [stdout]   |
[INFO] [stdout]   = note: `Pump` has derived impls for the traits `Clone` and `Debug`, but these are intentionally ignored during dead code analysis
[INFO] [stdout] 
[INFO] [stdout] 
[INFO] [stdout] warning: method `head` is never used
[INFO] [stdout]   --> src/pump.rs:22:8
[INFO] [stdout]    |
[INFO] [stdout] 17 | impl Pump {
[INFO] [stdout]    | --------- method in this implementation
[INFO] [stdout] ...
[INFO] [stdout] 22 |     fn head(&self)-> Option<f64> {
[INFO] [stdout]    |        ^^^^
[INFO] [stdout] 
[INFO] [stdout] 
[INFO] [stdout] warning: field `flow` is never read
[INFO] [stdout]  --> src/valve.rs:9:5
[INFO] [stdout]   |
[INFO] [stdout] 3 | pub struct Valve{
[INFO] [stdout]   |            ----- field in this struct
[INFO] [stdout] ...
[INFO] [stdout] 9 |     flow : Option<f64>,
[INFO] [stdout]   |     ^^^^
[INFO] [stdout]   |
[INFO] [stdout]   = note: `Valve` has derived impls for the traits `Clone` and `Debug`, but these are intentionally ignored during dead code analysis
[INFO] [stdout] 
[INFO] [stdout] 
[INFO] [stdout] warning: function `network1` is never used
[INFO] [stdout]  --> src/benchmark.rs:3:4
[INFO] [stdout]   |
[INFO] [stdout] 3 | fn network1()-> (Vec<Vec<f64>>, Vec<Vec<f64>>, Vec<f64>, Vec<f64>, Vec<f64>) {
[INFO] [stdout]   |    ^^^^^^^^
[INFO] [stdout] 
[INFO] [stdout] 
[INFO] [stdout] warning: function `network7` is never used
[INFO] [stdout]   --> src/benchmark.rs:59:4
[INFO] [stdout]    |
[INFO] [stdout] 59 | fn network7()->Network {
[INFO] [stdout]    |    ^^^^^^^^
[INFO] [stdout] 
[INFO] [stdout] 
[INFO] [stdout] warning: function `network2` is never used
[INFO] [stdout]    --> src/benchmark.rs:166:4
[INFO] [stdout]     |
[INFO] [stdout] 166 | fn network2()-> (Vec<Vec<f64>>, Vec<Vec<f64>>, Vec<f64>, Vec<f64>, Vec<f64>) {
[INFO] [stdout]     |    ^^^^^^^^
[INFO] [stdout] 
[INFO] [stdout] 
[INFO] [stdout] warning: function `network5` is never used
[INFO] [stdout]    --> src/benchmark.rs:424:4
[INFO] [stdout]     |
[INFO] [stdout] 424 | fn network5()-> Network {
[INFO] [stdout]     |    ^^^^^^^^
[INFO] [stdout] 
[INFO] [stdout] 
[INFO] [stdout] warning: function `network6` is never used
[INFO] [stdout]    --> src/benchmark.rs:525:4
[INFO] [stdout]     |
[INFO] [stdout] 525 | fn network6()-> Network {
[INFO] [stdout]     |    ^^^^^^^^
[INFO] [stdout] 
[INFO] [stdout] 
[INFO] [stdout] warning: function `network1_todini` is never used
[INFO] [stdout]    --> src/benchmark.rs:640:4
[INFO] [stdout]     |
[INFO] [stdout] 640 | fn network1_todini()-> Network {
[INFO] [stdout]     |    ^^^^^^^^^^^^^^^
[INFO] [stdout] 
[INFO] [stdout] 
[INFO] [stdout] warning: 11 warnings emitted
[INFO] [stdout] 
[INFO] [stdout] 
[INFO] [stderr]     Finished test [unoptimized + debuginfo] target(s) in 1.38s
[INFO] running `Command { std: "docker" "inspect" "56e3238217a004e366bd10096da0fa71f3b1ed8d2d8ab0479c9e67f41e8f2dc0", kill_on_drop: false }`
[INFO] running `Command { std: "docker" "rm" "-f" "56e3238217a004e366bd10096da0fa71f3b1ed8d2d8ab0479c9e67f41e8f2dc0", kill_on_drop: false }`
[INFO] [stdout] 56e3238217a004e366bd10096da0fa71f3b1ed8d2d8ab0479c9e67f41e8f2dc0
[INFO] running `Command { std: "docker" "create" "-v" "/var/lib/crater-agent-workspace/builds/worker-1-tc2/target:/opt/rustwide/target:rw,Z" "-v" "/var/lib/crater-agent-workspace/builds/worker-1-tc2/source:/opt/rustwide/workdir:ro,Z" "-v" "/var/lib/crater-agent-workspace/cargo-home:/opt/rustwide/cargo-home:ro,Z" "-v" "/var/lib/crater-agent-workspace/rustup-home:/opt/rustwide/rustup-home:ro,Z" "-e" "SOURCE_DIR=/opt/rustwide/workdir" "-e" "CARGO_TARGET_DIR=/opt/rustwide/target" "-e" "CARGO_INCREMENTAL=0" "-e" "RUST_BACKTRACE=full" "-e" "RUSTFLAGS=--cap-lints=warn" "-e" "RUSTDOCFLAGS=--cap-lints=warn" "-e" "CARGO_HOME=/opt/rustwide/cargo-home" "-e" "RUSTUP_HOME=/opt/rustwide/rustup-home" "-w" "/opt/rustwide/workdir" "-m" "1610612736" "--user" "0:0" "--network" "none" "ghcr.io/rust-lang/crates-build-env/linux@sha256:5ff2268d62e97bff2cde7d5815dd6ed5b47097566f13b8d0ca110b04b60e07ed" "/opt/rustwide/cargo-home/bin/cargo" "+beta-2023-04-20" "test" "--frozen", kill_on_drop: false }`
[INFO] [stdout] c1c1a0ac44fe410f353785b25776850206bedf76d734d529bb4b232fca292f0f
[INFO] running `Command { std: "docker" "start" "-a" "c1c1a0ac44fe410f353785b25776850206bedf76d734d529bb4b232fca292f0f", kill_on_drop: false }`
[INFO] [stderr] warning: unused variable: `r`
[INFO] [stderr]   --> src/mlsolver.rs:22:27
[INFO] [stderr]    |
[INFO] [stderr] 22 |     let (a21, a10, h0, q, r) = network.get_network();
[INFO] [stderr]    |                           ^ help: if this is intentional, prefix it with an underscore: `_r`
[INFO] [stderr]    |
[INFO] [stderr]    = note: `#[warn(unused_variables)]` on by default
[INFO] [stderr] 
[INFO] [stderr] warning: method `velocity` is never used
[INFO] [stderr]   --> src/pipe.rs:63:8
[INFO] [stderr]    |
[INFO] [stderr] 17 | impl Pipe {
[INFO] [stderr]    | --------- method in this implementation
[INFO] [stderr] ...
[INFO] [stderr] 63 |     fn velocity(&self)-> Option<f64> {
[INFO] [stderr]    |        ^^^^^^^^
[INFO] [stderr]    |
[INFO] [stderr]    = note: `#[warn(dead_code)]` on by default
[INFO] [stderr] 
[INFO] [stderr] warning: fields `flow` and `head` are never read
[INFO] [stderr]  --> src/pump.rs:8:5
[INFO] [stderr]   |
[INFO] [stderr] 3 | pub struct Pump{
[INFO] [stderr]   |            ---- fields in this struct
[INFO] [stderr] ...
[INFO] [stderr] 8 |     flow : Option<f64>,
[INFO] [stderr]   |     ^^^^
[INFO] [stderr] 9 |     head : Option<f64>, 
[INFO] [stderr]   |     ^^^^
[INFO] [stderr]   |
[INFO] [stderr]   = note: `Pump` has derived impls for the traits `Clone` and `Debug`, but these are intentionally ignored during dead code analysis
[INFO] [stderr] 
[INFO] [stderr] warning: method `head` is never used
[INFO] [stderr]   --> src/pump.rs:22:8
[INFO] [stderr]    |
[INFO] [stderr] 17 | impl Pump {
[INFO] [stderr]    | --------- method in this implementation
[INFO] [stderr] ...
[INFO] [stderr] 22 |     fn head(&self)-> Option<f64> {
[INFO] [stderr]    |        ^^^^
[INFO] [stderr] 
[INFO] [stderr] warning: field `flow` is never read
[INFO] [stderr]  --> src/valve.rs:9:5
[INFO] [stderr]   |
[INFO] [stderr] 3 | pub struct Valve{
[INFO] [stderr]   |            ----- field in this struct
[INFO] [stderr] ...
[INFO] [stderr] 9 |     flow : Option<f64>,
[INFO] [stderr]   |     ^^^^
[INFO] [stderr]   |
[INFO] [stderr]   = note: `Valve` has derived impls for the traits `Clone` and `Debug`, but these are intentionally ignored during dead code analysis
[INFO] [stderr] 
[INFO] [stderr] warning: function `network1` is never used
[INFO] [stderr]  --> src/benchmark.rs:3:4
[INFO] [stderr]   |
[INFO] [stderr] 3 | fn network1()-> (Vec<Vec<f64>>, Vec<Vec<f64>>, Vec<f64>, Vec<f64>, Vec<f64>) {
[INFO] [stderr]   |    ^^^^^^^^
[INFO] [stderr] 
[INFO] [stderr] warning: function `network7` is never used
[INFO] [stderr]   --> src/benchmark.rs:59:4
[INFO] [stderr]    |
[INFO] [stderr] 59 | fn network7()->Network {
[INFO] [stderr]    |    ^^^^^^^^
[INFO] [stderr] 
[INFO] [stderr] warning: function `network2` is never used
[INFO] [stderr]    --> src/benchmark.rs:166:4
[INFO] [stderr]     |
[INFO] [stderr] 166 | fn network2()-> (Vec<Vec<f64>>, Vec<Vec<f64>>, Vec<f64>, Vec<f64>, Vec<f64>) {
[INFO] [stderr]     |    ^^^^^^^^
[INFO] [stderr] 
[INFO] [stderr] warning: function `network5` is never used
[INFO] [stderr]    --> src/benchmark.rs:424:4
[INFO] [stderr]     |
[INFO] [stderr] 424 | fn network5()-> Network {
[INFO] [stderr]     |    ^^^^^^^^
[INFO] [stderr] 
[INFO] [stderr] warning: function `network6` is never used
[INFO] [stderr]    --> src/benchmark.rs:525:4
[INFO] [stderr]     |
[INFO] [stderr] 525 | fn network6()-> Network {
[INFO] [stderr]     |    ^^^^^^^^
[INFO] [stderr] 
[INFO] [stderr] warning: function `network1_todini` is never used
[INFO] [stderr]    --> src/benchmark.rs:640:4
[INFO] [stderr]     |
[INFO] [stderr] 640 | fn network1_todini()-> Network {
[INFO] [stderr]     |    ^^^^^^^^^^^^^^^
[INFO] [stderr] 
[INFO] [stderr] warning: `mlsolver` (bin "mlsolver" test) generated 11 warnings (run `cargo fix --bin "mlsolver" --tests` to apply 1 suggestion)
[INFO] [stderr]     Finished test [unoptimized + debuginfo] target(s) in 0.01s
[INFO] [stderr]      Running unittests src/main.rs (/opt/rustwide/target/debug/deps/mlsolver-0fb8c042e03c87ac)
[INFO] [stdout] 
[INFO] [stdout] running 9 tests
[INFO] [stdout] test network_tests::get_network_2tanks_1pump ... ok
[INFO] [stdout] test pump_tests::get_rq_when_pump_closed ... ok
[INFO] [stdout] test tests::invers_diagonal_test1 ... ok
[INFO] [stdout] test pump_tests::head_of_test1 ... ok
[INFO] [stdout] test tests::invers_diagonal_when_fail ... ok
[INFO] [stdout] test tests::mlsolver_network1_test ... ok
[INFO] [stdout] test tests::product2_test1 ... ok
[INFO] [stdout] test tests::product_test1 ... ok
[INFO] [stdout] test network_tests::get_network_1tank ... FAILED
[INFO] [stdout] 
[INFO] [stdout] failures:
[INFO] [stdout] 
[INFO] [stdout] ---- network_tests::get_network_1tank stdout ----
[INFO] [stdout] thread 'network_tests::get_network_1tank' panicked at 'assertion failed: `(left == right)`
[INFO] [stdout]   left: `[0.02, 0.01]`,
[INFO] [stdout]  right: `[0.1, 0.1]`', src/network.rs:225:6
[INFO] [stdout] stack backtrace:
[INFO] [stdout]    0:     0x564305a0cffa - std::backtrace_rs::backtrace::libunwind::trace::h2f05d0192276a8f6
[INFO] [stdout]                                at /rustc/1b7dd2252b99671ce5d1cb9664c5f8636329436d/library/std/src/../../backtrace/src/backtrace/libunwind.rs:93:5
[INFO] [stdout]    1:     0x564305a0cffa - std::backtrace_rs::backtrace::trace_unsynchronized::hedc23dff7a1af150
[INFO] [stdout]                                at /rustc/1b7dd2252b99671ce5d1cb9664c5f8636329436d/library/std/src/../../backtrace/src/backtrace/mod.rs:66:5
[INFO] [stdout]    2:     0x564305a0cffa - std::sys_common::backtrace::_print_fmt::h17541ef7592f3ce2
[INFO] [stdout]                                at /rustc/1b7dd2252b99671ce5d1cb9664c5f8636329436d/library/std/src/sys_common/backtrace.rs:65:5
[INFO] [stdout]    3:     0x564305a0cffa - <std::sys_common::backtrace::_print::DisplayBacktrace as core::fmt::Display>::fmt::h20f75df5ab0c0792
[INFO] [stdout]                                at /rustc/1b7dd2252b99671ce5d1cb9664c5f8636329436d/library/std/src/sys_common/backtrace.rs:44:22
[INFO] [stdout]    4:     0x564305a3106f - core::fmt::write::h78109e6f466b3af6
[INFO] [stdout]                                at /rustc/1b7dd2252b99671ce5d1cb9664c5f8636329436d/library/core/src/fmt/mod.rs:1254:17
[INFO] [stdout]    5:     0x564305a0a345 - std::io::Write::write_fmt::hd24bfb68a1b35a25
[INFO] [stdout]                                at /rustc/1b7dd2252b99671ce5d1cb9664c5f8636329436d/library/std/src/io/mod.rs:1698:15
[INFO] [stdout]    6:     0x564305a0cdc5 - std::sys_common::backtrace::_print::h8dac57a9f8fbf9a5
[INFO] [stdout]                                at /rustc/1b7dd2252b99671ce5d1cb9664c5f8636329436d/library/std/src/sys_common/backtrace.rs:47:5
[INFO] [stdout]    7:     0x564305a0cdc5 - std::sys_common::backtrace::print::hf9ecbf41d1aa712f
[INFO] [stdout]                                at /rustc/1b7dd2252b99671ce5d1cb9664c5f8636329436d/library/std/src/sys_common/backtrace.rs:34:9
[INFO] [stdout]    8:     0x564305a0ea7e - std::panicking::default_hook::{{closure}}::h04c07acfc84ca028
[INFO] [stdout]                                at /rustc/1b7dd2252b99671ce5d1cb9664c5f8636329436d/library/std/src/panicking.rs:269:22
[INFO] [stdout]    9:     0x564305a0e7b1 - std::panicking::default_hook::h01f6bb23e1eceb2c
[INFO] [stdout]                                at /rustc/1b7dd2252b99671ce5d1cb9664c5f8636329436d/library/std/src/panicking.rs:285:9
[INFO] [stdout]   10:     0x5643059e214b - <alloc::boxed::Box<F,A> as core::ops::function::Fn<Args>>::call::h87fe9f7b2fd49e4c
[INFO] [stdout]                                at /rustc/1b7dd2252b99671ce5d1cb9664c5f8636329436d/library/alloc/src/boxed.rs:1987:9
[INFO] [stdout]   11:     0x5643059e214b - test::test_main::{{closure}}::he94d679243a7531b
[INFO] [stdout]                                at /rustc/1b7dd2252b99671ce5d1cb9664c5f8636329436d/library/test/src/lib.rs:134:21
[INFO] [stdout]   12:     0x564305a0f164 - <alloc::boxed::Box<F,A> as core::ops::function::Fn<Args>>::call::h3f2d6d8b14c4769f
[INFO] [stdout]                                at /rustc/1b7dd2252b99671ce5d1cb9664c5f8636329436d/library/alloc/src/boxed.rs:1987:9
[INFO] [stdout]   13:     0x564305a0f164 - std::panicking::rust_panic_with_hook::h2bb3722bbaf2f6df
[INFO] [stdout]                                at /rustc/1b7dd2252b99671ce5d1cb9664c5f8636329436d/library/std/src/panicking.rs:695:13
[INFO] [stdout]   14:     0x564305a0eed9 - std::panicking::begin_panic_handler::{{closure}}::h91bc7f36a4be011b
[INFO] [stdout]                                at /rustc/1b7dd2252b99671ce5d1cb9664c5f8636329436d/library/std/src/panicking.rs:582:13
[INFO] [stdout]   15:     0x564305a0d466 - std::sys_common::backtrace::__rust_end_short_backtrace::h8b3d3717114f9e59
[INFO] [stdout]                                at /rustc/1b7dd2252b99671ce5d1cb9664c5f8636329436d/library/std/src/sys_common/backtrace.rs:150:18
[INFO] [stdout]   16:     0x564305a0ec32 - rust_begin_unwind
[INFO] [stdout]                                at /rustc/1b7dd2252b99671ce5d1cb9664c5f8636329436d/library/std/src/panicking.rs:578:5
[INFO] [stdout]   17:     0x564305995ba3 - core::panicking::panic_fmt::hfd368e3fbdabea26
[INFO] [stdout]                                at /rustc/1b7dd2252b99671ce5d1cb9664c5f8636329436d/library/core/src/panicking.rs:67:14
[INFO] [stdout]   18:     0x564305995f6f - core::panicking::assert_failed_inner::haef49168e1798a91
[INFO] [stdout]   19:     0x56430599b84a - core::panicking::assert_failed::h5e31edc73cdb5eaa
[INFO] [stdout]                                at /rustc/1b7dd2252b99671ce5d1cb9664c5f8636329436d/library/core/src/panicking.rs:228:5
[INFO] [stdout]   20:     0x5643059a6b84 - mlsolver::network_tests::get_network_1tank::hd49f9acd0ee37db2
[INFO] [stdout]                                at /opt/rustwide/workdir/src/network.rs:225:6
[INFO] [stdout]   21:     0x5643059a6337 - mlsolver::network_tests::get_network_1tank::{{closure}}::h876f7f610bb8966d
[INFO] [stdout]                                at /opt/rustwide/workdir/src/network.rs:212:28
[INFO] [stdout]   22:     0x5643059a7a15 - core::ops::function::FnOnce::call_once::he1b4129e2f418bca
[INFO] [stdout]                                at /rustc/1b7dd2252b99671ce5d1cb9664c5f8636329436d/library/core/src/ops/function.rs:250:5
[INFO] [stdout]   23:     0x5643059e701f - core::ops::function::FnOnce::call_once::ha6a70e79f7481a7e
[INFO] [stdout]                                at /rustc/1b7dd2252b99671ce5d1cb9664c5f8636329436d/library/core/src/ops/function.rs:250:5
[INFO] [stdout]   24:     0x5643059e701f - test::__rust_begin_short_backtrace::hce33033019b61e69
[INFO] [stdout]                                at /rustc/1b7dd2252b99671ce5d1cb9664c5f8636329436d/library/test/src/lib.rs:655:18
[INFO] [stdout]   25:     0x5643059b480c - test::run_test::{{closure}}::h858d3528838ae3e5
[INFO] [stdout]                                at /rustc/1b7dd2252b99671ce5d1cb9664c5f8636329436d/library/test/src/lib.rs:646:30
[INFO] [stdout]   26:     0x5643059b480c - core::ops::function::FnOnce::call_once{{vtable.shim}}::he8ac2b00f01ae79e
[INFO] [stdout]                                at /rustc/1b7dd2252b99671ce5d1cb9664c5f8636329436d/library/core/src/ops/function.rs:250:5
[INFO] [stdout]   27:     0x5643059e60f6 - <alloc::boxed::Box<F,A> as core::ops::function::FnOnce<Args>>::call_once::h8093d25b522725ef
[INFO] [stdout]                                at /rustc/1b7dd2252b99671ce5d1cb9664c5f8636329436d/library/alloc/src/boxed.rs:1973:9
[INFO] [stdout]   28:     0x5643059e60f6 - <core::panic::unwind_safe::AssertUnwindSafe<F> as core::ops::function::FnOnce<()>>::call_once::h5c334c204e4a3913
[INFO] [stdout]                                at /rustc/1b7dd2252b99671ce5d1cb9664c5f8636329436d/library/core/src/panic/unwind_safe.rs:271:9
[INFO] [stdout]   29:     0x5643059e60f6 - std::panicking::try::do_call::ha8b740c7b9478074
[INFO] [stdout]                                at /rustc/1b7dd2252b99671ce5d1cb9664c5f8636329436d/library/std/src/panicking.rs:485:40
[INFO] [stdout]   30:     0x5643059e60f6 - std::panicking::try::h5d34f63d0e41b64e
[INFO] [stdout]                                at /rustc/1b7dd2252b99671ce5d1cb9664c5f8636329436d/library/std/src/panicking.rs:449:19
[INFO] [stdout]   31:     0x5643059e60f6 - std::panic::catch_unwind::hcfbb511e1aa7fc67
[INFO] [stdout]                                at /rustc/1b7dd2252b99671ce5d1cb9664c5f8636329436d/library/std/src/panic.rs:140:14
[INFO] [stdout]   32:     0x5643059e60f6 - test::run_test_in_process::h9abda90f802eaf21
[INFO] [stdout]                                at /rustc/1b7dd2252b99671ce5d1cb9664c5f8636329436d/library/test/src/lib.rs:678:27
[INFO] [stdout]   33:     0x5643059e60f6 - test::run_test::run_test_inner::{{closure}}::h0f058de91f6c6edf
[INFO] [stdout]                                at /rustc/1b7dd2252b99671ce5d1cb9664c5f8636329436d/library/test/src/lib.rs:572:39
[INFO] [stdout]   34:     0x5643059af015 - test::run_test::run_test_inner::{{closure}}::h5ca48a4c59c6c1fb
[INFO] [stdout]                                at /rustc/1b7dd2252b99671ce5d1cb9664c5f8636329436d/library/test/src/lib.rs:599:37
[INFO] [stdout]   35:     0x5643059af015 - std::sys_common::backtrace::__rust_begin_short_backtrace::h32bd51e1495d4a33
[INFO] [stdout]                                at /rustc/1b7dd2252b99671ce5d1cb9664c5f8636329436d/library/std/src/sys_common/backtrace.rs:134:18
[INFO] [stdout]   36:     0x5643059b4551 - std::thread::Builder::spawn_unchecked_::{{closure}}::{{closure}}::hc086fae9b128b2db
[INFO] [stdout]                                at /rustc/1b7dd2252b99671ce5d1cb9664c5f8636329436d/library/std/src/thread/mod.rs:526:17
[INFO] [stdout]   37:     0x5643059b4551 - <core::panic::unwind_safe::AssertUnwindSafe<F> as core::ops::function::FnOnce<()>>::call_once::hb66571888d270d43
[INFO] [stdout]                                at /rustc/1b7dd2252b99671ce5d1cb9664c5f8636329436d/library/core/src/panic/unwind_safe.rs:271:9
[INFO] [stdout]   38:     0x5643059b4551 - std::panicking::try::do_call::h4fa2ef4f6e51fecf
[INFO] [stdout]                                at /rustc/1b7dd2252b99671ce5d1cb9664c5f8636329436d/library/std/src/panicking.rs:485:40
[INFO] [stdout]   39:     0x5643059b4551 - std::panicking::try::h1e9e22b8584489b5
[INFO] [stdout]                                at /rustc/1b7dd2252b99671ce5d1cb9664c5f8636329436d/library/std/src/panicking.rs:449:19
[INFO] [stdout]   40:     0x5643059b4551 - std::panic::catch_unwind::h44698a3de0e0769e
[INFO] [stdout]                                at /rustc/1b7dd2252b99671ce5d1cb9664c5f8636329436d/library/std/src/panic.rs:140:14
[INFO] [stdout]   41:     0x5643059b4551 - std::thread::Builder::spawn_unchecked_::{{closure}}::h50153abde3fe239e
[INFO] [stdout]                                at /rustc/1b7dd2252b99671ce5d1cb9664c5f8636329436d/library/std/src/thread/mod.rs:525:30
[INFO] [stdout]   42:     0x5643059b4551 - core::ops::function::FnOnce::call_once{{vtable.shim}}::hbe5bbf6f38394364
[INFO] [stdout]                                at /rustc/1b7dd2252b99671ce5d1cb9664c5f8636329436d/library/core/src/ops/function.rs:250:5
[INFO] [stdout]   43:     0x564305a13635 - <alloc::boxed::Box<F,A> as core::ops::function::FnOnce<Args>>::call_once::h0d83cb2920a49046
[INFO] [stdout]                                at /rustc/1b7dd2252b99671ce5d1cb9664c5f8636329436d/library/alloc/src/boxed.rs:1973:9
[INFO] [stdout]   44:     0x564305a13635 - <alloc::boxed::Box<F,A> as core::ops::function::FnOnce<Args>>::call_once::hbe0a008aa7d9ef59
[INFO] [stdout]                                at /rustc/1b7dd2252b99671ce5d1cb9664c5f8636329436d/library/alloc/src/boxed.rs:1973:9
[INFO] [stdout]   45:     0x564305a13635 - std::sys::unix::thread::Thread::new::thread_start::h3a466996bdf6b1f9
[INFO] [stdout]                                at /rustc/1b7dd2252b99671ce5d1cb9664c5f8636329436d/library/std/src/sys/unix/thread.rs:108:17
[INFO] [stdout]   46:     0x7fead37f3b43 - <unknown>
[INFO] [stdout]   47:     0x7fead3884bb4 - __clone
[INFO] [stdout]   48:                0x0 - <unknown>
[INFO] [stdout] 
[INFO] [stdout] 
[INFO] [stdout] failures:
[INFO] [stdout]     network_tests::get_network_1tank
[INFO] [stdout] 
[INFO] [stdout] test result: FAILED. 8 passed; 1 failed; 0 ignored; 0 measured; 0 filtered out; finished in 0.01s
[INFO] [stdout] 
[INFO] [stderr] error: test failed, to rerun pass `--bin mlsolver`
[INFO] running `Command { std: "docker" "inspect" "c1c1a0ac44fe410f353785b25776850206bedf76d734d529bb4b232fca292f0f", kill_on_drop: false }`
[INFO] running `Command { std: "docker" "rm" "-f" "c1c1a0ac44fe410f353785b25776850206bedf76d734d529bb4b232fca292f0f", kill_on_drop: false }`
[INFO] [stdout] c1c1a0ac44fe410f353785b25776850206bedf76d734d529bb4b232fca292f0f
