[INFO] cloning repository https://github.com/RimbaBazudewa/todo-actix
[INFO] running `Command { std: "git" "-c" "credential.helper=" "-c" "credential.helper=/workspace/cargo-home/bin/git-credential-null" "clone" "--bare" "https://github.com/RimbaBazudewa/todo-actix" "/workspace/cache/git-repos/https%3A%2F%2Fgithub.com%2FRimbaBazudewa%2Ftodo-actix", kill_on_drop: false }`
[INFO] [stderr] Cloning into bare repository '/workspace/cache/git-repos/https%3A%2F%2Fgithub.com%2FRimbaBazudewa%2Ftodo-actix'...
[INFO] running `Command { std: "git" "rev-parse" "HEAD", kill_on_drop: false }`
[INFO] [stdout] 38a45791a8e0f4528d518d66983bbbed8e259c25
[INFO] testing RimbaBazudewa/todo-actix against 1.69.0 for beta-1.70-1
[INFO] running `Command { std: "git" "clone" "/workspace/cache/git-repos/https%3A%2F%2Fgithub.com%2FRimbaBazudewa%2Ftodo-actix" "/workspace/builds/worker-5-tc1/source", kill_on_drop: false }`
[INFO] [stderr] Cloning into '/workspace/builds/worker-5-tc1/source'...
[INFO] [stderr] done.
[INFO] validating manifest of git repo https://github.com/RimbaBazudewa/todo-actix on toolchain 1.69.0
[INFO] running `Command { std: CARGO_HOME="/workspace/cargo-home" RUSTUP_HOME="/workspace/rustup-home" "/workspace/cargo-home/bin/cargo" "+1.69.0" "metadata" "--manifest-path" "Cargo.toml" "--no-deps", kill_on_drop: false }`
[INFO] started tweaking git repo https://github.com/RimbaBazudewa/todo-actix
[INFO] finished tweaking git repo https://github.com/RimbaBazudewa/todo-actix
[INFO] tweaked toml for git repo https://github.com/RimbaBazudewa/todo-actix written to /workspace/builds/worker-5-tc1/source/Cargo.toml
[INFO] crate git repo https://github.com/RimbaBazudewa/todo-actix already has a lockfile, it will not be regenerated
[INFO] running `Command { std: CARGO_HOME="/workspace/cargo-home" RUSTUP_HOME="/workspace/rustup-home" "/workspace/cargo-home/bin/cargo" "+1.69.0" "fetch" "--manifest-path" "Cargo.toml", kill_on_drop: false }`
[INFO] [stderr]  Downloading crates ...
[INFO] [stderr]   Downloaded tokio-postgres v0.7.5
[INFO] [stderr]   Downloaded tokio-pg-mapper v0.2.0
[INFO] [stderr]   Downloaded deadpool-postgres v0.10.1
[INFO] [stderr]   Downloaded tokio-pg-mapper-derive v0.2.0
[INFO] [stderr]   Downloaded slog-term v2.8.1
[INFO] [stderr]   Downloaded postgres-protocol v0.6.3
[INFO] [stderr]   Downloaded sha2 v0.10.1
[INFO] [stderr]   Downloaded postgres-types v0.2.2
[INFO] [stderr]   Downloaded md-5 v0.10.0
[INFO] [stderr]   Downloaded actix-http v3.0.0-rc.1
[INFO] [stderr]   Downloaded actix-web v4.0.0-rc.2
[INFO] running `Command { std: "docker" "create" "-v" "/var/lib/crater-agent-workspace/builds/worker-5-tc1/target:/opt/rustwide/target:rw,Z" "-v" "/var/lib/crater-agent-workspace/builds/worker-5-tc1/source:/opt/rustwide/workdir:ro,Z" "-v" "/var/lib/crater-agent-workspace/cargo-home:/opt/rustwide/cargo-home:ro,Z" "-v" "/var/lib/crater-agent-workspace/rustup-home:/opt/rustwide/rustup-home:ro,Z" "-e" "SOURCE_DIR=/opt/rustwide/workdir" "-e" "CARGO_TARGET_DIR=/opt/rustwide/target" "-e" "CARGO_HOME=/opt/rustwide/cargo-home" "-e" "RUSTUP_HOME=/opt/rustwide/rustup-home" "-w" "/opt/rustwide/workdir" "-m" "1610612736" "--user" "0:0" "--network" "none" "ghcr.io/rust-lang/crates-build-env/linux@sha256:5ff2268d62e97bff2cde7d5815dd6ed5b47097566f13b8d0ca110b04b60e07ed" "/opt/rustwide/cargo-home/bin/cargo" "+1.69.0" "metadata" "--no-deps" "--format-version=1", kill_on_drop: false }`
[INFO] [stdout] 071cd095f5caf150bf6b92071fd9259b27defa2c3ad07edccbacb8578d1e993b
[INFO] running `Command { std: "docker" "start" "-a" "071cd095f5caf150bf6b92071fd9259b27defa2c3ad07edccbacb8578d1e993b", kill_on_drop: false }`
[INFO] running `Command { std: "docker" "inspect" "071cd095f5caf150bf6b92071fd9259b27defa2c3ad07edccbacb8578d1e993b", kill_on_drop: false }`
[INFO] running `Command { std: "docker" "rm" "-f" "071cd095f5caf150bf6b92071fd9259b27defa2c3ad07edccbacb8578d1e993b", kill_on_drop: false }`
[INFO] [stdout] 071cd095f5caf150bf6b92071fd9259b27defa2c3ad07edccbacb8578d1e993b
[INFO] running `Command { std: "docker" "create" "-v" "/var/lib/crater-agent-workspace/builds/worker-5-tc1/target:/opt/rustwide/target:rw,Z" "-v" "/var/lib/crater-agent-workspace/builds/worker-5-tc1/source:/opt/rustwide/workdir:ro,Z" "-v" "/var/lib/crater-agent-workspace/cargo-home:/opt/rustwide/cargo-home:ro,Z" "-v" "/var/lib/crater-agent-workspace/rustup-home:/opt/rustwide/rustup-home:ro,Z" "-e" "SOURCE_DIR=/opt/rustwide/workdir" "-e" "CARGO_TARGET_DIR=/opt/rustwide/target" "-e" "CARGO_INCREMENTAL=0" "-e" "RUST_BACKTRACE=full" "-e" "RUSTFLAGS=--cap-lints=warn" "-e" "RUSTDOCFLAGS=--cap-lints=warn" "-e" "CARGO_HOME=/opt/rustwide/cargo-home" "-e" "RUSTUP_HOME=/opt/rustwide/rustup-home" "-w" "/opt/rustwide/workdir" "-m" "1610612736" "--user" "0:0" "--network" "none" "ghcr.io/rust-lang/crates-build-env/linux@sha256:5ff2268d62e97bff2cde7d5815dd6ed5b47097566f13b8d0ca110b04b60e07ed" "/opt/rustwide/cargo-home/bin/cargo" "+1.69.0" "build" "--frozen" "--message-format=json", kill_on_drop: false }`
[INFO] [stdout] bee05f9f63725f262a6a9590d9109d43a893296e1d015efbb8ef2678aa4b2aae
[INFO] running `Command { std: "docker" "start" "-a" "bee05f9f63725f262a6a9590d9109d43a893296e1d015efbb8ef2678aa4b2aae", kill_on_drop: false }`
[INFO] [stderr]    Compiling syn v1.0.86
[INFO] [stderr]    Compiling version_check v0.9.4
[INFO] [stderr]    Compiling memchr v2.4.1
[INFO] [stderr]    Compiling pin-project-lite v0.2.8
[INFO] [stderr]    Compiling bytes v1.1.0
[INFO] [stderr]    Compiling futures-core v0.3.19
[INFO] [stderr]    Compiling typenum v1.15.0
[INFO] [stderr]    Compiling futures-sink v0.3.19
[INFO] [stderr]    Compiling parking_lot_core v0.8.5
[INFO] [stderr]    Compiling futures-channel v0.3.19
[INFO] [stderr]    Compiling generic-array v0.14.5
[INFO] [stderr]    Compiling futures-task v0.3.19
[INFO] [stderr]    Compiling mio v0.7.14
[INFO] [stderr]    Compiling instant v0.1.12
[INFO] [stderr]    Compiling futures-util v0.3.19
[INFO] [stderr]    Compiling once_cell v1.9.0
[INFO] [stderr]    Compiling subtle v2.4.1
[INFO] [stderr]    Compiling pin-utils v0.1.0
[INFO] [stderr]    Compiling slab v0.4.5
[INFO] [stderr]    Compiling futures-io v0.3.19
[INFO] [stderr]    Compiling parking_lot v0.11.2
[INFO] [stderr]    Compiling getrandom v0.2.4
[INFO] [stderr]    Compiling tinyvec_macros v0.1.0
[INFO] [stderr]    Compiling tinyvec v1.5.1
[INFO] [stderr]    Compiling rand_core v0.6.3
[INFO] [stderr]    Compiling signal-hook-registry v1.4.0
[INFO] [stderr]    Compiling unicode-bidi v0.3.7
[INFO] [stderr]    Compiling block-buffer v0.10.0
[INFO] [stderr]    Compiling crypto-common v0.1.1
[INFO] [stderr]    Compiling cpufeatures v0.2.1
[INFO] [stderr]    Compiling rand_chacha v0.3.1
[INFO] [stderr]    Compiling tokio v1.16.1
[INFO] [stderr]    Compiling digest v0.10.1
[INFO] [stderr]    Compiling itoa v1.0.1
[INFO] [stderr]    Compiling percent-encoding v2.1.0
[INFO] [stderr]    Compiling rand v0.8.4
[INFO] [stderr]    Compiling serde_derive v1.0.136
[INFO] [stderr]    Compiling serde v1.0.136
[INFO] [stderr]    Compiling unicode-normalization v0.1.19
[INFO] [stderr]    Compiling hmac v0.12.0
[INFO] [stderr]    Compiling md-5 v0.10.0
[INFO] [stderr]    Compiling sha2 v0.10.1
[INFO] [stderr]    Compiling jobserver v0.1.24
[INFO] [stderr]    Compiling fallible-iterator v0.2.0
[INFO] [stderr]    Compiling num-traits v0.2.14
[INFO] [stderr]    Compiling cc v1.0.72
[INFO] [stderr]    Compiling regex-syntax v0.6.25
[INFO] [stderr]    Compiling async-trait v0.1.52
[INFO] [stderr]    Compiling stringprep v0.1.2
[INFO] [stderr]    Compiling socket2 v0.4.4
[INFO] [stderr]    Compiling siphasher v0.3.9
[INFO] [stderr]    Compiling fnv v1.0.7
[INFO] [stderr]    Compiling http v0.2.6
[INFO] [stderr]    Compiling phf_shared v0.10.0
[INFO] [stderr]    Compiling ryu v1.0.9
[INFO] [stderr]    Compiling phf v0.10.1
[INFO] [stderr]    Compiling zstd-sys v1.6.2+zstd.1.5.1
[INFO] [stderr]    Compiling aho-corasick v0.7.18
[INFO] [stderr]    Compiling bytestring v1.0.0
[INFO] [stderr]    Compiling miniz_oxide v0.4.4
[INFO] [stderr]    Compiling indexmap v1.8.0
[INFO] [stderr]    Compiling alloc-no-stdlib v2.0.3
[INFO] [stderr]    Compiling tokio-util v0.6.9
[INFO] [stderr]    Compiling zstd-safe v4.1.3+zstd.1.5.1
[INFO] [stderr]    Compiling matches v0.1.9
[INFO] [stderr]    Compiling crc32fast v1.3.1
[INFO] [stderr]    Compiling local-waker v0.1.2
[INFO] [stderr]    Compiling futures-macro v0.3.19
[INFO] [stderr]    Compiling actix-macros v0.2.3
[INFO] [stderr]    Compiling regex v1.5.4
[INFO] [stderr]    Compiling alloc-stdlib v0.2.1
[INFO] [stderr]    Compiling postgres-protocol v0.6.3
[INFO] [stderr]    Compiling tracing-core v0.1.21
[INFO] [stderr]    Compiling ahash v0.7.6
[INFO] [stderr]    Compiling firestorm v0.5.0
[INFO] [stderr]    Compiling hashbrown v0.11.2
[INFO] [stderr]    Compiling slog v2.7.0
[INFO] [stderr]    Compiling lexical-core v0.7.6
[INFO] [stderr]    Compiling httparse v1.5.1
[INFO] [stderr]    Compiling crossbeam-utils v0.8.7
[INFO] [stderr]    Compiling encoding_rs v0.8.30
[INFO] [stderr]    Compiling paste v1.0.6
[INFO] [stderr]    Compiling serde_json v1.0.78
[INFO] [stderr]    Compiling postgres-types v0.2.2
[INFO] [stderr]    Compiling actix-service v2.0.2
[INFO] [stderr]    Compiling tracing v0.1.29
[INFO] [stderr]    Compiling futures-executor v0.3.19
[INFO] [stderr]    Compiling actix-rt v2.6.0
[INFO] [stderr]    Compiling futures v0.3.19
[INFO] [stderr]    Compiling brotli-decompressor v2.3.2
[INFO] [stderr]    Compiling actix-utils v3.0.0
[INFO] [stderr]    Compiling form_urlencoded v1.0.1
[INFO] [stderr]    Compiling cookie v0.16.0
[INFO] [stderr]    Compiling nom v5.1.2
[INFO] [stderr]    Compiling dirs-sys-next v0.1.2
[INFO] [stderr]    Compiling convert_case v0.4.0
[INFO] [stderr]    Compiling time-macros v0.2.3
[INFO] [stderr]    Compiling arrayvec v0.5.2
[INFO] [stderr]    Compiling num_threads v0.1.3
[INFO] [stderr]    Compiling static_assertions v1.1.0
[INFO] [stderr]    Compiling derive_more v0.99.17
[INFO] [stderr]    Compiling dirs-next v2.0.0
[INFO] [stderr]    Compiling brotli v3.3.3
[INFO] [stderr]    Compiling time v0.3.7
[INFO] [stderr]    Compiling actix-router v0.5.0-rc.3
[INFO] [stderr]    Compiling flate2 v1.0.22
[INFO] [stderr]    Compiling tokio-postgres v0.7.5
[INFO] [stderr]    Compiling h2 v0.3.11
[INFO] [stderr]    Compiling local-channel v0.1.2
[INFO] [stderr]    Compiling num-integer v0.1.44
[INFO] [stderr]    Compiling idna v0.2.3
[INFO] [stderr]    Compiling actix-codec v0.4.2
[INFO] [stderr]    Compiling deadpool-runtime v0.1.2
[INFO] [stderr]    Compiling num-traits v0.1.43
[INFO] [stderr]    Compiling sha-1 v0.10.0
[INFO] [stderr]    Compiling thread_local v1.1.4
[INFO] [stderr]    Compiling mio v0.8.0
[INFO] [stderr]    Compiling mime v0.3.16
[INFO] [stderr]    Compiling language-tags v0.3.2
[INFO] [stderr]    Compiling serde v0.8.23
[INFO] [stderr]    Compiling httpdate v1.0.2
[INFO] [stderr]    Compiling slog-async v2.7.0
[INFO] [stderr]    Compiling linked-hash-map v0.5.4
[INFO] [stderr]    Compiling actix-server v2.0.0
[INFO] [stderr]    Compiling deadpool v0.9.2
[INFO] [stderr]    Compiling yaml-rust v0.4.5
[INFO] [stderr]    Compiling url v2.2.2
[INFO] [stderr]    Compiling crossbeam-channel v0.5.2
[INFO] [stderr]    Compiling chrono v0.4.19
[INFO] [stderr]    Compiling serde-hjson v0.9.1
[INFO] [stderr]    Compiling actix-web-codegen v0.5.0-rc.2
[INFO] [stderr]    Compiling toml v0.5.8
[INFO] [stderr]    Compiling serde_urlencoded v0.7.1
[INFO] [stderr]    Compiling term v0.7.0
[INFO] [stderr]    Compiling atty v0.2.14
[INFO] [stderr]    Compiling take_mut v0.2.2
[INFO] [stderr]    Compiling rust-ini v0.13.0
[INFO] [stderr]    Compiling slog-term v2.8.1
[INFO] [stderr]    Compiling config v0.11.0
[INFO] [stderr]    Compiling deadpool-postgres v0.10.1
[INFO] [stderr]    Compiling tokio-pg-mapper v0.2.0
[INFO] [stderr]    Compiling dotenv v0.15.0
[INFO] [stderr]    Compiling tokio-pg-mapper-derive v0.2.0
[INFO] [stderr]    Compiling zstd v0.9.2+zstd.1.5.1
[INFO] [stderr]    Compiling actix-http v3.0.0-rc.1
[INFO] [stderr]    Compiling actix-web v4.0.0-rc.2
[INFO] [stderr]    Compiling todo-actix v0.1.0 (/opt/rustwide/workdir)
[INFO] [stdout] warning: variant `NotFoundError` is never constructed
[INFO] [stdout]  --> src/errors.rs:9:5
[INFO] [stdout]   |
[INFO] [stdout] 7 | pub enum AppErrorType {
[INFO] [stdout]   |          ------------ variant in this enum
[INFO] [stdout] 8 |     DBError,
[INFO] [stdout] 9 |     NotFoundError,
[INFO] [stdout]   |     ^^^^^^^^^^^^^
[INFO] [stdout]   |
[INFO] [stdout]   = note: `AppErrorType` has a derived impl for the trait `Debug`, but this is intentionally ignored during dead code analysis
[INFO] [stdout]   = note: `#[warn(dead_code)]` on by default
[INFO] [stdout] 
[INFO] [stdout] 
[INFO] [stdout] warning: 1 warning emitted
[INFO] [stdout] 
[INFO] [stdout] 
[INFO] [stderr]     Finished dev [unoptimized + debuginfo] target(s) in 1m 08s
[INFO] [stderr] warning: the following packages contain code that will be rejected by a future version of Rust: nom v5.1.2
[INFO] [stderr] note: to see what the problems were, use the option `--future-incompat-report`, or run `cargo report future-incompatibilities --id 2`
[INFO] running `Command { std: "docker" "inspect" "bee05f9f63725f262a6a9590d9109d43a893296e1d015efbb8ef2678aa4b2aae", kill_on_drop: false }`
[INFO] running `Command { std: "docker" "rm" "-f" "bee05f9f63725f262a6a9590d9109d43a893296e1d015efbb8ef2678aa4b2aae", kill_on_drop: false }`
[INFO] [stdout] bee05f9f63725f262a6a9590d9109d43a893296e1d015efbb8ef2678aa4b2aae
[INFO] running `Command { std: "docker" "create" "-v" "/var/lib/crater-agent-workspace/builds/worker-5-tc1/target:/opt/rustwide/target:rw,Z" "-v" "/var/lib/crater-agent-workspace/builds/worker-5-tc1/source:/opt/rustwide/workdir:ro,Z" "-v" "/var/lib/crater-agent-workspace/cargo-home:/opt/rustwide/cargo-home:ro,Z" "-v" "/var/lib/crater-agent-workspace/rustup-home:/opt/rustwide/rustup-home:ro,Z" "-e" "SOURCE_DIR=/opt/rustwide/workdir" "-e" "CARGO_TARGET_DIR=/opt/rustwide/target" "-e" "CARGO_INCREMENTAL=0" "-e" "RUST_BACKTRACE=full" "-e" "RUSTFLAGS=--cap-lints=warn" "-e" "RUSTDOCFLAGS=--cap-lints=warn" "-e" "CARGO_HOME=/opt/rustwide/cargo-home" "-e" "RUSTUP_HOME=/opt/rustwide/rustup-home" "-w" "/opt/rustwide/workdir" "-m" "1610612736" "--user" "0:0" "--network" "none" "ghcr.io/rust-lang/crates-build-env/linux@sha256:5ff2268d62e97bff2cde7d5815dd6ed5b47097566f13b8d0ca110b04b60e07ed" "/opt/rustwide/cargo-home/bin/cargo" "+1.69.0" "test" "--frozen" "--no-run" "--message-format=json", kill_on_drop: false }`
[INFO] [stdout] d655867ccbab5542d3a3e2773982de292332fb88d9a0c18f5193504f2e55c0d4
[INFO] running `Command { std: "docker" "start" "-a" "d655867ccbab5542d3a3e2773982de292332fb88d9a0c18f5193504f2e55c0d4", kill_on_drop: false }`
[INFO] [stderr]     Blocking waiting for file lock on package cache
[INFO] [stderr]    Compiling todo-actix v0.1.0 (/opt/rustwide/workdir)
[INFO] [stdout] warning: use of deprecated function `actix_web::test::read_response_json`: Renamed to `call_and_read_body_json`.
[INFO] [stdout]    --> src/main.rs:109:42
[INFO] [stdout]     |
[INFO] [stdout] 109 |         let todos: Vec<TodoList> = test::read_response_json(&mut app, req).await;
[INFO] [stdout]     |                                          ^^^^^^^^^^^^^^^^^^
[INFO] [stdout]     |
[INFO] [stdout]     = note: `#[warn(deprecated)]` on by default
[INFO] [stdout] 
[INFO] [stdout] 
[INFO] [stdout] warning: variant `NotFoundError` is never constructed
[INFO] [stdout]  --> src/errors.rs:9:5
[INFO] [stdout]   |
[INFO] [stdout] 7 | pub enum AppErrorType {
[INFO] [stdout]   |          ------------ variant in this enum
[INFO] [stdout] 8 |     DBError,
[INFO] [stdout] 9 |     NotFoundError,
[INFO] [stdout]   |     ^^^^^^^^^^^^^
[INFO] [stdout]   |
[INFO] [stdout]   = note: `AppErrorType` has a derived impl for the trait `Debug`, but this is intentionally ignored during dead code analysis
[INFO] [stdout]   = note: `#[warn(dead_code)]` on by default
[INFO] [stdout] 
[INFO] [stdout] 
[INFO] [stdout] warning: 2 warnings emitted
[INFO] [stdout] 
[INFO] [stdout] 
[INFO] [stderr]     Finished test [unoptimized + debuginfo] target(s) in 5.89s
[INFO] [stderr] warning: the following packages contain code that will be rejected by a future version of Rust: nom v5.1.2
[INFO] [stderr] note: to see what the problems were, use the option `--future-incompat-report`, or run `cargo report future-incompatibilities --id 2`
[INFO] running `Command { std: "docker" "inspect" "d655867ccbab5542d3a3e2773982de292332fb88d9a0c18f5193504f2e55c0d4", kill_on_drop: false }`
[INFO] running `Command { std: "docker" "rm" "-f" "d655867ccbab5542d3a3e2773982de292332fb88d9a0c18f5193504f2e55c0d4", kill_on_drop: false }`
[INFO] [stdout] d655867ccbab5542d3a3e2773982de292332fb88d9a0c18f5193504f2e55c0d4
[INFO] running `Command { std: "docker" "create" "-v" "/var/lib/crater-agent-workspace/builds/worker-5-tc1/target:/opt/rustwide/target:rw,Z" "-v" "/var/lib/crater-agent-workspace/builds/worker-5-tc1/source:/opt/rustwide/workdir:ro,Z" "-v" "/var/lib/crater-agent-workspace/cargo-home:/opt/rustwide/cargo-home:ro,Z" "-v" "/var/lib/crater-agent-workspace/rustup-home:/opt/rustwide/rustup-home:ro,Z" "-e" "SOURCE_DIR=/opt/rustwide/workdir" "-e" "CARGO_TARGET_DIR=/opt/rustwide/target" "-e" "CARGO_INCREMENTAL=0" "-e" "RUST_BACKTRACE=full" "-e" "RUSTFLAGS=--cap-lints=warn" "-e" "RUSTDOCFLAGS=--cap-lints=warn" "-e" "CARGO_HOME=/opt/rustwide/cargo-home" "-e" "RUSTUP_HOME=/opt/rustwide/rustup-home" "-w" "/opt/rustwide/workdir" "-m" "1610612736" "--user" "0:0" "--network" "none" "ghcr.io/rust-lang/crates-build-env/linux@sha256:5ff2268d62e97bff2cde7d5815dd6ed5b47097566f13b8d0ca110b04b60e07ed" "/opt/rustwide/cargo-home/bin/cargo" "+1.69.0" "test" "--frozen", kill_on_drop: false }`
[INFO] [stdout] 27fb82d42388c151b8faf3dca027a942818fe55df64ce88ae6cb4b22b7cda934
[INFO] running `Command { std: "docker" "start" "-a" "27fb82d42388c151b8faf3dca027a942818fe55df64ce88ae6cb4b22b7cda934", kill_on_drop: false }`
[INFO] [stderr] warning: use of deprecated function `actix_web::test::read_response_json`: Renamed to `call_and_read_body_json`.
[INFO] [stderr]    --> src/main.rs:109:42
[INFO] [stderr]     |
[INFO] [stderr] 109 |         let todos: Vec<TodoList> = test::read_response_json(&mut app, req).await;
[INFO] [stderr]     |                                          ^^^^^^^^^^^^^^^^^^
[INFO] [stderr]     |
[INFO] [stderr]     = note: `#[warn(deprecated)]` on by default
[INFO] [stderr] 
[INFO] [stderr] warning: variant `NotFoundError` is never constructed
[INFO] [stderr]  --> src/errors.rs:9:5
[INFO] [stderr]   |
[INFO] [stderr] 7 | pub enum AppErrorType {
[INFO] [stderr]   |          ------------ variant in this enum
[INFO] [stderr] 8 |     DBError,
[INFO] [stderr] 9 |     NotFoundError,
[INFO] [stderr]   |     ^^^^^^^^^^^^^
[INFO] [stderr]   |
[INFO] [stderr]   = note: `AppErrorType` has a derived impl for the trait `Debug`, but this is intentionally ignored during dead code analysis
[INFO] [stderr]   = note: `#[warn(dead_code)]` on by default
[INFO] [stderr] 
[INFO] [stderr] warning: `todo-actix` (bin "todo-actix" test) generated 2 warnings
[INFO] [stderr]     Finished test [unoptimized + debuginfo] target(s) in 0.17s
[INFO] [stderr] warning: the following packages contain code that will be rejected by a future version of Rust: nom v5.1.2
[INFO] [stderr] note: to see what the problems were, use the option `--future-incompat-report`, or run `cargo report future-incompatibilities --id 2`
[INFO] [stderr]      Running unittests src/main.rs (/opt/rustwide/target/debug/deps/todo_actix-2f9c11b4a67c35ee)
[INFO] [stdout] 
[INFO] [stdout] running 4 tests
[INFO] [stdout] test errors::tests::test_default_message ... ok
[INFO] [stdout] test errors::tests::test_custom_message ... ok
[INFO] [stderr] Apr 30 09:02:37.342 CRIT Error createing client, cause: Error occurred while creating a new object: error connecting to server: Connection refused (os error 111), handler: create_todo, v: 0.1.0
[INFO] [stderr] Apr 30 09:02:37.356 CRIT Error createing client, cause: Error occurred while creating a new object: error connecting to server: Connection refused (os error 111), handler: get_todos, v: 0.1.0
[INFO] [stdout] test integration_tests::test_get_todos ... FAILED
[INFO] [stdout] test integration_tests::test_create_todos ... FAILED
[INFO] [stdout] 
[INFO] [stdout] failures:
[INFO] [stdout] 
[INFO] [stdout] ---- integration_tests::test_get_todos stdout ----
[INFO] [stdout] thread 'integration_tests::test_get_todos' panicked at 'assertion failed: `(left == right)`
[INFO] [stdout]   left: `500`,
[INFO] [stdout]  right: `200`: GET /todos shoudl return 200', src/main.rs:78:9
[INFO] [stdout] stack backtrace:
[INFO] [stdout]    0:     0x558d457ef4ba - std::backtrace_rs::backtrace::libunwind::trace::ha9053a9a07ca49cb
[INFO] [stdout]                                at /rustc/84c898d65adf2f39a5a98507f1fe0ce10a2b8dbc/library/std/src/../../backtrace/src/backtrace/libunwind.rs:93:5
[INFO] [stdout]    1:     0x558d457ef4ba - std::backtrace_rs::backtrace::trace_unsynchronized::h9c2852a457ad564e
[INFO] [stdout]                                at /rustc/84c898d65adf2f39a5a98507f1fe0ce10a2b8dbc/library/std/src/../../backtrace/src/backtrace/mod.rs:66:5
[INFO] [stdout]    2:     0x558d457ef4ba - std::sys_common::backtrace::_print_fmt::h457936fbfaa0070f
[INFO] [stdout]                                at /rustc/84c898d65adf2f39a5a98507f1fe0ce10a2b8dbc/library/std/src/sys_common/backtrace.rs:65:5
[INFO] [stdout]    3:     0x558d457ef4ba - <std::sys_common::backtrace::_print::DisplayBacktrace as core::fmt::Display>::fmt::h5779d7bf7f70cb0c
[INFO] [stdout]                                at /rustc/84c898d65adf2f39a5a98507f1fe0ce10a2b8dbc/library/std/src/sys_common/backtrace.rs:44:22
[INFO] [stdout]    4:     0x558d45815ebe - core::fmt::write::h5a4baaff1bcd3eb5
[INFO] [stdout]                                at /rustc/84c898d65adf2f39a5a98507f1fe0ce10a2b8dbc/library/core/src/fmt/mod.rs:1232:17
[INFO] [stdout]    5:     0x558d457ebfa5 - std::io::Write::write_fmt::h478f79c628ef31d1
[INFO] [stdout]                                at /rustc/84c898d65adf2f39a5a98507f1fe0ce10a2b8dbc/library/std/src/io/mod.rs:1684:15
[INFO] [stdout]    6:     0x558d457ef285 - std::sys_common::backtrace::_print::h5fcdc36060f177e8
[INFO] [stdout]                                at /rustc/84c898d65adf2f39a5a98507f1fe0ce10a2b8dbc/library/std/src/sys_common/backtrace.rs:47:5
[INFO] [stdout]    7:     0x558d457ef285 - std::sys_common::backtrace::print::h54ca9458b876c8bf
[INFO] [stdout]                                at /rustc/84c898d65adf2f39a5a98507f1fe0ce10a2b8dbc/library/std/src/sys_common/backtrace.rs:34:9
[INFO] [stdout]    8:     0x558d457f104f - std::panicking::default_hook::{{closure}}::hbe471161c7664ed6
[INFO] [stdout]                                at /rustc/84c898d65adf2f39a5a98507f1fe0ce10a2b8dbc/library/std/src/panicking.rs:271:22
[INFO] [stdout]    9:     0x558d457f0d0f - std::panicking::default_hook::ha3500da57aa4ac4f
[INFO] [stdout]                                at /rustc/84c898d65adf2f39a5a98507f1fe0ce10a2b8dbc/library/std/src/panicking.rs:287:9
[INFO] [stdout]   10:     0x558d451e2d97 - <alloc::boxed::Box<F,A> as core::ops::function::Fn<Args>>::call::hdf1b89dd137ece34
[INFO] [stdout]                                at /rustc/84c898d65adf2f39a5a98507f1fe0ce10a2b8dbc/library/alloc/src/boxed.rs:2001:9
[INFO] [stdout]   11:     0x558d451e2d97 - test::test_main::{{closure}}::h9081a79f20e75698
[INFO] [stdout]                                at /rustc/84c898d65adf2f39a5a98507f1fe0ce10a2b8dbc/library/test/src/lib.rs:135:21
[INFO] [stdout]   12:     0x558d457f177d - <alloc::boxed::Box<F,A> as core::ops::function::Fn<Args>>::call::h6507bddc3eebb4a5
[INFO] [stdout]                                at /rustc/84c898d65adf2f39a5a98507f1fe0ce10a2b8dbc/library/alloc/src/boxed.rs:2001:9
[INFO] [stdout]   13:     0x558d457f177d - std::panicking::rust_panic_with_hook::h50c09d000dc561d2
[INFO] [stdout]                                at /rustc/84c898d65adf2f39a5a98507f1fe0ce10a2b8dbc/library/std/src/panicking.rs:696:13
[INFO] [stdout]   14:     0x558d457f14f9 - std::panicking::begin_panic_handler::{{closure}}::h9e2b2176e00e0d9c
[INFO] [stdout]                                at /rustc/84c898d65adf2f39a5a98507f1fe0ce10a2b8dbc/library/std/src/panicking.rs:583:13
[INFO] [stdout]   15:     0x558d457ef926 - std::sys_common::backtrace::__rust_end_short_backtrace::h5739b8e512c09d02
[INFO] [stdout]                                at /rustc/84c898d65adf2f39a5a98507f1fe0ce10a2b8dbc/library/std/src/sys_common/backtrace.rs:150:18
[INFO] [stdout]   16:     0x558d457f1202 - rust_begin_unwind
[INFO] [stdout]                                at /rustc/84c898d65adf2f39a5a98507f1fe0ce10a2b8dbc/library/std/src/panicking.rs:579:5
[INFO] [stdout]   17:     0x558d450e64c3 - core::panicking::panic_fmt::hf33a1475b4dc5c3e
[INFO] [stdout]                                at /rustc/84c898d65adf2f39a5a98507f1fe0ce10a2b8dbc/library/core/src/panicking.rs:64:14
[INFO] [stdout]   18:     0x558d450e68e9 - core::panicking::assert_failed_inner::haf9816227b20b6f2
[INFO] [stdout]   19:     0x558d4514c01e - core::panicking::assert_failed::h05ebe66cf46cd94e
[INFO] [stdout]                                at /rustc/84c898d65adf2f39a5a98507f1fe0ce10a2b8dbc/library/core/src/panicking.rs:211:5
[INFO] [stdout]   20:     0x558d4515b2a0 - todo_actix::integration_tests::test_get_todos::{{closure}}::h0e8f1024ae227b11
[INFO] [stdout]                                at /opt/rustwide/workdir/src/main.rs:78:9
[INFO] [stdout]   21:     0x558d450fb6b0 - <tokio::task::local::RunUntil<T> as core::future::future::Future>::poll::{{closure}}::{{closure}}::h910da0862eeb7b95
[INFO] [stdout]                                at /opt/rustwide/cargo-home/registry/src/github.com-1ecc6299db9ec823/tokio-1.16.1/src/task/local.rs:642:65
[INFO] [stdout]   22:     0x558d451051e0 - tokio::coop::with_budget::{{closure}}::hcacf7e571ebb1b6f
[INFO] [stdout]                                at /opt/rustwide/cargo-home/registry/src/github.com-1ecc6299db9ec823/tokio-1.16.1/src/coop.rs:102:9
[INFO] [stdout]   23:     0x558d4515dcc4 - std::thread::local::LocalKey<T>::try_with::hc07eb33be0a429f7
[INFO] [stdout]                                at /rustc/84c898d65adf2f39a5a98507f1fe0ce10a2b8dbc/library/std/src/thread/local.rs:446:16
[INFO] [stdout]   24:     0x558d4515ca0a - std::thread::local::LocalKey<T>::with::h48e792b7dc5d570e
[INFO] [stdout]                                at /rustc/84c898d65adf2f39a5a98507f1fe0ce10a2b8dbc/library/std/src/thread/local.rs:422:9
[INFO] [stdout]   25:     0x558d450fb54f - tokio::coop::with_budget::hdc2fc3b4638725df
[INFO] [stdout]                                at /opt/rustwide/cargo-home/registry/src/github.com-1ecc6299db9ec823/tokio-1.16.1/src/coop.rs:95:5
[INFO] [stdout]   26:     0x558d450fb54f - tokio::coop::budget::h49f7886f20a3ed05
[INFO] [stdout]                                at /opt/rustwide/cargo-home/registry/src/github.com-1ecc6299db9ec823/tokio-1.16.1/src/coop.rs:72:5
[INFO] [stdout]   27:     0x558d450fb54f - <tokio::task::local::RunUntil<T> as core::future::future::Future>::poll::{{closure}}::hff13e494512d376d
[INFO] [stdout]                                at /opt/rustwide/cargo-home/registry/src/github.com-1ecc6299db9ec823/tokio-1.16.1/src/task/local.rs:642:42
[INFO] [stdout]   28:     0x558d45169cd7 - tokio::macros::scoped_tls::ScopedKey<T>::set::hf2e7fa0ba81ca163
[INFO] [stdout]                                at /opt/rustwide/cargo-home/registry/src/github.com-1ecc6299db9ec823/tokio-1.16.1/src/macros/scoped_tls.rs:61:9
[INFO] [stdout]   29:     0x558d450f5fc7 - tokio::task::local::LocalSet::with::hd58d16e73f809256
[INFO] [stdout]                                at /opt/rustwide/cargo-home/registry/src/github.com-1ecc6299db9ec823/tokio-1.16.1/src/task/local.rs:559:9
[INFO] [stdout]   30:     0x558d450fb18a - <tokio::task::local::RunUntil<T> as core::future::future::Future>::poll::hb575a7b459ec0709
[INFO] [stdout]                                at /opt/rustwide/cargo-home/registry/src/github.com-1ecc6299db9ec823/tokio-1.16.1/src/task/local.rs:632:9
[INFO] [stdout]   31:     0x558d450f6326 - tokio::task::local::LocalSet::run_until::{{closure}}::h6f47c36e4116f91f
[INFO] [stdout]                                at /opt/rustwide/cargo-home/registry/src/github.com-1ecc6299db9ec823/tokio-1.16.1/src/task/local.rs:505:18
[INFO] [stdout]   32:     0x558d45199f8b - <core::pin::Pin<P> as core::future::future::Future>::poll::h35a0fd90ea428af3
[INFO] [stdout]                                at /rustc/84c898d65adf2f39a5a98507f1fe0ce10a2b8dbc/library/core/src/future/future.rs:125:9
[INFO] [stdout]   33:     0x558d450fa434 - tokio::runtime::basic_scheduler::CoreGuard::block_on::{{closure}}::{{closure}}::{{closure}}::hc4db877bfba12f0e
[INFO] [stdout]                                at /opt/rustwide/cargo-home/registry/src/github.com-1ecc6299db9ec823/tokio-1.16.1/src/runtime/basic_scheduler.rs:516:48
[INFO] [stdout]   34:     0x558d45105440 - tokio::coop::with_budget::{{closure}}::he766f014315ccb83
[INFO] [stdout]                                at /opt/rustwide/cargo-home/registry/src/github.com-1ecc6299db9ec823/tokio-1.16.1/src/coop.rs:102:9
[INFO] [stdout]   35:     0x558d4515eb14 - std::thread::local::LocalKey<T>::try_with::hfa7fead33a3c9e99
[INFO] [stdout]                                at /rustc/84c898d65adf2f39a5a98507f1fe0ce10a2b8dbc/library/std/src/thread/local.rs:446:16
[INFO] [stdout]   36:     0x558d4515c90a - std::thread::local::LocalKey<T>::with::h06536608a069928c
[INFO] [stdout]                                at /rustc/84c898d65adf2f39a5a98507f1fe0ce10a2b8dbc/library/std/src/thread/local.rs:422:9
[INFO] [stdout]   37:     0x558d450fa326 - tokio::coop::with_budget::hc5a13ebd11a6fda1
[INFO] [stdout]                                at /opt/rustwide/cargo-home/registry/src/github.com-1ecc6299db9ec823/tokio-1.16.1/src/coop.rs:95:5
[INFO] [stdout]   38:     0x558d450fa326 - tokio::coop::budget::h99296ba48015db96
[INFO] [stdout]                                at /opt/rustwide/cargo-home/registry/src/github.com-1ecc6299db9ec823/tokio-1.16.1/src/coop.rs:72:5
[INFO] [stdout]   39:     0x558d450fa326 - tokio::runtime::basic_scheduler::CoreGuard::block_on::{{closure}}::{{closure}}::hd6d6908e288e445c
[INFO] [stdout]                                at /opt/rustwide/cargo-home/registry/src/github.com-1ecc6299db9ec823/tokio-1.16.1/src/runtime/basic_scheduler.rs:516:25
[INFO] [stdout]   40:     0x558d450f7dce - tokio::runtime::basic_scheduler::Context::enter::hb03cbd4e8115dbd8
[INFO] [stdout]                                at /opt/rustwide/cargo-home/registry/src/github.com-1ecc6299db9ec823/tokio-1.16.1/src/runtime/basic_scheduler.rs:374:19
[INFO] [stdout]   41:     0x558d450f94cd - tokio::runtime::basic_scheduler::CoreGuard::block_on::{{closure}}::he171010b053cacc9
[INFO] [stdout]                                at /opt/rustwide/cargo-home/registry/src/github.com-1ecc6299db9ec823/tokio-1.16.1/src/runtime/basic_scheduler.rs:515:36
[INFO] [stdout]   42:     0x558d450f91fb - tokio::runtime::basic_scheduler::CoreGuard::enter::{{closure}}::h6ae2a945aed0acf4
[INFO] [stdout]                                at /opt/rustwide/cargo-home/registry/src/github.com-1ecc6299db9ec823/tokio-1.16.1/src/runtime/basic_scheduler.rs:582:57
[INFO] [stdout]   43:     0x558d45169ef7 - tokio::macros::scoped_tls::ScopedKey<T>::set::hffd02061559c6b38
[INFO] [stdout]                                at /opt/rustwide/cargo-home/registry/src/github.com-1ecc6299db9ec823/tokio-1.16.1/src/macros/scoped_tls.rs:61:9
[INFO] [stdout]   44:     0x558d450f8bd3 - tokio::runtime::basic_scheduler::CoreGuard::enter::hccb4faea5529cd41
[INFO] [stdout]                                at /opt/rustwide/cargo-home/registry/src/github.com-1ecc6299db9ec823/tokio-1.16.1/src/runtime/basic_scheduler.rs:582:27
[INFO] [stdout]   45:     0x558d450f9238 - tokio::runtime::basic_scheduler::CoreGuard::block_on::h9c61cfceb727d8f5
[INFO] [stdout]                                at /opt/rustwide/cargo-home/registry/src/github.com-1ecc6299db9ec823/tokio-1.16.1/src/runtime/basic_scheduler.rs:506:9
[INFO] [stdout]   46:     0x558d450f70d8 - tokio::runtime::basic_scheduler::BasicScheduler::block_on::hc0f2f5b40cf895f2
[INFO] [stdout]                                at /opt/rustwide/cargo-home/registry/src/github.com-1ecc6299db9ec823/tokio-1.16.1/src/runtime/basic_scheduler.rs:182:24
[INFO] [stdout]   47:     0x558d450fa4f0 - tokio::runtime::Runtime::block_on::h058538c99603476e
[INFO] [stdout]                                at /opt/rustwide/cargo-home/registry/src/github.com-1ecc6299db9ec823/tokio-1.16.1/src/runtime/mod.rs:475:46
[INFO] [stdout]   48:     0x558d450f6012 - tokio::task::local::LocalSet::block_on::h37be290e39bb1659
[INFO] [stdout]                                at /opt/rustwide/cargo-home/registry/src/github.com-1ecc6299db9ec823/tokio-1.16.1/src/task/local.rs:466:9
[INFO] [stdout]   49:     0x558d45157894 - actix_rt::runtime::Runtime::block_on::haf31408ce6d9bbeb
[INFO] [stdout]                                at /opt/rustwide/cargo-home/registry/src/github.com-1ecc6299db9ec823/actix-rt-2.6.0/src/runtime.rs:80:9
[INFO] [stdout]   50:     0x558d4519c27a - actix_rt::system::SystemRunner::block_on::hba524d3aeeddc8e5
[INFO] [stdout]                                at /opt/rustwide/cargo-home/registry/src/github.com-1ecc6299db9ec823/actix-rt-2.6.0/src/system.rs:209:9
[INFO] [stdout]   51:     0x558d4515aaa2 - todo_actix::integration_tests::test_get_todos::hb6e4d60be7e1675c
[INFO] [stdout]                                at /opt/rustwide/workdir/src/main.rs:70:5
[INFO] [stdout]   52:     0x558d4515aa27 - todo_actix::integration_tests::test_get_todos::{{closure}}::he85fbad094991505
[INFO] [stdout]                                at /opt/rustwide/workdir/src/main.rs:70:5
[INFO] [stdout]   53:     0x558d45183d55 - core::ops::function::FnOnce::call_once::h1f60c08c0dc6d395
[INFO] [stdout]                                at /rustc/84c898d65adf2f39a5a98507f1fe0ce10a2b8dbc/library/core/src/ops/function.rs:250:5
[INFO] [stdout]   54:     0x558d451e817f - core::ops::function::FnOnce::call_once::h7d969581be7d0075
[INFO] [stdout]                                at /rustc/84c898d65adf2f39a5a98507f1fe0ce10a2b8dbc/library/core/src/ops/function.rs:250:5
[INFO] [stdout]   55:     0x558d451e817f - test::__rust_begin_short_backtrace::hca25a52684e56655
[INFO] [stdout]                                at /rustc/84c898d65adf2f39a5a98507f1fe0ce10a2b8dbc/library/test/src/lib.rs:656:18
[INFO] [stdout]   56:     0x558d451b979c - test::run_test::{{closure}}::ha8ac744c4af1a4bb
[INFO] [stdout]                                at /rustc/84c898d65adf2f39a5a98507f1fe0ce10a2b8dbc/library/test/src/lib.rs:647:30
[INFO] [stdout]   57:     0x558d451b979c - core::ops::function::FnOnce::call_once{{vtable.shim}}::h7b411a9ed45bdecf
[INFO] [stdout]                                at /rustc/84c898d65adf2f39a5a98507f1fe0ce10a2b8dbc/library/core/src/ops/function.rs:250:5
[INFO] [stdout]   58:     0x558d451e7146 - <alloc::boxed::Box<F,A> as core::ops::function::FnOnce<Args>>::call_once::hd05328869a8ed200
[INFO] [stdout]                                at /rustc/84c898d65adf2f39a5a98507f1fe0ce10a2b8dbc/library/alloc/src/boxed.rs:1987:9
[INFO] [stdout]   59:     0x558d451e7146 - <core::panic::unwind_safe::AssertUnwindSafe<F> as core::ops::function::FnOnce<()>>::call_once::h0c601ce20bd5b2be
[INFO] [stdout]                                at /rustc/84c898d65adf2f39a5a98507f1fe0ce10a2b8dbc/library/core/src/panic/unwind_safe.rs:271:9
[INFO] [stdout]   60:     0x558d451e7146 - std::panicking::try::do_call::ha4be5c164fe30854
[INFO] [stdout]                                at /rustc/84c898d65adf2f39a5a98507f1fe0ce10a2b8dbc/library/std/src/panicking.rs:487:40
[INFO] [stdout]   61:     0x558d451e7146 - std::panicking::try::h604546f3609af05f
[INFO] [stdout]                                at /rustc/84c898d65adf2f39a5a98507f1fe0ce10a2b8dbc/library/std/src/panicking.rs:451:19
[INFO] [stdout]   62:     0x558d451e7146 - std::panic::catch_unwind::h5bfa8afe44c9c2f9
[INFO] [stdout]                                at /rustc/84c898d65adf2f39a5a98507f1fe0ce10a2b8dbc/library/std/src/panic.rs:140:14
[INFO] [stdout]   63:     0x558d451e7146 - test::run_test_in_process::hd50dee55dd63e6aa
[INFO] [stdout]                                at /rustc/84c898d65adf2f39a5a98507f1fe0ce10a2b8dbc/library/test/src/lib.rs:679:27
[INFO] [stdout]   64:     0x558d451e7146 - test::run_test::run_test_inner::{{closure}}::h4aa0f433aa85cea8
[INFO] [stdout]                                at /rustc/84c898d65adf2f39a5a98507f1fe0ce10a2b8dbc/library/test/src/lib.rs:573:39
[INFO] [stdout]   65:     0x558d451b3e11 - test::run_test::run_test_inner::{{closure}}::had56431adf24b4d6
[INFO] [stdout]                                at /rustc/84c898d65adf2f39a5a98507f1fe0ce10a2b8dbc/library/test/src/lib.rs:600:37
[INFO] [stdout]   66:     0x558d451b3e11 - std::sys_common::backtrace::__rust_begin_short_backtrace::ha8d9890e0c73bf13
[INFO] [stdout]                                at /rustc/84c898d65adf2f39a5a98507f1fe0ce10a2b8dbc/library/std/src/sys_common/backtrace.rs:134:18
[INFO] [stdout]   67:     0x558d451b982b - std::thread::Builder::spawn_unchecked_::{{closure}}::{{closure}}::h251832bcb4a95327
[INFO] [stdout]                                at /rustc/84c898d65adf2f39a5a98507f1fe0ce10a2b8dbc/library/std/src/thread/mod.rs:560:17
[INFO] [stdout]   68:     0x558d451b982b - <core::panic::unwind_safe::AssertUnwindSafe<F> as core::ops::function::FnOnce<()>>::call_once::h8fdff598fa414831
[INFO] [stdout]                                at /rustc/84c898d65adf2f39a5a98507f1fe0ce10a2b8dbc/library/core/src/panic/unwind_safe.rs:271:9
[INFO] [stdout]   69:     0x558d451b982b - std::panicking::try::do_call::h455dd2f7764a950f
[INFO] [stdout]                                at /rustc/84c898d65adf2f39a5a98507f1fe0ce10a2b8dbc/library/std/src/panicking.rs:487:40
[INFO] [stdout]   70:     0x558d451b982b - std::panicking::try::had6f23b7b73ae72a
[INFO] [stdout]                                at /rustc/84c898d65adf2f39a5a98507f1fe0ce10a2b8dbc/library/std/src/panicking.rs:451:19
[INFO] [stdout]   71:     0x558d451b982b - std::panic::catch_unwind::ha6a5ca3915b4dad0
[INFO] [stdout]                                at /rustc/84c898d65adf2f39a5a98507f1fe0ce10a2b8dbc/library/std/src/panic.rs:140:14
[INFO] [stdout]   72:     0x558d451b982b - std::thread::Builder::spawn_unchecked_::{{closure}}::h883b72ef75da6231
[INFO] [stdout]                                at /rustc/84c898d65adf2f39a5a98507f1fe0ce10a2b8dbc/library/std/src/thread/mod.rs:559:30
[INFO] [stdout]   73:     0x558d451b982b - core::ops::function::FnOnce::call_once{{vtable.shim}}::hb7dff73dc8bd2ccb
[INFO] [stdout]                                at /rustc/84c898d65adf2f39a5a98507f1fe0ce10a2b8dbc/library/core/src/ops/function.rs:250:5
[INFO] [stdout]   74:     0x558d457f5d03 - <alloc::boxed::Box<F,A> as core::ops::function::FnOnce<Args>>::call_once::h39990b24eedef2ab
[INFO] [stdout]                                at /rustc/84c898d65adf2f39a5a98507f1fe0ce10a2b8dbc/library/alloc/src/boxed.rs:1987:9
[INFO] [stdout]   75:     0x558d457f5d03 - <alloc::boxed::Box<F,A> as core::ops::function::FnOnce<Args>>::call_once::h01a027258444143b
[INFO] [stdout]                                at /rustc/84c898d65adf2f39a5a98507f1fe0ce10a2b8dbc/library/alloc/src/boxed.rs:1987:9
[INFO] [stdout]   76:     0x558d457f5d03 - std::sys::unix::thread::Thread::new::thread_start::ha4f1cdd9c25884ba
[INFO] [stdout]                                at /rustc/84c898d65adf2f39a5a98507f1fe0ce10a2b8dbc/library/std/src/sys/unix/thread.rs:108:17
[INFO] [stdout]   77:     0x7f924bf13b43 - <unknown>
[INFO] [stdout]   78:     0x7f924bfa4bb4 - __clone
[INFO] [stdout]   79:                0x0 - <unknown>
[INFO] [stdout] 
[INFO] [stdout] ---- integration_tests::test_create_todos stdout ----
[INFO] [stdout] thread 'integration_tests::test_create_todos' panicked at 'assertion failed: `(left == right)`
[INFO] [stdout]   left: `500`,
[INFO] [stdout]  right: `200`: POST /todos should return status', src/main.rs:98:9
[INFO] [stdout] stack backtrace:
[INFO] [stdout]    0:     0x558d457ef4ba - std::backtrace_rs::backtrace::libunwind::trace::ha9053a9a07ca49cb
[INFO] [stdout]                                at /rustc/84c898d65adf2f39a5a98507f1fe0ce10a2b8dbc/library/std/src/../../backtrace/src/backtrace/libunwind.rs:93:5
[INFO] [stdout]    1:     0x558d457ef4ba - std::backtrace_rs::backtrace::trace_unsynchronized::h9c2852a457ad564e
[INFO] [stdout]                                at /rustc/84c898d65adf2f39a5a98507f1fe0ce10a2b8dbc/library/std/src/../../backtrace/src/backtrace/mod.rs:66:5
[INFO] [stdout]    2:     0x558d457ef4ba - std::sys_common::backtrace::_print_fmt::h457936fbfaa0070f
[INFO] [stdout]                                at /rustc/84c898d65adf2f39a5a98507f1fe0ce10a2b8dbc/library/std/src/sys_common/backtrace.rs:65:5
[INFO] [stdout]    3:     0x558d457ef4ba - <std::sys_common::backtrace::_print::DisplayBacktrace as core::fmt::Display>::fmt::h5779d7bf7f70cb0c
[INFO] [stdout]                                at /rustc/84c898d65adf2f39a5a98507f1fe0ce10a2b8dbc/library/std/src/sys_common/backtrace.rs:44:22
[INFO] [stdout]    4:     0x558d45815ebe - core::fmt::write::h5a4baaff1bcd3eb5
[INFO] [stdout]                                at /rustc/84c898d65adf2f39a5a98507f1fe0ce10a2b8dbc/library/core/src/fmt/mod.rs:1232:17
[INFO] [stdout]    5:     0x558d457ebfa5 - std::io::Write::write_fmt::h478f79c628ef31d1
[INFO] [stdout]                                at /rustc/84c898d65adf2f39a5a98507f1fe0ce10a2b8dbc/library/std/src/io/mod.rs:1684:15
[INFO] [stdout]    6:     0x558d457ef285 - std::sys_common::backtrace::_print::h5fcdc36060f177e8
[INFO] [stdout]                                at /rustc/84c898d65adf2f39a5a98507f1fe0ce10a2b8dbc/library/std/src/sys_common/backtrace.rs:47:5
[INFO] [stdout]    7:     0x558d457ef285 - std::sys_common::backtrace::print::h54ca9458b876c8bf
[INFO] [stdout]                                at /rustc/84c898d65adf2f39a5a98507f1fe0ce10a2b8dbc/library/std/src/sys_common/backtrace.rs:34:9
[INFO] [stdout]    8:     0x558d457f104f - std::panicking::default_hook::{{closure}}::hbe471161c7664ed6
[INFO] [stdout]                                at /rustc/84c898d65adf2f39a5a98507f1fe0ce10a2b8dbc/library/std/src/panicking.rs:271:22
[INFO] [stdout]    9:     0x558d457f0d0f - std::panicking::default_hook::ha3500da57aa4ac4f
[INFO] [stdout]                                at /rustc/84c898d65adf2f39a5a98507f1fe0ce10a2b8dbc/library/std/src/panicking.rs:287:9
[INFO] [stdout]   10:     0x558d451e2d97 - <alloc::boxed::Box<F,A> as core::ops::function::Fn<Args>>::call::hdf1b89dd137ece34
[INFO] [stdout]                                at /rustc/84c898d65adf2f39a5a98507f1fe0ce10a2b8dbc/library/alloc/src/boxed.rs:2001:9
[INFO] [stdout]   11:     0x558d451e2d97 - test::test_main::{{closure}}::h9081a79f20e75698
[INFO] [stdout]                                at /rustc/84c898d65adf2f39a5a98507f1fe0ce10a2b8dbc/library/test/src/lib.rs:135:21
[INFO] [stdout]   12:     0x558d457f177d - <alloc::boxed::Box<F,A> as core::ops::function::Fn<Args>>::call::h6507bddc3eebb4a5
[INFO] [stdout]                                at /rustc/84c898d65adf2f39a5a98507f1fe0ce10a2b8dbc/library/alloc/src/boxed.rs:2001:9
[INFO] [stdout]   13:     0x558d457f177d - std::panicking::rust_panic_with_hook::h50c09d000dc561d2
[INFO] [stdout]                                at /rustc/84c898d65adf2f39a5a98507f1fe0ce10a2b8dbc/library/std/src/panicking.rs:696:13
[INFO] [stdout]   14:     0x558d457f14f9 - std::panicking::begin_panic_handler::{{closure}}::h9e2b2176e00e0d9c
[INFO] [stdout]                                at /rustc/84c898d65adf2f39a5a98507f1fe0ce10a2b8dbc/library/std/src/panicking.rs:583:13
[INFO] [stdout]   15:     0x558d457ef926 - std::sys_common::backtrace::__rust_end_short_backtrace::h5739b8e512c09d02
[INFO] [stdout]                                at /rustc/84c898d65adf2f39a5a98507f1fe0ce10a2b8dbc/library/std/src/sys_common/backtrace.rs:150:18
[INFO] [stdout]   16:     0x558d457f1202 - rust_begin_unwind
[INFO] [stdout]                                at /rustc/84c898d65adf2f39a5a98507f1fe0ce10a2b8dbc/library/std/src/panicking.rs:579:5
[INFO] [stdout]   17:     0x558d450e64c3 - core::panicking::panic_fmt::hf33a1475b4dc5c3e
[INFO] [stdout]                                at /rustc/84c898d65adf2f39a5a98507f1fe0ce10a2b8dbc/library/core/src/panicking.rs:64:14
[INFO] [stdout]   18:     0x558d450e68e9 - core::panicking::assert_failed_inner::haf9816227b20b6f2
[INFO] [stdout]   19:     0x558d4514c01e - core::panicking::assert_failed::h05ebe66cf46cd94e
[INFO] [stdout]                                at /rustc/84c898d65adf2f39a5a98507f1fe0ce10a2b8dbc/library/core/src/panicking.rs:211:5
[INFO] [stdout]   20:     0x558d4515c112 - todo_actix::integration_tests::test_create_todos::{{closure}}::h12dddedec86a5e91
[INFO] [stdout]                                at /opt/rustwide/workdir/src/main.rs:98:9
[INFO] [stdout]   21:     0x558d450fb680 - <tokio::task::local::RunUntil<T> as core::future::future::Future>::poll::{{closure}}::{{closure}}::h76bb31aa3382325e
[INFO] [stdout]                                at /opt/rustwide/cargo-home/registry/src/github.com-1ecc6299db9ec823/tokio-1.16.1/src/task/local.rs:642:65
[INFO] [stdout]   22:     0x558d451046f0 - tokio::coop::with_budget::{{closure}}::h0e067cb39b2134b0
[INFO] [stdout]                                at /opt/rustwide/cargo-home/registry/src/github.com-1ecc6299db9ec823/tokio-1.16.1/src/coop.rs:102:9
[INFO] [stdout]   23:     0x558d4515ce84 - std::thread::local::LocalKey<T>::try_with::h080b14f7c59a3aae
[INFO] [stdout]                                at /rustc/84c898d65adf2f39a5a98507f1fe0ce10a2b8dbc/library/std/src/thread/local.rs:446:16
[INFO] [stdout]   24:     0x558d4515cd3a - std::thread::local::LocalKey<T>::with::hf7f33cd9048ae22d
[INFO] [stdout]                                at /rustc/84c898d65adf2f39a5a98507f1fe0ce10a2b8dbc/library/std/src/thread/local.rs:422:9
[INFO] [stdout]   25:     0x558d450fb2ef - tokio::coop::with_budget::h891d823b322b6a56
[INFO] [stdout]                                at /opt/rustwide/cargo-home/registry/src/github.com-1ecc6299db9ec823/tokio-1.16.1/src/coop.rs:95:5
[INFO] [stdout]   26:     0x558d450fb2ef - tokio::coop::budget::h891877ed7e306d44
[INFO] [stdout]                                at /opt/rustwide/cargo-home/registry/src/github.com-1ecc6299db9ec823/tokio-1.16.1/src/coop.rs:72:5
[INFO] [stdout]   27:     0x558d450fb2ef - <tokio::task::local::RunUntil<T> as core::future::future::Future>::poll::{{closure}}::he5c70e063282cc52
[INFO] [stdout]                                at /opt/rustwide/cargo-home/registry/src/github.com-1ecc6299db9ec823/tokio-1.16.1/src/task/local.rs:642:42
[INFO] [stdout]   28:     0x558d45169bc7 - tokio::macros::scoped_tls::ScopedKey<T>::set::hd46a1a257a119d48
[INFO] [stdout]                                at /opt/rustwide/cargo-home/registry/src/github.com-1ecc6299db9ec823/tokio-1.16.1/src/macros/scoped_tls.rs:61:9
[INFO] [stdout]   29:     0x558d450f5fa7 - tokio::task::local::LocalSet::with::hb423da8c4582ba0f
[INFO] [stdout]                                at /opt/rustwide/cargo-home/registry/src/github.com-1ecc6299db9ec823/tokio-1.16.1/src/task/local.rs:559:9
[INFO] [stdout]   30:     0x558d450fb12a - <tokio::task::local::RunUntil<T> as core::future::future::Future>::poll::h92402331185de026
[INFO] [stdout]                                at /opt/rustwide/cargo-home/registry/src/github.com-1ecc6299db9ec823/tokio-1.16.1/src/task/local.rs:632:9
[INFO] [stdout]   31:     0x558d450f6586 - tokio::task::local::LocalSet::run_until::{{closure}}::h7b47a575c854397f
[INFO] [stdout]                                at /opt/rustwide/cargo-home/registry/src/github.com-1ecc6299db9ec823/tokio-1.16.1/src/task/local.rs:505:18
[INFO] [stdout]   32:     0x558d4519a20b - <core::pin::Pin<P> as core::future::future::Future>::poll::hcf6c1d46ffb22275
[INFO] [stdout]                                at /rustc/84c898d65adf2f39a5a98507f1fe0ce10a2b8dbc/library/core/src/future/future.rs:125:9
[INFO] [stdout]   33:     0x558d450fa3f4 - tokio::runtime::basic_scheduler::CoreGuard::block_on::{{closure}}::{{closure}}::{{closure}}::hbf9fe34fdccfd65b
[INFO] [stdout]                                at /opt/rustwide/cargo-home/registry/src/github.com-1ecc6299db9ec823/tokio-1.16.1/src/runtime/basic_scheduler.rs:516:48
[INFO] [stdout]   34:     0x558d45104960 - tokio::coop::with_budget::{{closure}}::h438c85b1c044a97a
[INFO] [stdout]                                at /opt/rustwide/cargo-home/registry/src/github.com-1ecc6299db9ec823/tokio-1.16.1/src/coop.rs:102:9
[INFO] [stdout]   35:     0x558d4515d2d4 - std::thread::local::LocalKey<T>::try_with::h5c24e7f2b36a7cdc
[INFO] [stdout]                                at /rustc/84c898d65adf2f39a5a98507f1fe0ce10a2b8dbc/library/std/src/thread/local.rs:446:16
[INFO] [stdout]   36:     0x558d4515cc9a - std::thread::local::LocalKey<T>::with::hd98ecc8230c197be
[INFO] [stdout]                                at /rustc/84c898d65adf2f39a5a98507f1fe0ce10a2b8dbc/library/std/src/thread/local.rs:422:9
[INFO] [stdout]   37:     0x558d450fa226 - tokio::coop::with_budget::hdab4d5647f31ee2e
[INFO] [stdout]                                at /opt/rustwide/cargo-home/registry/src/github.com-1ecc6299db9ec823/tokio-1.16.1/src/coop.rs:95:5
[INFO] [stdout]   38:     0x558d450fa226 - tokio::coop::budget::h4f537af7a651579d
[INFO] [stdout]                                at /opt/rustwide/cargo-home/registry/src/github.com-1ecc6299db9ec823/tokio-1.16.1/src/coop.rs:72:5
[INFO] [stdout]   39:     0x558d450fa226 - tokio::runtime::basic_scheduler::CoreGuard::block_on::{{closure}}::{{closure}}::h9c184d93df01fdfd
[INFO] [stdout]                                at /opt/rustwide/cargo-home/registry/src/github.com-1ecc6299db9ec823/tokio-1.16.1/src/runtime/basic_scheduler.rs:516:25
[INFO] [stdout]   40:     0x558d450f779e - tokio::runtime::basic_scheduler::Context::enter::h25eb7038a82a36d0
[INFO] [stdout]                                at /opt/rustwide/cargo-home/registry/src/github.com-1ecc6299db9ec823/tokio-1.16.1/src/runtime/basic_scheduler.rs:374:19
[INFO] [stdout]   41:     0x558d450f9c3d - tokio::runtime::basic_scheduler::CoreGuard::block_on::{{closure}}::he68a2f40f3b9ba03
[INFO] [stdout]                                at /opt/rustwide/cargo-home/registry/src/github.com-1ecc6299db9ec823/tokio-1.16.1/src/runtime/basic_scheduler.rs:515:36
[INFO] [stdout]   42:     0x558d450f91cb - tokio::runtime::basic_scheduler::CoreGuard::enter::{{closure}}::h6663e6c8e14e36e7
[INFO] [stdout]                                at /opt/rustwide/cargo-home/registry/src/github.com-1ecc6299db9ec823/tokio-1.16.1/src/runtime/basic_scheduler.rs:582:57
[INFO] [stdout]   43:     0x558d45169de7 - tokio::macros::scoped_tls::ScopedKey<T>::set::hfd8b4cd94436cd48
[INFO] [stdout]                                at /opt/rustwide/cargo-home/registry/src/github.com-1ecc6299db9ec823/tokio-1.16.1/src/macros/scoped_tls.rs:61:9
[INFO] [stdout]   44:     0x558d450f8f93 - tokio::runtime::basic_scheduler::CoreGuard::enter::hebebec38b6086011
[INFO] [stdout]                                at /opt/rustwide/cargo-home/registry/src/github.com-1ecc6299db9ec823/tokio-1.16.1/src/runtime/basic_scheduler.rs:582:27
[INFO] [stdout]   45:     0x558d450f9218 - tokio::runtime::basic_scheduler::CoreGuard::block_on::h209192c547f76468
[INFO] [stdout]                                at /opt/rustwide/cargo-home/registry/src/github.com-1ecc6299db9ec823/tokio-1.16.1/src/runtime/basic_scheduler.rs:506:9
[INFO] [stdout]   46:     0x558d450f6c78 - tokio::runtime::basic_scheduler::BasicScheduler::block_on::hb45293ecb7661b9c
[INFO] [stdout]                                at /opt/rustwide/cargo-home/registry/src/github.com-1ecc6299db9ec823/tokio-1.16.1/src/runtime/basic_scheduler.rs:182:24
[INFO] [stdout]   47:     0x558d450fa610 - tokio::runtime::Runtime::block_on::hc08a142d4bb13f6b
[INFO] [stdout]                                at /opt/rustwide/cargo-home/registry/src/github.com-1ecc6299db9ec823/tokio-1.16.1/src/runtime/mod.rs:475:46
[INFO] [stdout]   48:     0x558d450f6062 - tokio::task::local::LocalSet::block_on::h7b370862da00a686
[INFO] [stdout]                                at /opt/rustwide/cargo-home/registry/src/github.com-1ecc6299db9ec823/tokio-1.16.1/src/task/local.rs:466:9
[INFO] [stdout]   49:     0x558d45157874 - actix_rt::runtime::Runtime::block_on::h62518234e851fcf4
[INFO] [stdout]                                at /opt/rustwide/cargo-home/registry/src/github.com-1ecc6299db9ec823/actix-rt-2.6.0/src/runtime.rs:80:9
[INFO] [stdout]   50:     0x558d4519c26a - actix_rt::system::SystemRunner::block_on::h0bd5bc07dee4d831
[INFO] [stdout]                                at /opt/rustwide/cargo-home/registry/src/github.com-1ecc6299db9ec823/actix-rt-2.6.0/src/system.rs:209:9
[INFO] [stdout]   51:     0x558d4515b362 - todo_actix::integration_tests::test_create_todos::h4d2409911017c208
[INFO] [stdout]                                at /opt/rustwide/workdir/src/main.rs:81:5
[INFO] [stdout]   52:     0x558d4515b2e7 - todo_actix::integration_tests::test_create_todos::{{closure}}::h17c7213163958e7f
[INFO] [stdout]                                at /opt/rustwide/workdir/src/main.rs:81:5
[INFO] [stdout]   53:     0x558d451844d5 - core::ops::function::FnOnce::call_once::ha48d635750ea7016
[INFO] [stdout]                                at /rustc/84c898d65adf2f39a5a98507f1fe0ce10a2b8dbc/library/core/src/ops/function.rs:250:5
[INFO] [stdout]   54:     0x558d451e817f - core::ops::function::FnOnce::call_once::h7d969581be7d0075
[INFO] [stdout]                                at /rustc/84c898d65adf2f39a5a98507f1fe0ce10a2b8dbc/library/core/src/ops/function.rs:250:5
[INFO] [stdout]   55:     0x558d451e817f - test::__rust_begin_short_backtrace::hca25a52684e56655
[INFO] [stdout]                                at /rustc/84c898d65adf2f39a5a98507f1fe0ce10a2b8dbc/library/test/src/lib.rs:656:18
[INFO] [stdout]   56:     0x558d451b979c - test::run_test::{{closure}}::ha8ac744c4af1a4bb
[INFO] [stdout]                                at /rustc/84c898d65adf2f39a5a98507f1fe0ce10a2b8dbc/library/test/src/lib.rs:647:30
[INFO] [stdout]   57:     0x558d451b979c - core::ops::function::FnOnce::call_once{{vtable.shim}}::h7b411a9ed45bdecf
[INFO] [stdout]                                at /rustc/84c898d65adf2f39a5a98507f1fe0ce10a2b8dbc/library/core/src/ops/function.rs:250:5
[INFO] [stdout]   58:     0x558d451e7146 - <alloc::boxed::Box<F,A> as core::ops::function::FnOnce<Args>>::call_once::hd05328869a8ed200
[INFO] [stdout]                                at /rustc/84c898d65adf2f39a5a98507f1fe0ce10a2b8dbc/library/alloc/src/boxed.rs:1987:9
[INFO] [stdout]   59:     0x558d451e7146 - <core::panic::unwind_safe::AssertUnwindSafe<F> as core::ops::function::FnOnce<()>>::call_once::h0c601ce20bd5b2be
[INFO] [stdout]                                at /rustc/84c898d65adf2f39a5a98507f1fe0ce10a2b8dbc/library/core/src/panic/unwind_safe.rs:271:9
[INFO] [stdout]   60:     0x558d451e7146 - std::panicking::try::do_call::ha4be5c164fe30854
[INFO] [stdout]                                at /rustc/84c898d65adf2f39a5a98507f1fe0ce10a2b8dbc/library/std/src/panicking.rs:487:40
[INFO] [stdout]   61:     0x558d451e7146 - std::panicking::try::h604546f3609af05f
[INFO] [stdout]                                at /rustc/84c898d65adf2f39a5a98507f1fe0ce10a2b8dbc/library/std/src/panicking.rs:451:19
[INFO] [stdout]   62:     0x558d451e7146 - std::panic::catch_unwind::h5bfa8afe44c9c2f9
[INFO] [stdout]                                at /rustc/84c898d65adf2f39a5a98507f1fe0ce10a2b8dbc/library/std/src/panic.rs:140:14
[INFO] [stdout]   63:     0x558d451e7146 - test::run_test_in_process::hd50dee55dd63e6aa
[INFO] [stdout]                                at /rustc/84c898d65adf2f39a5a98507f1fe0ce10a2b8dbc/library/test/src/lib.rs:679:27
[INFO] [stdout]   64:     0x558d451e7146 - test::run_test::run_test_inner::{{closure}}::h4aa0f433aa85cea8
[INFO] [stdout]                                at /rustc/84c898d65adf2f39a5a98507f1fe0ce10a2b8dbc/library/test/src/lib.rs:573:39
[INFO] [stdout]   65:     0x558d451b3e11 - test::run_test::run_test_inner::{{closure}}::had56431adf24b4d6
[INFO] [stdout]                                at /rustc/84c898d65adf2f39a5a98507f1fe0ce10a2b8dbc/library/test/src/lib.rs:600:37
[INFO] [stdout]   66:     0x558d451b3e11 - std::sys_common::backtrace::__rust_begin_short_backtrace::ha8d9890e0c73bf13
[INFO] [stdout]                                at /rustc/84c898d65adf2f39a5a98507f1fe0ce10a2b8dbc/library/std/src/sys_common/backtrace.rs:134:18
[INFO] [stdout]   67:     0x558d451b982b - std::thread::Builder::spawn_unchecked_::{{closure}}::{{closure}}::h251832bcb4a95327
[INFO] [stdout]                                at /rustc/84c898d65adf2f39a5a98507f1fe0ce10a2b8dbc/library/std/src/thread/mod.rs:560:17
[INFO] [stdout]   68:     0x558d451b982b - <core::panic::unwind_safe::AssertUnwindSafe<F> as core::ops::function::FnOnce<()>>::call_once::h8fdff598fa414831
[INFO] [stdout]                                at /rustc/84c898d65adf2f39a5a98507f1fe0ce10a2b8dbc/library/core/src/panic/unwind_safe.rs:271:9
[INFO] [stdout]   69:     0x558d451b982b - std::panicking::try::do_call::h455dd2f7764a950f
[INFO] [stdout]                                at /rustc/84c898d65adf2f39a5a98507f1fe0ce10a2b8dbc/library/std/src/panicking.rs:487:40
[INFO] [stdout]   70:     0x558d451b982b - std::panicking::try::had6f23b7b73ae72a
[INFO] [stdout]                                at /rustc/84c898d65adf2f39a5a98507f1fe0ce10a2b8dbc/library/std/src/panicking.rs:451:19
[INFO] [stdout]   71:     0x558d451b982b - std::panic::catch_unwind::ha6a5ca3915b4dad0
[INFO] [stdout]                                at /rustc/84c898d65adf2f39a5a98507f1fe0ce10a2b8dbc/library/std/src/panic.rs:140:14
[INFO] [stdout]   72:     0x558d451b982b - std::thread::Builder::spawn_unchecked_::{{closure}}::h883b72ef75da6231
[INFO] [stdout]                                at /rustc/84c898d65adf2f39a5a98507f1fe0ce10a2b8dbc/library/std/src/thread/mod.rs:559:30
[INFO] [stdout]   73:     0x558d451b982b - core::ops::function::FnOnce::call_once{{vtable.shim}}::hb7dff73dc8bd2ccb
[INFO] [stdout]                                at /rustc/84c898d65adf2f39a5a98507f1fe0ce10a2b8dbc/library/core/src/ops/function.rs:250:5
[INFO] [stdout]   74:     0x558d457f5d03 - <alloc::boxed::Box<F,A> as core::ops::function::FnOnce<Args>>::call_once::h39990b24eedef2ab
[INFO] [stdout]                                at /rustc/84c898d65adf2f39a5a98507f1fe0ce10a2b8dbc/library/alloc/src/boxed.rs:1987:9
[INFO] [stdout]   75:     0x558d457f5d03 - <alloc::boxed::Box<F,A> as core::ops::function::FnOnce<Args>>::call_once::h01a027258444143b
[INFO] [stdout]                                at /rustc/84c898d65adf2f39a5a98507f1fe0ce10a2b8dbc/library/alloc/src/boxed.rs:1987:9
[INFO] [stdout]   76:     0x558d457f5d03 - std::sys::unix::thread::Thread::new::thread_start::ha4f1cdd9c25884ba
[INFO] [stdout]                                at /rustc/84c898d65adf2f39a5a98507f1fe0ce10a2b8dbc/library/std/src/sys/unix/thread.rs:108:17
[INFO] [stdout]   77:     0x7f924bf13b43 - <unknown>
[INFO] [stdout]   78:     0x7f924bfa4bb4 - __clone
[INFO] [stdout]   79:                0x0 - <unknown>
[INFO] [stdout] 
[INFO] [stdout] 
[INFO] [stdout] failures:
[INFO] [stdout]     integration_tests::test_create_todos
[INFO] [stdout]     integration_tests::test_get_todos
[INFO] [stdout] 
[INFO] [stdout] test result: FAILED. 2 passed; 2 failed; 0 ignored; 0 measured; 0 filtered out; finished in 0.06s
[INFO] [stdout] 
[INFO] [stderr] error: test failed, to rerun pass `--bin todo-actix`
[INFO] running `Command { std: "docker" "inspect" "27fb82d42388c151b8faf3dca027a942818fe55df64ce88ae6cb4b22b7cda934", kill_on_drop: false }`
[INFO] running `Command { std: "docker" "rm" "-f" "27fb82d42388c151b8faf3dca027a942818fe55df64ce88ae6cb4b22b7cda934", kill_on_drop: false }`
[INFO] [stdout] 27fb82d42388c151b8faf3dca027a942818fe55df64ce88ae6cb4b22b7cda934
