[INFO] cloning repository https://github.com/RileySeaburg/mandelbrot
[INFO] running `Command { std: "git" "-c" "credential.helper=" "-c" "credential.helper=/workspace/cargo-home/bin/git-credential-null" "clone" "--bare" "https://github.com/RileySeaburg/mandelbrot" "/workspace/cache/git-repos/https%3A%2F%2Fgithub.com%2FRileySeaburg%2Fmandelbrot", kill_on_drop: false }`
[INFO] [stderr] Cloning into bare repository '/workspace/cache/git-repos/https%3A%2F%2Fgithub.com%2FRileySeaburg%2Fmandelbrot'...
[INFO] running `Command { std: "git" "rev-parse" "HEAD", kill_on_drop: false }`
[INFO] [stdout] 9b6880c89430aec441fea3539e6be55261199030
[INFO] testing RileySeaburg/mandelbrot against 1.69.0 for beta-1.70-1
[INFO] running `Command { std: "git" "clone" "/workspace/cache/git-repos/https%3A%2F%2Fgithub.com%2FRileySeaburg%2Fmandelbrot" "/workspace/builds/worker-2-tc1/source", kill_on_drop: false }`
[INFO] [stderr] Cloning into '/workspace/builds/worker-2-tc1/source'...
[INFO] [stderr] done.
[INFO] validating manifest of git repo https://github.com/RileySeaburg/mandelbrot on toolchain 1.69.0
[INFO] running `Command { std: CARGO_HOME="/workspace/cargo-home" RUSTUP_HOME="/workspace/rustup-home" "/workspace/cargo-home/bin/cargo" "+1.69.0" "metadata" "--manifest-path" "Cargo.toml" "--no-deps", kill_on_drop: false }`
[INFO] started tweaking git repo https://github.com/RileySeaburg/mandelbrot
[INFO] finished tweaking git repo https://github.com/RileySeaburg/mandelbrot
[INFO] tweaked toml for git repo https://github.com/RileySeaburg/mandelbrot written to /workspace/builds/worker-2-tc1/source/Cargo.toml
[INFO] crate git repo https://github.com/RileySeaburg/mandelbrot already has a lockfile, it will not be regenerated
[INFO] running `Command { std: CARGO_HOME="/workspace/cargo-home" RUSTUP_HOME="/workspace/rustup-home" "/workspace/cargo-home/bin/cargo" "+1.69.0" "fetch" "--manifest-path" "Cargo.toml", kill_on_drop: false }`
[INFO] [stderr]  Downloading crates ...
[INFO] [stderr]   Downloaded png v0.7.0
[INFO] [stderr]   Downloaded inflate v0.2.0
[INFO] [stderr]   Downloaded image v0.13.0
[INFO] running `Command { std: "docker" "create" "-v" "/var/lib/crater-agent-workspace/builds/worker-2-tc1/target:/opt/rustwide/target:rw,Z" "-v" "/var/lib/crater-agent-workspace/builds/worker-2-tc1/source:/opt/rustwide/workdir:ro,Z" "-v" "/var/lib/crater-agent-workspace/cargo-home:/opt/rustwide/cargo-home:ro,Z" "-v" "/var/lib/crater-agent-workspace/rustup-home:/opt/rustwide/rustup-home:ro,Z" "-e" "SOURCE_DIR=/opt/rustwide/workdir" "-e" "CARGO_TARGET_DIR=/opt/rustwide/target" "-e" "CARGO_HOME=/opt/rustwide/cargo-home" "-e" "RUSTUP_HOME=/opt/rustwide/rustup-home" "-w" "/opt/rustwide/workdir" "-m" "1610612736" "--user" "0:0" "--network" "none" "ghcr.io/rust-lang/crates-build-env/linux@sha256:5ff2268d62e97bff2cde7d5815dd6ed5b47097566f13b8d0ca110b04b60e07ed" "/opt/rustwide/cargo-home/bin/cargo" "+1.69.0" "metadata" "--no-deps" "--format-version=1", kill_on_drop: false }`
[INFO] [stdout] 5b0aa99a963a95868e7daa9b5ba46f5ce10ff764db7a4c4cd20cb454a39af46d
[INFO] running `Command { std: "docker" "start" "-a" "5b0aa99a963a95868e7daa9b5ba46f5ce10ff764db7a4c4cd20cb454a39af46d", kill_on_drop: false }`
[INFO] running `Command { std: "docker" "inspect" "5b0aa99a963a95868e7daa9b5ba46f5ce10ff764db7a4c4cd20cb454a39af46d", kill_on_drop: false }`
[INFO] running `Command { std: "docker" "rm" "-f" "5b0aa99a963a95868e7daa9b5ba46f5ce10ff764db7a4c4cd20cb454a39af46d", kill_on_drop: false }`
[INFO] [stdout] 5b0aa99a963a95868e7daa9b5ba46f5ce10ff764db7a4c4cd20cb454a39af46d
[INFO] running `Command { std: "docker" "create" "-v" "/var/lib/crater-agent-workspace/builds/worker-2-tc1/target:/opt/rustwide/target:rw,Z" "-v" "/var/lib/crater-agent-workspace/builds/worker-2-tc1/source:/opt/rustwide/workdir:ro,Z" "-v" "/var/lib/crater-agent-workspace/cargo-home:/opt/rustwide/cargo-home:ro,Z" "-v" "/var/lib/crater-agent-workspace/rustup-home:/opt/rustwide/rustup-home:ro,Z" "-e" "SOURCE_DIR=/opt/rustwide/workdir" "-e" "CARGO_TARGET_DIR=/opt/rustwide/target" "-e" "CARGO_INCREMENTAL=0" "-e" "RUST_BACKTRACE=full" "-e" "RUSTFLAGS=--cap-lints=warn" "-e" "RUSTDOCFLAGS=--cap-lints=warn" "-e" "CARGO_HOME=/opt/rustwide/cargo-home" "-e" "RUSTUP_HOME=/opt/rustwide/rustup-home" "-w" "/opt/rustwide/workdir" "-m" "1610612736" "--user" "0:0" "--network" "none" "ghcr.io/rust-lang/crates-build-env/linux@sha256:5ff2268d62e97bff2cde7d5815dd6ed5b47097566f13b8d0ca110b04b60e07ed" "/opt/rustwide/cargo-home/bin/cargo" "+1.69.0" "build" "--frozen" "--message-format=json", kill_on_drop: false }`
[INFO] [stdout] 1c6c7ef72edc341e96332b5768cebe8c0ce34171d6c4c139a6858cacfd1502cc
[INFO] running `Command { std: "docker" "start" "-a" "1c6c7ef72edc341e96332b5768cebe8c0ce34171d6c4c139a6858cacfd1502cc", kill_on_drop: false }`
[INFO] [stderr]    Compiling autocfg v1.0.1
[INFO] [stderr]    Compiling crossbeam-utils v0.8.5
[INFO] [stderr]    Compiling lazy_static v1.4.0
[INFO] [stderr]    Compiling cfg-if v1.0.0
[INFO] [stderr]    Compiling libc v0.2.108
[INFO] [stderr]    Compiling crossbeam-epoch v0.9.5
[INFO] [stderr]    Compiling rayon-core v1.9.1
[INFO] [stderr]    Compiling scopeguard v1.1.0
[INFO] [stderr]    Compiling byteorder v1.4.3
[INFO] [stderr]    Compiling either v1.6.1
[INFO] [stderr]    Compiling adler32 v1.2.0
[INFO] [stderr]    Compiling lzw v0.10.0
[INFO] [stderr]    Compiling bitflags v0.7.0
[INFO] [stderr]    Compiling inflate v0.2.0
[INFO] [stderr]    Compiling color_quant v1.1.0
[INFO] [stderr]    Compiling scoped_threadpool v0.1.9
[INFO] [stderr]    Compiling deflate v0.7.20
[INFO] [stderr]    Compiling gif v0.9.2
[INFO] [stderr]    Compiling num-traits v0.2.14
[INFO] [stderr]    Compiling num-integer v0.1.44
[INFO] [stderr]    Compiling memoffset v0.6.4
[INFO] [stderr]    Compiling num-iter v0.1.42
[INFO] [stderr]    Compiling num-bigint v0.4.3
[INFO] [stderr]    Compiling rayon v1.5.1
[INFO] [stderr]    Compiling num-rational v0.4.0
[INFO] [stderr]    Compiling crossbeam-channel v0.5.1
[INFO] [stderr]    Compiling num_cpus v1.13.0
[INFO] [stderr]    Compiling crossbeam-deque v0.8.1
[INFO] [stderr]    Compiling num-traits v0.1.43
[INFO] [stderr]    Compiling num-complex v0.4.0
[INFO] [stderr]    Compiling enum_primitive v0.1.1
[INFO] [stderr]    Compiling num-rational v0.1.42
[INFO] [stderr]    Compiling png v0.7.0
[INFO] [stderr]    Compiling num v0.4.0
[INFO] [stderr]    Compiling jpeg-decoder v0.1.22
[INFO] [stderr]    Compiling image v0.13.0
[INFO] [stderr]    Compiling mandelbrot v0.1.0 (/opt/rustwide/workdir)
[INFO] [stderr]     Finished dev [unoptimized + debuginfo] target(s) in 10.85s
[INFO] running `Command { std: "docker" "inspect" "1c6c7ef72edc341e96332b5768cebe8c0ce34171d6c4c139a6858cacfd1502cc", kill_on_drop: false }`
[INFO] running `Command { std: "docker" "rm" "-f" "1c6c7ef72edc341e96332b5768cebe8c0ce34171d6c4c139a6858cacfd1502cc", kill_on_drop: false }`
[INFO] [stdout] 1c6c7ef72edc341e96332b5768cebe8c0ce34171d6c4c139a6858cacfd1502cc
[INFO] running `Command { std: "docker" "create" "-v" "/var/lib/crater-agent-workspace/builds/worker-2-tc1/target:/opt/rustwide/target:rw,Z" "-v" "/var/lib/crater-agent-workspace/builds/worker-2-tc1/source:/opt/rustwide/workdir:ro,Z" "-v" "/var/lib/crater-agent-workspace/cargo-home:/opt/rustwide/cargo-home:ro,Z" "-v" "/var/lib/crater-agent-workspace/rustup-home:/opt/rustwide/rustup-home:ro,Z" "-e" "SOURCE_DIR=/opt/rustwide/workdir" "-e" "CARGO_TARGET_DIR=/opt/rustwide/target" "-e" "CARGO_INCREMENTAL=0" "-e" "RUST_BACKTRACE=full" "-e" "RUSTFLAGS=--cap-lints=warn" "-e" "RUSTDOCFLAGS=--cap-lints=warn" "-e" "CARGO_HOME=/opt/rustwide/cargo-home" "-e" "RUSTUP_HOME=/opt/rustwide/rustup-home" "-w" "/opt/rustwide/workdir" "-m" "1610612736" "--user" "0:0" "--network" "none" "ghcr.io/rust-lang/crates-build-env/linux@sha256:5ff2268d62e97bff2cde7d5815dd6ed5b47097566f13b8d0ca110b04b60e07ed" "/opt/rustwide/cargo-home/bin/cargo" "+1.69.0" "test" "--frozen" "--no-run" "--message-format=json", kill_on_drop: false }`
[INFO] [stdout] 601c360db849dfcf6ddfb9ac134ac001aaaea74709fb57b19cab07b6c77a33a5
[INFO] running `Command { std: "docker" "start" "-a" "601c360db849dfcf6ddfb9ac134ac001aaaea74709fb57b19cab07b6c77a33a5", kill_on_drop: false }`
[INFO] [stderr]    Compiling mandelbrot v0.1.0 (/opt/rustwide/workdir)
[INFO] [stderr]     Finished test [unoptimized + debuginfo] target(s) in 1.18s
[INFO] running `Command { std: "docker" "inspect" "601c360db849dfcf6ddfb9ac134ac001aaaea74709fb57b19cab07b6c77a33a5", kill_on_drop: false }`
[INFO] running `Command { std: "docker" "rm" "-f" "601c360db849dfcf6ddfb9ac134ac001aaaea74709fb57b19cab07b6c77a33a5", kill_on_drop: false }`
[INFO] [stdout] 601c360db849dfcf6ddfb9ac134ac001aaaea74709fb57b19cab07b6c77a33a5
[INFO] running `Command { std: "docker" "create" "-v" "/var/lib/crater-agent-workspace/builds/worker-2-tc1/target:/opt/rustwide/target:rw,Z" "-v" "/var/lib/crater-agent-workspace/builds/worker-2-tc1/source:/opt/rustwide/workdir:ro,Z" "-v" "/var/lib/crater-agent-workspace/cargo-home:/opt/rustwide/cargo-home:ro,Z" "-v" "/var/lib/crater-agent-workspace/rustup-home:/opt/rustwide/rustup-home:ro,Z" "-e" "SOURCE_DIR=/opt/rustwide/workdir" "-e" "CARGO_TARGET_DIR=/opt/rustwide/target" "-e" "CARGO_INCREMENTAL=0" "-e" "RUST_BACKTRACE=full" "-e" "RUSTFLAGS=--cap-lints=warn" "-e" "RUSTDOCFLAGS=--cap-lints=warn" "-e" "CARGO_HOME=/opt/rustwide/cargo-home" "-e" "RUSTUP_HOME=/opt/rustwide/rustup-home" "-w" "/opt/rustwide/workdir" "-m" "1610612736" "--user" "0:0" "--network" "none" "ghcr.io/rust-lang/crates-build-env/linux@sha256:5ff2268d62e97bff2cde7d5815dd6ed5b47097566f13b8d0ca110b04b60e07ed" "/opt/rustwide/cargo-home/bin/cargo" "+1.69.0" "test" "--frozen", kill_on_drop: false }`
[INFO] [stdout] 9568907e0e0cafd84a73c248d1cfbd2aa09dcf3a37b16f77cccacaf04022f99d
[INFO] running `Command { std: "docker" "start" "-a" "9568907e0e0cafd84a73c248d1cfbd2aa09dcf3a37b16f77cccacaf04022f99d", kill_on_drop: false }`
[INFO] [stderr]     Finished test [unoptimized + debuginfo] target(s) in 0.04s
[INFO] [stderr]      Running unittests src/main.rs (/opt/rustwide/target/debug/deps/mandelbrot-48a32a19fc83277f)
[INFO] [stdout] 
[INFO] [stdout] running 3 tests
[INFO] [stdout] test test_parse_complex ... ok
[INFO] [stdout] test test_parse_pair ... ok
[INFO] [stdout] test test_pixel_to_point ... FAILED
[INFO] [stdout] 
[INFO] [stdout] failures:
[INFO] [stdout] 
[INFO] [stdout] ---- test_pixel_to_point stdout ----
[INFO] [stdout] thread 'test_pixel_to_point' panicked at 'assertion failed: `(left == right)`
[INFO] [stdout]   left: `Complex { re: -0.5, im: -0.5 }`,
[INFO] [stdout]  right: `Complex { re: -0.5, im: -0.75 }`', src/main.rs:100:5
[INFO] [stdout] stack backtrace:
[INFO] [stdout]    0:     0x5570d688cdea - std::backtrace_rs::backtrace::libunwind::trace::ha9053a9a07ca49cb
[INFO] [stdout]                                at /rustc/84c898d65adf2f39a5a98507f1fe0ce10a2b8dbc/library/std/src/../../backtrace/src/backtrace/libunwind.rs:93:5
[INFO] [stdout]    1:     0x5570d688cdea - std::backtrace_rs::backtrace::trace_unsynchronized::h9c2852a457ad564e
[INFO] [stdout]                                at /rustc/84c898d65adf2f39a5a98507f1fe0ce10a2b8dbc/library/std/src/../../backtrace/src/backtrace/mod.rs:66:5
[INFO] [stdout]    2:     0x5570d688cdea - std::sys_common::backtrace::_print_fmt::h457936fbfaa0070f
[INFO] [stdout]                                at /rustc/84c898d65adf2f39a5a98507f1fe0ce10a2b8dbc/library/std/src/sys_common/backtrace.rs:65:5
[INFO] [stdout]    3:     0x5570d688cdea - <std::sys_common::backtrace::_print::DisplayBacktrace as core::fmt::Display>::fmt::h5779d7bf7f70cb0c
[INFO] [stdout]                                at /rustc/84c898d65adf2f39a5a98507f1fe0ce10a2b8dbc/library/std/src/sys_common/backtrace.rs:44:22
[INFO] [stdout]    4:     0x5570d68b1b5e - core::fmt::write::h5a4baaff1bcd3eb5
[INFO] [stdout]                                at /rustc/84c898d65adf2f39a5a98507f1fe0ce10a2b8dbc/library/core/src/fmt/mod.rs:1232:17
[INFO] [stdout]    5:     0x5570d688a265 - std::io::Write::write_fmt::h478f79c628ef31d1
[INFO] [stdout]                                at /rustc/84c898d65adf2f39a5a98507f1fe0ce10a2b8dbc/library/std/src/io/mod.rs:1684:15
[INFO] [stdout]    6:     0x5570d688cbb5 - std::sys_common::backtrace::_print::h5fcdc36060f177e8
[INFO] [stdout]                                at /rustc/84c898d65adf2f39a5a98507f1fe0ce10a2b8dbc/library/std/src/sys_common/backtrace.rs:47:5
[INFO] [stdout]    7:     0x5570d688cbb5 - std::sys_common::backtrace::print::h54ca9458b876c8bf
[INFO] [stdout]                                at /rustc/84c898d65adf2f39a5a98507f1fe0ce10a2b8dbc/library/std/src/sys_common/backtrace.rs:34:9
[INFO] [stdout]    8:     0x5570d688e97f - std::panicking::default_hook::{{closure}}::hbe471161c7664ed6
[INFO] [stdout]                                at /rustc/84c898d65adf2f39a5a98507f1fe0ce10a2b8dbc/library/std/src/panicking.rs:271:22
[INFO] [stdout]    9:     0x5570d688e63f - std::panicking::default_hook::ha3500da57aa4ac4f
[INFO] [stdout]                                at /rustc/84c898d65adf2f39a5a98507f1fe0ce10a2b8dbc/library/std/src/panicking.rs:287:9
[INFO] [stdout]   10:     0x5570d685f227 - <alloc::boxed::Box<F,A> as core::ops::function::Fn<Args>>::call::hdf1b89dd137ece34
[INFO] [stdout]                                at /rustc/84c898d65adf2f39a5a98507f1fe0ce10a2b8dbc/library/alloc/src/boxed.rs:2001:9
[INFO] [stdout]   11:     0x5570d685f227 - test::test_main::{{closure}}::h9081a79f20e75698
[INFO] [stdout]                                at /rustc/84c898d65adf2f39a5a98507f1fe0ce10a2b8dbc/library/test/src/lib.rs:135:21
[INFO] [stdout]   12:     0x5570d688f0ad - <alloc::boxed::Box<F,A> as core::ops::function::Fn<Args>>::call::h6507bddc3eebb4a5
[INFO] [stdout]                                at /rustc/84c898d65adf2f39a5a98507f1fe0ce10a2b8dbc/library/alloc/src/boxed.rs:2001:9
[INFO] [stdout]   13:     0x5570d688f0ad - std::panicking::rust_panic_with_hook::h50c09d000dc561d2
[INFO] [stdout]                                at /rustc/84c898d65adf2f39a5a98507f1fe0ce10a2b8dbc/library/std/src/panicking.rs:696:13
[INFO] [stdout]   14:     0x5570d688ee29 - std::panicking::begin_panic_handler::{{closure}}::h9e2b2176e00e0d9c
[INFO] [stdout]                                at /rustc/84c898d65adf2f39a5a98507f1fe0ce10a2b8dbc/library/std/src/panicking.rs:583:13
[INFO] [stdout]   15:     0x5570d688d256 - std::sys_common::backtrace::__rust_end_short_backtrace::h5739b8e512c09d02
[INFO] [stdout]                                at /rustc/84c898d65adf2f39a5a98507f1fe0ce10a2b8dbc/library/std/src/sys_common/backtrace.rs:150:18
[INFO] [stdout]   16:     0x5570d688eb32 - rust_begin_unwind
[INFO] [stdout]                                at /rustc/84c898d65adf2f39a5a98507f1fe0ce10a2b8dbc/library/std/src/panicking.rs:579:5
[INFO] [stdout]   17:     0x5570d682bb83 - core::panicking::panic_fmt::hf33a1475b4dc5c3e
[INFO] [stdout]                                at /rustc/84c898d65adf2f39a5a98507f1fe0ce10a2b8dbc/library/core/src/panicking.rs:64:14
[INFO] [stdout]   18:     0x5570d682be5f - core::panicking::assert_failed_inner::haf9816227b20b6f2
[INFO] [stdout]   19:     0x5570d682ceba - core::panicking::assert_failed::he31380aaac39da71
[INFO] [stdout]                                at /rustc/84c898d65adf2f39a5a98507f1fe0ce10a2b8dbc/library/core/src/panicking.rs:211:5
[INFO] [stdout]   20:     0x5570d682e46d - mandelbrot::test_pixel_to_point::h42144fbc5c47e023
[INFO] [stdout]                                at /opt/rustwide/workdir/src/main.rs:100:5
[INFO] [stdout]   21:     0x5570d682e367 - mandelbrot::test_pixel_to_point::{{closure}}::h3e485b798949416a
[INFO] [stdout]                                at /opt/rustwide/workdir/src/main.rs:99:26
[INFO] [stdout]   22:     0x5570d682cc75 - core::ops::function::FnOnce::call_once::h85f4b8e8e2e97b26
[INFO] [stdout]                                at /rustc/84c898d65adf2f39a5a98507f1fe0ce10a2b8dbc/library/core/src/ops/function.rs:250:5
[INFO] [stdout]   23:     0x5570d686460f - core::ops::function::FnOnce::call_once::h7d969581be7d0075
[INFO] [stdout]                                at /rustc/84c898d65adf2f39a5a98507f1fe0ce10a2b8dbc/library/core/src/ops/function.rs:250:5
[INFO] [stdout]   24:     0x5570d686460f - test::__rust_begin_short_backtrace::hca25a52684e56655
[INFO] [stdout]                                at /rustc/84c898d65adf2f39a5a98507f1fe0ce10a2b8dbc/library/test/src/lib.rs:656:18
[INFO] [stdout]   25:     0x5570d6835c2c - test::run_test::{{closure}}::ha8ac744c4af1a4bb
[INFO] [stdout]                                at /rustc/84c898d65adf2f39a5a98507f1fe0ce10a2b8dbc/library/test/src/lib.rs:647:30
[INFO] [stdout]   26:     0x5570d6835c2c - core::ops::function::FnOnce::call_once{{vtable.shim}}::h7b411a9ed45bdecf
[INFO] [stdout]                                at /rustc/84c898d65adf2f39a5a98507f1fe0ce10a2b8dbc/library/core/src/ops/function.rs:250:5
[INFO] [stdout]   27:     0x5570d68635d6 - <alloc::boxed::Box<F,A> as core::ops::function::FnOnce<Args>>::call_once::hd05328869a8ed200
[INFO] [stdout]                                at /rustc/84c898d65adf2f39a5a98507f1fe0ce10a2b8dbc/library/alloc/src/boxed.rs:1987:9
[INFO] [stdout]   28:     0x5570d68635d6 - <core::panic::unwind_safe::AssertUnwindSafe<F> as core::ops::function::FnOnce<()>>::call_once::h0c601ce20bd5b2be
[INFO] [stdout]                                at /rustc/84c898d65adf2f39a5a98507f1fe0ce10a2b8dbc/library/core/src/panic/unwind_safe.rs:271:9
[INFO] [stdout]   29:     0x5570d68635d6 - std::panicking::try::do_call::ha4be5c164fe30854
[INFO] [stdout]                                at /rustc/84c898d65adf2f39a5a98507f1fe0ce10a2b8dbc/library/std/src/panicking.rs:487:40
[INFO] [stdout]   30:     0x5570d68635d6 - std::panicking::try::h604546f3609af05f
[INFO] [stdout]                                at /rustc/84c898d65adf2f39a5a98507f1fe0ce10a2b8dbc/library/std/src/panicking.rs:451:19
[INFO] [stdout]   31:     0x5570d68635d6 - std::panic::catch_unwind::h5bfa8afe44c9c2f9
[INFO] [stdout]                                at /rustc/84c898d65adf2f39a5a98507f1fe0ce10a2b8dbc/library/std/src/panic.rs:140:14
[INFO] [stdout]   32:     0x5570d68635d6 - test::run_test_in_process::hd50dee55dd63e6aa
[INFO] [stdout]                                at /rustc/84c898d65adf2f39a5a98507f1fe0ce10a2b8dbc/library/test/src/lib.rs:679:27
[INFO] [stdout]   33:     0x5570d68635d6 - test::run_test::run_test_inner::{{closure}}::h4aa0f433aa85cea8
[INFO] [stdout]                                at /rustc/84c898d65adf2f39a5a98507f1fe0ce10a2b8dbc/library/test/src/lib.rs:573:39
[INFO] [stdout]   34:     0x5570d68302a1 - test::run_test::run_test_inner::{{closure}}::had56431adf24b4d6
[INFO] [stdout]                                at /rustc/84c898d65adf2f39a5a98507f1fe0ce10a2b8dbc/library/test/src/lib.rs:600:37
[INFO] [stdout]   35:     0x5570d68302a1 - std::sys_common::backtrace::__rust_begin_short_backtrace::ha8d9890e0c73bf13
[INFO] [stdout]                                at /rustc/84c898d65adf2f39a5a98507f1fe0ce10a2b8dbc/library/std/src/sys_common/backtrace.rs:134:18
[INFO] [stdout]   36:     0x5570d6835cbb - std::thread::Builder::spawn_unchecked_::{{closure}}::{{closure}}::h251832bcb4a95327
[INFO] [stdout]                                at /rustc/84c898d65adf2f39a5a98507f1fe0ce10a2b8dbc/library/std/src/thread/mod.rs:560:17
[INFO] [stdout]   37:     0x5570d6835cbb - <core::panic::unwind_safe::AssertUnwindSafe<F> as core::ops::function::FnOnce<()>>::call_once::h8fdff598fa414831
[INFO] [stdout]                                at /rustc/84c898d65adf2f39a5a98507f1fe0ce10a2b8dbc/library/core/src/panic/unwind_safe.rs:271:9
[INFO] [stdout]   38:     0x5570d6835cbb - std::panicking::try::do_call::h455dd2f7764a950f
[INFO] [stdout]                                at /rustc/84c898d65adf2f39a5a98507f1fe0ce10a2b8dbc/library/std/src/panicking.rs:487:40
[INFO] [stdout]   39:     0x5570d6835cbb - std::panicking::try::had6f23b7b73ae72a
[INFO] [stdout]                                at /rustc/84c898d65adf2f39a5a98507f1fe0ce10a2b8dbc/library/std/src/panicking.rs:451:19
[INFO] [stdout]   40:     0x5570d6835cbb - std::panic::catch_unwind::ha6a5ca3915b4dad0
[INFO] [stdout]                                at /rustc/84c898d65adf2f39a5a98507f1fe0ce10a2b8dbc/library/std/src/panic.rs:140:14
[INFO] [stdout]   41:     0x5570d6835cbb - std::thread::Builder::spawn_unchecked_::{{closure}}::h883b72ef75da6231
[INFO] [stdout]                                at /rustc/84c898d65adf2f39a5a98507f1fe0ce10a2b8dbc/library/std/src/thread/mod.rs:559:30
[INFO] [stdout]   42:     0x5570d6835cbb - core::ops::function::FnOnce::call_once{{vtable.shim}}::hb7dff73dc8bd2ccb
[INFO] [stdout]                                at /rustc/84c898d65adf2f39a5a98507f1fe0ce10a2b8dbc/library/core/src/ops/function.rs:250:5
[INFO] [stdout]   43:     0x5570d6893413 - <alloc::boxed::Box<F,A> as core::ops::function::FnOnce<Args>>::call_once::h39990b24eedef2ab
[INFO] [stdout]                                at /rustc/84c898d65adf2f39a5a98507f1fe0ce10a2b8dbc/library/alloc/src/boxed.rs:1987:9
[INFO] [stdout]   44:     0x5570d6893413 - <alloc::boxed::Box<F,A> as core::ops::function::FnOnce<Args>>::call_once::h01a027258444143b
[INFO] [stdout]                                at /rustc/84c898d65adf2f39a5a98507f1fe0ce10a2b8dbc/library/alloc/src/boxed.rs:1987:9
[INFO] [stdout]   45:     0x5570d6893413 - std::sys::unix::thread::Thread::new::thread_start::ha4f1cdd9c25884ba
[INFO] [stdout]                                at /rustc/84c898d65adf2f39a5a98507f1fe0ce10a2b8dbc/library/std/src/sys/unix/thread.rs:108:17
[INFO] [stdout]   46:     0x7f1b2b208b43 - <unknown>
[INFO] [stdout]   47:     0x7f1b2b299bb4 - __clone
[INFO] [stdout]   48:                0x0 - <unknown>
[INFO] [stdout] 
[INFO] [stdout] 
[INFO] [stdout] failures:
[INFO] [stdout]     test_pixel_to_point
[INFO] [stdout] 
[INFO] [stdout] test result: FAILED. 2 passed; 1 failed; 0 ignored; 0 measured; 0 filtered out; finished in 0.02s
[INFO] [stdout] 
[INFO] [stderr] error: test failed, to rerun pass `--bin mandelbrot`
[INFO] running `Command { std: "docker" "inspect" "9568907e0e0cafd84a73c248d1cfbd2aa09dcf3a37b16f77cccacaf04022f99d", kill_on_drop: false }`
[INFO] running `Command { std: "docker" "rm" "-f" "9568907e0e0cafd84a73c248d1cfbd2aa09dcf3a37b16f77cccacaf04022f99d", kill_on_drop: false }`
[INFO] [stdout] 9568907e0e0cafd84a73c248d1cfbd2aa09dcf3a37b16f77cccacaf04022f99d
