[INFO] cloning repository https://github.com/Retamogordo/realword-tide-sqlite-backend
[INFO] running `Command { std: "git" "-c" "credential.helper=" "-c" "credential.helper=/workspace/cargo-home/bin/git-credential-null" "clone" "--bare" "https://github.com/Retamogordo/realword-tide-sqlite-backend" "/workspace/cache/git-repos/https%3A%2F%2Fgithub.com%2FRetamogordo%2Frealword-tide-sqlite-backend", kill_on_drop: false }`
[INFO] [stderr] Cloning into bare repository '/workspace/cache/git-repos/https%3A%2F%2Fgithub.com%2FRetamogordo%2Frealword-tide-sqlite-backend'...
[INFO] running `Command { std: "git" "rev-parse" "HEAD", kill_on_drop: false }`
[INFO] [stdout] 2121091bc8811e25534fbc7782b2d95e1d56e533
[INFO] testing Retamogordo/realword-tide-sqlite-backend against beta-2023-04-20 for beta-1.70-1
[INFO] running `Command { std: "git" "clone" "/workspace/cache/git-repos/https%3A%2F%2Fgithub.com%2FRetamogordo%2Frealword-tide-sqlite-backend" "/workspace/builds/worker-4-tc2/source", kill_on_drop: false }`
[INFO] [stderr] Cloning into '/workspace/builds/worker-4-tc2/source'...
[INFO] [stderr] done.
[INFO] validating manifest of git repo https://github.com/Retamogordo/realword-tide-sqlite-backend on toolchain beta-2023-04-20
[INFO] running `Command { std: CARGO_HOME="/workspace/cargo-home" RUSTUP_HOME="/workspace/rustup-home" "/workspace/cargo-home/bin/cargo" "+beta-2023-04-20" "metadata" "--manifest-path" "Cargo.toml" "--no-deps", kill_on_drop: false }`
[INFO] started tweaking git repo https://github.com/Retamogordo/realword-tide-sqlite-backend
[INFO] finished tweaking git repo https://github.com/Retamogordo/realword-tide-sqlite-backend
[INFO] tweaked toml for git repo https://github.com/Retamogordo/realword-tide-sqlite-backend written to /workspace/builds/worker-4-tc2/source/Cargo.toml
[INFO] crate git repo https://github.com/Retamogordo/realword-tide-sqlite-backend already has a lockfile, it will not be regenerated
[INFO] running `Command { std: CARGO_HOME="/workspace/cargo-home" RUSTUP_HOME="/workspace/rustup-home" "/workspace/cargo-home/bin/cargo" "+beta-2023-04-20" "fetch" "--manifest-path" "Cargo.toml", kill_on_drop: false }`
[INFO] [stderr]  Downloading crates ...
[INFO] [stderr]   Downloaded validator v0.14.0
[INFO] [stderr]   Downloaded pin-project-internal v1.0.9
[INFO] [stderr]   Downloaded pbkdf2 v0.10.0
[INFO] [stderr]   Downloaded validator_types v0.14.0
[INFO] [stderr]   Downloaded sqlx-rt v0.5.10
[INFO] [stderr]   Downloaded http-client v6.5.1
[INFO] [stderr]   Downloaded sqlx-macros v0.5.10
[INFO] [stderr]   Downloaded validator_derive v0.14.0
[INFO] [stderr]   Downloaded flume v0.10.9
[INFO] [stderr]   Downloaded pin-project v1.0.9
[INFO] [stderr]   Downloaded sqlx-core v0.5.10
[INFO] [stderr]   Downloaded sqlx v0.5.10
[INFO] running `Command { std: "docker" "create" "-v" "/var/lib/crater-agent-workspace/builds/worker-4-tc2/target:/opt/rustwide/target:rw,Z" "-v" "/var/lib/crater-agent-workspace/builds/worker-4-tc2/source:/opt/rustwide/workdir:ro,Z" "-v" "/var/lib/crater-agent-workspace/cargo-home:/opt/rustwide/cargo-home:ro,Z" "-v" "/var/lib/crater-agent-workspace/rustup-home:/opt/rustwide/rustup-home:ro,Z" "-e" "SOURCE_DIR=/opt/rustwide/workdir" "-e" "CARGO_TARGET_DIR=/opt/rustwide/target" "-e" "CARGO_HOME=/opt/rustwide/cargo-home" "-e" "RUSTUP_HOME=/opt/rustwide/rustup-home" "-w" "/opt/rustwide/workdir" "-m" "1610612736" "--user" "0:0" "--network" "none" "ghcr.io/rust-lang/crates-build-env/linux@sha256:5ff2268d62e97bff2cde7d5815dd6ed5b47097566f13b8d0ca110b04b60e07ed" "/opt/rustwide/cargo-home/bin/cargo" "+beta-2023-04-20" "metadata" "--no-deps" "--format-version=1", kill_on_drop: false }`
[INFO] [stdout] 84f3a0c2a581622d77bba88ec3b54b63f183c83a258017eee246ebfce77b66ba
[INFO] running `Command { std: "docker" "start" "-a" "84f3a0c2a581622d77bba88ec3b54b63f183c83a258017eee246ebfce77b66ba", kill_on_drop: false }`
[INFO] running `Command { std: "docker" "inspect" "84f3a0c2a581622d77bba88ec3b54b63f183c83a258017eee246ebfce77b66ba", kill_on_drop: false }`
[INFO] running `Command { std: "docker" "rm" "-f" "84f3a0c2a581622d77bba88ec3b54b63f183c83a258017eee246ebfce77b66ba", kill_on_drop: false }`
[INFO] [stdout] 84f3a0c2a581622d77bba88ec3b54b63f183c83a258017eee246ebfce77b66ba
[INFO] running `Command { std: "docker" "create" "-v" "/var/lib/crater-agent-workspace/builds/worker-4-tc2/target:/opt/rustwide/target:rw,Z" "-v" "/var/lib/crater-agent-workspace/builds/worker-4-tc2/source:/opt/rustwide/workdir:ro,Z" "-v" "/var/lib/crater-agent-workspace/cargo-home:/opt/rustwide/cargo-home:ro,Z" "-v" "/var/lib/crater-agent-workspace/rustup-home:/opt/rustwide/rustup-home:ro,Z" "-e" "SOURCE_DIR=/opt/rustwide/workdir" "-e" "CARGO_TARGET_DIR=/opt/rustwide/target" "-e" "CARGO_INCREMENTAL=0" "-e" "RUST_BACKTRACE=full" "-e" "RUSTFLAGS=--cap-lints=warn" "-e" "RUSTDOCFLAGS=--cap-lints=warn" "-e" "CARGO_HOME=/opt/rustwide/cargo-home" "-e" "RUSTUP_HOME=/opt/rustwide/rustup-home" "-w" "/opt/rustwide/workdir" "-m" "1610612736" "--user" "0:0" "--network" "none" "ghcr.io/rust-lang/crates-build-env/linux@sha256:5ff2268d62e97bff2cde7d5815dd6ed5b47097566f13b8d0ca110b04b60e07ed" "/opt/rustwide/cargo-home/bin/cargo" "+beta-2023-04-20" "build" "--frozen" "--message-format=json", kill_on_drop: false }`
[INFO] [stdout] 76127fc8acc6b37da6072d8abc2eae382d168780fe7fc9e5532219d601618445
[INFO] running `Command { std: "docker" "start" "-a" "76127fc8acc6b37da6072d8abc2eae382d168780fe7fc9e5532219d601618445", kill_on_drop: false }`
[INFO] [stderr]    Compiling version_check v0.9.3
[INFO] [stderr]    Compiling proc-macro2 v1.0.36
[INFO] [stderr]    Compiling unicode-xid v0.2.2
[INFO] [stderr]    Compiling libc v0.2.112
[INFO] [stderr]    Compiling syn v1.0.84
[INFO] [stderr]    Compiling cfg-if v1.0.0
[INFO] [stderr]    Compiling typenum v1.15.0
[INFO] [stderr]    Compiling once_cell v1.9.0
[INFO] [stderr]    Compiling memchr v2.4.1
[INFO] [stderr]    Compiling futures-core v0.3.19
[INFO] [stderr]    Compiling pin-project-lite v0.2.7
[INFO] [stderr]    Compiling cc v1.0.72
[INFO] [stderr]    Compiling slab v0.4.5
[INFO] [stderr]    Compiling generic-array v0.14.4
[INFO] [stderr]    Compiling event-listener v2.5.1
[INFO] [stderr]    Compiling futures-io v0.3.19
[INFO] [stderr]    Compiling quote v1.0.14
[INFO] [stderr]    Compiling cache-padded v1.2.0
[INFO] [stderr]    Compiling parking v2.0.0
[INFO] [stderr]    Compiling fastrand v1.6.0
[INFO] [stderr]    Compiling concurrent-queue v1.2.2
[INFO] [stderr]    Compiling waker-fn v1.1.0
[INFO] [stderr]    Compiling futures-lite v1.12.0
[INFO] [stderr]    Compiling subtle v2.4.1
[INFO] [stderr]    Compiling serde_derive v1.0.132
[INFO] [stderr]    Compiling socket2 v0.4.2
[INFO] [stderr]    Compiling serde v1.0.132
[INFO] [stderr]    Compiling value-bag v1.0.0-alpha.8
[INFO] [stderr]    Compiling sval v1.0.0-alpha.5
[INFO] [stderr]    Compiling tinyvec_macros v0.1.0
[INFO] [stderr]    Compiling log v0.4.14
[INFO] [stderr]    Compiling async-task v4.0.3
[INFO] [stderr]    Compiling crossbeam-utils v0.8.5
[INFO] [stderr]    Compiling signal-hook v0.3.13
[INFO] [stderr]    Compiling tinyvec v1.5.1
[INFO] [stderr]    Compiling async-channel v1.6.1
[INFO] [stderr]    Compiling signal-hook-registry v1.4.0
[INFO] [stderr]    Compiling num_cpus v1.13.1
[INFO] [stderr]    Compiling matches v0.1.9
[INFO] [stderr]    Compiling atomic-waker v1.0.0
[INFO] [stderr]    Compiling pkg-config v0.3.24
[INFO] [stderr]    Compiling blocking v1.1.0
[INFO] [stderr]    Compiling async-executor v1.4.1
[INFO] [stderr]    Compiling unicode-normalization v0.1.19
[INFO] [stderr]    Compiling async-mutex v1.4.0
[INFO] [stderr]    Compiling unicode-bidi v0.3.7
[INFO] [stderr]    Compiling form_urlencoded v1.0.1
[INFO] [stderr]    Compiling getrandom v0.2.3
[INFO] [stderr]    Compiling opaque-debug v0.3.0
[INFO] [stderr]    Compiling digest v0.9.0
[INFO] [stderr]    Compiling async-lock v2.4.0
[INFO] [stderr]    Compiling num-traits v0.2.14
[INFO] [stderr]    Compiling openssl-sys v0.9.72
[INFO] [stderr]    Compiling cpufeatures v0.2.1
[INFO] [stderr]    Compiling itoa v1.0.1
[INFO] [stderr]    Compiling idna v0.2.3
[INFO] [stderr]    Compiling ahash v0.7.6
[INFO] [stderr]    Compiling block-buffer v0.9.0
[INFO] [stderr]    Compiling openssl v0.10.38
[INFO] [stderr]    Compiling foreign-types-shared v0.1.1
[INFO] [stderr]    Compiling sha2 v0.9.8
[INFO] [stderr]    Compiling foreign-types v0.3.2
[INFO] [stderr]    Compiling standback v0.2.17
[INFO] [stderr]    Compiling ppv-lite86 v0.2.15
[INFO] [stderr]    Compiling ryu v1.0.9
[INFO] [stderr]    Compiling proc-macro-hack v0.5.19
[INFO] [stderr]    Compiling serde_json v1.0.73
[INFO] [stderr]    Compiling bitflags v1.3.2
[INFO] [stderr]    Compiling native-tls v0.2.8
[INFO] [stderr]    Compiling futures-sink v0.3.19
[INFO] [stderr]    Compiling getrandom v0.1.16
[INFO] [stderr]    Compiling futures-task v0.3.19
[INFO] [stderr]    Compiling rand_core v0.6.3
[INFO] [stderr]    Compiling cipher v0.2.5
[INFO] [stderr]    Compiling num-integer v0.1.44
[INFO] [stderr]    Compiling openssl-probe v0.1.4
[INFO] [stderr]    Compiling universal-hash v0.4.1
[INFO] [stderr]    Compiling cpuid-bool v0.2.0
[INFO] [stderr]    Compiling const_fn v0.4.8
[INFO] [stderr]    Compiling polyval v0.4.5
[INFO] [stderr]    Compiling lock_api v0.4.5
[INFO] [stderr]    Compiling rand_core v0.5.1
[INFO] [stderr]    Compiling aes-soft v0.6.4
[INFO] [stderr]    Compiling crypto-mac v0.10.1
[INFO] [stderr]    Compiling time v0.2.27
[INFO] [stderr]    Compiling base64 v0.13.0
[INFO] [stderr]    Compiling anyhow v1.0.52
[INFO] [stderr]    Compiling parking_lot_core v0.8.5
[INFO] [stderr]    Compiling aes v0.6.0
[INFO] [stderr]    Compiling rand_chacha v0.2.2
[INFO] [stderr]    Compiling hmac v0.10.1
[INFO] [stderr]    Compiling ghash v0.3.1
[INFO] [stderr]    Compiling ctr v0.6.0
[INFO] [stderr]    Compiling rand_chacha v0.3.1
[INFO] [stderr]    Compiling aead v0.3.2
[INFO] [stderr]    Compiling time v0.1.44
[INFO] [stderr]    Compiling nom v7.1.0
[INFO] [stderr]    Compiling cookie v0.14.4
[INFO] [stderr]    Compiling instant v0.1.12
[INFO] [stderr]    Compiling indexmap v1.7.0
[INFO] [stderr]    Compiling vcpkg v0.2.15
[INFO] [stderr]    Compiling smallvec v1.7.0
[INFO] [stderr]    Compiling rand v0.8.4
[INFO] [stderr]    Compiling aes-gcm v0.8.0
[INFO] [stderr]    Compiling ctor v0.1.21
[INFO] [stderr]    Compiling thiserror-impl v1.0.30
[INFO] [stderr]    Compiling async-attributes v1.1.2
[INFO] [stderr]    Compiling time-macros-impl v0.1.2
[INFO] [stderr]    Compiling pin-project-internal v1.0.9
[INFO] [stderr]    Compiling libsqlite3-sys v0.23.2
[INFO] [stderr]    Compiling hkdf v0.10.0
[INFO] [stderr]    Compiling rand v0.7.3
[INFO] [stderr]    Compiling time-macros v0.1.1
[INFO] [stderr]    Compiling polling v2.2.0
[INFO] [stderr]    Compiling kv-log-macro v1.0.7
[INFO] [stderr]    Compiling async-io v1.6.0
[INFO] [stderr]    Compiling thiserror v1.0.30
[INFO] [stderr]    Compiling futures-channel v0.3.19
[INFO] [stderr]    Compiling async-process v1.3.0
[INFO] [stderr]    Compiling async-global-executor v2.0.2
[INFO] [stderr]    Compiling async-std v1.10.0
[INFO] [stderr]    Compiling pin-project v1.0.9
[INFO] [stderr]    Compiling http-types v2.12.0
[INFO] [stderr]    Compiling crossbeam-queue v0.3.2
[INFO] [stderr]    Compiling futures-util v0.3.19
[INFO] [stderr]    Compiling either v1.6.1
[INFO] [stderr]    Compiling minimal-lexical v0.2.1
[INFO] [stderr]    Compiling itoa v0.4.8
[INFO] [stderr]    Compiling itertools v0.10.3
[INFO] [stderr]    Compiling hashbrown v0.11.2
[INFO] [stderr]    Compiling parking_lot v0.11.2
[INFO] [stderr]    Compiling futures-macro v0.3.19
[INFO] [stderr]    Compiling spin v0.9.2
[INFO] [stderr]    Compiling url v2.2.2
[INFO] [stderr]    Compiling crypto-common v0.1.1
[INFO] [stderr]    Compiling block-buffer v0.10.0
[INFO] [stderr]    Compiling aho-corasick v0.7.18
[INFO] [stderr]    Compiling proc-macro-error-attr v1.0.4
[INFO] [stderr]    Compiling crc-catalog v1.1.1
[INFO] [stderr]    Compiling infer v0.2.3
[INFO] [stderr]    Compiling async-trait v0.1.52
[INFO] [stderr]    Compiling unicode_categories v0.1.1
[INFO] [stderr]    Compiling regex-syntax v0.6.25
[INFO] [stderr]    Compiling async-native-tls v0.3.3
[INFO] [stderr]    Compiling sqlformat v0.1.8
[INFO] [stderr]    Compiling crc v2.1.0
[INFO] [stderr]    Compiling digest v0.10.1
[INFO] [stderr]    Compiling chrono v0.4.19
[INFO] [stderr]    Compiling serde_urlencoded v0.7.0
[INFO] [stderr]    Compiling serde_qs v0.8.5
[INFO] [stderr]    Compiling regex v1.5.4
[INFO] [stderr]    Compiling flume v0.10.9
[INFO] [stderr]    Compiling futures-intrusive v0.4.0
[INFO] [stderr]    Compiling atoi v0.4.0
[INFO] [stderr]    Compiling stringprep v0.1.2
[INFO] [stderr]    Compiling crossbeam-channel v0.5.1
[INFO] [stderr]    Compiling crypto-mac v0.8.0
[INFO] [stderr]    Compiling blake3 v0.3.8
[INFO] [stderr]    Compiling proc-macro-error v1.0.4
[INFO] [stderr]    Compiling num-bigint v0.2.6
[INFO] [stderr]    Compiling byteorder v1.4.3
[INFO] [stderr]    Compiling httparse v1.5.1
[INFO] [stderr]    Compiling bytes v1.1.0
[INFO] [stderr]    Compiling hex v0.4.3
[INFO] [stderr]    Compiling sqlx-rt v0.5.10
[INFO] [stderr]    Compiling hashlink v0.7.0
[INFO] [stderr]    Compiling futures-executor v0.3.19
[INFO] [stderr]    Compiling ring v0.16.20
[INFO] [stderr]    Compiling simple-mutex v1.1.5
[INFO] [stderr]    Compiling arrayvec v0.5.2
[INFO] [stderr]    Compiling base64 v0.12.3
[INFO] [stderr]    Compiling arrayref v0.3.6
[INFO] [stderr]    Compiling unicode-segmentation v1.8.0
[INFO] [stderr]    Compiling constant_time_eq v0.1.5
[INFO] [stderr]    Compiling async-dup v1.2.2
[INFO] [stderr]    Compiling sqlx-core v0.5.10
[INFO] [stderr]    Compiling heck v0.3.3
[INFO] [stderr]    Compiling hmac v0.8.1
[INFO] [stderr]    Compiling bincode v1.3.3
[INFO] [stderr]    Compiling validator_types v0.14.0
[INFO] [stderr]    Compiling dashmap v4.0.2
[INFO] [stderr]    Compiling cipher v0.3.0
[INFO] [stderr]    Compiling pin-project-lite v0.1.12
[INFO] [stderr]    Compiling dotenv v0.15.0
[INFO] [stderr]    Compiling if_chain v1.0.2
[INFO] [stderr]    Compiling untrusted v0.7.1
[INFO] [stderr]    Compiling base64ct v1.0.1
[INFO] [stderr]    Compiling spin v0.5.2
[INFO] [stderr]    Compiling http-client v6.5.1
[INFO] [stderr]    Compiling async-session v2.0.1
[INFO] [stderr]    Compiling password-hash v0.3.2
[INFO] [stderr]    Compiling validator_derive v0.14.0
[INFO] [stderr]    Compiling salsa20 v0.9.0
[INFO] [stderr]    Compiling simple_asn1 v0.4.1
[INFO] [stderr]    Compiling async-sse v4.1.0
[INFO] [stderr]    Compiling async-h1 v2.3.3
[INFO] [stderr]    Compiling femme v2.1.1
[INFO] [stderr]    Compiling pem v0.8.3
[INFO] [stderr]    Compiling sha2 v0.10.1
[INFO] [stderr]    Compiling pbkdf2 v0.10.0
[INFO] [stderr]    Compiling hmac v0.12.0
[INFO] [stderr]    Compiling unidecode v0.3.0
[INFO] [stderr]    Compiling route-recognizer v0.2.0
[INFO] [stderr]    Compiling scrypt v0.8.1
[INFO] [stderr]    Compiling validator v0.14.0
[INFO] [stderr]    Compiling slugify v0.1.0
[INFO] [stderr]    Compiling tide v0.16.0
[INFO] [stderr]    Compiling jsonwebtoken v7.2.0
[INFO] [stderr]    Compiling sqlx-macros v0.5.10
[INFO] [stderr]    Compiling sqlx v0.5.10
[INFO] [stderr]    Compiling realworld-tide-sqlite-backend v0.1.0 (/opt/rustwide/workdir)
[INFO] [stderr]     Finished dev [unoptimized + debuginfo] target(s) in 40.44s
[INFO] running `Command { std: "docker" "inspect" "76127fc8acc6b37da6072d8abc2eae382d168780fe7fc9e5532219d601618445", kill_on_drop: false }`
[INFO] running `Command { std: "docker" "rm" "-f" "76127fc8acc6b37da6072d8abc2eae382d168780fe7fc9e5532219d601618445", kill_on_drop: false }`
[INFO] [stdout] 76127fc8acc6b37da6072d8abc2eae382d168780fe7fc9e5532219d601618445
[INFO] running `Command { std: "docker" "create" "-v" "/var/lib/crater-agent-workspace/builds/worker-4-tc2/target:/opt/rustwide/target:rw,Z" "-v" "/var/lib/crater-agent-workspace/builds/worker-4-tc2/source:/opt/rustwide/workdir:ro,Z" "-v" "/var/lib/crater-agent-workspace/cargo-home:/opt/rustwide/cargo-home:ro,Z" "-v" "/var/lib/crater-agent-workspace/rustup-home:/opt/rustwide/rustup-home:ro,Z" "-e" "SOURCE_DIR=/opt/rustwide/workdir" "-e" "CARGO_TARGET_DIR=/opt/rustwide/target" "-e" "CARGO_INCREMENTAL=0" "-e" "RUST_BACKTRACE=full" "-e" "RUSTFLAGS=--cap-lints=warn" "-e" "RUSTDOCFLAGS=--cap-lints=warn" "-e" "CARGO_HOME=/opt/rustwide/cargo-home" "-e" "RUSTUP_HOME=/opt/rustwide/rustup-home" "-w" "/opt/rustwide/workdir" "-m" "1610612736" "--user" "0:0" "--network" "none" "ghcr.io/rust-lang/crates-build-env/linux@sha256:5ff2268d62e97bff2cde7d5815dd6ed5b47097566f13b8d0ca110b04b60e07ed" "/opt/rustwide/cargo-home/bin/cargo" "+beta-2023-04-20" "test" "--frozen" "--no-run" "--message-format=json", kill_on_drop: false }`
[INFO] [stdout] 563213ea52f84e498e0755bc286581374afde316909fd996cb12b3cc011064c1
[INFO] running `Command { std: "docker" "start" "-a" "563213ea52f84e498e0755bc286581374afde316909fd996cb12b3cc011064c1", kill_on_drop: false }`
[INFO] [stderr]    Compiling realworld-tide-sqlite-backend v0.1.0 (/opt/rustwide/workdir)
[INFO] [stderr]     Finished test [unoptimized + debuginfo] target(s) in 3.80s
[INFO] running `Command { std: "docker" "inspect" "563213ea52f84e498e0755bc286581374afde316909fd996cb12b3cc011064c1", kill_on_drop: false }`
[INFO] running `Command { std: "docker" "rm" "-f" "563213ea52f84e498e0755bc286581374afde316909fd996cb12b3cc011064c1", kill_on_drop: false }`
[INFO] [stdout] 563213ea52f84e498e0755bc286581374afde316909fd996cb12b3cc011064c1
[INFO] running `Command { std: "docker" "create" "-v" "/var/lib/crater-agent-workspace/builds/worker-4-tc2/target:/opt/rustwide/target:rw,Z" "-v" "/var/lib/crater-agent-workspace/builds/worker-4-tc2/source:/opt/rustwide/workdir:ro,Z" "-v" "/var/lib/crater-agent-workspace/cargo-home:/opt/rustwide/cargo-home:ro,Z" "-v" "/var/lib/crater-agent-workspace/rustup-home:/opt/rustwide/rustup-home:ro,Z" "-e" "SOURCE_DIR=/opt/rustwide/workdir" "-e" "CARGO_TARGET_DIR=/opt/rustwide/target" "-e" "CARGO_INCREMENTAL=0" "-e" "RUST_BACKTRACE=full" "-e" "RUSTFLAGS=--cap-lints=warn" "-e" "RUSTDOCFLAGS=--cap-lints=warn" "-e" "CARGO_HOME=/opt/rustwide/cargo-home" "-e" "RUSTUP_HOME=/opt/rustwide/rustup-home" "-w" "/opt/rustwide/workdir" "-m" "1610612736" "--user" "0:0" "--network" "none" "ghcr.io/rust-lang/crates-build-env/linux@sha256:5ff2268d62e97bff2cde7d5815dd6ed5b47097566f13b8d0ca110b04b60e07ed" "/opt/rustwide/cargo-home/bin/cargo" "+beta-2023-04-20" "test" "--frozen", kill_on_drop: false }`
[INFO] [stdout] 2bacbf34328742dcb93c52fea29b7fbb39815fcafc51c1bd0e6066971320a67e
[INFO] running `Command { std: "docker" "start" "-a" "2bacbf34328742dcb93c52fea29b7fbb39815fcafc51c1bd0e6066971320a67e", kill_on_drop: false }`
[INFO] [stderr]     Finished test [unoptimized + debuginfo] target(s) in 0.11s
[INFO] [stderr]      Running unittests src/lib.rs (/opt/rustwide/target/debug/deps/realworld_tide_sqlite_backend-a39110e6d00cca5e)
[INFO] [stdout] 
[INFO] [stdout] running 0 tests
[INFO] [stdout] 
[INFO] [stdout] test result: ok. 0 passed; 0 failed; 0 ignored; 0 measured; 0 filtered out; finished in 0.00s
[INFO] [stdout] 
[INFO] [stderr]      Running unittests src/main.rs (/opt/rustwide/target/debug/deps/realworld_tide_sqlite_backend-2a33d943c374b0b6)
[INFO] [stdout] 
[INFO] [stdout] running 0 tests
[INFO] [stdout] 
[INFO] [stdout] test result: ok. 0 passed; 0 failed; 0 ignored; 0 measured; 0 filtered out; finished in 0.00s
[INFO] [stdout] 
[INFO] [stderr]      Running tests/business_logic_tests.rs (/opt/rustwide/target/debug/deps/business_logic_tests-f4ebba66af4788ca)
[INFO] [stdout] 
[INFO] [stdout] running 1 test
[INFO] [stdout] test tests ... FAILED
[INFO] [stdout] 
[INFO] [stdout] failures:
[INFO] [stdout] 
[INFO] [stdout] ---- tests stdout ----
[INFO] [stdout] removing existing database...thread 'tests' panicked at 'not implemented: error communicating with database: Read-only file system (os error 30)', src/errors.rs:106:18
[INFO] [stdout] stack backtrace:
[INFO] [stdout]    0:     0x5592e9c0389a - std::backtrace_rs::backtrace::libunwind::trace::h2f05d0192276a8f6
[INFO] [stdout]                                at /rustc/1b7dd2252b99671ce5d1cb9664c5f8636329436d/library/std/src/../../backtrace/src/backtrace/libunwind.rs:93:5
[INFO] [stdout]    1:     0x5592e9c0389a - std::backtrace_rs::backtrace::trace_unsynchronized::hedc23dff7a1af150
[INFO] [stdout]                                at /rustc/1b7dd2252b99671ce5d1cb9664c5f8636329436d/library/std/src/../../backtrace/src/backtrace/mod.rs:66:5
[INFO] [stdout]    2:     0x5592e9c0389a - std::sys_common::backtrace::_print_fmt::h17541ef7592f3ce2
[INFO] [stdout]                                at /rustc/1b7dd2252b99671ce5d1cb9664c5f8636329436d/library/std/src/sys_common/backtrace.rs:65:5
[INFO] [stdout]    3:     0x5592e9c0389a - <std::sys_common::backtrace::_print::DisplayBacktrace as core::fmt::Display>::fmt::h20f75df5ab0c0792
[INFO] [stdout]                                at /rustc/1b7dd2252b99671ce5d1cb9664c5f8636329436d/library/std/src/sys_common/backtrace.rs:44:22
[INFO] [stdout]    4:     0x5592e9c2a3bf - core::fmt::write::h78109e6f466b3af6
[INFO] [stdout]                                at /rustc/1b7dd2252b99671ce5d1cb9664c5f8636329436d/library/core/src/fmt/mod.rs:1254:17
[INFO] [stdout]    5:     0x5592e9c008c5 - std::io::Write::write_fmt::hd24bfb68a1b35a25
[INFO] [stdout]                                at /rustc/1b7dd2252b99671ce5d1cb9664c5f8636329436d/library/std/src/io/mod.rs:1698:15
[INFO] [stdout]    6:     0x5592e9c03665 - std::sys_common::backtrace::_print::h8dac57a9f8fbf9a5
[INFO] [stdout]                                at /rustc/1b7dd2252b99671ce5d1cb9664c5f8636329436d/library/std/src/sys_common/backtrace.rs:47:5
[INFO] [stdout]    7:     0x5592e9c03665 - std::sys_common::backtrace::print::hf9ecbf41d1aa712f
[INFO] [stdout]                                at /rustc/1b7dd2252b99671ce5d1cb9664c5f8636329436d/library/std/src/sys_common/backtrace.rs:34:9
[INFO] [stdout]    8:     0x5592e9c0531e - std::panicking::default_hook::{{closure}}::h04c07acfc84ca028
[INFO] [stdout]                                at /rustc/1b7dd2252b99671ce5d1cb9664c5f8636329436d/library/std/src/panicking.rs:269:22
[INFO] [stdout]    9:     0x5592e9c05051 - std::panicking::default_hook::h01f6bb23e1eceb2c
[INFO] [stdout]                                at /rustc/1b7dd2252b99671ce5d1cb9664c5f8636329436d/library/std/src/panicking.rs:285:9
[INFO] [stdout]   10:     0x5592e95c0a1b - <alloc::boxed::Box<F,A> as core::ops::function::Fn<Args>>::call::h87fe9f7b2fd49e4c
[INFO] [stdout]                                at /rustc/1b7dd2252b99671ce5d1cb9664c5f8636329436d/library/alloc/src/boxed.rs:1987:9
[INFO] [stdout]   11:     0x5592e95c0a1b - test::test_main::{{closure}}::he94d679243a7531b
[INFO] [stdout]                                at /rustc/1b7dd2252b99671ce5d1cb9664c5f8636329436d/library/test/src/lib.rs:134:21
[INFO] [stdout]   12:     0x5592e9c05a04 - <alloc::boxed::Box<F,A> as core::ops::function::Fn<Args>>::call::h3f2d6d8b14c4769f
[INFO] [stdout]                                at /rustc/1b7dd2252b99671ce5d1cb9664c5f8636329436d/library/alloc/src/boxed.rs:1987:9
[INFO] [stdout]   13:     0x5592e9c05a04 - std::panicking::rust_panic_with_hook::h2bb3722bbaf2f6df
[INFO] [stdout]                                at /rustc/1b7dd2252b99671ce5d1cb9664c5f8636329436d/library/std/src/panicking.rs:695:13
[INFO] [stdout]   14:     0x5592e9c05779 - std::panicking::begin_panic_handler::{{closure}}::h91bc7f36a4be011b
[INFO] [stdout]                                at /rustc/1b7dd2252b99671ce5d1cb9664c5f8636329436d/library/std/src/panicking.rs:582:13
[INFO] [stdout]   15:     0x5592e9c03d06 - std::sys_common::backtrace::__rust_end_short_backtrace::h8b3d3717114f9e59
[INFO] [stdout]                                at /rustc/1b7dd2252b99671ce5d1cb9664c5f8636329436d/library/std/src/sys_common/backtrace.rs:150:18
[INFO] [stdout]   16:     0x5592e9c054d2 - rust_begin_unwind
[INFO] [stdout]                                at /rustc/1b7dd2252b99671ce5d1cb9664c5f8636329436d/library/std/src/panicking.rs:578:5
[INFO] [stdout]   17:     0x5592e94fd7e3 - core::panicking::panic_fmt::hfd368e3fbdabea26
[INFO] [stdout]                                at /rustc/1b7dd2252b99671ce5d1cb9664c5f8636329436d/library/core/src/panicking.rs:67:14
[INFO] [stdout]   18:     0x5592e95ceb5a - <realworld_tide_sqlite_backend::errors::BackendError as core::convert::From<sqlx_core::error::Error>>::from::ha7d9c65396e72215
[INFO] [stdout]                                at /opt/rustwide/workdir/src/errors.rs:106:18
[INFO] [stdout]   19:     0x5592e957ef9c - <core::result::Result<T,F> as core::ops::try_trait::FromResidual<core::result::Result<core::convert::Infallible,E>>>::from_residual::h19baff78fd119c81
[INFO] [stdout]                                at /rustc/1b7dd2252b99671ce5d1cb9664c5f8636329436d/library/core/src/result.rs:2002:27
[INFO] [stdout]   20:     0x5592e950c010 - business_logic_tests::drop_db_and_connect::{{closure}}::hc1aff5b24db3dca7
[INFO] [stdout]                                at /opt/rustwide/workdir/tests/business_logic_tests.rs:23:5
[INFO] [stdout]   21:     0x5592e950e09b - business_logic_tests::tests::{{closure}}::h3be63210115b287a
[INFO] [stdout]                                at /opt/rustwide/workdir/tests/business_logic_tests.rs:32:26
[INFO] [stdout]   22:     0x5592e953f9f1 - <async_std::task::builder::SupportTaskLocals<F> as core::future::future::Future>::poll::{{closure}}::h63208f5006583a1e
[INFO] [stdout]                                at /opt/rustwide/cargo-home/registry/src/index.crates.io-6f17d22bba15001f/async-std-1.10.0/src/task/builder.rs:199:17
[INFO] [stdout]   23:     0x5592e95856ed - async_std::task::task_locals_wrapper::TaskLocalsWrapper::set_current::{{closure}}::h7f381fdf8341286e
[INFO] [stdout]                                at /opt/rustwide/cargo-home/registry/src/index.crates.io-6f17d22bba15001f/async-std-1.10.0/src/task/task_locals_wrapper.rs:60:13
[INFO] [stdout]   24:     0x5592e957835e - std::thread::local::LocalKey<T>::try_with::h930c71700d2ed030
[INFO] [stdout]                                at /rustc/1b7dd2252b99671ce5d1cb9664c5f8636329436d/library/std/src/thread/local.rs:252:16
[INFO] [stdout]   25:     0x5592e957774d - std::thread::local::LocalKey<T>::with::h3a7bb44203c7de68
[INFO] [stdout]                                at /rustc/1b7dd2252b99671ce5d1cb9664c5f8636329436d/library/std/src/thread/local.rs:228:9
[INFO] [stdout]   26:     0x5592e958531f - async_std::task::task_locals_wrapper::TaskLocalsWrapper::set_current::hcb211d1dbe2a9ad8
[INFO] [stdout]                                at /opt/rustwide/cargo-home/registry/src/index.crates.io-6f17d22bba15001f/async-std-1.10.0/src/task/task_locals_wrapper.rs:55:9
[INFO] [stdout]   27:     0x5592e953f9a4 - <async_std::task::builder::SupportTaskLocals<F> as core::future::future::Future>::poll::hbc01982727134a43
[INFO] [stdout]                                at /opt/rustwide/cargo-home/registry/src/index.crates.io-6f17d22bba15001f/async-std-1.10.0/src/task/builder.rs:197:13
[INFO] [stdout]   28:     0x5592e95797e0 - <futures_lite::future::Or<F1,F2> as core::future::future::Future>::poll::h22e76a31fa228d98
[INFO] [stdout]                                at /opt/rustwide/cargo-home/registry/src/index.crates.io-6f17d22bba15001f/futures-lite-1.12.0/src/future.rs:526:33
[INFO] [stdout]   29:     0x5592e9586634 - async_executor::Executor::run::{{closure}}::h0447bf2557f75954
[INFO] [stdout]                                at /opt/rustwide/cargo-home/registry/src/index.crates.io-6f17d22bba15001f/async-executor-1.4.1/src/lib.rs:242:31
[INFO] [stdout]   30:     0x5592e95861d0 - async_executor::LocalExecutor::run::{{closure}}::h0e77951219e631c6
[INFO] [stdout]                                at /opt/rustwide/cargo-home/registry/src/index.crates.io-6f17d22bba15001f/async-executor-1.4.1/src/lib.rs:447:33
[INFO] [stdout]   31:     0x5592e9571052 - async_io::driver::block_on::h768ab3bbfa836fe6
[INFO] [stdout]                                at /opt/rustwide/cargo-home/registry/src/index.crates.io-6f17d22bba15001f/async-io-1.6.0/src/driver.rs:142:33
[INFO] [stdout]   32:     0x5592e9577456 - async_global_executor::reactor::block_on::{{closure}}::hf0264203cbc4057c
[INFO] [stdout]                                at /opt/rustwide/cargo-home/registry/src/index.crates.io-6f17d22bba15001f/async-global-executor-2.0.2/src/reactor.rs:3:18
[INFO] [stdout]   33:     0x5592e95773d6 - async_global_executor::reactor::block_on::he1df5d5f937c3110
[INFO] [stdout]                                at /opt/rustwide/cargo-home/registry/src/index.crates.io-6f17d22bba15001f/async-global-executor-2.0.2/src/reactor.rs:12:5
[INFO] [stdout]   34:     0x5592e9577661 - async_global_executor::executor::block_on::{{closure}}::h9642856f837d514a
[INFO] [stdout]                                at /opt/rustwide/cargo-home/registry/src/index.crates.io-6f17d22bba15001f/async-global-executor-2.0.2/src/executor.rs:26:36
[INFO] [stdout]   35:     0x5592e9577aa1 - std::thread::local::LocalKey<T>::try_with::h10e53eab1fc4a7a1
[INFO] [stdout]                                at /rustc/1b7dd2252b99671ce5d1cb9664c5f8636329436d/library/std/src/thread/local.rs:252:16
[INFO] [stdout]   36:     0x5592e957768d - std::thread::local::LocalKey<T>::with::h0e6a41c5d70a632f
[INFO] [stdout]                                at /rustc/1b7dd2252b99671ce5d1cb9664c5f8636329436d/library/std/src/thread/local.rs:228:9
[INFO] [stdout]   37:     0x5592e95775b3 - async_global_executor::executor::block_on::hf9e57a9bb32cfa42
[INFO] [stdout]                                at /opt/rustwide/cargo-home/registry/src/index.crates.io-6f17d22bba15001f/async-global-executor-2.0.2/src/executor.rs:26:5
[INFO] [stdout]   38:     0x5592e9547b62 - async_std::task::builder::Builder::blocking::{{closure}}::{{closure}}::h088e6d138aea4d1e
[INFO] [stdout]                                at /opt/rustwide/cargo-home/registry/src/index.crates.io-6f17d22bba15001f/async-std-1.10.0/src/task/builder.rs:171:25
[INFO] [stdout]   39:     0x5592e95854aa - async_std::task::task_locals_wrapper::TaskLocalsWrapper::set_current::{{closure}}::h6aab7740e15be361
[INFO] [stdout]                                at /opt/rustwide/cargo-home/registry/src/index.crates.io-6f17d22bba15001f/async-std-1.10.0/src/task/task_locals_wrapper.rs:60:13
[INFO] [stdout]   40:     0x5592e9577c79 - std::thread::local::LocalKey<T>::try_with::h2557f30a5589d05a
[INFO] [stdout]                                at /rustc/1b7dd2252b99671ce5d1cb9664c5f8636329436d/library/std/src/thread/local.rs:252:16
[INFO] [stdout]   41:     0x5592e95777dd - std::thread::local::LocalKey<T>::with::h57eed5ac409ae9bd
[INFO] [stdout]                                at /rustc/1b7dd2252b99671ce5d1cb9664c5f8636329436d/library/std/src/thread/local.rs:228:9
[INFO] [stdout]   42:     0x5592e9585395 - async_std::task::task_locals_wrapper::TaskLocalsWrapper::set_current::he14c904eea187055
[INFO] [stdout]                                at /opt/rustwide/cargo-home/registry/src/index.crates.io-6f17d22bba15001f/async-std-1.10.0/src/task/task_locals_wrapper.rs:55:9
[INFO] [stdout]   43:     0x5592e9547a78 - async_std::task::builder::Builder::blocking::{{closure}}::h5437331d8dc54d6e
[INFO] [stdout]                                at /opt/rustwide/cargo-home/registry/src/index.crates.io-6f17d22bba15001f/async-std-1.10.0/src/task/builder.rs:168:17
[INFO] [stdout]   44:     0x5592e9578971 - std::thread::local::LocalKey<T>::try_with::he0032a189720878e
[INFO] [stdout]                                at /rustc/1b7dd2252b99671ce5d1cb9664c5f8636329436d/library/std/src/thread/local.rs:252:16
[INFO] [stdout]   45:     0x5592e957782d - std::thread::local::LocalKey<T>::with::h5fe4dc6ac843d064
[INFO] [stdout]                                at /rustc/1b7dd2252b99671ce5d1cb9664c5f8636329436d/library/std/src/thread/local.rs:228:9
[INFO] [stdout]   46:     0x5592e9547743 - async_std::task::builder::Builder::blocking::hb3167540f21f5650
[INFO] [stdout]                                at /opt/rustwide/cargo-home/registry/src/index.crates.io-6f17d22bba15001f/async-std-1.10.0/src/task/builder.rs:161:9
[INFO] [stdout]   47:     0x5592e953582c - async_std::task::block_on::block_on::h6bf3b57c63be48ce
[INFO] [stdout]                                at /opt/rustwide/cargo-home/registry/src/index.crates.io-6f17d22bba15001f/async-std-1.10.0/src/task/block_on.rs:33:5
[INFO] [stdout]   48:     0x5592e950c11f - business_logic_tests::tests::h7bee24212d1cb379
[INFO] [stdout]                                at /opt/rustwide/workdir/tests/business_logic_tests.rs:29:1
[INFO] [stdout]   49:     0x5592e950c0cd - business_logic_tests::tests::{{closure}}::hc525ffa87f7b10bb
[INFO] [stdout]                                at /opt/rustwide/workdir/tests/business_logic_tests.rs:30:21
[INFO] [stdout]   50:     0x5592e94fecd5 - core::ops::function::FnOnce::call_once::hcaa5493a8442f300
[INFO] [stdout]                                at /rustc/1b7dd2252b99671ce5d1cb9664c5f8636329436d/library/core/src/ops/function.rs:250:5
[INFO] [stdout]   51:     0x5592e95c58ef - core::ops::function::FnOnce::call_once::ha6a70e79f7481a7e
[INFO] [stdout]                                at /rustc/1b7dd2252b99671ce5d1cb9664c5f8636329436d/library/core/src/ops/function.rs:250:5
[INFO] [stdout]   52:     0x5592e95c58ef - test::__rust_begin_short_backtrace::hce33033019b61e69
[INFO] [stdout]                                at /rustc/1b7dd2252b99671ce5d1cb9664c5f8636329436d/library/test/src/lib.rs:655:18
[INFO] [stdout]   53:     0x5592e95930dc - test::run_test::{{closure}}::h858d3528838ae3e5
[INFO] [stdout]                                at /rustc/1b7dd2252b99671ce5d1cb9664c5f8636329436d/library/test/src/lib.rs:646:30
[INFO] [stdout]   54:     0x5592e95930dc - core::ops::function::FnOnce::call_once{{vtable.shim}}::he8ac2b00f01ae79e
[INFO] [stdout]                                at /rustc/1b7dd2252b99671ce5d1cb9664c5f8636329436d/library/core/src/ops/function.rs:250:5
[INFO] [stdout]   55:     0x5592e95c49c6 - <alloc::boxed::Box<F,A> as core::ops::function::FnOnce<Args>>::call_once::h8093d25b522725ef
[INFO] [stdout]                                at /rustc/1b7dd2252b99671ce5d1cb9664c5f8636329436d/library/alloc/src/boxed.rs:1973:9
[INFO] [stdout]   56:     0x5592e95c49c6 - <core::panic::unwind_safe::AssertUnwindSafe<F> as core::ops::function::FnOnce<()>>::call_once::h5c334c204e4a3913
[INFO] [stdout]                                at /rustc/1b7dd2252b99671ce5d1cb9664c5f8636329436d/library/core/src/panic/unwind_safe.rs:271:9
[INFO] [stdout]   57:     0x5592e95c49c6 - std::panicking::try::do_call::ha8b740c7b9478074
[INFO] [stdout]                                at /rustc/1b7dd2252b99671ce5d1cb9664c5f8636329436d/library/std/src/panicking.rs:485:40
[INFO] [stdout]   58:     0x5592e95c49c6 - std::panicking::try::h5d34f63d0e41b64e
[INFO] [stdout]                                at /rustc/1b7dd2252b99671ce5d1cb9664c5f8636329436d/library/std/src/panicking.rs:449:19
[INFO] [stdout]   59:     0x5592e95c49c6 - std::panic::catch_unwind::hcfbb511e1aa7fc67
[INFO] [stdout]                                at /rustc/1b7dd2252b99671ce5d1cb9664c5f8636329436d/library/std/src/panic.rs:140:14
[INFO] [stdout]   60:     0x5592e95c49c6 - test::run_test_in_process::h9abda90f802eaf21
[INFO] [stdout]                                at /rustc/1b7dd2252b99671ce5d1cb9664c5f8636329436d/library/test/src/lib.rs:678:27
[INFO] [stdout]   61:     0x5592e95c49c6 - test::run_test::run_test_inner::{{closure}}::h0f058de91f6c6edf
[INFO] [stdout]                                at /rustc/1b7dd2252b99671ce5d1cb9664c5f8636329436d/library/test/src/lib.rs:572:39
[INFO] [stdout]   62:     0x5592e958d8e5 - test::run_test::run_test_inner::{{closure}}::h5ca48a4c59c6c1fb
[INFO] [stdout]                                at /rustc/1b7dd2252b99671ce5d1cb9664c5f8636329436d/library/test/src/lib.rs:599:37
[INFO] [stdout]   63:     0x5592e958d8e5 - std::sys_common::backtrace::__rust_begin_short_backtrace::h32bd51e1495d4a33
[INFO] [stdout]                                at /rustc/1b7dd2252b99671ce5d1cb9664c5f8636329436d/library/std/src/sys_common/backtrace.rs:134:18
[INFO] [stdout]   64:     0x5592e9592e21 - std::thread::Builder::spawn_unchecked_::{{closure}}::{{closure}}::hc086fae9b128b2db
[INFO] [stdout]                                at /rustc/1b7dd2252b99671ce5d1cb9664c5f8636329436d/library/std/src/thread/mod.rs:526:17
[INFO] [stdout]   65:     0x5592e9592e21 - <core::panic::unwind_safe::AssertUnwindSafe<F> as core::ops::function::FnOnce<()>>::call_once::hb66571888d270d43
[INFO] [stdout]                                at /rustc/1b7dd2252b99671ce5d1cb9664c5f8636329436d/library/core/src/panic/unwind_safe.rs:271:9
[INFO] [stdout]   66:     0x5592e9592e21 - std::panicking::try::do_call::h4fa2ef4f6e51fecf
[INFO] [stdout]                                at /rustc/1b7dd2252b99671ce5d1cb9664c5f8636329436d/library/std/src/panicking.rs:485:40
[INFO] [stdout]   67:     0x5592e9592e21 - std::panicking::try::h1e9e22b8584489b5
[INFO] [stdout]                                at /rustc/1b7dd2252b99671ce5d1cb9664c5f8636329436d/library/std/src/panicking.rs:449:19
[INFO] [stdout]   68:     0x5592e9592e21 - std::panic::catch_unwind::h44698a3de0e0769e
[INFO] [stdout]                                at /rustc/1b7dd2252b99671ce5d1cb9664c5f8636329436d/library/std/src/panic.rs:140:14
[INFO] [stdout]   69:     0x5592e9592e21 - std::thread::Builder::spawn_unchecked_::{{closure}}::h50153abde3fe239e
[INFO] [stdout]                                at /rustc/1b7dd2252b99671ce5d1cb9664c5f8636329436d/library/std/src/thread/mod.rs:525:30
[INFO] [stdout]   70:     0x5592e9592e21 - core::ops::function::FnOnce::call_once{{vtable.shim}}::hbe5bbf6f38394364
[INFO] [stdout]                                at /rustc/1b7dd2252b99671ce5d1cb9664c5f8636329436d/library/core/src/ops/function.rs:250:5
[INFO] [stdout]   71:     0x5592e9c0a8f5 - <alloc::boxed::Box<F,A> as core::ops::function::FnOnce<Args>>::call_once::h0d83cb2920a49046
[INFO] [stdout]                                at /rustc/1b7dd2252b99671ce5d1cb9664c5f8636329436d/library/alloc/src/boxed.rs:1973:9
[INFO] [stdout]   72:     0x5592e9c0a8f5 - <alloc::boxed::Box<F,A> as core::ops::function::FnOnce<Args>>::call_once::hbe0a008aa7d9ef59
[INFO] [stdout]                                at /rustc/1b7dd2252b99671ce5d1cb9664c5f8636329436d/library/alloc/src/boxed.rs:1973:9
[INFO] [stdout]   73:     0x5592e9c0a8f5 - std::sys::unix::thread::Thread::new::thread_start::h3a466996bdf6b1f9
[INFO] [stdout]                                at /rustc/1b7dd2252b99671ce5d1cb9664c5f8636329436d/library/std/src/sys/unix/thread.rs:108:17
[INFO] [stdout]   74:     0x7fcf8c7a0b43 - <unknown>
[INFO] [stdout]   75:     0x7fcf8c831bb4 - __clone
[INFO] [stdout]   76:                0x0 - <unknown>
[INFO] [stdout] 
[INFO] [stdout] 
[INFO] [stdout] failures:
[INFO] [stdout]     tests
[INFO] [stdout] 
[INFO] [stdout] test result: FAILED. 0 passed; 1 failed; 0 ignored; 0 measured; 0 filtered out; finished in 0.03s
[INFO] [stdout] 
[INFO] [stderr] error: test failed, to rerun pass `--test business_logic_tests`
[INFO] running `Command { std: "docker" "inspect" "2bacbf34328742dcb93c52fea29b7fbb39815fcafc51c1bd0e6066971320a67e", kill_on_drop: false }`
[INFO] running `Command { std: "docker" "rm" "-f" "2bacbf34328742dcb93c52fea29b7fbb39815fcafc51c1bd0e6066971320a67e", kill_on_drop: false }`
[INFO] [stdout] 2bacbf34328742dcb93c52fea29b7fbb39815fcafc51c1bd0e6066971320a67e
