[INFO] cloning repository https://github.com/RenoirTan/algocol
[INFO] running `Command { std: "git" "-c" "credential.helper=" "-c" "credential.helper=/workspace/cargo-home/bin/git-credential-null" "clone" "--bare" "https://github.com/RenoirTan/algocol" "/workspace/cache/git-repos/https%3A%2F%2Fgithub.com%2FRenoirTan%2Falgocol", kill_on_drop: false }`
[INFO] [stderr] Cloning into bare repository '/workspace/cache/git-repos/https%3A%2F%2Fgithub.com%2FRenoirTan%2Falgocol'...
[INFO] running `Command { std: "git" "rev-parse" "HEAD", kill_on_drop: false }`
[INFO] [stdout] 9a51cb350cf364efc9447ed94058236ba1f55016
[INFO] testing RenoirTan/algocol against beta-2023-04-20 for beta-1.70-1
[INFO] running `Command { std: "git" "clone" "/workspace/cache/git-repos/https%3A%2F%2Fgithub.com%2FRenoirTan%2Falgocol" "/workspace/builds/worker-5-tc2/source", kill_on_drop: false }`
[INFO] [stderr] Cloning into '/workspace/builds/worker-5-tc2/source'...
[INFO] [stderr] done.
[INFO] validating manifest of git repo https://github.com/RenoirTan/algocol on toolchain beta-2023-04-20
[INFO] running `Command { std: CARGO_HOME="/workspace/cargo-home" RUSTUP_HOME="/workspace/rustup-home" "/workspace/cargo-home/bin/cargo" "+beta-2023-04-20" "metadata" "--manifest-path" "Cargo.toml" "--no-deps", kill_on_drop: false }`
[INFO] started tweaking git repo https://github.com/RenoirTan/algocol
[INFO] finished tweaking git repo https://github.com/RenoirTan/algocol
[INFO] tweaked toml for git repo https://github.com/RenoirTan/algocol written to /workspace/builds/worker-5-tc2/source/Cargo.toml
[INFO] crate git repo https://github.com/RenoirTan/algocol already has a lockfile, it will not be regenerated
[INFO] running `Command { std: CARGO_HOME="/workspace/cargo-home" RUSTUP_HOME="/workspace/rustup-home" "/workspace/cargo-home/bin/cargo" "+beta-2023-04-20" "fetch" "--manifest-path" "Cargo.toml", kill_on_drop: false }`
[INFO] [stderr] warning: unused manifest key: package.bench
[INFO] [stderr] warning: unused manifest key: package.crate-type
[INFO] [stderr] warning: unused manifest key: package.test
[INFO] [stderr]  Downloading crates ...
[INFO] [stderr]   Downloaded num-bigint v0.3.1
[INFO] running `Command { std: "docker" "create" "-v" "/var/lib/crater-agent-workspace/builds/worker-5-tc2/target:/opt/rustwide/target:rw,Z" "-v" "/var/lib/crater-agent-workspace/builds/worker-5-tc2/source:/opt/rustwide/workdir:ro,Z" "-v" "/var/lib/crater-agent-workspace/cargo-home:/opt/rustwide/cargo-home:ro,Z" "-v" "/var/lib/crater-agent-workspace/rustup-home:/opt/rustwide/rustup-home:ro,Z" "-e" "SOURCE_DIR=/opt/rustwide/workdir" "-e" "CARGO_TARGET_DIR=/opt/rustwide/target" "-e" "CARGO_HOME=/opt/rustwide/cargo-home" "-e" "RUSTUP_HOME=/opt/rustwide/rustup-home" "-w" "/opt/rustwide/workdir" "-m" "1610612736" "--user" "0:0" "--network" "none" "ghcr.io/rust-lang/crates-build-env/linux@sha256:5ff2268d62e97bff2cde7d5815dd6ed5b47097566f13b8d0ca110b04b60e07ed" "/opt/rustwide/cargo-home/bin/cargo" "+beta-2023-04-20" "metadata" "--no-deps" "--format-version=1", kill_on_drop: false }`
[INFO] [stdout] 863b12fe7ce3b8065a9f677c68611f470ae7aa6c09115a9e962a634669b74236
[INFO] running `Command { std: "docker" "start" "-a" "863b12fe7ce3b8065a9f677c68611f470ae7aa6c09115a9e962a634669b74236", kill_on_drop: false }`
[INFO] running `Command { std: "docker" "inspect" "863b12fe7ce3b8065a9f677c68611f470ae7aa6c09115a9e962a634669b74236", kill_on_drop: false }`
[INFO] running `Command { std: "docker" "rm" "-f" "863b12fe7ce3b8065a9f677c68611f470ae7aa6c09115a9e962a634669b74236", kill_on_drop: false }`
[INFO] [stdout] 863b12fe7ce3b8065a9f677c68611f470ae7aa6c09115a9e962a634669b74236
[INFO] running `Command { std: "docker" "create" "-v" "/var/lib/crater-agent-workspace/builds/worker-5-tc2/target:/opt/rustwide/target:rw,Z" "-v" "/var/lib/crater-agent-workspace/builds/worker-5-tc2/source:/opt/rustwide/workdir:ro,Z" "-v" "/var/lib/crater-agent-workspace/cargo-home:/opt/rustwide/cargo-home:ro,Z" "-v" "/var/lib/crater-agent-workspace/rustup-home:/opt/rustwide/rustup-home:ro,Z" "-e" "SOURCE_DIR=/opt/rustwide/workdir" "-e" "CARGO_TARGET_DIR=/opt/rustwide/target" "-e" "CARGO_INCREMENTAL=0" "-e" "RUST_BACKTRACE=full" "-e" "RUSTFLAGS=--cap-lints=warn" "-e" "RUSTDOCFLAGS=--cap-lints=warn" "-e" "CARGO_HOME=/opt/rustwide/cargo-home" "-e" "RUSTUP_HOME=/opt/rustwide/rustup-home" "-w" "/opt/rustwide/workdir" "-m" "1610612736" "--user" "0:0" "--network" "none" "ghcr.io/rust-lang/crates-build-env/linux@sha256:5ff2268d62e97bff2cde7d5815dd6ed5b47097566f13b8d0ca110b04b60e07ed" "/opt/rustwide/cargo-home/bin/cargo" "+beta-2023-04-20" "build" "--frozen" "--message-format=json", kill_on_drop: false }`
[INFO] [stdout] 8b50dda096a8fdf89d04898c48ad4159e7a8155841cd1ac94777e54afa7c2be9
[INFO] running `Command { std: "docker" "start" "-a" "8b50dda096a8fdf89d04898c48ad4159e7a8155841cd1ac94777e54afa7c2be9", kill_on_drop: false }`
[INFO] [stderr] warning: unused manifest key: package.bench
[INFO] [stderr] warning: unused manifest key: package.crate-type
[INFO] [stderr] warning: unused manifest key: package.test
[INFO] [stderr]    Compiling num-traits v0.2.14
[INFO] [stderr]    Compiling num-integer v0.1.44
[INFO] [stderr]    Compiling num-bigint v0.3.1
[INFO] [stderr]    Compiling num-rational v0.3.2
[INFO] [stderr]    Compiling num-iter v0.1.42
[INFO] [stderr]    Compiling num-complex v0.3.1
[INFO] [stderr]    Compiling num v0.3.1
[INFO] [stderr]    Compiling algocol v0.3.0 (/opt/rustwide/workdir)
[INFO] [stdout] warning: unnecessary trailing semicolon
[INFO] [stdout]    --> src/sort/quicksort.rs:167:6
[INFO] [stdout]     |
[INFO] [stdout] 167 |     };
[INFO] [stdout]     |      ^ help: remove this semicolon
[INFO] [stdout]     |
[INFO] [stdout]     = note: `#[warn(redundant_semicolons)]` on by default
[INFO] [stdout] 
[INFO] [stdout] 
[INFO] [stdout] warning: 1 warning emitted
[INFO] [stdout] 
[INFO] [stdout] 
[INFO] [stderr]     Finished dev [unoptimized + debuginfo] target(s) in 2.56s
[INFO] running `Command { std: "docker" "inspect" "8b50dda096a8fdf89d04898c48ad4159e7a8155841cd1ac94777e54afa7c2be9", kill_on_drop: false }`
[INFO] running `Command { std: "docker" "rm" "-f" "8b50dda096a8fdf89d04898c48ad4159e7a8155841cd1ac94777e54afa7c2be9", kill_on_drop: false }`
[INFO] [stdout] 8b50dda096a8fdf89d04898c48ad4159e7a8155841cd1ac94777e54afa7c2be9
[INFO] running `Command { std: "docker" "create" "-v" "/var/lib/crater-agent-workspace/builds/worker-5-tc2/target:/opt/rustwide/target:rw,Z" "-v" "/var/lib/crater-agent-workspace/builds/worker-5-tc2/source:/opt/rustwide/workdir:ro,Z" "-v" "/var/lib/crater-agent-workspace/cargo-home:/opt/rustwide/cargo-home:ro,Z" "-v" "/var/lib/crater-agent-workspace/rustup-home:/opt/rustwide/rustup-home:ro,Z" "-e" "SOURCE_DIR=/opt/rustwide/workdir" "-e" "CARGO_TARGET_DIR=/opt/rustwide/target" "-e" "CARGO_INCREMENTAL=0" "-e" "RUST_BACKTRACE=full" "-e" "RUSTFLAGS=--cap-lints=warn" "-e" "RUSTDOCFLAGS=--cap-lints=warn" "-e" "CARGO_HOME=/opt/rustwide/cargo-home" "-e" "RUSTUP_HOME=/opt/rustwide/rustup-home" "-w" "/opt/rustwide/workdir" "-m" "1610612736" "--user" "0:0" "--network" "none" "ghcr.io/rust-lang/crates-build-env/linux@sha256:5ff2268d62e97bff2cde7d5815dd6ed5b47097566f13b8d0ca110b04b60e07ed" "/opt/rustwide/cargo-home/bin/cargo" "+beta-2023-04-20" "test" "--frozen" "--no-run" "--message-format=json", kill_on_drop: false }`
[INFO] [stdout] 2f42059d42f624dd8b814a265e10379924147a668bada23c67803f30c5c8b6db
[INFO] running `Command { std: "docker" "start" "-a" "2f42059d42f624dd8b814a265e10379924147a668bada23c67803f30c5c8b6db", kill_on_drop: false }`
[INFO] [stderr] warning: unused manifest key: package.bench
[INFO] [stderr] warning: unused manifest key: package.crate-type
[INFO] [stderr] warning: unused manifest key: package.test
[INFO] [stderr]    Compiling algocol v0.3.0 (/opt/rustwide/workdir)
[INFO] [stdout] warning: unnecessary trailing semicolon
[INFO] [stdout]    --> src/sort/quicksort.rs:167:6
[INFO] [stdout]     |
[INFO] [stdout] 167 |     };
[INFO] [stdout]     |      ^ help: remove this semicolon
[INFO] [stdout]     |
[INFO] [stdout]     = note: `#[warn(redundant_semicolons)]` on by default
[INFO] [stdout] 
[INFO] [stdout] 
[INFO] [stdout] warning: 1 warning emitted
[INFO] [stdout] 
[INFO] [stdout] 
[INFO] [stdout] warning: unnecessary trailing semicolon
[INFO] [stdout]    --> src/sort/quicksort.rs:167:6
[INFO] [stdout]     |
[INFO] [stdout] 167 |     };
[INFO] [stdout]     |      ^ help: remove this semicolon
[INFO] [stdout]     |
[INFO] [stdout]     = note: `#[warn(redundant_semicolons)]` on by default
[INFO] [stdout] 
[INFO] [stdout] 
[INFO] [stdout] warning: 1 warning emitted
[INFO] [stdout] 
[INFO] [stdout] 
[INFO] [stderr]     Finished test [unoptimized + debuginfo] target(s) in 0.36s
[INFO] running `Command { std: "docker" "inspect" "2f42059d42f624dd8b814a265e10379924147a668bada23c67803f30c5c8b6db", kill_on_drop: false }`
[INFO] running `Command { std: "docker" "rm" "-f" "2f42059d42f624dd8b814a265e10379924147a668bada23c67803f30c5c8b6db", kill_on_drop: false }`
[INFO] [stdout] 2f42059d42f624dd8b814a265e10379924147a668bada23c67803f30c5c8b6db
[INFO] running `Command { std: "docker" "create" "-v" "/var/lib/crater-agent-workspace/builds/worker-5-tc2/target:/opt/rustwide/target:rw,Z" "-v" "/var/lib/crater-agent-workspace/builds/worker-5-tc2/source:/opt/rustwide/workdir:ro,Z" "-v" "/var/lib/crater-agent-workspace/cargo-home:/opt/rustwide/cargo-home:ro,Z" "-v" "/var/lib/crater-agent-workspace/rustup-home:/opt/rustwide/rustup-home:ro,Z" "-e" "SOURCE_DIR=/opt/rustwide/workdir" "-e" "CARGO_TARGET_DIR=/opt/rustwide/target" "-e" "CARGO_INCREMENTAL=0" "-e" "RUST_BACKTRACE=full" "-e" "RUSTFLAGS=--cap-lints=warn" "-e" "RUSTDOCFLAGS=--cap-lints=warn" "-e" "CARGO_HOME=/opt/rustwide/cargo-home" "-e" "RUSTUP_HOME=/opt/rustwide/rustup-home" "-w" "/opt/rustwide/workdir" "-m" "1610612736" "--user" "0:0" "--network" "none" "ghcr.io/rust-lang/crates-build-env/linux@sha256:5ff2268d62e97bff2cde7d5815dd6ed5b47097566f13b8d0ca110b04b60e07ed" "/opt/rustwide/cargo-home/bin/cargo" "+beta-2023-04-20" "test" "--frozen", kill_on_drop: false }`
[INFO] [stdout] 201eb308e1f416fcf8d90a5b4e7775e05e212aa811ac86e9ba71ec60abed9a46
[INFO] running `Command { std: "docker" "start" "-a" "201eb308e1f416fcf8d90a5b4e7775e05e212aa811ac86e9ba71ec60abed9a46", kill_on_drop: false }`
[INFO] [stderr] warning: unused manifest key: package.bench
[INFO] [stderr] warning: unused manifest key: package.crate-type
[INFO] [stderr] warning: unused manifest key: package.test
[INFO] [stderr] warning: unnecessary trailing semicolon
[INFO] [stderr]    --> src/sort/quicksort.rs:167:6
[INFO] [stderr]     |
[INFO] [stderr] 167 |     };
[INFO] [stderr]     |      ^ help: remove this semicolon
[INFO] [stderr]     |
[INFO] [stderr]     = note: `#[warn(redundant_semicolons)]` on by default
[INFO] [stderr] 
[INFO] [stderr] warning: `algocol` (lib) generated 1 warning
[INFO] [stderr] warning: `algocol` (lib test) generated 1 warning (1 duplicate)
[INFO] [stderr]     Finished test [unoptimized + debuginfo] target(s) in 0.01s
[INFO] [stderr]      Running unittests src/lib.rs (/opt/rustwide/target/debug/deps/algocol-ba8ca560de52d259)
[INFO] [stdout] 
[INFO] [stdout] running 0 tests
[INFO] [stdout] 
[INFO] [stdout] test result: ok. 0 passed; 0 failed; 0 ignored; 0 measured; 0 filtered out; finished in 0.00s
[INFO] [stdout] 
[INFO] [stderr]      Running tests/binarysearch.rs (/opt/rustwide/target/debug/deps/binarysearch-58969ca21a357b5f)
[INFO] [stdout] 
[INFO] [stdout] running 1 test
[INFO] [stdout] test test_binarysearch_unchecked ... ok
[INFO] [stdout] 
[INFO] [stdout] test result: ok. 1 passed; 0 failed; 0 ignored; 0 measured; 0 filtered out; finished in 0.00s
[INFO] [stdout] 
[INFO] [stderr]      Running tests/experiments.rs (/opt/rustwide/target/debug/deps/experiments-d74644f72b1ef465)
[INFO] [stdout] 
[INFO] [stdout] running 1 test
[INFO] [stdout] test experiment_partition ... ok
[INFO] [stdout] 
[INFO] [stdout] test result: ok. 1 passed; 0 failed; 0 ignored; 0 measured; 0 filtered out; finished in 0.00s
[INFO] [stdout] 
[INFO] [stderr]      Running tests/macros.rs (/opt/rustwide/target/debug/deps/macros-bd477cd25f5a3355)
[INFO] [stdout] 
[INFO] [stdout] running 1 test
[INFO] [stdout] test test_alreadysorted ... ok
[INFO] [stdout] 
[INFO] [stdout] test result: ok. 1 passed; 0 failed; 0 ignored; 0 measured; 0 filtered out; finished in 0.00s
[INFO] [stdout] 
[INFO] [stderr]      Running tests/sorting.rs (/opt/rustwide/target/debug/deps/sorting-97ee8113bedb0019)
[INFO] [stdout] 
[INFO] [stdout] running 10 tests
[INFO] [stdout] test test_bubblesort ... ok
[INFO] [stdout] test test_insertionsort ... ok
[INFO] [stdout] test test_merge ... ok
[INFO] [stdout] test test_mergesort ... ok
[INFO] [stdout] test test_mergesort_recursive ... ok
[INFO] [stdout] test test_partition ... ok
[INFO] [stdout] test test_selectionsort ... ok
[INFO] [stdout] test test_quicksort ... ok
[INFO] [stdout] test test_timsort ... ok
[INFO] [stdout] test test_quicksort_recursive ... ok
[INFO] [stdout] 
[INFO] [stdout] test result: ok. 10 passed; 0 failed; 0 ignored; 0 measured; 0 filtered out; finished in 0.00s
[INFO] [stdout] 
[INFO] [stderr]    Doc-tests algocol
[INFO] [stderr] warning: unnecessary trailing semicolon
[INFO] [stderr]    --> /opt/rustwide/workdir/src/sort/quicksort.rs:167:6
[INFO] [stderr]     |
[INFO] [stderr] 167 |     };
[INFO] [stderr]     |      ^ help: remove this semicolon
[INFO] [stderr]     |
[INFO] [stderr]     = note: `#[warn(redundant_semicolons)]` on by default
[INFO] [stderr] 
[INFO] [stderr] warning: 1 warning emitted
[INFO] [stderr] 
[INFO] [stdout] 
[INFO] [stdout] running 35 tests
[INFO] [stdout] test src/graph/maps.rs - graph::maps::Edge<N,C>::new (line 61) ... ignored
[INFO] [stdout] test src/graph/maps.rs - graph::maps::Edge<N,C>::new (line 52) ... FAILED
[INFO] [stdout] test src/graph/maps.rs - graph::maps::Edge<N,C>::try_new (line 76) ... FAILED
[INFO] [stdout] test src/graph/maps.rs - graph::maps::AdjacencyMatrix (line 107) ... FAILED
[INFO] [stdout] test src/macros/mod.rs - macros::alreadysorted (line 10) ... FAILED
[INFO] [stdout] test src/binarysearch/mod.rs - binarysearch::binarysearch_by (line 267) ... ok
[INFO] [stdout] test src/binarysearch/mod.rs - binarysearch::binarysearch_unchecked (line 30) ... ok
[INFO] [stdout] test src/sort/mod.rs - sort (line 27) ... ignored
[INFO] [stdout] test src/binarysearch/mod.rs - binarysearch::binarysearch (line 191) ... ok
[INFO] [stdout] test src/binarysearch/mod.rs - binarysearch::binarysearch_unchecked_by (line 90) ... ok
[INFO] [stdout] test src/binarysearch/mod.rs - binarysearch::binarysearch_unchecked (line 41) ... ok
[INFO] [stdout] test src/binarysearch/mod.rs - binarysearch::binarysearch_unchecked_by (line 74) ... ok
[INFO] [stdout] test src/binarysearch/mod.rs - binarysearch::binarysearch (line 203) ... ok
[INFO] [stdout] test src/sort/bubblesort.rs - sort::bubblesort::bubblesort_by (line 51) ... ok
[INFO] [stdout] test src/binarysearch/mod.rs - binarysearch::binarysearch_by (line 255) ... ok
[INFO] [stdout] test src/sort/bubblesort.rs - sort::bubblesort::bubblesort (line 23) ... ok
[INFO] [stdout] test src/sort/insertionsort.rs - sort::insertionsort::insertionsort (line 26) ... ok
[INFO] [stdout] test src/sort/mergesort.rs - sort::mergesort::mergesort (line 130) ... ok
[INFO] [stdout] test src/sort/mergesort.rs - sort::mergesort::merge (line 35) ... ok
[INFO] [stdout] test src/sort/insertionsort.rs - sort::insertionsort::insertionsort_by (line 57) ... ok
[INFO] [stdout] test src/sort/mergesort.rs - sort::mergesort::mergesort_recursively (line 206) ... ok
[INFO] [stdout] test src/sort/mergesort.rs - sort::mergesort::mergesort_by (line 158) ... ok
[INFO] [stdout] test src/sort/mod.rs - sort::is_sorted (line 100) ... ok
[INFO] [stdout] test src/sort/mod.rs - sort::is_sorted_by (line 126) ... ok
[INFO] [stdout] test src/sort/mergesort.rs - sort::mergesort::mergesort_recursively_by (line 234) ... ok
[INFO] [stdout] test src/sort/quicksort.rs - sort::quicksort::quicksort (line 115) ... ok
[INFO] [stdout] test src/sort/quicksort.rs - sort::quicksort::partition (line 25) ... ok
[INFO] [stdout] test src/sort/selectionsort.rs - sort::selectionsort::selectionsort_by (line 51) ... ok
[INFO] [stdout] test src/sort/selectionsort.rs - sort::selectionsort::selectionsort (line 22) ... ok
[INFO] [stdout] test src/sort/quicksort.rs - sort::quicksort::quicksort_by (line 145) ... ok
[INFO] [stdout] test src/sort/quicksort.rs - sort::quicksort::quicksort_recursively_by (line 235) ... ok
[INFO] [stdout] test src/sort/quicksort.rs - sort::quicksort::quicksort_recursively (line 205) ... ok
[INFO] [stdout] test src/sort/timsort.rs - sort::timsort::timsort (line 35) ... ok
[INFO] [stdout] test src/sort/timsort.rs - sort::timsort::timsort_by (line 71) ... ok
[INFO] [stdout] test src/utils/slice.rs - utils::slice::transfer_element (line 14) ... ok
[INFO] [stdout] 
[INFO] [stdout] failures:
[INFO] [stdout] 
[INFO] [stdout] ---- src/graph/maps.rs - graph::maps::Edge<N,C>::new (line 52) stdout ----
[INFO] [stdout] error[E0432]: unresolved import `algocol::graph::Edge`
[INFO] [stdout]  --> src/graph/maps.rs:53:5
[INFO] [stdout]   |
[INFO] [stdout] 4 | use algocol::graph::Edge;
[INFO] [stdout]   |     ^^^^^^^^^^^^^^^^^^^^ no `Edge` in `graph`
[INFO] [stdout]   |
[INFO] [stdout] help: consider importing this struct instead
[INFO] [stdout]   |
[INFO] [stdout] 4 | use algocol::graph::maps::Edge;
[INFO] [stdout]   |     ~~~~~~~~~~~~~~~~~~~~~~~~~~
[INFO] [stdout] 
[INFO] [stdout] error: aborting due to previous error
[INFO] [stdout] 
[INFO] [stdout] For more information about this error, try `rustc --explain E0432`.
[INFO] [stdout] Couldn't compile the test.
[INFO] [stdout] ---- src/graph/maps.rs - graph::maps::Edge<N,C>::try_new (line 76) stdout ----
[INFO] [stdout] error[E0432]: unresolved import `algocol::graph::Edge`
[INFO] [stdout]  --> src/graph/maps.rs:77:5
[INFO] [stdout]   |
[INFO] [stdout] 4 | use algocol::graph::Edge;
[INFO] [stdout]   |     ^^^^^^^^^^^^^^^^^^^^ no `Edge` in `graph`
[INFO] [stdout]   |
[INFO] [stdout] help: consider importing this struct instead
[INFO] [stdout]   |
[INFO] [stdout] 4 | use algocol::graph::maps::Edge;
[INFO] [stdout]   |     ~~~~~~~~~~~~~~~~~~~~~~~~~~
[INFO] [stdout] 
[INFO] [stdout] error: aborting due to previous error
[INFO] [stdout] 
[INFO] [stdout] For more information about this error, try `rustc --explain E0432`.
[INFO] [stdout] Couldn't compile the test.
[INFO] [stdout] ---- src/graph/maps.rs - graph::maps::AdjacencyMatrix (line 107) stdout ----
[INFO] [stdout] error[E0432]: unresolved import `algocol::graph::AdjacencyMatrix`
[INFO] [stdout]  --> src/graph/maps.rs:108:5
[INFO] [stdout]   |
[INFO] [stdout] 4 | use algocol::graph::AdjacencyMatrix;
[INFO] [stdout]   |     ^^^^^^^^^^^^^^^^^^^^^^^^^^^^^^^ no `AdjacencyMatrix` in `graph`
[INFO] [stdout]   |
[INFO] [stdout] help: consider importing this struct instead
[INFO] [stdout]   |
[INFO] [stdout] 4 | use algocol::graph::maps::AdjacencyMatrix;
[INFO] [stdout]   |     ~~~~~~~~~~~~~~~~~~~~~~~~~~~~~~~~~~~~~
[INFO] [stdout] 
[INFO] [stdout] error: aborting due to previous error
[INFO] [stdout] 
[INFO] [stdout] For more information about this error, try `rustc --explain E0432`.
[INFO] [stdout] Couldn't compile the test.
[INFO] [stdout] ---- src/macros/mod.rs - macros::alreadysorted (line 10) stdout ----
[INFO] [stdout] error: cannot find macro `already_sorted` in this scope
[INFO] [stdout]   --> src/macros/mod.rs:13:9
[INFO] [stdout]    |
[INFO] [stdout] 6  |         already_sorted!(slice.len() boolean)
[INFO] [stdout]    |         ^^^^^^^^^^^^^^ help: a macro with a similar name exists: `alreadysorted`
[INFO] [stdout]    |
[INFO] [stdout]   ::: /opt/rustwide/workdir/src/macros/mod.rs:17:1
[INFO] [stdout]    |
[INFO] [stdout] 17 | macro_rules! alreadysorted {
[INFO] [stdout]    | -------------------------- similarly named macro `alreadysorted` defined here
[INFO] [stdout] 
[INFO] [stdout] error: aborting due to previous error
[INFO] [stdout] 
[INFO] [stdout] Couldn't compile the test.
[INFO] [stdout] 
[INFO] [stdout] failures:
[INFO] [stdout]     src/graph/maps.rs - graph::maps::AdjacencyMatrix (line 107)
[INFO] [stdout]     src/graph/maps.rs - graph::maps::Edge<N,C>::new (line 52)
[INFO] [stdout]     src/graph/maps.rs - graph::maps::Edge<N,C>::try_new (line 76)
[INFO] [stdout]     src/macros/mod.rs - macros::alreadysorted (line 10)
[INFO] [stdout] 
[INFO] [stdout] test result: FAILED. 29 passed; 4 failed; 2 ignored; 0 measured; 0 filtered out; finished in 0.77s
[INFO] [stdout] 
[INFO] [stderr] error: doctest failed, to rerun pass `--doc`
[INFO] running `Command { std: "docker" "inspect" "201eb308e1f416fcf8d90a5b4e7775e05e212aa811ac86e9ba71ec60abed9a46", kill_on_drop: false }`
[INFO] running `Command { std: "docker" "rm" "-f" "201eb308e1f416fcf8d90a5b4e7775e05e212aa811ac86e9ba71ec60abed9a46", kill_on_drop: false }`
[INFO] [stdout] 201eb308e1f416fcf8d90a5b4e7775e05e212aa811ac86e9ba71ec60abed9a46
