[INFO] cloning repository https://github.com/RedStoneCoin/redstone-cb
[INFO] running `Command { std: "git" "-c" "credential.helper=" "-c" "credential.helper=/workspace/cargo-home/bin/git-credential-null" "clone" "--bare" "https://github.com/RedStoneCoin/redstone-cb" "/workspace/cache/git-repos/https%3A%2F%2Fgithub.com%2FRedStoneCoin%2Fredstone-cb", kill_on_drop: false }`
[INFO] [stderr] Cloning into bare repository '/workspace/cache/git-repos/https%3A%2F%2Fgithub.com%2FRedStoneCoin%2Fredstone-cb'...
[INFO] running `Command { std: "git" "rev-parse" "HEAD", kill_on_drop: false }`
[INFO] [stdout] 2ac1f467534c0fe43651425247431e5990c440b5
[INFO] testing RedStoneCoin/redstone-cb against beta-2023-04-20 for beta-1.70-1
[INFO] running `Command { std: "git" "clone" "/workspace/cache/git-repos/https%3A%2F%2Fgithub.com%2FRedStoneCoin%2Fredstone-cb" "/workspace/builds/worker-5-tc2/source", kill_on_drop: false }`
[INFO] [stderr] Cloning into '/workspace/builds/worker-5-tc2/source'...
[INFO] [stderr] done.
[INFO] validating manifest of git repo https://github.com/RedStoneCoin/redstone-cb on toolchain beta-2023-04-20
[INFO] running `Command { std: CARGO_HOME="/workspace/cargo-home" RUSTUP_HOME="/workspace/rustup-home" "/workspace/cargo-home/bin/cargo" "+beta-2023-04-20" "metadata" "--manifest-path" "Cargo.toml" "--no-deps", kill_on_drop: false }`
[INFO] started tweaking git repo https://github.com/RedStoneCoin/redstone-cb
[INFO] finished tweaking git repo https://github.com/RedStoneCoin/redstone-cb
[INFO] tweaked toml for git repo https://github.com/RedStoneCoin/redstone-cb written to /workspace/builds/worker-5-tc2/source/Cargo.toml
[INFO] crate git repo https://github.com/RedStoneCoin/redstone-cb already has a lockfile, it will not be regenerated
[INFO] running `Command { std: CARGO_HOME="/workspace/cargo-home" RUSTUP_HOME="/workspace/rustup-home" "/workspace/cargo-home/bin/cargo" "+beta-2023-04-20" "fetch" "--manifest-path" "Cargo.toml", kill_on_drop: false }`
[INFO] [stderr]     Updating crates.io index
[INFO] [stderr]  Downloading crates ...
[INFO] [stderr]   Downloaded merkle-cbt v0.2.2
[INFO] [stderr]   Downloaded bitcoincash-addr v0.5.2
[INFO] [stderr]   Downloaded bitcoin_hashes v0.7.6
[INFO] [stderr]   Downloaded sled v0.34.3
[INFO] running `Command { std: "docker" "create" "-v" "/var/lib/crater-agent-workspace/builds/worker-5-tc2/target:/opt/rustwide/target:rw,Z" "-v" "/var/lib/crater-agent-workspace/builds/worker-5-tc2/source:/opt/rustwide/workdir:ro,Z" "-v" "/var/lib/crater-agent-workspace/cargo-home:/opt/rustwide/cargo-home:ro,Z" "-v" "/var/lib/crater-agent-workspace/rustup-home:/opt/rustwide/rustup-home:ro,Z" "-e" "SOURCE_DIR=/opt/rustwide/workdir" "-e" "CARGO_TARGET_DIR=/opt/rustwide/target" "-e" "CARGO_HOME=/opt/rustwide/cargo-home" "-e" "RUSTUP_HOME=/opt/rustwide/rustup-home" "-w" "/opt/rustwide/workdir" "-m" "1610612736" "--user" "0:0" "--network" "none" "ghcr.io/rust-lang/crates-build-env/linux@sha256:5ff2268d62e97bff2cde7d5815dd6ed5b47097566f13b8d0ca110b04b60e07ed" "/opt/rustwide/cargo-home/bin/cargo" "+beta-2023-04-20" "metadata" "--no-deps" "--format-version=1", kill_on_drop: false }`
[INFO] [stdout] 92ab37cbbf56f53fb005fee57e29aa54611de947d74b1c9fa8ccd34e41afaad3
[INFO] running `Command { std: "docker" "start" "-a" "92ab37cbbf56f53fb005fee57e29aa54611de947d74b1c9fa8ccd34e41afaad3", kill_on_drop: false }`
[INFO] running `Command { std: "docker" "inspect" "92ab37cbbf56f53fb005fee57e29aa54611de947d74b1c9fa8ccd34e41afaad3", kill_on_drop: false }`
[INFO] running `Command { std: "docker" "rm" "-f" "92ab37cbbf56f53fb005fee57e29aa54611de947d74b1c9fa8ccd34e41afaad3", kill_on_drop: false }`
[INFO] [stdout] 92ab37cbbf56f53fb005fee57e29aa54611de947d74b1c9fa8ccd34e41afaad3
[INFO] running `Command { std: "docker" "create" "-v" "/var/lib/crater-agent-workspace/builds/worker-5-tc2/target:/opt/rustwide/target:rw,Z" "-v" "/var/lib/crater-agent-workspace/builds/worker-5-tc2/source:/opt/rustwide/workdir:ro,Z" "-v" "/var/lib/crater-agent-workspace/cargo-home:/opt/rustwide/cargo-home:ro,Z" "-v" "/var/lib/crater-agent-workspace/rustup-home:/opt/rustwide/rustup-home:ro,Z" "-e" "SOURCE_DIR=/opt/rustwide/workdir" "-e" "CARGO_TARGET_DIR=/opt/rustwide/target" "-e" "CARGO_INCREMENTAL=0" "-e" "RUST_BACKTRACE=full" "-e" "RUSTFLAGS=--cap-lints=warn" "-e" "RUSTDOCFLAGS=--cap-lints=warn" "-e" "CARGO_HOME=/opt/rustwide/cargo-home" "-e" "RUSTUP_HOME=/opt/rustwide/rustup-home" "-w" "/opt/rustwide/workdir" "-m" "1610612736" "--user" "0:0" "--network" "none" "ghcr.io/rust-lang/crates-build-env/linux@sha256:5ff2268d62e97bff2cde7d5815dd6ed5b47097566f13b8d0ca110b04b60e07ed" "/opt/rustwide/cargo-home/bin/cargo" "+beta-2023-04-20" "build" "--frozen" "--message-format=json", kill_on_drop: false }`
[INFO] [stdout] edb75f2f3895c89d6f76bc191dd552534bcd85c86076ab6b0979b99e83ef6387
[INFO] running `Command { std: "docker" "start" "-a" "edb75f2f3895c89d6f76bc191dd552534bcd85c86076ab6b0979b99e83ef6387", kill_on_drop: false }`
[INFO] [stderr]    Compiling libc v0.2.76
[INFO] [stderr]    Compiling proc-macro2 v1.0.19
[INFO] [stderr]    Compiling unicode-xid v0.2.1
[INFO] [stderr]    Compiling syn v1.0.39
[INFO] [stderr]    Compiling typenum v1.12.0
[INFO] [stderr]    Compiling version_check v0.9.2
[INFO] [stderr]    Compiling byteorder v1.3.4
[INFO] [stderr]    Compiling memchr v2.3.3
[INFO] [stderr]    Compiling serde_derive v1.0.115
[INFO] [stderr]    Compiling maybe-uninit v2.0.0
[INFO] [stderr]    Compiling log v0.4.11
[INFO] [stderr]    Compiling failure_derive v0.1.8
[INFO] [stderr]    Compiling memoffset v0.5.5
[INFO] [stderr]    Compiling crossbeam-utils v0.7.2
[INFO] [stderr]    Compiling crossbeam-epoch v0.8.2
[INFO] [stderr]    Compiling gimli v0.22.0
[INFO] [stderr]    Compiling adler v0.2.3
[INFO] [stderr]    Compiling bitflags v1.2.1
[INFO] [stderr]    Compiling gcc v0.3.55
[INFO] [stderr]    Compiling crc32fast v1.2.0
[INFO] [stderr]    Compiling generic-array v0.14.4
[INFO] [stderr]    Compiling instant v0.1.6
[INFO] [stderr]    Compiling serde v1.0.115
[INFO] [stderr]    Compiling smallvec v1.4.2
[INFO] [stderr]    Compiling aho-corasick v0.7.13
[INFO] [stderr]    Compiling miniz_oxide v0.4.1
[INFO] [stderr]    Compiling lock_api v0.4.1
[INFO] [stderr]    Compiling thread_local v1.0.1
[INFO] [stderr]    Compiling rustc-demangle v0.1.16
[INFO] [stderr]    Compiling regex-syntax v0.6.18
[INFO] [stderr]    Compiling quote v1.0.7
[INFO] [stderr]    Compiling object v0.20.0
[INFO] [stderr]    Compiling unicode-width v0.1.8
[INFO] [stderr]    Compiling atty v0.2.14
[INFO] [stderr]    Compiling parking_lot_core v0.8.0
[INFO] [stderr]    Compiling rand v0.4.6
[INFO] [stderr]    Compiling textwrap v0.11.0
[INFO] [stderr]    Compiling fs2 v0.4.3
[INFO] [stderr]    Compiling rust-crypto v0.2.36
[INFO] [stderr]    Compiling parking_lot v0.11.0
[INFO] [stderr]    Compiling time v0.1.44
[INFO] [stderr]    Compiling humantime v1.3.0
[INFO] [stderr]    Compiling fxhash v0.2.1
[INFO] [stderr]    Compiling rand v0.3.23
[INFO] [stderr]    Compiling strsim v0.8.0
[INFO] [stderr]    Compiling cpuid-bool v0.1.2
[INFO] [stderr]    Compiling ansi_term v0.11.0
[INFO] [stderr]    Compiling block-buffer v0.9.0
[INFO] [stderr]    Compiling digest v0.9.0
[INFO] [stderr]    Compiling termcolor v1.1.0
[INFO] [stderr]    Compiling bitcoin_hashes v0.7.6
[INFO] [stderr]    Compiling vec_map v0.8.2
[INFO] [stderr]    Compiling addr2line v0.13.0
[INFO] [stderr]    Compiling sled v0.34.3
[INFO] [stderr]    Compiling clap v2.33.3
[INFO] [stderr]    Compiling sha2 v0.9.1
[INFO] [stderr]    Compiling merkle-cbt v0.2.2
[INFO] [stderr]    Compiling backtrace v0.3.50
[INFO] [stderr]    Compiling regex v1.3.9
[INFO] [stderr]    Compiling synstructure v0.12.4
[INFO] [stderr]    Compiling env_logger v0.7.1
[INFO] [stderr]    Compiling failure v0.1.8
[INFO] [stderr]    Compiling bitcoincash-addr v0.5.2
[INFO] [stderr]    Compiling bincode v1.3.1
[INFO] [stderr]    Compiling Redstone v0.1.0 (/opt/rustwide/workdir)
[INFO] [stdout] warning: unused import: `crate::blockchain::*`
[INFO] [stdout]  --> src/transaction.rs:5:5
[INFO] [stdout]   |
[INFO] [stdout] 5 | use crate::blockchain::*;
[INFO] [stdout]   |     ^^^^^^^^^^^^^^^^^^^^
[INFO] [stdout]   |
[INFO] [stdout]   = note: `#[warn(unused_imports)]` on by default
[INFO] [stdout] 
[INFO] [stdout] 
[INFO] [stdout] warning: unused variable: `header`
[INFO] [stdout]    --> src/blockchain.rs:126:13
[INFO] [stdout]     |
[INFO] [stdout] 126 |         let header = Header.to_string();
[INFO] [stdout]     |             ^^^^^^ help: if this is intentional, prefix it with an underscore: `_header`
[INFO] [stdout]     |
[INFO] [stdout]     = note: `#[warn(unused_variables)]` on by default
[INFO] [stdout] 
[INFO] [stdout] 
[INFO] [stdout] warning: unused variable: `chain`
[INFO] [stdout]    --> src/blockchain.rs:150:35
[INFO] [stdout]     |
[INFO] [stdout] 150 |     pub fn get_block_other(&self, chain: i32) -> Result<String> {
[INFO] [stdout]     |                                   ^^^^^ help: if this is intentional, prefix it with an underscore: `_chain`
[INFO] [stdout] 
[INFO] [stdout] 
[INFO] [stdout] warning: unused variable: `chain`
[INFO] [stdout]    --> src/blockchain.rs:300:46
[INFO] [stdout]     |
[INFO] [stdout] 300 |     pub fn get_block(&self, block_hash: &str,chain: i32) -> Result<Block> {
[INFO] [stdout]     |                                              ^^^^^ help: if this is intentional, prefix it with an underscore: `_chain`
[INFO] [stdout] 
[INFO] [stdout] 
[INFO] [stdout] warning: unused variable: `chain`
[INFO] [stdout]    --> src/cli.rs:152:17
[INFO] [stdout]     |
[INFO] [stdout] 152 |             let chain: i32 = if let Some(chain) = matches.value_of("chain") {
[INFO] [stdout]     |                 ^^^^^ help: if this is intentional, prefix it with an underscore: `_chain`
[INFO] [stdout] 
[INFO] [stdout] 
[INFO] [stdout] warning: unused variable: `port`
[INFO] [stdout]    --> src/cli.rs:158:25
[INFO] [stdout]     |
[INFO] [stdout] 158 |             if let Some(port) = matches.value_of("port") {
[INFO] [stdout]     |                         ^^^^ help: if this is intentional, prefix it with an underscore: `_port`
[INFO] [stdout] 
[INFO] [stdout] 
[INFO] [stdout] warning: unused variable: `chain`
[INFO] [stdout]    --> src/cli.rs:167:17
[INFO] [stdout]     |
[INFO] [stdout] 167 |             let chain: i32 = if let Some(chain) = matches.value_of("chain") {
[INFO] [stdout]     |                 ^^^^^ help: if this is intentional, prefix it with an underscore: `_chain`
[INFO] [stdout] 
[INFO] [stdout] 
[INFO] [stdout] warning: unused variable: `address`
[INFO] [stdout]    --> src/cli.rs:173:17
[INFO] [stdout]     |
[INFO] [stdout] 173 |             let address = if let Some(address) = matches.value_of("address") {
[INFO] [stdout]     |                 ^^^^^^^ help: if this is intentional, prefix it with an underscore: `_address`
[INFO] [stdout] 
[INFO] [stdout] 
[INFO] [stdout] warning: unused variable: `port`
[INFO] [stdout]    --> src/cli.rs:179:17
[INFO] [stdout]     |
[INFO] [stdout] 179 |             let port = if let Some(port) = matches.value_of("port") {
[INFO] [stdout]     |                 ^^^^ help: if this is intentional, prefix it with an underscore: `_port`
[INFO] [stdout] 
[INFO] [stdout] 
[INFO] [stdout] warning: variable does not need to be mutable
[INFO] [stdout]    --> src/cli.rs:103:17
[INFO] [stdout]     |
[INFO] [stdout] 103 |             let mut address = cmd_create_wallet()?;
[INFO] [stdout]     |                 ----^^^^^^^
[INFO] [stdout]     |                 |
[INFO] [stdout]     |                 help: remove this `mut`
[INFO] [stdout]     |
[INFO] [stdout]     = note: `#[warn(unused_mut)]` on by default
[INFO] [stdout] 
[INFO] [stdout] 
[INFO] [stdout] warning: methods `get_block_other`, `mine_block_server`, `add_block`, `get_block`, and `get_block_hashs` are never used
[INFO] [stdout]    --> src/blockchain.rs:150:12
[INFO] [stdout]     |
[INFO] [stdout] 27  | impl Blockchain {
[INFO] [stdout]     | --------------- methods in this implementation
[INFO] [stdout] ...
[INFO] [stdout] 150 |     pub fn get_block_other(&self, chain: i32) -> Result<String> {
[INFO] [stdout]     |            ^^^^^^^^^^^^^^^
[INFO] [stdout] ...
[INFO] [stdout] 155 |     pub fn mine_block_server(&mut self, transactions: Vec<Transaction>, chain: i32, otherhash: String) -> Result<Block> {
[INFO] [stdout]     |            ^^^^^^^^^^^^^^^^^
[INFO] [stdout] ...
[INFO] [stdout] 283 |     pub fn add_block(&mut self, block: Block) -> Result<()> {
[INFO] [stdout]     |            ^^^^^^^^^
[INFO] [stdout] ...
[INFO] [stdout] 300 |     pub fn get_block(&self, block_hash: &str,chain: i32) -> Result<Block> {
[INFO] [stdout]     |            ^^^^^^^^^
[INFO] [stdout] ...
[INFO] [stdout] 310 |     pub fn get_block_hashs(&self) -> Vec<String> {
[INFO] [stdout]     |            ^^^^^^^^^^^^^^^
[INFO] [stdout]     |
[INFO] [stdout]     = note: `#[warn(dead_code)]` on by default
[INFO] [stdout] 
[INFO] [stdout] 
[INFO] [stdout] warning: function `cmd_poc` is never used
[INFO] [stdout]    --> src/cli.rs:338:4
[INFO] [stdout]     |
[INFO] [stdout] 338 | fn cmd_poc() -> Result<()> {
[INFO] [stdout]     |    ^^^^^^^
[INFO] [stdout] 
[INFO] [stdout] 
[INFO] [stdout] warning: method `find_spendable_outputs1` is never used
[INFO] [stdout]   --> src/utxoset.rs:48:12
[INFO] [stdout]    |
[INFO] [stdout] 16 | impl UTXOSet {
[INFO] [stdout]    | ------------ method in this implementation
[INFO] [stdout] ...
[INFO] [stdout] 48 |     pub fn find_spendable_outputs1(
[INFO] [stdout]    |            ^^^^^^^^^^^^^^^^^^^^^^^
[INFO] [stdout] 
[INFO] [stdout] 
[INFO] [stdout] warning: 13 warnings emitted
[INFO] [stdout] 
[INFO] [stdout] 
[INFO] [stderr]     Finished dev [unoptimized + debuginfo] target(s) in 16.85s
[INFO] [stderr] warning: the following packages contain code that will be rejected by a future version of Rust: rustc-serialize v0.3.24
[INFO] [stderr] note: to see what the problems were, use the option `--future-incompat-report`, or run `cargo report future-incompatibilities --id 2`
[INFO] running `Command { std: "docker" "inspect" "edb75f2f3895c89d6f76bc191dd552534bcd85c86076ab6b0979b99e83ef6387", kill_on_drop: false }`
[INFO] running `Command { std: "docker" "rm" "-f" "edb75f2f3895c89d6f76bc191dd552534bcd85c86076ab6b0979b99e83ef6387", kill_on_drop: false }`
[INFO] [stdout] edb75f2f3895c89d6f76bc191dd552534bcd85c86076ab6b0979b99e83ef6387
[INFO] running `Command { std: "docker" "create" "-v" "/var/lib/crater-agent-workspace/builds/worker-5-tc2/target:/opt/rustwide/target:rw,Z" "-v" "/var/lib/crater-agent-workspace/builds/worker-5-tc2/source:/opt/rustwide/workdir:ro,Z" "-v" "/var/lib/crater-agent-workspace/cargo-home:/opt/rustwide/cargo-home:ro,Z" "-v" "/var/lib/crater-agent-workspace/rustup-home:/opt/rustwide/rustup-home:ro,Z" "-e" "SOURCE_DIR=/opt/rustwide/workdir" "-e" "CARGO_TARGET_DIR=/opt/rustwide/target" "-e" "CARGO_INCREMENTAL=0" "-e" "RUST_BACKTRACE=full" "-e" "RUSTFLAGS=--cap-lints=warn" "-e" "RUSTDOCFLAGS=--cap-lints=warn" "-e" "CARGO_HOME=/opt/rustwide/cargo-home" "-e" "RUSTUP_HOME=/opt/rustwide/rustup-home" "-w" "/opt/rustwide/workdir" "-m" "1610612736" "--user" "0:0" "--network" "none" "ghcr.io/rust-lang/crates-build-env/linux@sha256:5ff2268d62e97bff2cde7d5815dd6ed5b47097566f13b8d0ca110b04b60e07ed" "/opt/rustwide/cargo-home/bin/cargo" "+beta-2023-04-20" "test" "--frozen" "--no-run" "--message-format=json", kill_on_drop: false }`
[INFO] [stdout] 331b32ef5eaf48ce7f8e8fb27c1f3d236438e4e5ba1f6c67a38facd0ea7c41e8
[INFO] running `Command { std: "docker" "start" "-a" "331b32ef5eaf48ce7f8e8fb27c1f3d236438e4e5ba1f6c67a38facd0ea7c41e8", kill_on_drop: false }`
[INFO] [stderr]     Blocking waiting for file lock on package cache
[INFO] [stderr]    Compiling Redstone v0.1.0 (/opt/rustwide/workdir)
[INFO] [stdout] warning: unused import: `crate::blockchain::*`
[INFO] [stdout]  --> src/transaction.rs:5:5
[INFO] [stdout]   |
[INFO] [stdout] 5 | use crate::blockchain::*;
[INFO] [stdout]   |     ^^^^^^^^^^^^^^^^^^^^
[INFO] [stdout]   |
[INFO] [stdout]   = note: `#[warn(unused_imports)]` on by default
[INFO] [stdout] 
[INFO] [stdout] 
[INFO] [stdout] warning: unused variable: `header`
[INFO] [stdout]    --> src/blockchain.rs:126:13
[INFO] [stdout]     |
[INFO] [stdout] 126 |         let header = Header.to_string();
[INFO] [stdout]     |             ^^^^^^ help: if this is intentional, prefix it with an underscore: `_header`
[INFO] [stdout]     |
[INFO] [stdout]     = note: `#[warn(unused_variables)]` on by default
[INFO] [stdout] 
[INFO] [stdout] 
[INFO] [stdout] warning: unused variable: `chain`
[INFO] [stdout]    --> src/blockchain.rs:150:35
[INFO] [stdout]     |
[INFO] [stdout] 150 |     pub fn get_block_other(&self, chain: i32) -> Result<String> {
[INFO] [stdout]     |                                   ^^^^^ help: if this is intentional, prefix it with an underscore: `_chain`
[INFO] [stdout] 
[INFO] [stdout] 
[INFO] [stdout] warning: unused variable: `chain`
[INFO] [stdout]    --> src/blockchain.rs:300:46
[INFO] [stdout]     |
[INFO] [stdout] 300 |     pub fn get_block(&self, block_hash: &str,chain: i32) -> Result<Block> {
[INFO] [stdout]     |                                              ^^^^^ help: if this is intentional, prefix it with an underscore: `_chain`
[INFO] [stdout] 
[INFO] [stdout] 
[INFO] [stdout] warning: unused variable: `chain`
[INFO] [stdout]    --> src/cli.rs:152:17
[INFO] [stdout]     |
[INFO] [stdout] 152 |             let chain: i32 = if let Some(chain) = matches.value_of("chain") {
[INFO] [stdout]     |                 ^^^^^ help: if this is intentional, prefix it with an underscore: `_chain`
[INFO] [stdout] 
[INFO] [stdout] 
[INFO] [stdout] warning: unused variable: `port`
[INFO] [stdout]    --> src/cli.rs:158:25
[INFO] [stdout]     |
[INFO] [stdout] 158 |             if let Some(port) = matches.value_of("port") {
[INFO] [stdout]     |                         ^^^^ help: if this is intentional, prefix it with an underscore: `_port`
[INFO] [stdout] 
[INFO] [stdout] 
[INFO] [stdout] warning: unused variable: `chain`
[INFO] [stdout]    --> src/cli.rs:167:17
[INFO] [stdout]     |
[INFO] [stdout] 167 |             let chain: i32 = if let Some(chain) = matches.value_of("chain") {
[INFO] [stdout]     |                 ^^^^^ help: if this is intentional, prefix it with an underscore: `_chain`
[INFO] [stdout] 
[INFO] [stdout] 
[INFO] [stdout] warning: unused variable: `address`
[INFO] [stdout]    --> src/cli.rs:173:17
[INFO] [stdout]     |
[INFO] [stdout] 173 |             let address = if let Some(address) = matches.value_of("address") {
[INFO] [stdout]     |                 ^^^^^^^ help: if this is intentional, prefix it with an underscore: `_address`
[INFO] [stdout] 
[INFO] [stdout] 
[INFO] [stdout] warning: unused variable: `port`
[INFO] [stdout]    --> src/cli.rs:179:17
[INFO] [stdout]     |
[INFO] [stdout] 179 |             let port = if let Some(port) = matches.value_of("port") {
[INFO] [stdout]     |                 ^^^^ help: if this is intentional, prefix it with an underscore: `_port`
[INFO] [stdout] 
[INFO] [stdout] 
[INFO] [stdout] warning: variable does not need to be mutable
[INFO] [stdout]    --> src/cli.rs:103:17
[INFO] [stdout]     |
[INFO] [stdout] 103 |             let mut address = cmd_create_wallet()?;
[INFO] [stdout]     |                 ----^^^^^^^
[INFO] [stdout]     |                 |
[INFO] [stdout]     |                 help: remove this `mut`
[INFO] [stdout]     |
[INFO] [stdout]     = note: `#[warn(unused_mut)]` on by default
[INFO] [stdout] 
[INFO] [stdout] 
[INFO] [stdout] warning: methods `get_block_other`, `mine_block_server`, `add_block`, `get_block`, and `get_block_hashs` are never used
[INFO] [stdout]    --> src/blockchain.rs:150:12
[INFO] [stdout]     |
[INFO] [stdout] 27  | impl Blockchain {
[INFO] [stdout]     | --------------- methods in this implementation
[INFO] [stdout] ...
[INFO] [stdout] 150 |     pub fn get_block_other(&self, chain: i32) -> Result<String> {
[INFO] [stdout]     |            ^^^^^^^^^^^^^^^
[INFO] [stdout] ...
[INFO] [stdout] 155 |     pub fn mine_block_server(&mut self, transactions: Vec<Transaction>, chain: i32, otherhash: String) -> Result<Block> {
[INFO] [stdout]     |            ^^^^^^^^^^^^^^^^^
[INFO] [stdout] ...
[INFO] [stdout] 283 |     pub fn add_block(&mut self, block: Block) -> Result<()> {
[INFO] [stdout]     |            ^^^^^^^^^
[INFO] [stdout] ...
[INFO] [stdout] 300 |     pub fn get_block(&self, block_hash: &str,chain: i32) -> Result<Block> {
[INFO] [stdout]     |            ^^^^^^^^^
[INFO] [stdout] ...
[INFO] [stdout] 310 |     pub fn get_block_hashs(&self) -> Vec<String> {
[INFO] [stdout]     |            ^^^^^^^^^^^^^^^
[INFO] [stdout]     |
[INFO] [stdout]     = note: `#[warn(dead_code)]` on by default
[INFO] [stdout] 
[INFO] [stdout] 
[INFO] [stdout] warning: function `cmd_poc` is never used
[INFO] [stdout]    --> src/cli.rs:338:4
[INFO] [stdout]     |
[INFO] [stdout] 338 | fn cmd_poc() -> Result<()> {
[INFO] [stdout]     |    ^^^^^^^
[INFO] [stdout] 
[INFO] [stdout] 
[INFO] [stdout] warning: method `find_spendable_outputs1` is never used
[INFO] [stdout]   --> src/utxoset.rs:48:12
[INFO] [stdout]    |
[INFO] [stdout] 16 | impl UTXOSet {
[INFO] [stdout]    | ------------ method in this implementation
[INFO] [stdout] ...
[INFO] [stdout] 48 |     pub fn find_spendable_outputs1(
[INFO] [stdout]    |            ^^^^^^^^^^^^^^^^^^^^^^^
[INFO] [stdout] 
[INFO] [stdout] 
[INFO] [stdout] warning: 13 warnings emitted
[INFO] [stdout] 
[INFO] [stdout] 
[INFO] [stderr]     Finished test [unoptimized + debuginfo] target(s) in 2.77s
[INFO] [stderr] warning: the following packages contain code that will be rejected by a future version of Rust: rustc-serialize v0.3.24
[INFO] [stderr] note: to see what the problems were, use the option `--future-incompat-report`, or run `cargo report future-incompatibilities --id 2`
[INFO] running `Command { std: "docker" "inspect" "331b32ef5eaf48ce7f8e8fb27c1f3d236438e4e5ba1f6c67a38facd0ea7c41e8", kill_on_drop: false }`
[INFO] running `Command { std: "docker" "rm" "-f" "331b32ef5eaf48ce7f8e8fb27c1f3d236438e4e5ba1f6c67a38facd0ea7c41e8", kill_on_drop: false }`
[INFO] [stdout] 331b32ef5eaf48ce7f8e8fb27c1f3d236438e4e5ba1f6c67a38facd0ea7c41e8
[INFO] running `Command { std: "docker" "create" "-v" "/var/lib/crater-agent-workspace/builds/worker-5-tc2/target:/opt/rustwide/target:rw,Z" "-v" "/var/lib/crater-agent-workspace/builds/worker-5-tc2/source:/opt/rustwide/workdir:ro,Z" "-v" "/var/lib/crater-agent-workspace/cargo-home:/opt/rustwide/cargo-home:ro,Z" "-v" "/var/lib/crater-agent-workspace/rustup-home:/opt/rustwide/rustup-home:ro,Z" "-e" "SOURCE_DIR=/opt/rustwide/workdir" "-e" "CARGO_TARGET_DIR=/opt/rustwide/target" "-e" "CARGO_INCREMENTAL=0" "-e" "RUST_BACKTRACE=full" "-e" "RUSTFLAGS=--cap-lints=warn" "-e" "RUSTDOCFLAGS=--cap-lints=warn" "-e" "CARGO_HOME=/opt/rustwide/cargo-home" "-e" "RUSTUP_HOME=/opt/rustwide/rustup-home" "-w" "/opt/rustwide/workdir" "-m" "1610612736" "--user" "0:0" "--network" "none" "ghcr.io/rust-lang/crates-build-env/linux@sha256:5ff2268d62e97bff2cde7d5815dd6ed5b47097566f13b8d0ca110b04b60e07ed" "/opt/rustwide/cargo-home/bin/cargo" "+beta-2023-04-20" "test" "--frozen", kill_on_drop: false }`
[INFO] [stdout] d5bba00228db03c479d32ccffd87da94ff80542a0dc1b820deb8521eb5dc4c18
[INFO] running `Command { std: "docker" "start" "-a" "d5bba00228db03c479d32ccffd87da94ff80542a0dc1b820deb8521eb5dc4c18", kill_on_drop: false }`
[INFO] [stderr] warning: unused import: `crate::blockchain::*`
[INFO] [stderr]  --> src/transaction.rs:5:5
[INFO] [stderr]   |
[INFO] [stderr] 5 | use crate::blockchain::*;
[INFO] [stderr]   |     ^^^^^^^^^^^^^^^^^^^^
[INFO] [stderr]   |
[INFO] [stderr]   = note: `#[warn(unused_imports)]` on by default
[INFO] [stderr] 
[INFO] [stderr] warning: unused variable: `header`
[INFO] [stderr]    --> src/blockchain.rs:126:13
[INFO] [stderr]     |
[INFO] [stderr] 126 |         let header = Header.to_string();
[INFO] [stderr]     |             ^^^^^^ help: if this is intentional, prefix it with an underscore: `_header`
[INFO] [stderr]     |
[INFO] [stderr]     = note: `#[warn(unused_variables)]` on by default
[INFO] [stderr] 
[INFO] [stderr] warning: unused variable: `chain`
[INFO] [stderr]    --> src/blockchain.rs:150:35
[INFO] [stderr]     |
[INFO] [stderr] 150 |     pub fn get_block_other(&self, chain: i32) -> Result<String> {
[INFO] [stderr]     |                                   ^^^^^ help: if this is intentional, prefix it with an underscore: `_chain`
[INFO] [stderr] 
[INFO] [stderr] warning: unused variable: `chain`
[INFO] [stderr]    --> src/blockchain.rs:300:46
[INFO] [stderr]     |
[INFO] [stderr] 300 |     pub fn get_block(&self, block_hash: &str,chain: i32) -> Result<Block> {
[INFO] [stderr]     |                                              ^^^^^ help: if this is intentional, prefix it with an underscore: `_chain`
[INFO] [stderr] 
[INFO] [stderr] warning: unused variable: `chain`
[INFO] [stderr]    --> src/cli.rs:152:17
[INFO] [stderr]     |
[INFO] [stderr] 152 |             let chain: i32 = if let Some(chain) = matches.value_of("chain") {
[INFO] [stderr]     |                 ^^^^^ help: if this is intentional, prefix it with an underscore: `_chain`
[INFO] [stderr] 
[INFO] [stderr] warning: unused variable: `port`
[INFO] [stderr]    --> src/cli.rs:158:25
[INFO] [stderr]     |
[INFO] [stderr] 158 |             if let Some(port) = matches.value_of("port") {
[INFO] [stderr]     |                         ^^^^ help: if this is intentional, prefix it with an underscore: `_port`
[INFO] [stderr] 
[INFO] [stderr] warning: unused variable: `chain`
[INFO] [stderr]    --> src/cli.rs:167:17
[INFO] [stderr]     |
[INFO] [stderr] 167 |             let chain: i32 = if let Some(chain) = matches.value_of("chain") {
[INFO] [stderr]     |                 ^^^^^ help: if this is intentional, prefix it with an underscore: `_chain`
[INFO] [stderr] 
[INFO] [stderr] warning: unused variable: `address`
[INFO] [stderr]    --> src/cli.rs:173:17
[INFO] [stderr]     |
[INFO] [stderr] 173 |             let address = if let Some(address) = matches.value_of("address") {
[INFO] [stderr]     |                 ^^^^^^^ help: if this is intentional, prefix it with an underscore: `_address`
[INFO] [stderr] 
[INFO] [stderr] warning: unused variable: `port`
[INFO] [stderr]    --> src/cli.rs:179:17
[INFO] [stderr]     |
[INFO] [stderr] 179 |             let port = if let Some(port) = matches.value_of("port") {
[INFO] [stderr]     |                 ^^^^ help: if this is intentional, prefix it with an underscore: `_port`
[INFO] [stderr] 
[INFO] [stderr] warning: variable does not need to be mutable
[INFO] [stderr]    --> src/cli.rs:103:17
[INFO] [stderr]     |
[INFO] [stderr] 103 |             let mut address = cmd_create_wallet()?;
[INFO] [stderr]     |                 ----^^^^^^^
[INFO] [stderr]     |                 |
[INFO] [stderr]     |                 help: remove this `mut`
[INFO] [stderr]     |
[INFO] [stderr]     = note: `#[warn(unused_mut)]` on by default
[INFO] [stderr] 
[INFO] [stderr] warning: methods `get_block_other`, `mine_block_server`, `add_block`, `get_block`, and `get_block_hashs` are never used
[INFO] [stderr]    --> src/blockchain.rs:150:12
[INFO] [stderr]     |
[INFO] [stderr] 27  | impl Blockchain {
[INFO] [stderr]     | --------------- methods in this implementation
[INFO] [stderr] ...
[INFO] [stderr] 150 |     pub fn get_block_other(&self, chain: i32) -> Result<String> {
[INFO] [stderr]     |            ^^^^^^^^^^^^^^^
[INFO] [stderr] ...
[INFO] [stderr] 155 |     pub fn mine_block_server(&mut self, transactions: Vec<Transaction>, chain: i32, otherhash: String) -> Result<Block> {
[INFO] [stderr]     |            ^^^^^^^^^^^^^^^^^
[INFO] [stderr] ...
[INFO] [stderr] 283 |     pub fn add_block(&mut self, block: Block) -> Result<()> {
[INFO] [stderr]     |            ^^^^^^^^^
[INFO] [stderr] ...
[INFO] [stderr] 300 |     pub fn get_block(&self, block_hash: &str,chain: i32) -> Result<Block> {
[INFO] [stderr]     |            ^^^^^^^^^
[INFO] [stderr] ...
[INFO] [stderr] 310 |     pub fn get_block_hashs(&self) -> Vec<String> {
[INFO] [stderr]     |            ^^^^^^^^^^^^^^^
[INFO] [stderr]     |
[INFO] [stderr]     = note: `#[warn(dead_code)]` on by default
[INFO] [stderr] 
[INFO] [stderr] warning: function `cmd_poc` is never used
[INFO] [stderr]    --> src/cli.rs:338:4
[INFO] [stderr]     |
[INFO] [stderr] 338 | fn cmd_poc() -> Result<()> {
[INFO] [stderr]     |    ^^^^^^^
[INFO] [stderr] 
[INFO] [stderr] warning: method `find_spendable_outputs1` is never used
[INFO] [stderr]   --> src/utxoset.rs:48:12
[INFO] [stderr]    |
[INFO] [stderr] 16 | impl UTXOSet {
[INFO] [stderr]    | ------------ method in this implementation
[INFO] [stderr] ...
[INFO] [stderr] 48 |     pub fn find_spendable_outputs1(
[INFO] [stderr]    |            ^^^^^^^^^^^^^^^^^^^^^^^
[INFO] [stderr] 
[INFO] [stderr] warning: `Redstone` (bin "Redstone" test) generated 13 warnings (run `cargo fix --bin "Redstone" --tests` to apply 10 suggestions)
[INFO] [stderr]     Finished test [unoptimized + debuginfo] target(s) in 0.04s
[INFO] [stderr] warning: the following packages contain code that will be rejected by a future version of Rust: rustc-serialize v0.3.24
[INFO] [stderr] note: to see what the problems were, use the option `--future-incompat-report`, or run `cargo report future-incompatibilities --id 2`
[INFO] [stderr]      Running unittests src/main.rs (/opt/rustwide/target/debug/deps/Redstone-4d91e516318af1df)
[INFO] [stdout] 
[INFO] [stdout] running 6 tests
[INFO] [stdout] test wallets::test::test_create_wallet_and_hash ... ok
[INFO] [stdout] test wallets::test::test_signature ... ok
[INFO] [stdout] test cli::test::test_locally ... FAILED
[INFO] [stdout] test transaction::test::test_signature ... FAILED
[INFO] [stdout] test wallets::test::test_wallets ... FAILED
[INFO] [stdout] test wallets::test::test_wallets_not_exist - should panic ... ok
[INFO] [stdout] 
[INFO] [stdout] failures:
[INFO] [stdout] 
[INFO] [stdout] ---- cli::test::test_locally stdout ----
[INFO] [stdout] thread 'cli::test::test_locally' panicked at 'called `Result::unwrap()` on an `Err` value: Io(Os { code: 30, kind: ReadOnlyFilesystem, message: "Read-only file system" })
[INFO] [stdout] 
[INFO] [stdout]    0: failure::backtrace::internal::InternalBacktrace::new
[INFO] [stdout]              at /opt/rustwide/cargo-home/registry/src/index.crates.io-6f17d22bba15001f/failure-0.1.8/src/backtrace/internal.rs:46
[INFO] [stdout]    1: failure::backtrace::Backtrace::new
[INFO] [stdout]              at /opt/rustwide/cargo-home/registry/src/index.crates.io-6f17d22bba15001f/failure-0.1.8/src/backtrace/mod.rs:121
[INFO] [stdout]    2: <failure::error::error_impl::ErrorImpl as core::convert::From<F>>::from
[INFO] [stdout]              at /opt/rustwide/cargo-home/registry/src/index.crates.io-6f17d22bba15001f/failure-0.1.8/src/error/error_impl.rs:19
[INFO] [stdout]    3: <failure::error::Error as core::convert::From<F>>::from
[INFO] [stdout]              at /opt/rustwide/cargo-home/registry/src/index.crates.io-6f17d22bba15001f/failure-0.1.8/src/error/mod.rs:36
[INFO] [stdout]    4: <core::result::Result<T,F> as core::ops::try_trait::FromResidual<core::result::Result<core::convert::Infallible,E>>>::from_residual
[INFO] [stdout]              at /rustc/1b7dd2252b99671ce5d1cb9664c5f8636329436d/library/core/src/result.rs:2002
[INFO] [stdout]    5: Redstone::wallets::Wallets::new
[INFO] [stdout]              at src/wallets.rs:71
[INFO] [stdout]    6: Redstone::cli::cmd_create_wallet
[INFO] [stdout]              at src/cli.rs:247
[INFO] [stdout]    7: Redstone::cli::test::test_locally
[INFO] [stdout]              at src/cli.rs:358
[INFO] [stdout]    8: Redstone::cli::test::test_locally::{{closure}}
[INFO] [stdout]              at src/cli.rs:357
[INFO] [stdout]    9: core::ops::function::FnOnce::call_once
[INFO] [stdout]              at /rustc/1b7dd2252b99671ce5d1cb9664c5f8636329436d/library/core/src/ops/function.rs:250
[INFO] [stdout]   10: core::ops::function::FnOnce::call_once
[INFO] [stdout]              at /rustc/1b7dd2252b99671ce5d1cb9664c5f8636329436d/library/core/src/ops/function.rs:250
[INFO] [stdout]       test::__rust_begin_short_backtrace
[INFO] [stdout]              at /rustc/1b7dd2252b99671ce5d1cb9664c5f8636329436d/library/test/src/lib.rs:655
[INFO] [stdout]   11: test::run_test::{{closure}}
[INFO] [stdout]              at /rustc/1b7dd2252b99671ce5d1cb9664c5f8636329436d/library/test/src/lib.rs:646
[INFO] [stdout]       core::ops::function::FnOnce::call_once{{vtable.shim}}
[INFO] [stdout]              at /rustc/1b7dd2252b99671ce5d1cb9664c5f8636329436d/library/core/src/ops/function.rs:250
[INFO] [stdout]   12: <alloc::boxed::Box<F,A> as core::ops::function::FnOnce<Args>>::call_once
[INFO] [stdout]              at /rustc/1b7dd2252b99671ce5d1cb9664c5f8636329436d/library/alloc/src/boxed.rs:1973
[INFO] [stdout]       <core::panic::unwind_safe::AssertUnwindSafe<F> as core::ops::function::FnOnce<()>>::call_once
[INFO] [stdout]              at /rustc/1b7dd2252b99671ce5d1cb9664c5f8636329436d/library/core/src/panic/unwind_safe.rs:271
[INFO] [stdout]       std::panicking::try::do_call
[INFO] [stdout]              at /rustc/1b7dd2252b99671ce5d1cb9664c5f8636329436d/library/std/src/panicking.rs:485
[INFO] [stdout]       std::panicking::try
[INFO] [stdout]              at /rustc/1b7dd2252b99671ce5d1cb9664c5f8636329436d/library/std/src/panicking.rs:449
[INFO] [stdout]       std::panic::catch_unwind
[INFO] [stdout]              at /rustc/1b7dd2252b99671ce5d1cb9664c5f8636329436d/library/std/src/panic.rs:140
[INFO] [stdout]       test::run_test_in_process
[INFO] [stdout]              at /rustc/1b7dd2252b99671ce5d1cb9664c5f8636329436d/library/test/src/lib.rs:678
[INFO] [stdout]       test::run_test::run_test_inner::{{closure}}
[INFO] [stdout]              at /rustc/1b7dd2252b99671ce5d1cb9664c5f8636329436d/library/test/src/lib.rs:572
[INFO] [stdout]   13: test::run_test::run_test_inner::{{closure}}
[INFO] [stdout]              at /rustc/1b7dd2252b99671ce5d1cb9664c5f8636329436d/library/test/src/lib.rs:599
[INFO] [stdout]       std::sys_common::backtrace::__rust_begin_short_backtrace
[INFO] [stdout]              at /rustc/1b7dd2252b99671ce5d1cb9664c5f8636329436d/library/std/src/sys_common/backtrace.rs:134
[INFO] [stdout]   14: std::thread::Builder::spawn_unchecked_::{{closure}}::{{closure}}
[INFO] [stdout]              at /rustc/1b7dd2252b99671ce5d1cb9664c5f8636329436d/library/std/src/thread/mod.rs:526
[INFO] [stdout]       <core::panic::unwind_safe::AssertUnwindSafe<F> as core::ops::function::FnOnce<()>>::call_once
[INFO] [stdout]              at /rustc/1b7dd2252b99671ce5d1cb9664c5f8636329436d/library/core/src/panic/unwind_safe.rs:271
[INFO] [stdout]       std::panicking::try::do_call
[INFO] [stdout]              at /rustc/1b7dd2252b99671ce5d1cb9664c5f8636329436d/library/std/src/panicking.rs:485
[INFO] [stdout]       std::panicking::try
[INFO] [stdout]              at /rustc/1b7dd2252b99671ce5d1cb9664c5f8636329436d/library/std/src/panicking.rs:449
[INFO] [stdout]       std::panic::catch_unwind
[INFO] [stdout]              at /rustc/1b7dd2252b99671ce5d1cb9664c5f8636329436d/library/std/src/panic.rs:140
[INFO] [stdout]       std::thread::Builder::spawn_unchecked_::{{closure}}
[INFO] [stdout]              at /rustc/1b7dd2252b99671ce5d1cb9664c5f8636329436d/library/std/src/thread/mod.rs:525
[INFO] [stdout]       core::ops::function::FnOnce::call_once{{vtable.shim}}
[INFO] [stdout]              at /rustc/1b7dd2252b99671ce5d1cb9664c5f8636329436d/library/core/src/ops/function.rs:250
[INFO] [stdout]   15: <alloc::boxed::Box<F,A> as core::ops::function::FnOnce<Args>>::call_once
[INFO] [stdout]              at /rustc/1b7dd2252b99671ce5d1cb9664c5f8636329436d/library/alloc/src/boxed.rs:1973
[INFO] [stdout]       <alloc::boxed::Box<F,A> as core::ops::function::FnOnce<Args>>::call_once
[INFO] [stdout]              at /rustc/1b7dd2252b99671ce5d1cb9664c5f8636329436d/library/alloc/src/boxed.rs:1973
[INFO] [stdout]       std::sys::unix::thread::Thread::new::thread_start
[INFO] [stdout]              at /rustc/1b7dd2252b99671ce5d1cb9664c5f8636329436d/library/std/src/sys/unix/thread.rs:108
[INFO] [stdout]   16: <unknown>
[INFO] [stdout]   17: __clone
[INFO] [stdout] ', src/cli.rs:358:41
[INFO] [stdout] stack backtrace:
[INFO] [stdout]    0:     0x56102e7ba98a - std::backtrace_rs::backtrace::libunwind::trace::h2f05d0192276a8f6
[INFO] [stdout]                                at /rustc/1b7dd2252b99671ce5d1cb9664c5f8636329436d/library/std/src/../../backtrace/src/backtrace/libunwind.rs:93:5
[INFO] [stdout]    1:     0x56102e7ba98a - std::backtrace_rs::backtrace::trace_unsynchronized::hedc23dff7a1af150
[INFO] [stdout]                                at /rustc/1b7dd2252b99671ce5d1cb9664c5f8636329436d/library/std/src/../../backtrace/src/backtrace/mod.rs:66:5
[INFO] [stdout]    2:     0x56102e7ba98a - std::sys_common::backtrace::_print_fmt::h17541ef7592f3ce2
[INFO] [stdout]                                at /rustc/1b7dd2252b99671ce5d1cb9664c5f8636329436d/library/std/src/sys_common/backtrace.rs:65:5
[INFO] [stdout]    3:     0x56102e7ba98a - <std::sys_common::backtrace::_print::DisplayBacktrace as core::fmt::Display>::fmt::h20f75df5ab0c0792
[INFO] [stdout]                                at /rustc/1b7dd2252b99671ce5d1cb9664c5f8636329436d/library/std/src/sys_common/backtrace.rs:44:22
[INFO] [stdout]    4:     0x56102e7e04cf - core::fmt::write::h78109e6f466b3af6
[INFO] [stdout]                                at /rustc/1b7dd2252b99671ce5d1cb9664c5f8636329436d/library/core/src/fmt/mod.rs:1254:17
[INFO] [stdout]    5:     0x56102e7b7495 - std::io::Write::write_fmt::hd24bfb68a1b35a25
[INFO] [stdout]                                at /rustc/1b7dd2252b99671ce5d1cb9664c5f8636329436d/library/std/src/io/mod.rs:1698:15
[INFO] [stdout]    6:     0x56102e7ba755 - std::sys_common::backtrace::_print::h8dac57a9f8fbf9a5
[INFO] [stdout]                                at /rustc/1b7dd2252b99671ce5d1cb9664c5f8636329436d/library/std/src/sys_common/backtrace.rs:47:5
[INFO] [stdout]    7:     0x56102e7ba755 - std::sys_common::backtrace::print::hf9ecbf41d1aa712f
[INFO] [stdout]                                at /rustc/1b7dd2252b99671ce5d1cb9664c5f8636329436d/library/std/src/sys_common/backtrace.rs:34:9
[INFO] [stdout]    8:     0x56102e7bc40e - std::panicking::default_hook::{{closure}}::h04c07acfc84ca028
[INFO] [stdout]                                at /rustc/1b7dd2252b99671ce5d1cb9664c5f8636329436d/library/std/src/panicking.rs:269:22
[INFO] [stdout]    9:     0x56102e7bc141 - std::panicking::default_hook::h01f6bb23e1eceb2c
[INFO] [stdout]                                at /rustc/1b7dd2252b99671ce5d1cb9664c5f8636329436d/library/std/src/panicking.rs:285:9
[INFO] [stdout]   10:     0x56102e49d6db - <alloc::boxed::Box<F,A> as core::ops::function::Fn<Args>>::call::h87fe9f7b2fd49e4c
[INFO] [stdout]                                at /rustc/1b7dd2252b99671ce5d1cb9664c5f8636329436d/library/alloc/src/boxed.rs:1987:9
[INFO] [stdout]   11:     0x56102e49d6db - test::test_main::{{closure}}::he94d679243a7531b
[INFO] [stdout]                                at /rustc/1b7dd2252b99671ce5d1cb9664c5f8636329436d/library/test/src/lib.rs:134:21
[INFO] [stdout]   12:     0x56102e7bcaf4 - <alloc::boxed::Box<F,A> as core::ops::function::Fn<Args>>::call::h3f2d6d8b14c4769f
[INFO] [stdout]                                at /rustc/1b7dd2252b99671ce5d1cb9664c5f8636329436d/library/alloc/src/boxed.rs:1987:9
[INFO] [stdout]   13:     0x56102e7bcaf4 - std::panicking::rust_panic_with_hook::h2bb3722bbaf2f6df
[INFO] [stdout]                                at /rustc/1b7dd2252b99671ce5d1cb9664c5f8636329436d/library/std/src/panicking.rs:695:13
[INFO] [stdout]   14:     0x56102e7bc869 - std::panicking::begin_panic_handler::{{closure}}::h91bc7f36a4be011b
[INFO] [stdout]                                at /rustc/1b7dd2252b99671ce5d1cb9664c5f8636329436d/library/std/src/panicking.rs:582:13
[INFO] [stdout]   15:     0x56102e7badf6 - std::sys_common::backtrace::__rust_end_short_backtrace::h8b3d3717114f9e59
[INFO] [stdout]                                at /rustc/1b7dd2252b99671ce5d1cb9664c5f8636329436d/library/std/src/sys_common/backtrace.rs:150:18
[INFO] [stdout]   16:     0x56102e7bc5c2 - rust_begin_unwind
[INFO] [stdout]                                at /rustc/1b7dd2252b99671ce5d1cb9664c5f8636329436d/library/std/src/panicking.rs:578:5
[INFO] [stdout]   17:     0x56102e4297c3 - core::panicking::panic_fmt::hfd368e3fbdabea26
[INFO] [stdout]                                at /rustc/1b7dd2252b99671ce5d1cb9664c5f8636329436d/library/core/src/panicking.rs:67:14
[INFO] [stdout]   18:     0x56102e429d63 - core::result::unwrap_failed::he54eb4b2f125b26f
[INFO] [stdout]                                at /rustc/1b7dd2252b99671ce5d1cb9664c5f8636329436d/library/core/src/result.rs:1687:5
[INFO] [stdout]   19:     0x56102e4604b6 - core::result::Result<T,E>::unwrap::hdbd048d5546a7419
[INFO] [stdout]                                at /rustc/1b7dd2252b99671ce5d1cb9664c5f8636329436d/library/core/src/result.rs:1089:23
[INFO] [stdout]   20:     0x56102e43cb28 - Redstone::cli::test::test_locally::ha367a313ad3fafc3
[INFO] [stdout]                                at /opt/rustwide/workdir/src/cli.rs:358:21
[INFO] [stdout]   21:     0x56102e43cad7 - Redstone::cli::test::test_locally::{{closure}}::hc01781ea426b8f12
[INFO] [stdout]                                at /opt/rustwide/workdir/src/cli.rs:357:23
[INFO] [stdout]   22:     0x56102e45b215 - core::ops::function::FnOnce::call_once::h2077c9f7685676a4
[INFO] [stdout]                                at /rustc/1b7dd2252b99671ce5d1cb9664c5f8636329436d/library/core/src/ops/function.rs:250:5
[INFO] [stdout]   23:     0x56102e4a25af - core::ops::function::FnOnce::call_once::ha6a70e79f7481a7e
[INFO] [stdout]                                at /rustc/1b7dd2252b99671ce5d1cb9664c5f8636329436d/library/core/src/ops/function.rs:250:5
[INFO] [stdout]   24:     0x56102e4a25af - test::__rust_begin_short_backtrace::hce33033019b61e69
[INFO] [stdout]                                at /rustc/1b7dd2252b99671ce5d1cb9664c5f8636329436d/library/test/src/lib.rs:655:18
[INFO] [stdout]   25:     0x56102e46fd9c - test::run_test::{{closure}}::h858d3528838ae3e5
[INFO] [stdout]                                at /rustc/1b7dd2252b99671ce5d1cb9664c5f8636329436d/library/test/src/lib.rs:646:30
[INFO] [stdout]   26:     0x56102e46fd9c - core::ops::function::FnOnce::call_once{{vtable.shim}}::he8ac2b00f01ae79e
[INFO] [stdout]                                at /rustc/1b7dd2252b99671ce5d1cb9664c5f8636329436d/library/core/src/ops/function.rs:250:5
[INFO] [stdout]   27:     0x56102e4a1686 - <alloc::boxed::Box<F,A> as core::ops::function::FnOnce<Args>>::call_once::h8093d25b522725ef
[INFO] [stdout]                                at /rustc/1b7dd2252b99671ce5d1cb9664c5f8636329436d/library/alloc/src/boxed.rs:1973:9
[INFO] [stdout]   28:     0x56102e4a1686 - <core::panic::unwind_safe::AssertUnwindSafe<F> as core::ops::function::FnOnce<()>>::call_once::h5c334c204e4a3913
[INFO] [stdout]                                at /rustc/1b7dd2252b99671ce5d1cb9664c5f8636329436d/library/core/src/panic/unwind_safe.rs:271:9
[INFO] [stdout]   29:     0x56102e4a1686 - std::panicking::try::do_call::ha8b740c7b9478074
[INFO] [stdout]                                at /rustc/1b7dd2252b99671ce5d1cb9664c5f8636329436d/library/std/src/panicking.rs:485:40
[INFO] [stdout]   30:     0x56102e4a1686 - std::panicking::try::h5d34f63d0e41b64e
[INFO] [stdout]                                at /rustc/1b7dd2252b99671ce5d1cb9664c5f8636329436d/library/std/src/panicking.rs:449:19
[INFO] [stdout]   31:     0x56102e4a1686 - std::panic::catch_unwind::hcfbb511e1aa7fc67
[INFO] [stdout]                                at /rustc/1b7dd2252b99671ce5d1cb9664c5f8636329436d/library/std/src/panic.rs:140:14
[INFO] [stdout]   32:     0x56102e4a1686 - test::run_test_in_process::h9abda90f802eaf21
[INFO] [stdout]                                at /rustc/1b7dd2252b99671ce5d1cb9664c5f8636329436d/library/test/src/lib.rs:678:27
[INFO] [stdout]   33:     0x56102e4a1686 - test::run_test::run_test_inner::{{closure}}::h0f058de91f6c6edf
[INFO] [stdout]                                at /rustc/1b7dd2252b99671ce5d1cb9664c5f8636329436d/library/test/src/lib.rs:572:39
[INFO] [stdout]   34:     0x56102e46a5a5 - test::run_test::run_test_inner::{{closure}}::h5ca48a4c59c6c1fb
[INFO] [stdout]                                at /rustc/1b7dd2252b99671ce5d1cb9664c5f8636329436d/library/test/src/lib.rs:599:37
[INFO] [stdout]   35:     0x56102e46a5a5 - std::sys_common::backtrace::__rust_begin_short_backtrace::h32bd51e1495d4a33
[INFO] [stdout]                                at /rustc/1b7dd2252b99671ce5d1cb9664c5f8636329436d/library/std/src/sys_common/backtrace.rs:134:18
[INFO] [stdout]   36:     0x56102e46fae1 - std::thread::Builder::spawn_unchecked_::{{closure}}::{{closure}}::hc086fae9b128b2db
[INFO] [stdout]                                at /rustc/1b7dd2252b99671ce5d1cb9664c5f8636329436d/library/std/src/thread/mod.rs:526:17
[INFO] [stdout]   37:     0x56102e46fae1 - <core::panic::unwind_safe::AssertUnwindSafe<F> as core::ops::function::FnOnce<()>>::call_once::hb66571888d270d43
[INFO] [stdout]                                at /rustc/1b7dd2252b99671ce5d1cb9664c5f8636329436d/library/core/src/panic/unwind_safe.rs:271:9
[INFO] [stdout]   38:     0x56102e46fae1 - std::panicking::try::do_call::h4fa2ef4f6e51fecf
[INFO] [stdout]                                at /rustc/1b7dd2252b99671ce5d1cb9664c5f8636329436d/library/std/src/panicking.rs:485:40
[INFO] [stdout]   39:     0x56102e46fae1 - std::panicking::try::h1e9e22b8584489b5
[INFO] [stdout]                                at /rustc/1b7dd2252b99671ce5d1cb9664c5f8636329436d/library/std/src/panicking.rs:449:19
[INFO] [stdout]   40:     0x56102e46fae1 - std::panic::catch_unwind::h44698a3de0e0769e
[INFO] [stdout]                                at /rustc/1b7dd2252b99671ce5d1cb9664c5f8636329436d/library/std/src/panic.rs:140:14
[INFO] [stdout]   41:     0x56102e46fae1 - std::thread::Builder::spawn_unchecked_::{{closure}}::h50153abde3fe239e
[INFO] [stdout]                                at /rustc/1b7dd2252b99671ce5d1cb9664c5f8636329436d/library/std/src/thread/mod.rs:525:30
[INFO] [stdout]   42:     0x56102e46fae1 - core::ops::function::FnOnce::call_once{{vtable.shim}}::hbe5bbf6f38394364
[INFO] [stdout]                                at /rustc/1b7dd2252b99671ce5d1cb9664c5f8636329436d/library/core/src/ops/function.rs:250:5
[INFO] [stdout]   43:     0x56102e7c2065 - <alloc::boxed::Box<F,A> as core::ops::function::FnOnce<Args>>::call_once::h0d83cb2920a49046
[INFO] [stdout]                                at /rustc/1b7dd2252b99671ce5d1cb9664c5f8636329436d/library/alloc/src/boxed.rs:1973:9
[INFO] [stdout]   44:     0x56102e7c2065 - <alloc::boxed::Box<F,A> as core::ops::function::FnOnce<Args>>::call_once::hbe0a008aa7d9ef59
[INFO] [stdout]                                at /rustc/1b7dd2252b99671ce5d1cb9664c5f8636329436d/library/alloc/src/boxed.rs:1973:9
[INFO] [stdout]   45:     0x56102e7c2065 - std::sys::unix::thread::Thread::new::thread_start::h3a466996bdf6b1f9
[INFO] [stdout]                                at /rustc/1b7dd2252b99671ce5d1cb9664c5f8636329436d/library/std/src/sys/unix/thread.rs:108:17
[INFO] [stdout]   46:     0x7f159ec16b43 - <unknown>
[INFO] [stdout]   47:     0x7f159eca7bb4 - __clone
[INFO] [stdout]   48:                0x0 - <unknown>
[INFO] [stdout] 
[INFO] [stdout] ---- transaction::test::test_signature stdout ----
[INFO] [stdout] thread 'transaction::test::test_signature' panicked at 'called `Result::unwrap()` on an `Err` value: Io(Os { code: 30, kind: ReadOnlyFilesystem, message: "Read-only file system" })
[INFO] [stdout] 
[INFO] [stdout]    0: failure::backtrace::internal::InternalBacktrace::new
[INFO] [stdout]              at /opt/rustwide/cargo-home/registry/src/index.crates.io-6f17d22bba15001f/failure-0.1.8/src/backtrace/internal.rs:46
[INFO] [stdout]    1: failure::backtrace::Backtrace::new
[INFO] [stdout]              at /opt/rustwide/cargo-home/registry/src/index.crates.io-6f17d22bba15001f/failure-0.1.8/src/backtrace/mod.rs:121
[INFO] [stdout]    2: <failure::error::error_impl::ErrorImpl as core::convert::From<F>>::from
[INFO] [stdout]              at /opt/rustwide/cargo-home/registry/src/index.crates.io-6f17d22bba15001f/failure-0.1.8/src/error/error_impl.rs:19
[INFO] [stdout]    3: <failure::error::Error as core::convert::From<F>>::from
[INFO] [stdout]              at /opt/rustwide/cargo-home/registry/src/index.crates.io-6f17d22bba15001f/failure-0.1.8/src/error/mod.rs:36
[INFO] [stdout]    4: <core::result::Result<T,F> as core::ops::try_trait::FromResidual<core::result::Result<core::convert::Infallible,E>>>::from_residual
[INFO] [stdout]              at /rustc/1b7dd2252b99671ce5d1cb9664c5f8636329436d/library/core/src/result.rs:2002
[INFO] [stdout]    5: Redstone::wallets::Wallets::new
[INFO] [stdout]              at src/wallets.rs:71
[INFO] [stdout]    6: Redstone::transaction::test::test_signature
[INFO] [stdout]              at src/transaction.rs:269
[INFO] [stdout]    7: Redstone::transaction::test::test_signature::{{closure}}
[INFO] [stdout]              at src/transaction.rs:268
[INFO] [stdout]    8: core::ops::function::FnOnce::call_once
[INFO] [stdout]              at /rustc/1b7dd2252b99671ce5d1cb9664c5f8636329436d/library/core/src/ops/function.rs:250
[INFO] [stdout]    9: core::ops::function::FnOnce::call_once
[INFO] [stdout]              at /rustc/1b7dd2252b99671ce5d1cb9664c5f8636329436d/library/core/src/ops/function.rs:250
[INFO] [stdout]       test::__rust_begin_short_backtrace
[INFO] [stdout]              at /rustc/1b7dd2252b99671ce5d1cb9664c5f8636329436d/library/test/src/lib.rs:655
[INFO] [stdout]   10: test::run_test::{{closure}}
[INFO] [stdout]              at /rustc/1b7dd2252b99671ce5d1cb9664c5f8636329436d/library/test/src/lib.rs:646
[INFO] [stdout]       core::ops::function::FnOnce::call_once{{vtable.shim}}
[INFO] [stdout]              at /rustc/1b7dd2252b99671ce5d1cb9664c5f8636329436d/library/core/src/ops/function.rs:250
[INFO] [stdout]   11: <alloc::boxed::Box<F,A> as core::ops::function::FnOnce<Args>>::call_once
[INFO] [stdout]              at /rustc/1b7dd2252b99671ce5d1cb9664c5f8636329436d/library/alloc/src/boxed.rs:1973
[INFO] [stdout]       <core::panic::unwind_safe::AssertUnwindSafe<F> as core::ops::function::FnOnce<()>>::call_once
[INFO] [stdout]              at /rustc/1b7dd2252b99671ce5d1cb9664c5f8636329436d/library/core/src/panic/unwind_safe.rs:271
[INFO] [stdout]       std::panicking::try::do_call
[INFO] [stdout]              at /rustc/1b7dd2252b99671ce5d1cb9664c5f8636329436d/library/std/src/panicking.rs:485
[INFO] [stdout]       std::panicking::try
[INFO] [stdout]              at /rustc/1b7dd2252b99671ce5d1cb9664c5f8636329436d/library/std/src/panicking.rs:449
[INFO] [stdout]       std::panic::catch_unwind
[INFO] [stdout]              at /rustc/1b7dd2252b99671ce5d1cb9664c5f8636329436d/library/std/src/panic.rs:140
[INFO] [stdout]       test::run_test_in_process
[INFO] [stdout]              at /rustc/1b7dd2252b99671ce5d1cb9664c5f8636329436d/library/test/src/lib.rs:678
[INFO] [stdout]       test::run_test::run_test_inner::{{closure}}
[INFO] [stdout]              at /rustc/1b7dd2252b99671ce5d1cb9664c5f8636329436d/library/test/src/lib.rs:572
[INFO] [stdout]   12: test::run_test::run_test_inner::{{closure}}
[INFO] [stdout]              at /rustc/1b7dd2252b99671ce5d1cb9664c5f8636329436d/library/test/src/lib.rs:599
[INFO] [stdout]       std::sys_common::backtrace::__rust_begin_short_backtrace
[INFO] [stdout]              at /rustc/1b7dd2252b99671ce5d1cb9664c5f8636329436d/library/std/src/sys_common/backtrace.rs:134
[INFO] [stdout]   13: std::thread::Builder::spawn_unchecked_::{{closure}}::{{closure}}
[INFO] [stdout]              at /rustc/1b7dd2252b99671ce5d1cb9664c5f8636329436d/library/std/src/thread/mod.rs:526
[INFO] [stdout]       <core::panic::unwind_safe::AssertUnwindSafe<F> as core::ops::function::FnOnce<()>>::call_once
[INFO] [stdout]              at /rustc/1b7dd2252b99671ce5d1cb9664c5f8636329436d/library/core/src/panic/unwind_safe.rs:271
[INFO] [stdout]       std::panicking::try::do_call
[INFO] [stdout]              at /rustc/1b7dd2252b99671ce5d1cb9664c5f8636329436d/library/std/src/panicking.rs:485
[INFO] [stdout]       std::panicking::try
[INFO] [stdout]              at /rustc/1b7dd2252b99671ce5d1cb9664c5f8636329436d/library/std/src/panicking.rs:449
[INFO] [stdout]       std::panic::catch_unwind
[INFO] [stdout]              at /rustc/1b7dd2252b99671ce5d1cb9664c5f8636329436d/library/std/src/panic.rs:140
[INFO] [stdout]       std::thread::Builder::spawn_unchecked_::{{closure}}
[INFO] [stdout]              at /rustc/1b7dd2252b99671ce5d1cb9664c5f8636329436d/library/std/src/thread/mod.rs:525
[INFO] [stdout]       core::ops::function::FnOnce::call_once{{vtable.shim}}
[INFO] [stdout]              at /rustc/1b7dd2252b99671ce5d1cb9664c5f8636329436d/library/core/src/ops/function.rs:250
[INFO] [stdout]   14: <alloc::boxed::Box<F,A> as core::ops::function::FnOnce<Args>>::call_once
[INFO] [stdout]              at /rustc/1b7dd2252b99671ce5d1cb9664c5f8636329436d/library/alloc/src/boxed.rs:1973
[INFO] [stdout]       <alloc::boxed::Box<F,A> as core::ops::function::FnOnce<Args>>::call_once
[INFO] [stdout]              at /rustc/1b7dd2252b99671ce5d1cb9664c5f8636329436d/library/alloc/src/boxed.rs:1973
[INFO] [stdout]       std::sys::unix::thread::Thread::new::thread_start
[INFO] [stdout]              at /rustc/1b7dd2252b99671ce5d1cb9664c5f8636329436d/library/std/src/sys/unix/thread.rs:108
[INFO] [stdout]   15: <unknown>
[INFO] [stdout]   16: __clone
[INFO] [stdout] ', src/transaction.rs:269:37
[INFO] [stdout] stack backtrace:
[INFO] [stdout]    0:     0x56102e7ba98a - std::backtrace_rs::backtrace::libunwind::trace::h2f05d0192276a8f6
[INFO] [stdout]                                at /rustc/1b7dd2252b99671ce5d1cb9664c5f8636329436d/library/std/src/../../backtrace/src/backtrace/libunwind.rs:93:5
[INFO] [stdout]    1:     0x56102e7ba98a - std::backtrace_rs::backtrace::trace_unsynchronized::hedc23dff7a1af150
[INFO] [stdout]                                at /rustc/1b7dd2252b99671ce5d1cb9664c5f8636329436d/library/std/src/../../backtrace/src/backtrace/mod.rs:66:5
[INFO] [stdout]    2:     0x56102e7ba98a - std::sys_common::backtrace::_print_fmt::h17541ef7592f3ce2
[INFO] [stdout]                                at /rustc/1b7dd2252b99671ce5d1cb9664c5f8636329436d/library/std/src/sys_common/backtrace.rs:65:5
[INFO] [stdout]    3:     0x56102e7ba98a - <std::sys_common::backtrace::_print::DisplayBacktrace as core::fmt::Display>::fmt::h20f75df5ab0c0792
[INFO] [stdout]                                at /rustc/1b7dd2252b99671ce5d1cb9664c5f8636329436d/library/std/src/sys_common/backtrace.rs:44:22
[INFO] [stdout]    4:     0x56102e7e04cf - core::fmt::write::h78109e6f466b3af6
[INFO] [stdout]                                at /rustc/1b7dd2252b99671ce5d1cb9664c5f8636329436d/library/core/src/fmt/mod.rs:1254:17
[INFO] [stdout]    5:     0x56102e7b7495 - std::io::Write::write_fmt::hd24bfb68a1b35a25
[INFO] [stdout]                                at /rustc/1b7dd2252b99671ce5d1cb9664c5f8636329436d/library/std/src/io/mod.rs:1698:15
[INFO] [stdout]    6:     0x56102e7ba755 - std::sys_common::backtrace::_print::h8dac57a9f8fbf9a5
[INFO] [stdout]                                at /rustc/1b7dd2252b99671ce5d1cb9664c5f8636329436d/library/std/src/sys_common/backtrace.rs:47:5
[INFO] [stdout]    7:     0x56102e7ba755 - std::sys_common::backtrace::print::hf9ecbf41d1aa712f
[INFO] [stdout]                                at /rustc/1b7dd2252b99671ce5d1cb9664c5f8636329436d/library/std/src/sys_common/backtrace.rs:34:9
[INFO] [stdout]    8:     0x56102e7bc40e - std::panicking::default_hook::{{closure}}::h04c07acfc84ca028
[INFO] [stdout]                                at /rustc/1b7dd2252b99671ce5d1cb9664c5f8636329436d/library/std/src/panicking.rs:269:22
[INFO] [stdout]    9:     0x56102e7bc141 - std::panicking::default_hook::h01f6bb23e1eceb2c
[INFO] [stdout]                                at /rustc/1b7dd2252b99671ce5d1cb9664c5f8636329436d/library/std/src/panicking.rs:285:9
[INFO] [stdout]   10:     0x56102e49d6db - <alloc::boxed::Box<F,A> as core::ops::function::Fn<Args>>::call::h87fe9f7b2fd49e4c
[INFO] [stdout]                                at /rustc/1b7dd2252b99671ce5d1cb9664c5f8636329436d/library/alloc/src/boxed.rs:1987:9
[INFO] [stdout]   11:     0x56102e49d6db - test::test_main::{{closure}}::he94d679243a7531b
[INFO] [stdout]                                at /rustc/1b7dd2252b99671ce5d1cb9664c5f8636329436d/library/test/src/lib.rs:134:21
[INFO] [stdout]   12:     0x56102e7bcaf4 - <alloc::boxed::Box<F,A> as core::ops::function::Fn<Args>>::call::h3f2d6d8b14c4769f
[INFO] [stdout]                                at /rustc/1b7dd2252b99671ce5d1cb9664c5f8636329436d/library/alloc/src/boxed.rs:1987:9
[INFO] [stdout]   13:     0x56102e7bcaf4 - std::panicking::rust_panic_with_hook::h2bb3722bbaf2f6df
[INFO] [stdout]                                at /rustc/1b7dd2252b99671ce5d1cb9664c5f8636329436d/library/std/src/panicking.rs:695:13
[INFO] [stdout]   14:     0x56102e7bc869 - std::panicking::begin_panic_handler::{{closure}}::h91bc7f36a4be011b
[INFO] [stdout]                                at /rustc/1b7dd2252b99671ce5d1cb9664c5f8636329436d/library/std/src/panicking.rs:582:13
[INFO] [stdout]   15:     0x56102e7badf6 - std::sys_common::backtrace::__rust_end_short_backtrace::h8b3d3717114f9e59
[INFO] [stdout]                                at /rustc/1b7dd2252b99671ce5d1cb9664c5f8636329436d/library/std/src/sys_common/backtrace.rs:150:18
[INFO] [stdout]   16:     0x56102e7bc5c2 - rust_begin_unwind
[INFO] [stdout]                                at /rustc/1b7dd2252b99671ce5d1cb9664c5f8636329436d/library/std/src/panicking.rs:578:5
[INFO] [stdout]   17:     0x56102e4297c3 - core::panicking::panic_fmt::hfd368e3fbdabea26
[INFO] [stdout]                                at /rustc/1b7dd2252b99671ce5d1cb9664c5f8636329436d/library/core/src/panicking.rs:67:14
[INFO] [stdout]   18:     0x56102e429d63 - core::result::unwrap_failed::he54eb4b2f125b26f
[INFO] [stdout]                                at /rustc/1b7dd2252b99671ce5d1cb9664c5f8636329436d/library/core/src/result.rs:1687:5
[INFO] [stdout]   19:     0x56102e46028b - core::result::Result<T,E>::unwrap::hbd966ac904a0667f
[INFO] [stdout]                                at /rustc/1b7dd2252b99671ce5d1cb9664c5f8636329436d/library/core/src/result.rs:1089:23
[INFO] [stdout]   20:     0x56102e441350 - Redstone::transaction::test::test_signature::hc415e21bc4e9c131
[INFO] [stdout]                                at /opt/rustwide/workdir/src/transaction.rs:269:22
[INFO] [stdout]   21:     0x56102e4412e7 - Redstone::transaction::test::test_signature::{{closure}}::h7bfae66224a5ce46
[INFO] [stdout]                                at /opt/rustwide/workdir/src/transaction.rs:268:25
[INFO] [stdout]   22:     0x56102e45b3b5 - core::ops::function::FnOnce::call_once::h42be8ff0825e5fa2
[INFO] [stdout]                                at /rustc/1b7dd2252b99671ce5d1cb9664c5f8636329436d/library/core/src/ops/function.rs:250:5
[INFO] [stdout]   23:     0x56102e4a25af - core::ops::function::FnOnce::call_once::ha6a70e79f7481a7e
[INFO] [stdout]                                at /rustc/1b7dd2252b99671ce5d1cb9664c5f8636329436d/library/core/src/ops/function.rs:250:5
[INFO] [stdout]   24:     0x56102e4a25af - test::__rust_begin_short_backtrace::hce33033019b61e69
[INFO] [stdout]                                at /rustc/1b7dd2252b99671ce5d1cb9664c5f8636329436d/library/test/src/lib.rs:655:18
[INFO] [stdout]   25:     0x56102e46fd9c - test::run_test::{{closure}}::h858d3528838ae3e5
[INFO] [stdout]                                at /rustc/1b7dd2252b99671ce5d1cb9664c5f8636329436d/library/test/src/lib.rs:646:30
[INFO] [stdout]   26:     0x56102e46fd9c - core::ops::function::FnOnce::call_once{{vtable.shim}}::he8ac2b00f01ae79e
[INFO] [stdout]                                at /rustc/1b7dd2252b99671ce5d1cb9664c5f8636329436d/library/core/src/ops/function.rs:250:5
[INFO] [stdout]   27:     0x56102e4a1686 - <alloc::boxed::Box<F,A> as core::ops::function::FnOnce<Args>>::call_once::h8093d25b522725ef
[INFO] [stdout]                                at /rustc/1b7dd2252b99671ce5d1cb9664c5f8636329436d/library/alloc/src/boxed.rs:1973:9
[INFO] [stdout]   28:     0x56102e4a1686 - <core::panic::unwind_safe::AssertUnwindSafe<F> as core::ops::function::FnOnce<()>>::call_once::h5c334c204e4a3913
[INFO] [stdout]                                at /rustc/1b7dd2252b99671ce5d1cb9664c5f8636329436d/library/core/src/panic/unwind_safe.rs:271:9
[INFO] [stdout]   29:     0x56102e4a1686 - std::panicking::try::do_call::ha8b740c7b9478074
[INFO] [stdout]                                at /rustc/1b7dd2252b99671ce5d1cb9664c5f8636329436d/library/std/src/panicking.rs:485:40
[INFO] [stdout]   30:     0x56102e4a1686 - std::panicking::try::h5d34f63d0e41b64e
[INFO] [stdout]                                at /rustc/1b7dd2252b99671ce5d1cb9664c5f8636329436d/library/std/src/panicking.rs:449:19
[INFO] [stdout]   31:     0x56102e4a1686 - std::panic::catch_unwind::hcfbb511e1aa7fc67
[INFO] [stdout]                                at /rustc/1b7dd2252b99671ce5d1cb9664c5f8636329436d/library/std/src/panic.rs:140:14
[INFO] [stdout]   32:     0x56102e4a1686 - test::run_test_in_process::h9abda90f802eaf21
[INFO] [stdout]                                at /rustc/1b7dd2252b99671ce5d1cb9664c5f8636329436d/library/test/src/lib.rs:678:27
[INFO] [stdout]   33:     0x56102e4a1686 - test::run_test::run_test_inner::{{closure}}::h0f058de91f6c6edf
[INFO] [stdout]                                at /rustc/1b7dd2252b99671ce5d1cb9664c5f8636329436d/library/test/src/lib.rs:572:39
[INFO] [stdout]   34:     0x56102e46a5a5 - test::run_test::run_test_inner::{{closure}}::h5ca48a4c59c6c1fb
[INFO] [stdout]                                at /rustc/1b7dd2252b99671ce5d1cb9664c5f8636329436d/library/test/src/lib.rs:599:37
[INFO] [stdout]   35:     0x56102e46a5a5 - std::sys_common::backtrace::__rust_begin_short_backtrace::h32bd51e1495d4a33
[INFO] [stdout]                                at /rustc/1b7dd2252b99671ce5d1cb9664c5f8636329436d/library/std/src/sys_common/backtrace.rs:134:18
[INFO] [stdout]   36:     0x56102e46fae1 - std::thread::Builder::spawn_unchecked_::{{closure}}::{{closure}}::hc086fae9b128b2db
[INFO] [stdout]                                at /rustc/1b7dd2252b99671ce5d1cb9664c5f8636329436d/library/std/src/thread/mod.rs:526:17
[INFO] [stdout]   37:     0x56102e46fae1 - <core::panic::unwind_safe::AssertUnwindSafe<F> as core::ops::function::FnOnce<()>>::call_once::hb66571888d270d43
[INFO] [stdout]                                at /rustc/1b7dd2252b99671ce5d1cb9664c5f8636329436d/library/core/src/panic/unwind_safe.rs:271:9
[INFO] [stdout]   38:     0x56102e46fae1 - std::panicking::try::do_call::h4fa2ef4f6e51fecf
[INFO] [stdout]                                at /rustc/1b7dd2252b99671ce5d1cb9664c5f8636329436d/library/std/src/panicking.rs:485:40
[INFO] [stdout]   39:     0x56102e46fae1 - std::panicking::try::h1e9e22b8584489b5
[INFO] [stdout]                                at /rustc/1b7dd2252b99671ce5d1cb9664c5f8636329436d/library/std/src/panicking.rs:449:19
[INFO] [stdout]   40:     0x56102e46fae1 - std::panic::catch_unwind::h44698a3de0e0769e
[INFO] [stdout]                                at /rustc/1b7dd2252b99671ce5d1cb9664c5f8636329436d/library/std/src/panic.rs:140:14
[INFO] [stdout]   41:     0x56102e46fae1 - std::thread::Builder::spawn_unchecked_::{{closure}}::h50153abde3fe239e
[INFO] [stdout]                                at /rustc/1b7dd2252b99671ce5d1cb9664c5f8636329436d/library/std/src/thread/mod.rs:525:30
[INFO] [stdout]   42:     0x56102e46fae1 - core::ops::function::FnOnce::call_once{{vtable.shim}}::hbe5bbf6f38394364
[INFO] [stdout]                                at /rustc/1b7dd2252b99671ce5d1cb9664c5f8636329436d/library/core/src/ops/function.rs:250:5
[INFO] [stdout]   43:     0x56102e7c2065 - <alloc::boxed::Box<F,A> as core::ops::function::FnOnce<Args>>::call_once::h0d83cb2920a49046
[INFO] [stdout]                                at /rustc/1b7dd2252b99671ce5d1cb9664c5f8636329436d/library/alloc/src/boxed.rs:1973:9
[INFO] [stdout]   44:     0x56102e7c2065 - <alloc::boxed::Box<F,A> as core::ops::function::FnOnce<Args>>::call_once::hbe0a008aa7d9ef59
[INFO] [stdout]                                at /rustc/1b7dd2252b99671ce5d1cb9664c5f8636329436d/library/alloc/src/boxed.rs:1973:9
[INFO] [stdout]   45:     0x56102e7c2065 - std::sys::unix::thread::Thread::new::thread_start::h3a466996bdf6b1f9
[INFO] [stdout]                                at /rustc/1b7dd2252b99671ce5d1cb9664c5f8636329436d/library/std/src/sys/unix/thread.rs:108:17
[INFO] [stdout]   46:     0x7f159ec16b43 - <unknown>
[INFO] [stdout]   47:     0x7f159eca7bb4 - __clone
[INFO] [stdout]   48:                0x0 - <unknown>
[INFO] [stdout] 
[INFO] [stdout] ---- wallets::test::test_wallets stdout ----
[INFO] [stdout] thread 'wallets::test::test_wallets' panicked at 'called `Result::unwrap()` on an `Err` value: Io(Os { code: 30, kind: ReadOnlyFilesystem, message: "Read-only file system" })
[INFO] [stdout] 
[INFO] [stdout]    0: failure::backtrace::internal::InternalBacktrace::new
[INFO] [stdout]              at /opt/rustwide/cargo-home/registry/src/index.crates.io-6f17d22bba15001f/failure-0.1.8/src/backtrace/internal.rs:46
[INFO] [stdout]    1: failure::backtrace::Backtrace::new
[INFO] [stdout]              at /opt/rustwide/cargo-home/registry/src/index.crates.io-6f17d22bba15001f/failure-0.1.8/src/backtrace/mod.rs:121
[INFO] [stdout]    2: <failure::error::error_impl::ErrorImpl as core::convert::From<F>>::from
[INFO] [stdout]              at /opt/rustwide/cargo-home/registry/src/index.crates.io-6f17d22bba15001f/failure-0.1.8/src/error/error_impl.rs:19
[INFO] [stdout]    3: <failure::error::Error as core::convert::From<F>>::from
[INFO] [stdout]              at /opt/rustwide/cargo-home/registry/src/index.crates.io-6f17d22bba15001f/failure-0.1.8/src/error/mod.rs:36
[INFO] [stdout]    4: <core::result::Result<T,F> as core::ops::try_trait::FromResidual<core::result::Result<core::convert::Infallible,E>>>::from_residual
[INFO] [stdout]              at /rustc/1b7dd2252b99671ce5d1cb9664c5f8636329436d/library/core/src/result.rs:2002
[INFO] [stdout]    5: Redstone::wallets::Wallets::new
[INFO] [stdout]              at src/wallets.rs:71
[INFO] [stdout]    6: Redstone::wallets::test::test_wallets
[INFO] [stdout]              at src/wallets.rs:141
[INFO] [stdout]    7: Redstone::wallets::test::test_wallets::{{closure}}
[INFO] [stdout]              at src/wallets.rs:140
[INFO] [stdout]    8: core::ops::function::FnOnce::call_once
[INFO] [stdout]              at /rustc/1b7dd2252b99671ce5d1cb9664c5f8636329436d/library/core/src/ops/function.rs:250
[INFO] [stdout]    9: core::ops::function::FnOnce::call_once
[INFO] [stdout]              at /rustc/1b7dd2252b99671ce5d1cb9664c5f8636329436d/library/core/src/ops/function.rs:250
[INFO] [stdout]       test::__rust_begin_short_backtrace
[INFO] [stdout]              at /rustc/1b7dd2252b99671ce5d1cb9664c5f8636329436d/library/test/src/lib.rs:655
[INFO] [stdout]   10: test::run_test::{{closure}}
[INFO] [stdout]              at /rustc/1b7dd2252b99671ce5d1cb9664c5f8636329436d/library/test/src/lib.rs:646
[INFO] [stdout]       core::ops::function::FnOnce::call_once{{vtable.shim}}
[INFO] [stdout]              at /rustc/1b7dd2252b99671ce5d1cb9664c5f8636329436d/library/core/src/ops/function.rs:250
[INFO] [stdout]   11: <alloc::boxed::Box<F,A> as core::ops::function::FnOnce<Args>>::call_once
[INFO] [stdout]              at /rustc/1b7dd2252b99671ce5d1cb9664c5f8636329436d/library/alloc/src/boxed.rs:1973
[INFO] [stdout]       <core::panic::unwind_safe::AssertUnwindSafe<F> as core::ops::function::FnOnce<()>>::call_once
[INFO] [stdout]              at /rustc/1b7dd2252b99671ce5d1cb9664c5f8636329436d/library/core/src/panic/unwind_safe.rs:271
[INFO] [stdout]       std::panicking::try::do_call
[INFO] [stdout]              at /rustc/1b7dd2252b99671ce5d1cb9664c5f8636329436d/library/std/src/panicking.rs:485
[INFO] [stdout]       std::panicking::try
[INFO] [stdout]              at /rustc/1b7dd2252b99671ce5d1cb9664c5f8636329436d/library/std/src/panicking.rs:449
[INFO] [stdout]       std::panic::catch_unwind
[INFO] [stdout]              at /rustc/1b7dd2252b99671ce5d1cb9664c5f8636329436d/library/std/src/panic.rs:140
[INFO] [stdout]       test::run_test_in_process
[INFO] [stdout]              at /rustc/1b7dd2252b99671ce5d1cb9664c5f8636329436d/library/test/src/lib.rs:678
[INFO] [stdout]       test::run_test::run_test_inner::{{closure}}
[INFO] [stdout]              at /rustc/1b7dd2252b99671ce5d1cb9664c5f8636329436d/library/test/src/lib.rs:572
[INFO] [stdout]   12: test::run_test::run_test_inner::{{closure}}
[INFO] [stdout]              at /rustc/1b7dd2252b99671ce5d1cb9664c5f8636329436d/library/test/src/lib.rs:599
[INFO] [stdout]       std::sys_common::backtrace::__rust_begin_short_backtrace
[INFO] [stdout]              at /rustc/1b7dd2252b99671ce5d1cb9664c5f8636329436d/library/std/src/sys_common/backtrace.rs:134
[INFO] [stdout]   13: std::thread::Builder::spawn_unchecked_::{{closure}}::{{closure}}
[INFO] [stdout]              at /rustc/1b7dd2252b99671ce5d1cb9664c5f8636329436d/library/std/src/thread/mod.rs:526
[INFO] [stdout]       <core::panic::unwind_safe::AssertUnwindSafe<F> as core::ops::function::FnOnce<()>>::call_once
[INFO] [stdout]              at /rustc/1b7dd2252b99671ce5d1cb9664c5f8636329436d/library/core/src/panic/unwind_safe.rs:271
[INFO] [stdout]       std::panicking::try::do_call
[INFO] [stdout]              at /rustc/1b7dd2252b99671ce5d1cb9664c5f8636329436d/library/std/src/panicking.rs:485
[INFO] [stdout]       std::panicking::try
[INFO] [stdout]              at /rustc/1b7dd2252b99671ce5d1cb9664c5f8636329436d/library/std/src/panicking.rs:449
[INFO] [stdout]       std::panic::catch_unwind
[INFO] [stdout]              at /rustc/1b7dd2252b99671ce5d1cb9664c5f8636329436d/library/std/src/panic.rs:140
[INFO] [stdout]       std::thread::Builder::spawn_unchecked_::{{closure}}
[INFO] [stdout]              at /rustc/1b7dd2252b99671ce5d1cb9664c5f8636329436d/library/std/src/thread/mod.rs:525
[INFO] [stdout]       core::ops::function::FnOnce::call_once{{vtable.shim}}
[INFO] [stdout]              at /rustc/1b7dd2252b99671ce5d1cb9664c5f8636329436d/library/core/src/ops/function.rs:250
[INFO] [stdout]   14: <alloc::boxed::Box<F,A> as core::ops::function::FnOnce<Args>>::call_once
[INFO] [stdout]              at /rustc/1b7dd2252b99671ce5d1cb9664c5f8636329436d/library/alloc/src/boxed.rs:1973
[INFO] [stdout]       <alloc::boxed::Box<F,A> as core::ops::function::FnOnce<Args>>::call_once
[INFO] [stdout]              at /rustc/1b7dd2252b99671ce5d1cb9664c5f8636329436d/library/alloc/src/boxed.rs:1973
[INFO] [stdout]       std::sys::unix::thread::Thread::new::thread_start
[INFO] [stdout]              at /rustc/1b7dd2252b99671ce5d1cb9664c5f8636329436d/library/std/src/sys/unix/thread.rs:108
[INFO] [stdout]   15: <unknown>
[INFO] [stdout]   16: __clone
[INFO] [stdout] ', src/wallets.rs:141:37
[INFO] [stdout] stack backtrace:
[INFO] [stdout]    0:     0x56102e7ba98a - std::backtrace_rs::backtrace::libunwind::trace::h2f05d0192276a8f6
[INFO] [stdout]                                at /rustc/1b7dd2252b99671ce5d1cb9664c5f8636329436d/library/std/src/../../backtrace/src/backtrace/libunwind.rs:93:5
[INFO] [stdout]    1:     0x56102e7ba98a - std::backtrace_rs::backtrace::trace_unsynchronized::hedc23dff7a1af150
[INFO] [stdout]                                at /rustc/1b7dd2252b99671ce5d1cb9664c5f8636329436d/library/std/src/../../backtrace/src/backtrace/mod.rs:66:5
[INFO] [stdout]    2:     0x56102e7ba98a - std::sys_common::backtrace::_print_fmt::h17541ef7592f3ce2
[INFO] [stdout]                                at /rustc/1b7dd2252b99671ce5d1cb9664c5f8636329436d/library/std/src/sys_common/backtrace.rs:65:5
[INFO] [stdout]    3:     0x56102e7ba98a - <std::sys_common::backtrace::_print::DisplayBacktrace as core::fmt::Display>::fmt::h20f75df5ab0c0792
[INFO] [stdout]                                at /rustc/1b7dd2252b99671ce5d1cb9664c5f8636329436d/library/std/src/sys_common/backtrace.rs:44:22
[INFO] [stdout]    4:     0x56102e7e04cf - core::fmt::write::h78109e6f466b3af6
[INFO] [stdout]                                at /rustc/1b7dd2252b99671ce5d1cb9664c5f8636329436d/library/core/src/fmt/mod.rs:1254:17
[INFO] [stdout]    5:     0x56102e7b7495 - std::io::Write::write_fmt::hd24bfb68a1b35a25
[INFO] [stdout]                                at /rustc/1b7dd2252b99671ce5d1cb9664c5f8636329436d/library/std/src/io/mod.rs:1698:15
[INFO] [stdout]    6:     0x56102e7ba755 - std::sys_common::backtrace::_print::h8dac57a9f8fbf9a5
[INFO] [stdout]                                at /rustc/1b7dd2252b99671ce5d1cb9664c5f8636329436d/library/std/src/sys_common/backtrace.rs:47:5
[INFO] [stdout]    7:     0x56102e7ba755 - std::sys_common::backtrace::print::hf9ecbf41d1aa712f
[INFO] [stdout]                                at /rustc/1b7dd2252b99671ce5d1cb9664c5f8636329436d/library/std/src/sys_common/backtrace.rs:34:9
[INFO] [stdout]    8:     0x56102e7bc40e - std::panicking::default_hook::{{closure}}::h04c07acfc84ca028
[INFO] [stdout]                                at /rustc/1b7dd2252b99671ce5d1cb9664c5f8636329436d/library/std/src/panicking.rs:269:22
[INFO] [stdout]    9:     0x56102e7bc141 - std::panicking::default_hook::h01f6bb23e1eceb2c
[INFO] [stdout]                                at /rustc/1b7dd2252b99671ce5d1cb9664c5f8636329436d/library/std/src/panicking.rs:285:9
[INFO] [stdout]   10:     0x56102e49d6db - <alloc::boxed::Box<F,A> as core::ops::function::Fn<Args>>::call::h87fe9f7b2fd49e4c
[INFO] [stdout]                                at /rustc/1b7dd2252b99671ce5d1cb9664c5f8636329436d/library/alloc/src/boxed.rs:1987:9
[INFO] [stdout]   11:     0x56102e49d6db - test::test_main::{{closure}}::he94d679243a7531b
[INFO] [stdout]                                at /rustc/1b7dd2252b99671ce5d1cb9664c5f8636329436d/library/test/src/lib.rs:134:21
[INFO] [stdout]   12:     0x56102e7bcaf4 - <alloc::boxed::Box<F,A> as core::ops::function::Fn<Args>>::call::h3f2d6d8b14c4769f
[INFO] [stdout]                                at /rustc/1b7dd2252b99671ce5d1cb9664c5f8636329436d/library/alloc/src/boxed.rs:1987:9
[INFO] [stdout]   13:     0x56102e7bcaf4 - std::panicking::rust_panic_with_hook::h2bb3722bbaf2f6df
[INFO] [stdout]                                at /rustc/1b7dd2252b99671ce5d1cb9664c5f8636329436d/library/std/src/panicking.rs:695:13
[INFO] [stdout]   14:     0x56102e7bc869 - std::panicking::begin_panic_handler::{{closure}}::h91bc7f36a4be011b
[INFO] [stdout]                                at /rustc/1b7dd2252b99671ce5d1cb9664c5f8636329436d/library/std/src/panicking.rs:582:13
[INFO] [stdout]   15:     0x56102e7badf6 - std::sys_common::backtrace::__rust_end_short_backtrace::h8b3d3717114f9e59
[INFO] [stdout]                                at /rustc/1b7dd2252b99671ce5d1cb9664c5f8636329436d/library/std/src/sys_common/backtrace.rs:150:18
[INFO] [stdout]   16:     0x56102e7bc5c2 - rust_begin_unwind
[INFO] [stdout]                                at /rustc/1b7dd2252b99671ce5d1cb9664c5f8636329436d/library/std/src/panicking.rs:578:5
[INFO] [stdout]   17:     0x56102e4297c3 - core::panicking::panic_fmt::hfd368e3fbdabea26
[INFO] [stdout]                                at /rustc/1b7dd2252b99671ce5d1cb9664c5f8636329436d/library/core/src/panicking.rs:67:14
[INFO] [stdout]   18:     0x56102e429d63 - core::result::unwrap_failed::he54eb4b2f125b26f
[INFO] [stdout]                                at /rustc/1b7dd2252b99671ce5d1cb9664c5f8636329436d/library/core/src/result.rs:1687:5
[INFO] [stdout]   19:     0x56102e46028b - core::result::Result<T,E>::unwrap::hbd966ac904a0667f
[INFO] [stdout]                                at /rustc/1b7dd2252b99671ce5d1cb9664c5f8636329436d/library/core/src/result.rs:1089:23
[INFO] [stdout]   20:     0x56102e465924 - Redstone::wallets::test::test_wallets::h96cdc073ddaa78a6
[INFO] [stdout]                                at /opt/rustwide/workdir/src/wallets.rs:141:22
[INFO] [stdout]   21:     0x56102e4658d7 - Redstone::wallets::test::test_wallets::{{closure}}::h909f2dd9f28243df
[INFO] [stdout]                                at /opt/rustwide/workdir/src/wallets.rs:140:23
[INFO] [stdout]   22:     0x56102e45b535 - core::ops::function::FnOnce::call_once::h7905b922e5428a10
[INFO] [stdout]                                at /rustc/1b7dd2252b99671ce5d1cb9664c5f8636329436d/library/core/src/ops/function.rs:250:5
[INFO] [stdout]   23:     0x56102e4a25af - core::ops::function::FnOnce::call_once::ha6a70e79f7481a7e
[INFO] [stdout]                                at /rustc/1b7dd2252b99671ce5d1cb9664c5f8636329436d/library/core/src/ops/function.rs:250:5
[INFO] [stdout]   24:     0x56102e4a25af - test::__rust_begin_short_backtrace::hce33033019b61e69
[INFO] [stdout]                                at /rustc/1b7dd2252b99671ce5d1cb9664c5f8636329436d/library/test/src/lib.rs:655:18
[INFO] [stdout]   25:     0x56102e46fd9c - test::run_test::{{closure}}::h858d3528838ae3e5
[INFO] [stdout]                                at /rustc/1b7dd2252b99671ce5d1cb9664c5f8636329436d/library/test/src/lib.rs:646:30
[INFO] [stdout]   26:     0x56102e46fd9c - core::ops::function::FnOnce::call_once{{vtable.shim}}::he8ac2b00f01ae79e
[INFO] [stdout]                                at /rustc/1b7dd2252b99671ce5d1cb9664c5f8636329436d/library/core/src/ops/function.rs:250:5
[INFO] [stdout]   27:     0x56102e4a1686 - <alloc::boxed::Box<F,A> as core::ops::function::FnOnce<Args>>::call_once::h8093d25b522725ef
[INFO] [stdout]                                at /rustc/1b7dd2252b99671ce5d1cb9664c5f8636329436d/library/alloc/src/boxed.rs:1973:9
[INFO] [stdout]   28:     0x56102e4a1686 - <core::panic::unwind_safe::AssertUnwindSafe<F> as core::ops::function::FnOnce<()>>::call_once::h5c334c204e4a3913
[INFO] [stdout]                                at /rustc/1b7dd2252b99671ce5d1cb9664c5f8636329436d/library/core/src/panic/unwind_safe.rs:271:9
[INFO] [stdout]   29:     0x56102e4a1686 - std::panicking::try::do_call::ha8b740c7b9478074
[INFO] [stdout]                                at /rustc/1b7dd2252b99671ce5d1cb9664c5f8636329436d/library/std/src/panicking.rs:485:40
[INFO] [stdout]   30:     0x56102e4a1686 - std::panicking::try::h5d34f63d0e41b64e
[INFO] [stdout]                                at /rustc/1b7dd2252b99671ce5d1cb9664c5f8636329436d/library/std/src/panicking.rs:449:19
[INFO] [stdout]   31:     0x56102e4a1686 - std::panic::catch_unwind::hcfbb511e1aa7fc67
[INFO] [stdout]                                at /rustc/1b7dd2252b99671ce5d1cb9664c5f8636329436d/library/std/src/panic.rs:140:14
[INFO] [stdout]   32:     0x56102e4a1686 - test::run_test_in_process::h9abda90f802eaf21
[INFO] [stdout]                                at /rustc/1b7dd2252b99671ce5d1cb9664c5f8636329436d/library/test/src/lib.rs:678:27
[INFO] [stdout]   33:     0x56102e4a1686 - test::run_test::run_test_inner::{{closure}}::h0f058de91f6c6edf
[INFO] [stdout]                                at /rustc/1b7dd2252b99671ce5d1cb9664c5f8636329436d/library/test/src/lib.rs:572:39
[INFO] [stdout]   34:     0x56102e46a5a5 - test::run_test::run_test_inner::{{closure}}::h5ca48a4c59c6c1fb
[INFO] [stdout]                                at /rustc/1b7dd2252b99671ce5d1cb9664c5f8636329436d/library/test/src/lib.rs:599:37
[INFO] [stdout]   35:     0x56102e46a5a5 - std::sys_common::backtrace::__rust_begin_short_backtrace::h32bd51e1495d4a33
[INFO] [stdout]                                at /rustc/1b7dd2252b99671ce5d1cb9664c5f8636329436d/library/std/src/sys_common/backtrace.rs:134:18
[INFO] [stdout]   36:     0x56102e46fae1 - std::thread::Builder::spawn_unchecked_::{{closure}}::{{closure}}::hc086fae9b128b2db
[INFO] [stdout]                                at /rustc/1b7dd2252b99671ce5d1cb9664c5f8636329436d/library/std/src/thread/mod.rs:526:17
[INFO] [stdout]   37:     0x56102e46fae1 - <core::panic::unwind_safe::AssertUnwindSafe<F> as core::ops::function::FnOnce<()>>::call_once::hb66571888d270d43
[INFO] [stdout]                                at /rustc/1b7dd2252b99671ce5d1cb9664c5f8636329436d/library/core/src/panic/unwind_safe.rs:271:9
[INFO] [stdout]   38:     0x56102e46fae1 - std::panicking::try::do_call::h4fa2ef4f6e51fecf
[INFO] [stdout]                                at /rustc/1b7dd2252b99671ce5d1cb9664c5f8636329436d/library/std/src/panicking.rs:485:40
[INFO] [stdout]   39:     0x56102e46fae1 - std::panicking::try::h1e9e22b8584489b5
[INFO] [stdout]                                at /rustc/1b7dd2252b99671ce5d1cb9664c5f8636329436d/library/std/src/panicking.rs:449:19
[INFO] [stdout]   40:     0x56102e46fae1 - std::panic::catch_unwind::h44698a3de0e0769e
[INFO] [stdout]                                at /rustc/1b7dd2252b99671ce5d1cb9664c5f8636329436d/library/std/src/panic.rs:140:14
[INFO] [stdout]   41:     0x56102e46fae1 - std::thread::Builder::spawn_unchecked_::{{closure}}::h50153abde3fe239e
[INFO] [stdout]                                at /rustc/1b7dd2252b99671ce5d1cb9664c5f8636329436d/library/std/src/thread/mod.rs:525:30
[INFO] [stdout]   42:     0x56102e46fae1 - core::ops::function::FnOnce::call_once{{vtable.shim}}::hbe5bbf6f38394364
[INFO] [stdout]                                at /rustc/1b7dd2252b99671ce5d1cb9664c5f8636329436d/library/core/src/ops/function.rs:250:5
[INFO] [stdout]   43:     0x56102e7c2065 - <alloc::boxed::Box<F,A> as core::ops::function::FnOnce<Args>>::call_once::h0d83cb2920a49046
[INFO] [stdout]                                at /rustc/1b7dd2252b99671ce5d1cb9664c5f8636329436d/library/alloc/src/boxed.rs:1973:9
[INFO] [stdout]   44:     0x56102e7c2065 - <alloc::boxed::Box<F,A> as core::ops::function::FnOnce<Args>>::call_once::hbe0a008aa7d9ef59
[INFO] [stdout]                                at /rustc/1b7dd2252b99671ce5d1cb9664c5f8636329436d/library/alloc/src/boxed.rs:1973:9
[INFO] [stdout]   45:     0x56102e7c2065 - std::sys::unix::thread::Thread::new::thread_start::h3a466996bdf6b1f9
[INFO] [stdout]                                at /rustc/1b7dd2252b99671ce5d1cb9664c5f8636329436d/library/std/src/sys/unix/thread.rs:108:17
[INFO] [stdout]   46:     0x7f159ec16b43 - <unknown>
[INFO] [stdout]   47:     0x7f159eca7bb4 - __clone
[INFO] [stdout]   48:                0x0 - <unknown>
[INFO] [stdout] 
[INFO] [stdout] 
[INFO] [stdout] failures:
[INFO] [stdout]     cli::test::test_locally
[INFO] [stdout]     transaction::test::test_signature
[INFO] [stdout]     wallets::test::test_wallets
[INFO] [stdout] 
[INFO] [stdout] test result: FAILED. 3 passed; 3 failed; 0 ignored; 0 measured; 0 filtered out; finished in 0.25s
[INFO] [stdout] 
[INFO] [stderr] error: test failed, to rerun pass `--bin Redstone`
[INFO] running `Command { std: "docker" "inspect" "d5bba00228db03c479d32ccffd87da94ff80542a0dc1b820deb8521eb5dc4c18", kill_on_drop: false }`
[INFO] running `Command { std: "docker" "rm" "-f" "d5bba00228db03c479d32ccffd87da94ff80542a0dc1b820deb8521eb5dc4c18", kill_on_drop: false }`
[INFO] [stdout] d5bba00228db03c479d32ccffd87da94ff80542a0dc1b820deb8521eb5dc4c18
