[INFO] cloning repository https://github.com/Protryon/klickhouse
[INFO] running `Command { std: "git" "-c" "credential.helper=" "-c" "credential.helper=/workspace/cargo-home/bin/git-credential-null" "clone" "--bare" "https://github.com/Protryon/klickhouse" "/workspace/cache/git-repos/https%3A%2F%2Fgithub.com%2FProtryon%2Fklickhouse", kill_on_drop: false }`
[INFO] [stderr] Cloning into bare repository '/workspace/cache/git-repos/https%3A%2F%2Fgithub.com%2FProtryon%2Fklickhouse'...
[INFO] running `Command { std: "git" "rev-parse" "HEAD", kill_on_drop: false }`
[INFO] [stdout] 2eb248646a9d6389628b8aac5d61ad4c92b3d1ec
[INFO] testing Protryon/klickhouse against 1.69.0 for beta-1.70-1
[INFO] running `Command { std: "git" "clone" "/workspace/cache/git-repos/https%3A%2F%2Fgithub.com%2FProtryon%2Fklickhouse" "/workspace/builds/worker-4-tc1/source", kill_on_drop: false }`
[INFO] [stderr] Cloning into '/workspace/builds/worker-4-tc1/source'...
[INFO] [stderr] done.
[INFO] validating manifest of git repo https://github.com/Protryon/klickhouse on toolchain 1.69.0
[INFO] running `Command { std: CARGO_HOME="/workspace/cargo-home" RUSTUP_HOME="/workspace/rustup-home" "/workspace/cargo-home/bin/cargo" "+1.69.0" "metadata" "--manifest-path" "Cargo.toml" "--no-deps", kill_on_drop: false }`
[INFO] started tweaking git repo https://github.com/Protryon/klickhouse
[INFO] finished tweaking git repo https://github.com/Protryon/klickhouse
[INFO] tweaked toml for git repo https://github.com/Protryon/klickhouse written to /workspace/builds/worker-4-tc1/source/Cargo.toml
[INFO] crate git repo https://github.com/Protryon/klickhouse already has a lockfile, it will not be regenerated
[INFO] running `Command { std: CARGO_HOME="/workspace/cargo-home" RUSTUP_HOME="/workspace/rustup-home" "/workspace/cargo-home/bin/cargo" "+1.69.0" "fetch" "--manifest-path" "Cargo.toml", kill_on_drop: false }`
[INFO] [stderr]  Downloading crates ...
[INFO] [stderr]   Downloaded bytecheck v0.6.9
[INFO] [stderr]   Downloaded thiserror-impl v1.0.36
[INFO] [stderr]   Downloaded bytecheck_derive v0.6.9
[INFO] [stderr]   Downloaded refinery-core v0.8.6
[INFO] [stderr]   Downloaded rkyv_derive v0.7.39
[INFO] [stderr]   Downloaded rust_decimal v1.27.0
[INFO] [stderr]   Downloaded compiler-tools v0.1.7
[INFO] [stderr]   Downloaded thiserror v1.0.36
[INFO] [stderr]   Downloaded compiler-tools-derive v0.1.7
[INFO] [stderr]   Downloaded proc-macro2 v1.0.44
[INFO] [stderr]   Downloaded tokio-stream v0.1.10
[INFO] [stderr]   Downloaded cityhash-rs v1.0.1
[INFO] [stderr]   Downloaded rkyv v0.7.39
[INFO] [stderr]   Downloaded pest v2.3.1
[INFO] [stderr]   Downloaded tokio v1.21.1
[INFO] running `Command { std: "docker" "create" "-v" "/var/lib/crater-agent-workspace/builds/worker-4-tc1/target:/opt/rustwide/target:rw,Z" "-v" "/var/lib/crater-agent-workspace/builds/worker-4-tc1/source:/opt/rustwide/workdir:ro,Z" "-v" "/var/lib/crater-agent-workspace/cargo-home:/opt/rustwide/cargo-home:ro,Z" "-v" "/var/lib/crater-agent-workspace/rustup-home:/opt/rustwide/rustup-home:ro,Z" "-e" "SOURCE_DIR=/opt/rustwide/workdir" "-e" "CARGO_TARGET_DIR=/opt/rustwide/target" "-e" "CARGO_HOME=/opt/rustwide/cargo-home" "-e" "RUSTUP_HOME=/opt/rustwide/rustup-home" "-w" "/opt/rustwide/workdir" "-m" "1610612736" "--user" "0:0" "--network" "none" "ghcr.io/rust-lang/crates-build-env/linux@sha256:5ff2268d62e97bff2cde7d5815dd6ed5b47097566f13b8d0ca110b04b60e07ed" "/opt/rustwide/cargo-home/bin/cargo" "+1.69.0" "metadata" "--no-deps" "--format-version=1", kill_on_drop: false }`
[INFO] [stdout] 9f923cdf383d5280bdc91672273b520d568b318819b29cee9847c9be0d8df647
[INFO] running `Command { std: "docker" "start" "-a" "9f923cdf383d5280bdc91672273b520d568b318819b29cee9847c9be0d8df647", kill_on_drop: false }`
[INFO] running `Command { std: "docker" "inspect" "9f923cdf383d5280bdc91672273b520d568b318819b29cee9847c9be0d8df647", kill_on_drop: false }`
[INFO] running `Command { std: "docker" "rm" "-f" "9f923cdf383d5280bdc91672273b520d568b318819b29cee9847c9be0d8df647", kill_on_drop: false }`
[INFO] [stdout] 9f923cdf383d5280bdc91672273b520d568b318819b29cee9847c9be0d8df647
[INFO] running `Command { std: "docker" "create" "-v" "/var/lib/crater-agent-workspace/builds/worker-4-tc1/target:/opt/rustwide/target:rw,Z" "-v" "/var/lib/crater-agent-workspace/builds/worker-4-tc1/source:/opt/rustwide/workdir:ro,Z" "-v" "/var/lib/crater-agent-workspace/cargo-home:/opt/rustwide/cargo-home:ro,Z" "-v" "/var/lib/crater-agent-workspace/rustup-home:/opt/rustwide/rustup-home:ro,Z" "-e" "SOURCE_DIR=/opt/rustwide/workdir" "-e" "CARGO_TARGET_DIR=/opt/rustwide/target" "-e" "CARGO_INCREMENTAL=0" "-e" "RUST_BACKTRACE=full" "-e" "RUSTFLAGS=--cap-lints=warn" "-e" "RUSTDOCFLAGS=--cap-lints=warn" "-e" "CARGO_HOME=/opt/rustwide/cargo-home" "-e" "RUSTUP_HOME=/opt/rustwide/rustup-home" "-w" "/opt/rustwide/workdir" "-m" "1610612736" "--user" "0:0" "--network" "none" "ghcr.io/rust-lang/crates-build-env/linux@sha256:5ff2268d62e97bff2cde7d5815dd6ed5b47097566f13b8d0ca110b04b60e07ed" "/opt/rustwide/cargo-home/bin/cargo" "+1.69.0" "build" "--frozen" "--message-format=json", kill_on_drop: false }`
[INFO] [stdout] aa613fc295cd2f165c108422d1e9cbb6059d72bc2a33d28b69f6fba21c0623bf
[INFO] running `Command { std: "docker" "start" "-a" "aa613fc295cd2f165c108422d1e9cbb6059d72bc2a33d28b69f6fba21c0623bf", kill_on_drop: false }`
[INFO] [stderr]     Blocking waiting for file lock on package cache
[INFO] [stderr]    Compiling autocfg v1.1.0
[INFO] [stderr]    Compiling proc-macro2 v1.0.44
[INFO] [stderr]    Compiling unicode-ident v1.0.4
[INFO] [stderr]    Compiling quote v1.0.21
[INFO] [stderr]    Compiling syn v1.0.101
[INFO] [stderr]    Compiling libc v0.2.133
[INFO] [stderr]    Compiling memchr v2.5.0
[INFO] [stderr]    Compiling cfg-if v1.0.0
[INFO] [stderr]    Compiling siphasher v0.3.10
[INFO] [stderr]    Compiling thiserror v1.0.36
[INFO] [stderr]    Compiling regex-syntax v0.6.27
[INFO] [stderr]    Compiling futures-core v0.3.24
[INFO] [stderr]    Compiling rand_core v0.6.4
[INFO] [stderr]    Compiling ucd-trie v0.1.5
[INFO] [stderr]    Compiling futures-task v0.3.24
[INFO] [stderr]    Compiling futures-channel v0.3.24
[INFO] [stderr]    Compiling log v0.4.17
[INFO] [stderr]    Compiling rand v0.8.5
[INFO] [stderr]    Compiling phf_shared v0.11.1
[INFO] [stderr]    Compiling pin-project-lite v0.2.9
[INFO] [stderr]    Compiling parking_lot_core v0.9.3
[INFO] [stderr]    Compiling phf v0.11.1
[INFO] [stderr]    Compiling cc v1.0.73
[INFO] [stderr]    Compiling scopeguard v1.1.0
[INFO] [stderr]    Compiling futures-sink v0.3.24
[INFO] [stderr]    Compiling smallvec v1.9.0
[INFO] [stderr]    Compiling lock_api v0.4.9
[INFO] [stderr]    Compiling slab v0.4.7
[INFO] [stderr]    Compiling num-traits v0.2.15
[INFO] [stderr]    Compiling num-integer v0.1.45
[INFO] [stderr]    Compiling serde_derive v1.0.145
[INFO] [stderr]    Compiling futures-util v0.3.24
[INFO] [stderr]    Compiling tokio v1.21.1
[INFO] [stderr]    Compiling phf_generator v0.11.1
[INFO] [stderr]    Compiling indexmap v1.9.1
[INFO] [stderr]    Compiling phf_codegen v0.11.1
[INFO] [stderr]    Compiling serde v1.0.145
[INFO] [stderr]    Compiling aho-corasick v0.7.19
[INFO] [stderr]    Compiling once_cell v1.15.0
[INFO] [stderr]    Compiling futures-io v0.3.24
[INFO] [stderr]    Compiling pin-utils v0.1.0
[INFO] [stderr]    Compiling socket2 v0.4.7
[INFO] [stderr]    Compiling mio v0.8.4
[INFO] [stderr]    Compiling num_cpus v1.13.1
[INFO] [stderr]    Compiling signal-hook-registry v1.4.0
[INFO] [stderr]    Compiling time v0.1.44
[INFO] [stderr]    Compiling parking_lot v0.12.1
[INFO] [stderr]    Compiling async-trait v0.1.57
[INFO] [stderr]    Compiling bytes v1.2.1
[INFO] [stderr]    Compiling hashbrown v0.12.3
[INFO] [stderr]    Compiling iana-time-zone v0.1.50
[INFO] [stderr]    Compiling getrandom v0.2.7
[INFO] [stderr]    Compiling cityhash-rs v1.0.1
[INFO] [stderr]    Compiling lz4-sys v1.9.4
[INFO] [stderr]    Compiling uuid v1.1.2
[INFO] [stderr]    Compiling regex v1.6.0
[INFO] [stderr]    Compiling chrono v0.4.22
[INFO] [stderr]    Compiling parse-zoneinfo v0.3.0
[INFO] [stderr]    Compiling chrono-tz-build v0.1.0
[INFO] [stderr]    Compiling chrono-tz v0.8.1
[INFO] [stderr]    Compiling thiserror-impl v1.0.36
[INFO] [stderr]    Compiling futures-macro v0.3.24
[INFO] [stderr]    Compiling tokio-macros v1.8.0
[INFO] [stderr]    Compiling klickhouse_derive v0.8.5 (/opt/rustwide/workdir/klickhouse_derive)
[INFO] [stderr]    Compiling compiler-tools-derive v0.1.7
[INFO] [stderr]    Compiling pest v2.3.1
[INFO] [stderr]    Compiling semver-parser v0.10.2
[INFO] [stderr]    Compiling semver v0.11.0
[INFO] [stderr]    Compiling rustc_version v0.3.3
[INFO] [stderr]    Compiling klickhouse v0.8.5 (/opt/rustwide/workdir/klickhouse)
[INFO] [stderr]    Compiling futures-executor v0.3.24
[INFO] [stderr]    Compiling futures v0.3.24
[INFO] [stderr]    Compiling tokio-stream v0.1.10
[INFO] [stderr]    Compiling compiler-tools v0.1.7
[INFO] [stderr]    Compiling lz4 v1.24.0
[INFO] [stderr]     Finished dev [unoptimized + debuginfo] target(s) in 24.42s
[INFO] running `Command { std: "docker" "inspect" "aa613fc295cd2f165c108422d1e9cbb6059d72bc2a33d28b69f6fba21c0623bf", kill_on_drop: false }`
[INFO] running `Command { std: "docker" "rm" "-f" "aa613fc295cd2f165c108422d1e9cbb6059d72bc2a33d28b69f6fba21c0623bf", kill_on_drop: false }`
[INFO] [stdout] aa613fc295cd2f165c108422d1e9cbb6059d72bc2a33d28b69f6fba21c0623bf
[INFO] running `Command { std: "docker" "create" "-v" "/var/lib/crater-agent-workspace/builds/worker-4-tc1/target:/opt/rustwide/target:rw,Z" "-v" "/var/lib/crater-agent-workspace/builds/worker-4-tc1/source:/opt/rustwide/workdir:ro,Z" "-v" "/var/lib/crater-agent-workspace/cargo-home:/opt/rustwide/cargo-home:ro,Z" "-v" "/var/lib/crater-agent-workspace/rustup-home:/opt/rustwide/rustup-home:ro,Z" "-e" "SOURCE_DIR=/opt/rustwide/workdir" "-e" "CARGO_TARGET_DIR=/opt/rustwide/target" "-e" "CARGO_INCREMENTAL=0" "-e" "RUST_BACKTRACE=full" "-e" "RUSTFLAGS=--cap-lints=warn" "-e" "RUSTDOCFLAGS=--cap-lints=warn" "-e" "CARGO_HOME=/opt/rustwide/cargo-home" "-e" "RUSTUP_HOME=/opt/rustwide/rustup-home" "-w" "/opt/rustwide/workdir" "-m" "1610612736" "--user" "0:0" "--network" "none" "ghcr.io/rust-lang/crates-build-env/linux@sha256:5ff2268d62e97bff2cde7d5815dd6ed5b47097566f13b8d0ca110b04b60e07ed" "/opt/rustwide/cargo-home/bin/cargo" "+1.69.0" "test" "--frozen" "--no-run" "--message-format=json", kill_on_drop: false }`
[INFO] [stdout] 53a545a52bb33c58cd759c99816628c827ffb25178d95cb253ae2f351c01d86a
[INFO] running `Command { std: "docker" "start" "-a" "53a545a52bb33c58cd759c99816628c827ffb25178d95cb253ae2f351c01d86a", kill_on_drop: false }`
[INFO] [stderr]    Compiling klickhouse_derive v0.8.5 (/opt/rustwide/workdir/klickhouse_derive)
[INFO] [stderr]    Compiling atty v0.2.14
[INFO] [stderr]    Compiling humantime v2.1.0
[INFO] [stderr]    Compiling termcolor v1.1.3
[INFO] [stderr]    Compiling env_logger v0.9.1
[INFO] [stderr]    Compiling klickhouse v0.8.5 (/opt/rustwide/workdir/klickhouse)
[INFO] [stderr]     Finished test [unoptimized + debuginfo] target(s) in 12.28s
[INFO] running `Command { std: "docker" "inspect" "53a545a52bb33c58cd759c99816628c827ffb25178d95cb253ae2f351c01d86a", kill_on_drop: false }`
[INFO] running `Command { std: "docker" "rm" "-f" "53a545a52bb33c58cd759c99816628c827ffb25178d95cb253ae2f351c01d86a", kill_on_drop: false }`
[INFO] [stdout] 53a545a52bb33c58cd759c99816628c827ffb25178d95cb253ae2f351c01d86a
[INFO] running `Command { std: "docker" "create" "-v" "/var/lib/crater-agent-workspace/builds/worker-4-tc1/target:/opt/rustwide/target:rw,Z" "-v" "/var/lib/crater-agent-workspace/builds/worker-4-tc1/source:/opt/rustwide/workdir:ro,Z" "-v" "/var/lib/crater-agent-workspace/cargo-home:/opt/rustwide/cargo-home:ro,Z" "-v" "/var/lib/crater-agent-workspace/rustup-home:/opt/rustwide/rustup-home:ro,Z" "-e" "SOURCE_DIR=/opt/rustwide/workdir" "-e" "CARGO_TARGET_DIR=/opt/rustwide/target" "-e" "CARGO_INCREMENTAL=0" "-e" "RUST_BACKTRACE=full" "-e" "RUSTFLAGS=--cap-lints=warn" "-e" "RUSTDOCFLAGS=--cap-lints=warn" "-e" "CARGO_HOME=/opt/rustwide/cargo-home" "-e" "RUSTUP_HOME=/opt/rustwide/rustup-home" "-w" "/opt/rustwide/workdir" "-m" "1610612736" "--user" "0:0" "--network" "none" "ghcr.io/rust-lang/crates-build-env/linux@sha256:5ff2268d62e97bff2cde7d5815dd6ed5b47097566f13b8d0ca110b04b60e07ed" "/opt/rustwide/cargo-home/bin/cargo" "+1.69.0" "test" "--frozen", kill_on_drop: false }`
[INFO] [stdout] f0ef7bac3e6bb067e17c85085bd0c104b83ebfe86880d0d8d9835dffb4b3dfc7
[INFO] running `Command { std: "docker" "start" "-a" "f0ef7bac3e6bb067e17c85085bd0c104b83ebfe86880d0d8d9835dffb4b3dfc7", kill_on_drop: false }`
[INFO] [stderr]     Blocking waiting for file lock on package cache
[INFO] [stderr]     Finished test [unoptimized + debuginfo] target(s) in 0.19s
[INFO] [stderr]      Running unittests src/lib.rs (/opt/rustwide/target/debug/deps/klickhouse-9c48f77fe45cf6ae)
[INFO] [stdout] 
[INFO] [stdout] running 82 tests
[INFO] [stdout] test types::tests::roundtrip_array2 ... ok
[INFO] [stdout] test types::tests::roundtrip_array_nulls ... ok
[INFO] [stdout] test types::tests::roundtrip_d128 ... ok
[INFO] [stdout] test types::tests::roundtrip_array_tuple ... ok
[INFO] [stdout] test types::tests::roundtrip_array_null ... ok
[INFO] [stdout] test types::tests::roundtrip_array ... ok
[INFO] [stdout] test types::tests::roundtrip_d32 ... ok
[INFO] [stdout] test types::tests::roundtrip_2tuple ... ok
[INFO] [stdout] test types::tests::roundtrip_d64 ... ok
[INFO] [stdout] test types::tests::roundtrip_d256 ... ok
[INFO] [stdout] test types::tests::roundtrip_f64 ... ok
[INFO] [stdout] test types::tests::roundtrip_i64 ... ok
[INFO] [stdout] test types::tests::roundtrip_datetime ... ok
[INFO] [stdout] test types::tests::roundtrip_f32 ... ok
[INFO] [stdout] test types::tests::roundtrip_i32 ... ok
[INFO] [stdout] test types::tests::roundtrip_i8 ... ok
[INFO] [stdout] test types::tests::roundtrip_date ... ok
[INFO] [stdout] test types::tests::roundtrip_i256 ... ok
[INFO] [stdout] test types::tests::roundtrip_i128 ... ok
[INFO] [stdout] test types::tests::roundtrip_null_int ... ok
[INFO] [stdout] test types::tests::roundtrip_i16 ... ok
[INFO] [stdout] test types::tests::roundtrip_null_string ... ok
[INFO] [stdout] test types::tests::roundtrip_low_cardinality_string ... ok
[INFO] [stdout] test types::tests::roundtrip_datetime64 ... ok
[INFO] [stdout] test types::tests::roundtrip_map ... ok
[INFO] [stdout] test types::tests::roundtrip_low_cardinality_string_array ... ok
[INFO] [stdout] test types::tests::roundtrip_tuple ... ok
[INFO] [stdout] test types::tests::roundtrip_string ... ok
[INFO] [stdout] test types::tests::roundtrip_u256 ... ok
[INFO] [stdout] test types::tests::roundtrip_tuple_array ... ok
[INFO] [stdout] test types::tests::roundtrip_u32 ... ok
[INFO] [stdout] test types::tests::roundtrip_low_cardinality_array_null ... ok
[INFO] [stdout] test types::tests::roundtrip_low_cardinality_string_null ... ok
[INFO] [stdout] test types::tests::roundtrip_u128 ... ok
[INFO] [stdout] test types::tests::roundtrip_uuid ... ok
[INFO] [stdout] test values::date::chrono_tests::test_consistency_with_convert_for_str ... ok
[INFO] [stdout] test types::tests::roundtrip_u16 ... ok
[INFO] [stdout] test types::tests::roundtrip_u64 ... ok
[INFO] [stdout] test query_parser::tests::arg_tests ... ok
[INFO] [stdout] test types::tests::roundtrip_u8 ... ok
[INFO] [stdout] test values::tests::roundtrip_array ... ok
[INFO] [stdout] test values::date::chrono_tests::test_datetime64_precision2 ... ok
[INFO] [stdout] test values::tests::roundtrip_2array ... ok
[INFO] [stdout] test values::tests::roundtrip_array_tuple ... ok
[INFO] [stdout] test values::tests::roundtrip_2tuple ... ok
[INFO] [stdout] test values::tests::roundtrip_array_nulls ... ok
[INFO] [stdout] test types::tests::roundtrip_low_cardinality_string_map ... ok
[INFO] [stdout] test query_parser::tests::split_tests ... ok
[INFO] [stdout] test values::tests::roundtrip_d256 ... ok
[INFO] [stdout] test values::tests::roundtrip_d64 ... ok
[INFO] [stdout] test values::tests::roundtrip_d32 ... ok
[INFO] [stdout] test query_parser::tests::parse_tests ... ok
[INFO] [stdout] test values::tests::roundtrip_d128 ... ok
[INFO] [stdout] test values::date::chrono_tests::test_datetime64 ... ok
[INFO] [stdout] test values::tests::roundtrip_date ... ok
[INFO] [stdout] test values::tests::roundtrip_datetime ... ok
[INFO] [stdout] test values::tests::roundtrip_datetime64 ... ok
[INFO] [stdout] test values::tests::roundtrip_f32 ... ok
[INFO] [stdout] test values::tests::roundtrip_f64 ... ok
[INFO] [stdout] test values::tests::roundtrip_fixed_string ... ok
[INFO] [stdout] test values::tests::roundtrip_i128 ... ok
[INFO] [stdout] test values::date::chrono_tests::test_datetime ... ok
[INFO] [stdout] test values::tests::roundtrip_i256 ... ok
[INFO] [stdout] test values::tests::roundtrip_i32 ... ok
[INFO] [stdout] test values::tests::roundtrip_i64 ... ok
[INFO] [stdout] test values::tests::roundtrip_i8 ... ok
[INFO] [stdout] test values::tests::roundtrip_map ... ok
[INFO] [stdout] test values::tests::roundtrip_string ... ok
[INFO] [stdout] test values::tests::roundtrip_string_null ... ok
[INFO] [stdout] test values::tests::roundtrip_tuple ... ok
[INFO] [stdout] test values::tests::roundtrip_tuple_array ... ok
[INFO] [stdout] test values::tests::roundtrip_u128 ... ok
[INFO] [stdout] test values::tests::roundtrip_u16 ... ok
[INFO] [stdout] test values::tests::roundtrip_u256 ... ok
[INFO] [stdout] test values::tests::roundtrip_u32 ... ok
[INFO] [stdout] test values::tests::roundtrip_u64 ... ok
[INFO] [stdout] test values::tests::roundtrip_u8 ... ok
[INFO] [stdout] test values::tests::roundtrip_uuid ... ok
[INFO] [stdout] test values::tests::test_escape ... ok
[INFO] [stdout] test values::date::chrono_tests::test_datetime64_precision ... ok
[INFO] [stdout] test values::tests::roundtrip_i16 ... ok
[INFO] [stdout] test values::date::chrono_tests::test_date ... ok
[INFO] [stdout] 
[INFO] [stdout] test result: ok. 82 passed; 0 failed; 0 ignored; 0 measured; 0 filtered out; finished in 0.05s
[INFO] [stdout] 
[INFO] [stderr]      Running tests/test.rs (/opt/rustwide/target/debug/deps/test-d4e538b84951b294)
[INFO] [stdout] 
[INFO] [stdout] running 1 test
[INFO] [stdout] test test_client ... FAILED
[INFO] [stdout] 
[INFO] [stdout] failures:
[INFO] [stdout] 
[INFO] [stdout] ---- test_client stdout ----
[INFO] [stdout] thread 'test_client' panicked at 'called `Result::unwrap()` on an `Err` value: Io(Os { code: 111, kind: ConnectionRefused, message: "Connection refused" })', klickhouse/tests/test.rs:61:10
[INFO] [stdout] stack backtrace:
[INFO] [stdout]    0:     0x5622b2c59aca - std::backtrace_rs::backtrace::libunwind::trace::ha9053a9a07ca49cb
[INFO] [stdout]                                at /rustc/84c898d65adf2f39a5a98507f1fe0ce10a2b8dbc/library/std/src/../../backtrace/src/backtrace/libunwind.rs:93:5
[INFO] [stdout]    1:     0x5622b2c59aca - std::backtrace_rs::backtrace::trace_unsynchronized::h9c2852a457ad564e
[INFO] [stdout]                                at /rustc/84c898d65adf2f39a5a98507f1fe0ce10a2b8dbc/library/std/src/../../backtrace/src/backtrace/mod.rs:66:5
[INFO] [stdout]    2:     0x5622b2c59aca - std::sys_common::backtrace::_print_fmt::h457936fbfaa0070f
[INFO] [stdout]                                at /rustc/84c898d65adf2f39a5a98507f1fe0ce10a2b8dbc/library/std/src/sys_common/backtrace.rs:65:5
[INFO] [stdout]    3:     0x5622b2c59aca - <std::sys_common::backtrace::_print::DisplayBacktrace as core::fmt::Display>::fmt::h5779d7bf7f70cb0c
[INFO] [stdout]                                at /rustc/84c898d65adf2f39a5a98507f1fe0ce10a2b8dbc/library/std/src/sys_common/backtrace.rs:44:22
[INFO] [stdout]    4:     0x5622b2c812ae - core::fmt::write::h5a4baaff1bcd3eb5
[INFO] [stdout]                                at /rustc/84c898d65adf2f39a5a98507f1fe0ce10a2b8dbc/library/core/src/fmt/mod.rs:1232:17
[INFO] [stdout]    5:     0x5622b2c567d5 - std::io::Write::write_fmt::h478f79c628ef31d1
[INFO] [stdout]                                at /rustc/84c898d65adf2f39a5a98507f1fe0ce10a2b8dbc/library/std/src/io/mod.rs:1684:15
[INFO] [stdout]    6:     0x5622b2c59895 - std::sys_common::backtrace::_print::h5fcdc36060f177e8
[INFO] [stdout]                                at /rustc/84c898d65adf2f39a5a98507f1fe0ce10a2b8dbc/library/std/src/sys_common/backtrace.rs:47:5
[INFO] [stdout]    7:     0x5622b2c59895 - std::sys_common::backtrace::print::h54ca9458b876c8bf
[INFO] [stdout]                                at /rustc/84c898d65adf2f39a5a98507f1fe0ce10a2b8dbc/library/std/src/sys_common/backtrace.rs:34:9
[INFO] [stdout]    8:     0x5622b2c5b65f - std::panicking::default_hook::{{closure}}::hbe471161c7664ed6
[INFO] [stdout]                                at /rustc/84c898d65adf2f39a5a98507f1fe0ce10a2b8dbc/library/std/src/panicking.rs:271:22
[INFO] [stdout]    9:     0x5622b2c5b31f - std::panicking::default_hook::ha3500da57aa4ac4f
[INFO] [stdout]                                at /rustc/84c898d65adf2f39a5a98507f1fe0ce10a2b8dbc/library/std/src/panicking.rs:287:9
[INFO] [stdout]   10:     0x5622b29aa587 - <alloc::boxed::Box<F,A> as core::ops::function::Fn<Args>>::call::hdf1b89dd137ece34
[INFO] [stdout]                                at /rustc/84c898d65adf2f39a5a98507f1fe0ce10a2b8dbc/library/alloc/src/boxed.rs:2001:9
[INFO] [stdout]   11:     0x5622b29aa587 - test::test_main::{{closure}}::h9081a79f20e75698
[INFO] [stdout]                                at /rustc/84c898d65adf2f39a5a98507f1fe0ce10a2b8dbc/library/test/src/lib.rs:135:21
[INFO] [stdout]   12:     0x5622b2c5bd8d - <alloc::boxed::Box<F,A> as core::ops::function::Fn<Args>>::call::h6507bddc3eebb4a5
[INFO] [stdout]                                at /rustc/84c898d65adf2f39a5a98507f1fe0ce10a2b8dbc/library/alloc/src/boxed.rs:2001:9
[INFO] [stdout]   13:     0x5622b2c5bd8d - std::panicking::rust_panic_with_hook::h50c09d000dc561d2
[INFO] [stdout]                                at /rustc/84c898d65adf2f39a5a98507f1fe0ce10a2b8dbc/library/std/src/panicking.rs:696:13
[INFO] [stdout]   14:     0x5622b2c5bb09 - std::panicking::begin_panic_handler::{{closure}}::h9e2b2176e00e0d9c
[INFO] [stdout]                                at /rustc/84c898d65adf2f39a5a98507f1fe0ce10a2b8dbc/library/std/src/panicking.rs:583:13
[INFO] [stdout]   15:     0x5622b2c59f36 - std::sys_common::backtrace::__rust_end_short_backtrace::h5739b8e512c09d02
[INFO] [stdout]                                at /rustc/84c898d65adf2f39a5a98507f1fe0ce10a2b8dbc/library/std/src/sys_common/backtrace.rs:150:18
[INFO] [stdout]   16:     0x5622b2c5b812 - rust_begin_unwind
[INFO] [stdout]                                at /rustc/84c898d65adf2f39a5a98507f1fe0ce10a2b8dbc/library/std/src/panicking.rs:579:5
[INFO] [stdout]   17:     0x5622b2843253 - core::panicking::panic_fmt::hf33a1475b4dc5c3e
[INFO] [stdout]                                at /rustc/84c898d65adf2f39a5a98507f1fe0ce10a2b8dbc/library/core/src/panicking.rs:64:14
[INFO] [stdout]   18:     0x5622b2843703 - core::result::unwrap_failed::hdff5465d74574b44
[INFO] [stdout]                                at /rustc/84c898d65adf2f39a5a98507f1fe0ce10a2b8dbc/library/core/src/result.rs:1750:5
[INFO] [stdout]   19:     0x5622b2923339 - core::result::Result<T,E>::unwrap::hce92797ded13c2c4
[INFO] [stdout]                                at /rustc/84c898d65adf2f39a5a98507f1fe0ce10a2b8dbc/library/core/src/result.rs:1090:23
[INFO] [stdout]   20:     0x5622b28cfc81 - test::test_client::{{closure}}::h169661d244ac0052
[INFO] [stdout]                                at /opt/rustwide/workdir/klickhouse/tests/test.rs:59:18
[INFO] [stdout]   21:     0x5622b287289b - <core::pin::Pin<P> as core::future::future::Future>::poll::h01c88eab4086d33b
[INFO] [stdout]                                at /rustc/84c898d65adf2f39a5a98507f1fe0ce10a2b8dbc/library/core/src/future/future.rs:125:9
[INFO] [stdout]   22:     0x5622b28a9234 - tokio::runtime::scheduler::current_thread::CoreGuard::block_on::{{closure}}::{{closure}}::{{closure}}::h58673fc9d5eda84f
[INFO] [stdout]                                at /opt/rustwide/cargo-home/registry/src/github.com-1ecc6299db9ec823/tokio-1.21.1/src/runtime/scheduler/current_thread.rs:525:48
[INFO] [stdout]   23:     0x5622b292a6c0 - tokio::coop::with_budget::{{closure}}::h9cf1851f8727fe01
[INFO] [stdout]                                at /opt/rustwide/cargo-home/registry/src/github.com-1ecc6299db9ec823/tokio-1.21.1/src/coop.rs:102:9
[INFO] [stdout]   24:     0x5622b2922514 - std::thread::local::LocalKey<T>::try_with::hc3f75de8d75f4f08
[INFO] [stdout]                                at /rustc/84c898d65adf2f39a5a98507f1fe0ce10a2b8dbc/library/std/src/thread/local.rs:446:16
[INFO] [stdout]   25:     0x5622b2921d9a - std::thread::local::LocalKey<T>::with::h3d1e5a656b5409da
[INFO] [stdout]                                at /rustc/84c898d65adf2f39a5a98507f1fe0ce10a2b8dbc/library/std/src/thread/local.rs:422:9
[INFO] [stdout]   26:     0x5622b28a91d6 - tokio::coop::with_budget::h7c217ab29b6f8254
[INFO] [stdout]                                at /opt/rustwide/cargo-home/registry/src/github.com-1ecc6299db9ec823/tokio-1.21.1/src/coop.rs:95:5
[INFO] [stdout]   27:     0x5622b28a91d6 - tokio::coop::budget::hf3aed416192a7ab8
[INFO] [stdout]                                at /opt/rustwide/cargo-home/registry/src/github.com-1ecc6299db9ec823/tokio-1.21.1/src/coop.rs:72:5
[INFO] [stdout]   28:     0x5622b28a91d6 - tokio::runtime::scheduler::current_thread::CoreGuard::block_on::{{closure}}::{{closure}}::hf8d97dd8b05fffeb
[INFO] [stdout]                                at /opt/rustwide/cargo-home/registry/src/github.com-1ecc6299db9ec823/tokio-1.21.1/src/runtime/scheduler/current_thread.rs:525:25
[INFO] [stdout]   29:     0x5622b28a78be - tokio::runtime::scheduler::current_thread::Context::enter::h280bcfec52681491
[INFO] [stdout]                                at /opt/rustwide/cargo-home/registry/src/github.com-1ecc6299db9ec823/tokio-1.21.1/src/runtime/scheduler/current_thread.rs:349:19
[INFO] [stdout]   30:     0x5622b28a8aed - tokio::runtime::scheduler::current_thread::CoreGuard::block_on::{{closure}}::h4b8284a73627d886
[INFO] [stdout]                                at /opt/rustwide/cargo-home/registry/src/github.com-1ecc6299db9ec823/tokio-1.21.1/src/runtime/scheduler/current_thread.rs:524:36
[INFO] [stdout]   31:     0x5622b28a880b - tokio::runtime::scheduler::current_thread::CoreGuard::enter::{{closure}}::hfc0a476a6a94d056
[INFO] [stdout]                                at /opt/rustwide/cargo-home/registry/src/github.com-1ecc6299db9ec823/tokio-1.21.1/src/runtime/scheduler/current_thread.rs:595:57
[INFO] [stdout]   32:     0x5622b292b7cd - tokio::macros::scoped_tls::ScopedKey<T>::set::h53ff44ff1d6c49da
[INFO] [stdout]                                at /opt/rustwide/cargo-home/registry/src/github.com-1ecc6299db9ec823/tokio-1.21.1/src/macros/scoped_tls.rs:61:9
[INFO] [stdout]   33:     0x5622b28a85a6 - tokio::runtime::scheduler::current_thread::CoreGuard::enter::h6382f3e72b3df3ec
[INFO] [stdout]                                at /opt/rustwide/cargo-home/registry/src/github.com-1ecc6299db9ec823/tokio-1.21.1/src/runtime/scheduler/current_thread.rs:595:27
[INFO] [stdout]   34:     0x5622b28a883c - tokio::runtime::scheduler::current_thread::CoreGuard::block_on::h43f95f4988844226
[INFO] [stdout]                                at /opt/rustwide/cargo-home/registry/src/github.com-1ecc6299db9ec823/tokio-1.21.1/src/runtime/scheduler/current_thread.rs:515:19
[INFO] [stdout]   35:     0x5622b28a72d2 - tokio::runtime::scheduler::current_thread::CurrentThread::block_on::h2d59071610060618
[INFO] [stdout]                                at /opt/rustwide/cargo-home/registry/src/github.com-1ecc6299db9ec823/tokio-1.21.1/src/runtime/scheduler/current_thread.rs:161:24
[INFO] [stdout]   36:     0x5622b2953911 - tokio::runtime::Runtime::block_on::h756505e581931abd
[INFO] [stdout]                                at /opt/rustwide/cargo-home/registry/src/github.com-1ecc6299db9ec823/tokio-1.21.1/src/runtime/mod.rs:490:46
[INFO] [stdout]   37:     0x5622b28cf7d5 - test::test_client::hbb8183b5191f4f49
[INFO] [stdout]                                at /opt/rustwide/workdir/klickhouse/tests/test.rs:86:5
[INFO] [stdout]   38:     0x5622b28cf687 - test::test_client::{{closure}}::hc08196ee4c73ed4c
[INFO] [stdout]                                at /opt/rustwide/workdir/klickhouse/tests/test.rs:55:24
[INFO] [stdout]   39:     0x5622b2844505 - core::ops::function::FnOnce::call_once::hbfe4c827ac54214c
[INFO] [stdout]                                at /rustc/84c898d65adf2f39a5a98507f1fe0ce10a2b8dbc/library/core/src/ops/function.rs:250:5
[INFO] [stdout]   40:     0x5622b29af96f - core::ops::function::FnOnce::call_once::h7d969581be7d0075
[INFO] [stdout]                                at /rustc/84c898d65adf2f39a5a98507f1fe0ce10a2b8dbc/library/core/src/ops/function.rs:250:5
[INFO] [stdout]   41:     0x5622b29af96f - test::__rust_begin_short_backtrace::hca25a52684e56655
[INFO] [stdout]                                at /rustc/84c898d65adf2f39a5a98507f1fe0ce10a2b8dbc/library/test/src/lib.rs:656:18
[INFO] [stdout]   42:     0x5622b2980f8c - test::run_test::{{closure}}::ha8ac744c4af1a4bb
[INFO] [stdout]                                at /rustc/84c898d65adf2f39a5a98507f1fe0ce10a2b8dbc/library/test/src/lib.rs:647:30
[INFO] [stdout]   43:     0x5622b2980f8c - core::ops::function::FnOnce::call_once{{vtable.shim}}::h7b411a9ed45bdecf
[INFO] [stdout]                                at /rustc/84c898d65adf2f39a5a98507f1fe0ce10a2b8dbc/library/core/src/ops/function.rs:250:5
[INFO] [stdout]   44:     0x5622b29ae936 - <alloc::boxed::Box<F,A> as core::ops::function::FnOnce<Args>>::call_once::hd05328869a8ed200
[INFO] [stdout]                                at /rustc/84c898d65adf2f39a5a98507f1fe0ce10a2b8dbc/library/alloc/src/boxed.rs:1987:9
[INFO] [stdout]   45:     0x5622b29ae936 - <core::panic::unwind_safe::AssertUnwindSafe<F> as core::ops::function::FnOnce<()>>::call_once::h0c601ce20bd5b2be
[INFO] [stdout]                                at /rustc/84c898d65adf2f39a5a98507f1fe0ce10a2b8dbc/library/core/src/panic/unwind_safe.rs:271:9
[INFO] [stdout]   46:     0x5622b29ae936 - std::panicking::try::do_call::ha4be5c164fe30854
[INFO] [stdout]                                at /rustc/84c898d65adf2f39a5a98507f1fe0ce10a2b8dbc/library/std/src/panicking.rs:487:40
[INFO] [stdout]   47:     0x5622b29ae936 - std::panicking::try::h604546f3609af05f
[INFO] [stdout]                                at /rustc/84c898d65adf2f39a5a98507f1fe0ce10a2b8dbc/library/std/src/panicking.rs:451:19
[INFO] [stdout]   48:     0x5622b29ae936 - std::panic::catch_unwind::h5bfa8afe44c9c2f9
[INFO] [stdout]                                at /rustc/84c898d65adf2f39a5a98507f1fe0ce10a2b8dbc/library/std/src/panic.rs:140:14
[INFO] [stdout]   49:     0x5622b29ae936 - test::run_test_in_process::hd50dee55dd63e6aa
[INFO] [stdout]                                at /rustc/84c898d65adf2f39a5a98507f1fe0ce10a2b8dbc/library/test/src/lib.rs:679:27
[INFO] [stdout]   50:     0x5622b29ae936 - test::run_test::run_test_inner::{{closure}}::h4aa0f433aa85cea8
[INFO] [stdout]                                at /rustc/84c898d65adf2f39a5a98507f1fe0ce10a2b8dbc/library/test/src/lib.rs:573:39
[INFO] [stdout]   51:     0x5622b297b601 - test::run_test::run_test_inner::{{closure}}::had56431adf24b4d6
[INFO] [stdout]                                at /rustc/84c898d65adf2f39a5a98507f1fe0ce10a2b8dbc/library/test/src/lib.rs:600:37
[INFO] [stdout]   52:     0x5622b297b601 - std::sys_common::backtrace::__rust_begin_short_backtrace::ha8d9890e0c73bf13
[INFO] [stdout]                                at /rustc/84c898d65adf2f39a5a98507f1fe0ce10a2b8dbc/library/std/src/sys_common/backtrace.rs:134:18
[INFO] [stdout]   53:     0x5622b298101b - std::thread::Builder::spawn_unchecked_::{{closure}}::{{closure}}::h251832bcb4a95327
[INFO] [stdout]                                at /rustc/84c898d65adf2f39a5a98507f1fe0ce10a2b8dbc/library/std/src/thread/mod.rs:560:17
[INFO] [stdout]   54:     0x5622b298101b - <core::panic::unwind_safe::AssertUnwindSafe<F> as core::ops::function::FnOnce<()>>::call_once::h8fdff598fa414831
[INFO] [stdout]                                at /rustc/84c898d65adf2f39a5a98507f1fe0ce10a2b8dbc/library/core/src/panic/unwind_safe.rs:271:9
[INFO] [stdout]   55:     0x5622b298101b - std::panicking::try::do_call::h455dd2f7764a950f
[INFO] [stdout]                                at /rustc/84c898d65adf2f39a5a98507f1fe0ce10a2b8dbc/library/std/src/panicking.rs:487:40
[INFO] [stdout]   56:     0x5622b298101b - std::panicking::try::had6f23b7b73ae72a
[INFO] [stdout]                                at /rustc/84c898d65adf2f39a5a98507f1fe0ce10a2b8dbc/library/std/src/panicking.rs:451:19
[INFO] [stdout]   57:     0x5622b298101b - std::panic::catch_unwind::ha6a5ca3915b4dad0
[INFO] [stdout]                                at /rustc/84c898d65adf2f39a5a98507f1fe0ce10a2b8dbc/library/std/src/panic.rs:140:14
[INFO] [stdout]   58:     0x5622b298101b - std::thread::Builder::spawn_unchecked_::{{closure}}::h883b72ef75da6231
[INFO] [stdout]                                at /rustc/84c898d65adf2f39a5a98507f1fe0ce10a2b8dbc/library/std/src/thread/mod.rs:559:30
[INFO] [stdout]   59:     0x5622b298101b - core::ops::function::FnOnce::call_once{{vtable.shim}}::hb7dff73dc8bd2ccb
[INFO] [stdout]                                at /rustc/84c898d65adf2f39a5a98507f1fe0ce10a2b8dbc/library/core/src/ops/function.rs:250:5
[INFO] [stdout]   60:     0x5622b2c60203 - <alloc::boxed::Box<F,A> as core::ops::function::FnOnce<Args>>::call_once::h39990b24eedef2ab
[INFO] [stdout]                                at /rustc/84c898d65adf2f39a5a98507f1fe0ce10a2b8dbc/library/alloc/src/boxed.rs:1987:9
[INFO] [stdout]   61:     0x5622b2c60203 - <alloc::boxed::Box<F,A> as core::ops::function::FnOnce<Args>>::call_once::h01a027258444143b
[INFO] [stdout]                                at /rustc/84c898d65adf2f39a5a98507f1fe0ce10a2b8dbc/library/alloc/src/boxed.rs:1987:9
[INFO] [stdout]   62:     0x5622b2c60203 - std::sys::unix::thread::Thread::new::thread_start::ha4f1cdd9c25884ba
[INFO] [stdout]                                at /rustc/84c898d65adf2f39a5a98507f1fe0ce10a2b8dbc/library/std/src/sys/unix/thread.rs:108:17
[INFO] [stdout]   63:     0x7fd462dd8b43 - <unknown>
[INFO] [stdout]   64:     0x7fd462e69bb4 - __clone
[INFO] [stdout]   65:                0x0 - <unknown>
[INFO] [stdout] 
[INFO] [stdout] 
[INFO] [stdout] failures:
[INFO] [stdout]     test_client
[INFO] [stdout] 
[INFO] [stdout] test result: FAILED. 0 passed; 1 failed; 0 ignored; 0 measured; 0 filtered out; finished in 0.04s
[INFO] [stdout] 
[INFO] [stderr] error: test failed, to rerun pass `-p klickhouse --test test`
[INFO] running `Command { std: "docker" "inspect" "f0ef7bac3e6bb067e17c85085bd0c104b83ebfe86880d0d8d9835dffb4b3dfc7", kill_on_drop: false }`
[INFO] running `Command { std: "docker" "rm" "-f" "f0ef7bac3e6bb067e17c85085bd0c104b83ebfe86880d0d8d9835dffb4b3dfc7", kill_on_drop: false }`
[INFO] [stdout] f0ef7bac3e6bb067e17c85085bd0c104b83ebfe86880d0d8d9835dffb4b3dfc7
