[INFO] cloning repository https://github.com/ProofOfWorkCompany/powco-client-rust
[INFO] running `Command { std: "git" "-c" "credential.helper=" "-c" "credential.helper=/workspace/cargo-home/bin/git-credential-null" "clone" "--bare" "https://github.com/ProofOfWorkCompany/powco-client-rust" "/workspace/cache/git-repos/https%3A%2F%2Fgithub.com%2FProofOfWorkCompany%2Fpowco-client-rust", kill_on_drop: false }`
[INFO] [stderr] Cloning into bare repository '/workspace/cache/git-repos/https%3A%2F%2Fgithub.com%2FProofOfWorkCompany%2Fpowco-client-rust'...
[INFO] running `Command { std: "git" "rev-parse" "HEAD", kill_on_drop: false }`
[INFO] [stdout] 325c1b1fc5e214b71b342b5854cfba391a8b8a5f
[INFO] testing ProofOfWorkCompany/powco-client-rust against 1.69.0 for beta-1.70-1
[INFO] running `Command { std: "git" "clone" "/workspace/cache/git-repos/https%3A%2F%2Fgithub.com%2FProofOfWorkCompany%2Fpowco-client-rust" "/workspace/builds/worker-3-tc1/source", kill_on_drop: false }`
[INFO] [stderr] Cloning into '/workspace/builds/worker-3-tc1/source'...
[INFO] [stderr] done.
[INFO] validating manifest of git repo https://github.com/ProofOfWorkCompany/powco-client-rust on toolchain 1.69.0
[INFO] running `Command { std: CARGO_HOME="/workspace/cargo-home" RUSTUP_HOME="/workspace/rustup-home" "/workspace/cargo-home/bin/cargo" "+1.69.0" "metadata" "--manifest-path" "Cargo.toml" "--no-deps", kill_on_drop: false }`
[INFO] started tweaking git repo https://github.com/ProofOfWorkCompany/powco-client-rust
[INFO] finished tweaking git repo https://github.com/ProofOfWorkCompany/powco-client-rust
[INFO] tweaked toml for git repo https://github.com/ProofOfWorkCompany/powco-client-rust written to /workspace/builds/worker-3-tc1/source/Cargo.toml
[INFO] crate git repo https://github.com/ProofOfWorkCompany/powco-client-rust already has a lockfile, it will not be regenerated
[INFO] running `Command { std: CARGO_HOME="/workspace/cargo-home" RUSTUP_HOME="/workspace/rustup-home" "/workspace/cargo-home/bin/cargo" "+1.69.0" "fetch" "--manifest-path" "Cargo.toml", kill_on_drop: false }`
[INFO] [stderr]  Downloading crates ...
[INFO] [stderr]   Downloaded secp256k1 v0.21.2
[INFO] [stderr]   Downloaded dns-lookup v0.9.1
[INFO] [stderr]   Downloaded rust-base58 v0.0.4
[INFO] [stderr]   Downloaded snowflake v1.3.0
[INFO] [stderr]   Downloaded murmur3 v0.4.1
[INFO] [stderr]   Downloaded sv v0.2.2
[INFO] [stderr]   Downloaded secp256k1 v0.12.0
[INFO] running `Command { std: "docker" "create" "-v" "/var/lib/crater-agent-workspace/builds/worker-3-tc1/target:/opt/rustwide/target:rw,Z" "-v" "/var/lib/crater-agent-workspace/builds/worker-3-tc1/source:/opt/rustwide/workdir:ro,Z" "-v" "/var/lib/crater-agent-workspace/cargo-home:/opt/rustwide/cargo-home:ro,Z" "-v" "/var/lib/crater-agent-workspace/rustup-home:/opt/rustwide/rustup-home:ro,Z" "-e" "SOURCE_DIR=/opt/rustwide/workdir" "-e" "CARGO_TARGET_DIR=/opt/rustwide/target" "-e" "CARGO_HOME=/opt/rustwide/cargo-home" "-e" "RUSTUP_HOME=/opt/rustwide/rustup-home" "-w" "/opt/rustwide/workdir" "-m" "1610612736" "--user" "0:0" "--network" "none" "ghcr.io/rust-lang/crates-build-env/linux@sha256:5ff2268d62e97bff2cde7d5815dd6ed5b47097566f13b8d0ca110b04b60e07ed" "/opt/rustwide/cargo-home/bin/cargo" "+1.69.0" "metadata" "--no-deps" "--format-version=1", kill_on_drop: false }`
[INFO] [stdout] 7187e5cbcc7f2d6b0c82b2515b9ba0f484c874986bfd1affde3716aa6e0c3525
[INFO] running `Command { std: "docker" "start" "-a" "7187e5cbcc7f2d6b0c82b2515b9ba0f484c874986bfd1affde3716aa6e0c3525", kill_on_drop: false }`
[INFO] running `Command { std: "docker" "inspect" "7187e5cbcc7f2d6b0c82b2515b9ba0f484c874986bfd1affde3716aa6e0c3525", kill_on_drop: false }`
[INFO] running `Command { std: "docker" "rm" "-f" "7187e5cbcc7f2d6b0c82b2515b9ba0f484c874986bfd1affde3716aa6e0c3525", kill_on_drop: false }`
[INFO] [stdout] 7187e5cbcc7f2d6b0c82b2515b9ba0f484c874986bfd1affde3716aa6e0c3525
[INFO] running `Command { std: "docker" "create" "-v" "/var/lib/crater-agent-workspace/builds/worker-3-tc1/target:/opt/rustwide/target:rw,Z" "-v" "/var/lib/crater-agent-workspace/builds/worker-3-tc1/source:/opt/rustwide/workdir:ro,Z" "-v" "/var/lib/crater-agent-workspace/cargo-home:/opt/rustwide/cargo-home:ro,Z" "-v" "/var/lib/crater-agent-workspace/rustup-home:/opt/rustwide/rustup-home:ro,Z" "-e" "SOURCE_DIR=/opt/rustwide/workdir" "-e" "CARGO_TARGET_DIR=/opt/rustwide/target" "-e" "CARGO_INCREMENTAL=0" "-e" "RUST_BACKTRACE=full" "-e" "RUSTFLAGS=--cap-lints=warn" "-e" "RUSTDOCFLAGS=--cap-lints=warn" "-e" "CARGO_HOME=/opt/rustwide/cargo-home" "-e" "RUSTUP_HOME=/opt/rustwide/rustup-home" "-w" "/opt/rustwide/workdir" "-m" "1610612736" "--user" "0:0" "--network" "none" "ghcr.io/rust-lang/crates-build-env/linux@sha256:5ff2268d62e97bff2cde7d5815dd6ed5b47097566f13b8d0ca110b04b60e07ed" "/opt/rustwide/cargo-home/bin/cargo" "+1.69.0" "build" "--frozen" "--message-format=json", kill_on_drop: false }`
[INFO] [stdout] 877e34aa8abe3cc5de67b49d90a5f89e596e17f97ea031917f39c597f99d1156
[INFO] running `Command { std: "docker" "start" "-a" "877e34aa8abe3cc5de67b49d90a5f89e596e17f97ea031917f39c597f99d1156", kill_on_drop: false }`
[INFO] [stderr]    Compiling libc v0.2.117
[INFO] [stderr]    Compiling cc v1.0.72
[INFO] [stderr]    Compiling proc-macro2 v1.0.36
[INFO] [stderr]    Compiling syn v1.0.86
[INFO] [stderr]    Compiling log v0.4.14
[INFO] [stderr]    Compiling rand_core v0.4.2
[INFO] [stderr]    Compiling num-traits v0.2.14
[INFO] [stderr]    Compiling autocfg v0.1.8
[INFO] [stderr]    Compiling pkg-config v0.3.24
[INFO] [stderr]    Compiling pin-project-lite v0.2.8
[INFO] [stderr]    Compiling instant v0.1.12
[INFO] [stderr]    Compiling num-integer v0.1.44
[INFO] [stderr]    Compiling bytes v1.1.0
[INFO] [stderr]    Compiling memchr v2.4.1
[INFO] [stderr]    Compiling once_cell v1.9.0
[INFO] [stderr]    Compiling smallvec v1.8.0
[INFO] [stderr]    Compiling futures-core v0.3.21
[INFO] [stderr]    Compiling lock_api v0.4.6
[INFO] [stderr]    Compiling rand_core v0.3.1
[INFO] [stderr]    Compiling quote v1.0.15
[INFO] [stderr]    Compiling parking_lot_core v0.8.5
[INFO] [stderr]    Compiling itoa v1.0.1
[INFO] [stderr]    Compiling openssl-sys v0.9.72
[INFO] [stderr]    Compiling mio v0.7.14
[INFO] [stderr]    Compiling parking_lot v0.11.2
[INFO] [stderr]    Compiling signal-hook-registry v1.4.0
[INFO] [stderr]    Compiling num_cpus v1.13.1
[INFO] [stderr]    Compiling futures-task v0.3.21
[INFO] [stderr]    Compiling indexmap v1.8.0
[INFO] [stderr]    Compiling num-bigint v0.4.3
[INFO] [stderr]    Compiling serde_derive v1.0.136
[INFO] [stderr]    Compiling openssl v0.10.38
[INFO] [stderr]    Compiling futures-util v0.3.21
[INFO] [stderr]    Compiling typenum v1.15.0
[INFO] [stderr]    Compiling http v0.2.6
[INFO] [stderr]    Compiling secp256k1-sys v0.4.2
[INFO] [stderr]    Compiling tracing-core v0.1.22
[INFO] [stderr]    Compiling num-iter v0.1.42
[INFO] [stderr]    Compiling num-rational v0.4.0
[INFO] [stderr]    Compiling futures-channel v0.3.21
[INFO] [stderr]    Compiling hashbrown v0.11.2
[INFO] [stderr]    Compiling serde v1.0.136
[INFO] [stderr]    Compiling matches v0.1.9
[INFO] [stderr]    Compiling futures-sink v0.3.21
[INFO] [stderr]    Compiling httparse v1.6.0
[INFO] [stderr]    Compiling native-tls v0.2.8
[INFO] [stderr]    Compiling tinyvec v1.5.1
[INFO] [stderr]    Compiling tracing v0.1.30
[INFO] [stderr]    Compiling rand_pcg v0.1.2
[INFO] [stderr]    Compiling rand_chacha v0.1.1
[INFO] [stderr]    Compiling slab v0.4.5
[INFO] [stderr]    Compiling gcc v0.3.55
[INFO] [stderr]    Compiling form_urlencoded v1.0.1
[INFO] [stderr]    Compiling want v0.3.0
[INFO] [stderr]    Compiling http-body v0.4.4
[INFO] [stderr]    Compiling generic-array v0.9.1
[INFO] [stderr]    Compiling unicode-normalization v0.1.19
[INFO] [stderr]    Compiling rust-crypto v0.2.36
[INFO] [stderr]    Compiling num-complex v0.4.0
[INFO] [stderr]    Compiling ring v0.14.6
[INFO] [stderr]    Compiling secp256k1 v0.12.0
[INFO] [stderr]    Compiling rand v0.4.6
[INFO] [stderr]    Compiling socket2 v0.4.4
[INFO] [stderr]    Compiling rand v0.6.5
[INFO] [stderr]    Compiling num-bigint v0.2.6
[INFO] [stderr]    Compiling httpdate v1.0.2
[INFO] [stderr]    Compiling tower-service v0.3.1
[INFO] [stderr]    Compiling serde_json v1.0.78
[INFO] [stderr]    Compiling encoding_rs v0.8.30
[INFO] [stderr]    Compiling itoa v0.4.8
[INFO] [stderr]    Compiling byte-tools v0.2.0
[INFO] [stderr]    Compiling ryu v1.0.9
[INFO] [stderr]    Compiling unicode-bidi v0.3.7
[INFO] [stderr]    Compiling block-buffer v0.3.3
[INFO] [stderr]    Compiling rand v0.3.23
[INFO] [stderr]    Compiling idna v0.2.3
[INFO] [stderr]    Compiling num v0.4.0
[INFO] [stderr]    Compiling digest v0.7.6
[INFO] [stderr]    Compiling tokio-macros v1.7.0
[INFO] [stderr]    Compiling rand_isaac v0.1.1
[INFO] [stderr]    Compiling rand_hc v0.1.0
[INFO] [stderr]    Compiling rand_xorshift v0.1.1
[INFO] [stderr]    Compiling rand_os v0.1.3
[INFO] [stderr]    Compiling time v0.1.44
[INFO] [stderr]    Compiling socket2 v0.3.19
[INFO] [stderr]    Compiling rand_jitter v0.1.4
[INFO] [stderr]    Compiling bitcoin_hashes v0.10.0
[INFO] [stderr]    Compiling untrusted v0.6.2
[INFO] [stderr]    Compiling rustc-serialize v0.3.24
[INFO] [stderr]    Compiling spin v0.5.2
[INFO] [stderr]    Compiling dns-lookup v0.9.1
[INFO] [stderr]    Compiling tokio v1.16.1
[INFO] [stderr]    Compiling murmur3 v0.4.1
[INFO] [stderr]    Compiling url v2.2.2
[INFO] [stderr]    Compiling ripemd160 v0.7.0
[INFO] [stderr]    Compiling rust-base58 v0.0.4
[INFO] [stderr]    Compiling secp256k1 v0.20.3
[INFO] [stderr]    Compiling rand v0.5.6
[INFO] [stderr]    Compiling base64 v0.13.0
[INFO] [stderr]    Compiling ipnet v2.3.1
[INFO] [stderr]    Compiling snowflake v1.3.0
[INFO] [stderr]    Compiling mime v0.3.16
[INFO] [stderr]    Compiling hex v0.3.2
[INFO] [stderr]    Compiling bech32 v0.8.1
[INFO] [stderr]    Compiling linked-hash-map v0.5.4
[INFO] [stderr]    Compiling bitcoin v0.27.1
[INFO] [stderr]    Compiling secp256k1 v0.21.2
[INFO] [stderr]    Compiling getrandom v0.2.4
[INFO] [stderr]    Compiling tokio-util v0.6.9
[INFO] [stderr]    Compiling tokio-native-tls v0.3.0
[INFO] [stderr]    Compiling h2 v0.3.11
[INFO] [stderr]    Compiling sv v0.2.2
[INFO] [stderr]    Compiling serde_urlencoded v0.7.1
[INFO] [stderr]    Compiling hyper v0.14.16
[INFO] [stderr]    Compiling hyper-tls v0.5.0
[INFO] [stderr]    Compiling reqwest v0.11.9
[INFO] [stderr]    Compiling powco v0.1.3 (/opt/rustwide/workdir)
[INFO] [stdout] warning: struct `Keys` is never constructed
[INFO] [stdout]   --> src/lib.rs:34:16
[INFO] [stdout]    |
[INFO] [stdout] 34 |     pub struct Keys {
[INFO] [stdout]    |                ^^^^
[INFO] [stdout]    |
[INFO] [stdout]    = note: `#[warn(dead_code)]` on by default
[INFO] [stdout] 
[INFO] [stdout] 
[INFO] [stdout] warning: struct `Client` is never constructed
[INFO] [stdout]    --> src/lib.rs:108:16
[INFO] [stdout]     |
[INFO] [stdout] 108 |     pub struct Client {
[INFO] [stdout]     |                ^^^^^^
[INFO] [stdout] 
[INFO] [stdout] 
[INFO] [stdout] warning: associated function `generate` is never used
[INFO] [stdout]   --> src/lib.rs:40:16
[INFO] [stdout]    |
[INFO] [stdout] 40 |         pub fn generate() -> Keys {
[INFO] [stdout]    |                ^^^^^^^^
[INFO] [stdout] 
[INFO] [stdout] 
[INFO] [stdout] warning: method `validate` is never used
[INFO] [stdout]   --> src/lib.rs:66:16
[INFO] [stdout]    |
[INFO] [stdout] 66 |         pub fn validate(&self) -> bool {
[INFO] [stdout]    |                ^^^^^^^^
[INFO] [stdout] 
[INFO] [stdout] 
[INFO] [stdout] warning: method `validate_identifier` is never used
[INFO] [stdout]   --> src/lib.rs:85:12
[INFO] [stdout]    |
[INFO] [stdout] 85 |         fn validate_identifier(&self) -> bool {
[INFO] [stdout]    |            ^^^^^^^^^^^^^^^^^^^
[INFO] [stdout] 
[INFO] [stdout] 
[INFO] [stdout] warning: method `validate_secret` is never used
[INFO] [stdout]   --> src/lib.rs:96:12
[INFO] [stdout]    |
[INFO] [stdout] 96 |         fn validate_secret(&self) -> bool {
[INFO] [stdout]    |            ^^^^^^^^^^^^^^^
[INFO] [stdout] 
[INFO] [stdout] 
[INFO] [stdout] warning: method `has_valid_keys` is never used
[INFO] [stdout]    --> src/lib.rs:134:16
[INFO] [stdout]     |
[INFO] [stdout] 134 |         pub fn has_valid_keys(&self) -> bool {
[INFO] [stdout]     |                ^^^^^^^^^^^^^^
[INFO] [stdout] 
[INFO] [stdout] 
[INFO] [stdout] warning: method `list_available_jobs` is never used
[INFO] [stdout]    --> src/lib.rs:138:22
[INFO] [stdout]     |
[INFO] [stdout] 138 |         pub async fn list_available_jobs(&self) -> Jobs {
[INFO] [stdout]     |                      ^^^^^^^^^^^^^^^^^^^
[INFO] [stdout] 
[INFO] [stdout] 
[INFO] [stdout] warning: 8 warnings emitted
[INFO] [stdout] 
[INFO] [stdout] 
[INFO] [stderr]     Finished dev [unoptimized + debuginfo] target(s) in 1m 33s
[INFO] [stderr] warning: the following packages contain code that will be rejected by a future version of Rust: rustc-serialize v0.3.24
[INFO] [stderr] note: to see what the problems were, use the option `--future-incompat-report`, or run `cargo report future-incompatibilities --id 1`
[INFO] running `Command { std: "docker" "inspect" "877e34aa8abe3cc5de67b49d90a5f89e596e17f97ea031917f39c597f99d1156", kill_on_drop: false }`
[INFO] running `Command { std: "docker" "rm" "-f" "877e34aa8abe3cc5de67b49d90a5f89e596e17f97ea031917f39c597f99d1156", kill_on_drop: false }`
[INFO] [stdout] 877e34aa8abe3cc5de67b49d90a5f89e596e17f97ea031917f39c597f99d1156
[INFO] running `Command { std: "docker" "create" "-v" "/var/lib/crater-agent-workspace/builds/worker-3-tc1/target:/opt/rustwide/target:rw,Z" "-v" "/var/lib/crater-agent-workspace/builds/worker-3-tc1/source:/opt/rustwide/workdir:ro,Z" "-v" "/var/lib/crater-agent-workspace/cargo-home:/opt/rustwide/cargo-home:ro,Z" "-v" "/var/lib/crater-agent-workspace/rustup-home:/opt/rustwide/rustup-home:ro,Z" "-e" "SOURCE_DIR=/opt/rustwide/workdir" "-e" "CARGO_TARGET_DIR=/opt/rustwide/target" "-e" "CARGO_INCREMENTAL=0" "-e" "RUST_BACKTRACE=full" "-e" "RUSTFLAGS=--cap-lints=warn" "-e" "RUSTDOCFLAGS=--cap-lints=warn" "-e" "CARGO_HOME=/opt/rustwide/cargo-home" "-e" "RUSTUP_HOME=/opt/rustwide/rustup-home" "-w" "/opt/rustwide/workdir" "-m" "1610612736" "--user" "0:0" "--network" "none" "ghcr.io/rust-lang/crates-build-env/linux@sha256:5ff2268d62e97bff2cde7d5815dd6ed5b47097566f13b8d0ca110b04b60e07ed" "/opt/rustwide/cargo-home/bin/cargo" "+1.69.0" "test" "--frozen" "--no-run" "--message-format=json", kill_on_drop: false }`
[INFO] [stdout] c2bbca08d5631f2fd3936c633d3c862a309e8ab2b43b3c9fe37bdfe3737112a5
[INFO] running `Command { std: "docker" "start" "-a" "c2bbca08d5631f2fd3936c633d3c862a309e8ab2b43b3c9fe37bdfe3737112a5", kill_on_drop: false }`
[INFO] [stderr]     Blocking waiting for file lock on package cache
[INFO] [stdout] warning: struct `Keys` is never constructed
[INFO] [stdout]   --> src/lib.rs:34:16
[INFO] [stdout]    |
[INFO] [stdout] 34 |     pub struct Keys {
[INFO] [stdout]    |                ^^^^
[INFO] [stdout]    |
[INFO] [stdout]    = note: `#[warn(dead_code)]` on by default
[INFO] [stdout] 
[INFO] [stdout] 
[INFO] [stdout] warning: struct `Client` is never constructed
[INFO] [stdout]    --> src/lib.rs:108:16
[INFO] [stdout]     |
[INFO] [stdout] 108 |     pub struct Client {
[INFO] [stdout]     |                ^^^^^^
[INFO] [stdout] 
[INFO] [stdout] 
[INFO] [stdout] warning: associated function `generate` is never used
[INFO] [stdout]   --> src/lib.rs:40:16
[INFO] [stdout]    |
[INFO] [stdout] 40 |         pub fn generate() -> Keys {
[INFO] [stdout]    |                ^^^^^^^^
[INFO] [stdout] 
[INFO] [stdout] 
[INFO] [stdout] warning: method `validate` is never used
[INFO] [stdout]   --> src/lib.rs:66:16
[INFO] [stdout]    |
[INFO] [stdout] 66 |         pub fn validate(&self) -> bool {
[INFO] [stdout]    |                ^^^^^^^^
[INFO] [stdout] 
[INFO] [stdout] 
[INFO] [stdout] warning: method `validate_identifier` is never used
[INFO] [stdout]   --> src/lib.rs:85:12
[INFO] [stdout]    |
[INFO] [stdout] 85 |         fn validate_identifier(&self) -> bool {
[INFO] [stdout]    |            ^^^^^^^^^^^^^^^^^^^
[INFO] [stdout] 
[INFO] [stdout] 
[INFO] [stdout] warning: method `validate_secret` is never used
[INFO] [stdout]   --> src/lib.rs:96:12
[INFO] [stdout]    |
[INFO] [stdout] 96 |         fn validate_secret(&self) -> bool {
[INFO] [stdout]    |            ^^^^^^^^^^^^^^^
[INFO] [stdout] 
[INFO] [stdout] 
[INFO] [stdout] warning: method `has_valid_keys` is never used
[INFO] [stdout]    --> src/lib.rs:134:16
[INFO] [stdout]     |
[INFO] [stdout] 134 |         pub fn has_valid_keys(&self) -> bool {
[INFO] [stdout]     |                ^^^^^^^^^^^^^^
[INFO] [stdout] 
[INFO] [stdout] 
[INFO] [stdout] warning: method `list_available_jobs` is never used
[INFO] [stdout]    --> src/lib.rs:138:22
[INFO] [stdout]     |
[INFO] [stdout] 138 |         pub async fn list_available_jobs(&self) -> Jobs {
[INFO] [stdout]     |                      ^^^^^^^^^^^^^^^^^^^
[INFO] [stdout] 
[INFO] [stdout] 
[INFO] [stdout] warning: 8 warnings emitted
[INFO] [stdout] 
[INFO] [stdout] 
[INFO] [stderr]    Compiling powco v0.1.3 (/opt/rustwide/workdir)
[INFO] [stderr]     Finished test [unoptimized + debuginfo] target(s) in 5.26s
[INFO] [stderr] warning: the following packages contain code that will be rejected by a future version of Rust: rustc-serialize v0.3.24
[INFO] [stderr] note: to see what the problems were, use the option `--future-incompat-report`, or run `cargo report future-incompatibilities --id 1`
[INFO] running `Command { std: "docker" "inspect" "c2bbca08d5631f2fd3936c633d3c862a309e8ab2b43b3c9fe37bdfe3737112a5", kill_on_drop: false }`
[INFO] running `Command { std: "docker" "rm" "-f" "c2bbca08d5631f2fd3936c633d3c862a309e8ab2b43b3c9fe37bdfe3737112a5", kill_on_drop: false }`
[INFO] [stdout] c2bbca08d5631f2fd3936c633d3c862a309e8ab2b43b3c9fe37bdfe3737112a5
[INFO] running `Command { std: "docker" "create" "-v" "/var/lib/crater-agent-workspace/builds/worker-3-tc1/target:/opt/rustwide/target:rw,Z" "-v" "/var/lib/crater-agent-workspace/builds/worker-3-tc1/source:/opt/rustwide/workdir:ro,Z" "-v" "/var/lib/crater-agent-workspace/cargo-home:/opt/rustwide/cargo-home:ro,Z" "-v" "/var/lib/crater-agent-workspace/rustup-home:/opt/rustwide/rustup-home:ro,Z" "-e" "SOURCE_DIR=/opt/rustwide/workdir" "-e" "CARGO_TARGET_DIR=/opt/rustwide/target" "-e" "CARGO_INCREMENTAL=0" "-e" "RUST_BACKTRACE=full" "-e" "RUSTFLAGS=--cap-lints=warn" "-e" "RUSTDOCFLAGS=--cap-lints=warn" "-e" "CARGO_HOME=/opt/rustwide/cargo-home" "-e" "RUSTUP_HOME=/opt/rustwide/rustup-home" "-w" "/opt/rustwide/workdir" "-m" "1610612736" "--user" "0:0" "--network" "none" "ghcr.io/rust-lang/crates-build-env/linux@sha256:5ff2268d62e97bff2cde7d5815dd6ed5b47097566f13b8d0ca110b04b60e07ed" "/opt/rustwide/cargo-home/bin/cargo" "+1.69.0" "test" "--frozen", kill_on_drop: false }`
[INFO] [stdout] 49faa1792e3d1d5db270dbf37b993ecd37481032fee953b30ed136f2df22d81d
[INFO] running `Command { std: "docker" "start" "-a" "49faa1792e3d1d5db270dbf37b993ecd37481032fee953b30ed136f2df22d81d", kill_on_drop: false }`
[INFO] [stderr] warning: struct `Keys` is never constructed
[INFO] [stderr]   --> src/lib.rs:34:16
[INFO] [stderr]    |
[INFO] [stderr] 34 |     pub struct Keys {
[INFO] [stderr]    |                ^^^^
[INFO] [stderr]    |
[INFO] [stderr]    = note: `#[warn(dead_code)]` on by default
[INFO] [stderr] 
[INFO] [stderr] warning: struct `Client` is never constructed
[INFO] [stderr]    --> src/lib.rs:108:16
[INFO] [stderr]     |
[INFO] [stderr] 108 |     pub struct Client {
[INFO] [stderr]     |                ^^^^^^
[INFO] [stderr] 
[INFO] [stderr] warning: associated function `generate` is never used
[INFO] [stderr]   --> src/lib.rs:40:16
[INFO] [stderr]    |
[INFO] [stderr] 40 |         pub fn generate() -> Keys {
[INFO] [stderr]    |                ^^^^^^^^
[INFO] [stderr] 
[INFO] [stderr] warning: method `validate` is never used
[INFO] [stderr]   --> src/lib.rs:66:16
[INFO] [stderr]    |
[INFO] [stderr] 66 |         pub fn validate(&self) -> bool {
[INFO] [stderr]    |                ^^^^^^^^
[INFO] [stderr] 
[INFO] [stderr] warning: method `validate_identifier` is never used
[INFO] [stderr]   --> src/lib.rs:85:12
[INFO] [stderr]    |
[INFO] [stderr] 85 |         fn validate_identifier(&self) -> bool {
[INFO] [stderr]    |            ^^^^^^^^^^^^^^^^^^^
[INFO] [stderr] 
[INFO] [stderr] warning: method `validate_secret` is never used
[INFO] [stderr]   --> src/lib.rs:96:12
[INFO] [stderr]    |
[INFO] [stderr] 96 |         fn validate_secret(&self) -> bool {
[INFO] [stderr]    |            ^^^^^^^^^^^^^^^
[INFO] [stderr] 
[INFO] [stderr] warning: method `has_valid_keys` is never used
[INFO] [stderr]    --> src/lib.rs:134:16
[INFO] [stderr]     |
[INFO] [stderr] 134 |         pub fn has_valid_keys(&self) -> bool {
[INFO] [stderr]     |                ^^^^^^^^^^^^^^
[INFO] [stderr] 
[INFO] [stderr] warning: method `list_available_jobs` is never used
[INFO] [stderr]    --> src/lib.rs:138:22
[INFO] [stderr]     |
[INFO] [stderr] 138 |         pub async fn list_available_jobs(&self) -> Jobs {
[INFO] [stderr]     |                      ^^^^^^^^^^^^^^^^^^^
[INFO] [stderr] 
[INFO] [stderr] warning: `powco` (lib) generated 8 warnings
[INFO] [stderr]     Finished test [unoptimized + debuginfo] target(s) in 0.19s
[INFO] [stderr] warning: the following packages contain code that will be rejected by a future version of Rust: rustc-serialize v0.3.24
[INFO] [stderr] note: to see what the problems were, use the option `--future-incompat-report`, or run `cargo report future-incompatibilities --id 1`
[INFO] [stderr]      Running unittests src/lib.rs (/opt/rustwide/target/debug/deps/powco-26a03aa5c65d9fe8)
[INFO] [stdout] 
[INFO] [stdout] running 5 tests
[INFO] [stdout] test tests::client_accepts_valid_keys ... ok
[INFO] [stdout] test tests::client_rejects_invalid_secret ... ok
[INFO] [stdout] test tests::client_rejects_invalid_identifier ... ok
[INFO] [stdout] test tests::generating_new_api_keys ... ok
[INFO] [stdout] test tests::client_gets_list_of_available_jobs ... FAILED
[INFO] [stdout] 
[INFO] [stdout] failures:
[INFO] [stdout] 
[INFO] [stdout] ---- tests::client_gets_list_of_available_jobs stdout ----
[INFO] [stdout] thread 'tests::client_gets_list_of_available_jobs' panicked at 'called `Result::unwrap()` on an `Err` value: reqwest::Error { kind: Request, url: Url { scheme: "https", cannot_be_a_base: false, username: "", password: None, host: Some(Domain("pow.co")), port: None, path: "/api/v1/jobs", query: None, fragment: None }, source: hyper::Error(Connect, ConnectError("dns error", Custom { kind: Uncategorized, error: "failed to lookup address information: Temporary failure in name resolution" })) }', src/lib.rs:144:18
[INFO] [stdout] stack backtrace:
[INFO] [stdout]    0:     0x55f9730d338a - std::backtrace_rs::backtrace::libunwind::trace::ha9053a9a07ca49cb
[INFO] [stdout]                                at /rustc/84c898d65adf2f39a5a98507f1fe0ce10a2b8dbc/library/std/src/../../backtrace/src/backtrace/libunwind.rs:93:5
[INFO] [stdout]    1:     0x55f9730d338a - std::backtrace_rs::backtrace::trace_unsynchronized::h9c2852a457ad564e
[INFO] [stdout]                                at /rustc/84c898d65adf2f39a5a98507f1fe0ce10a2b8dbc/library/std/src/../../backtrace/src/backtrace/mod.rs:66:5
[INFO] [stdout]    2:     0x55f9730d338a - std::sys_common::backtrace::_print_fmt::h457936fbfaa0070f
[INFO] [stdout]                                at /rustc/84c898d65adf2f39a5a98507f1fe0ce10a2b8dbc/library/std/src/sys_common/backtrace.rs:65:5
[INFO] [stdout]    3:     0x55f9730d338a - <std::sys_common::backtrace::_print::DisplayBacktrace as core::fmt::Display>::fmt::h5779d7bf7f70cb0c
[INFO] [stdout]                                at /rustc/84c898d65adf2f39a5a98507f1fe0ce10a2b8dbc/library/std/src/sys_common/backtrace.rs:44:22
[INFO] [stdout]    4:     0x55f9730fa7de - core::fmt::write::h5a4baaff1bcd3eb5
[INFO] [stdout]                                at /rustc/84c898d65adf2f39a5a98507f1fe0ce10a2b8dbc/library/core/src/fmt/mod.rs:1232:17
[INFO] [stdout]    5:     0x55f9730cfd65 - std::io::Write::write_fmt::h478f79c628ef31d1
[INFO] [stdout]                                at /rustc/84c898d65adf2f39a5a98507f1fe0ce10a2b8dbc/library/std/src/io/mod.rs:1684:15
[INFO] [stdout]    6:     0x55f9730d3155 - std::sys_common::backtrace::_print::h5fcdc36060f177e8
[INFO] [stdout]                                at /rustc/84c898d65adf2f39a5a98507f1fe0ce10a2b8dbc/library/std/src/sys_common/backtrace.rs:47:5
[INFO] [stdout]    7:     0x55f9730d3155 - std::sys_common::backtrace::print::h54ca9458b876c8bf
[INFO] [stdout]                                at /rustc/84c898d65adf2f39a5a98507f1fe0ce10a2b8dbc/library/std/src/sys_common/backtrace.rs:34:9
[INFO] [stdout]    8:     0x55f9730d4f1f - std::panicking::default_hook::{{closure}}::hbe471161c7664ed6
[INFO] [stdout]                                at /rustc/84c898d65adf2f39a5a98507f1fe0ce10a2b8dbc/library/std/src/panicking.rs:271:22
[INFO] [stdout]    9:     0x55f9730d4bdf - std::panicking::default_hook::ha3500da57aa4ac4f
[INFO] [stdout]                                at /rustc/84c898d65adf2f39a5a98507f1fe0ce10a2b8dbc/library/std/src/panicking.rs:287:9
[INFO] [stdout]   10:     0x55f972c2df37 - <alloc::boxed::Box<F,A> as core::ops::function::Fn<Args>>::call::hdf1b89dd137ece34
[INFO] [stdout]                                at /rustc/84c898d65adf2f39a5a98507f1fe0ce10a2b8dbc/library/alloc/src/boxed.rs:2001:9
[INFO] [stdout]   11:     0x55f972c2df37 - test::test_main::{{closure}}::h9081a79f20e75698
[INFO] [stdout]                                at /rustc/84c898d65adf2f39a5a98507f1fe0ce10a2b8dbc/library/test/src/lib.rs:135:21
[INFO] [stdout]   12:     0x55f9730d564d - <alloc::boxed::Box<F,A> as core::ops::function::Fn<Args>>::call::h6507bddc3eebb4a5
[INFO] [stdout]                                at /rustc/84c898d65adf2f39a5a98507f1fe0ce10a2b8dbc/library/alloc/src/boxed.rs:2001:9
[INFO] [stdout]   13:     0x55f9730d564d - std::panicking::rust_panic_with_hook::h50c09d000dc561d2
[INFO] [stdout]                                at /rustc/84c898d65adf2f39a5a98507f1fe0ce10a2b8dbc/library/std/src/panicking.rs:696:13
[INFO] [stdout]   14:     0x55f9730d53c9 - std::panicking::begin_panic_handler::{{closure}}::h9e2b2176e00e0d9c
[INFO] [stdout]                                at /rustc/84c898d65adf2f39a5a98507f1fe0ce10a2b8dbc/library/std/src/panicking.rs:583:13
[INFO] [stdout]   15:     0x55f9730d37f6 - std::sys_common::backtrace::__rust_end_short_backtrace::h5739b8e512c09d02
[INFO] [stdout]                                at /rustc/84c898d65adf2f39a5a98507f1fe0ce10a2b8dbc/library/std/src/sys_common/backtrace.rs:150:18
[INFO] [stdout]   16:     0x55f9730d50d2 - rust_begin_unwind
[INFO] [stdout]                                at /rustc/84c898d65adf2f39a5a98507f1fe0ce10a2b8dbc/library/std/src/panicking.rs:579:5
[INFO] [stdout]   17:     0x55f972bde433 - core::panicking::panic_fmt::hf33a1475b4dc5c3e
[INFO] [stdout]                                at /rustc/84c898d65adf2f39a5a98507f1fe0ce10a2b8dbc/library/core/src/panicking.rs:64:14
[INFO] [stdout]   18:     0x55f972bde8e3 - core::result::unwrap_failed::hdff5465d74574b44
[INFO] [stdout]                                at /rustc/84c898d65adf2f39a5a98507f1fe0ce10a2b8dbc/library/core/src/result.rs:1750:5
[INFO] [stdout]   19:     0x55f972bf735d - core::result::Result<T,E>::unwrap::h414b67cdde83b3a2
[INFO] [stdout]                                at /rustc/84c898d65adf2f39a5a98507f1fe0ce10a2b8dbc/library/core/src/result.rs:1090:23
[INFO] [stdout]   20:     0x55f972bf2419 - powco::powco::Client::list_available_jobs::{{closure}}::hb26229db97ddddfd
[INFO] [stdout]                                at /opt/rustwide/workdir/src/lib.rs:140:28
[INFO] [stdout]   21:     0x55f972bf1821 - powco::tests::client_gets_list_of_available_jobs::{{closure}}::he922ce85a4d38abb
[INFO] [stdout]                                at /opt/rustwide/workdir/src/lib.rs:247:48
[INFO] [stdout]   22:     0x55f972bec9cb - <core::pin::Pin<P> as core::future::future::Future>::poll::h052a3b5062004022
[INFO] [stdout]                                at /rustc/84c898d65adf2f39a5a98507f1fe0ce10a2b8dbc/library/core/src/future/future.rs:125:9
[INFO] [stdout]   23:     0x55f972bee5b4 - tokio::runtime::basic_scheduler::CoreGuard::block_on::{{closure}}::{{closure}}::{{closure}}::h2792494cab5c2ed5
[INFO] [stdout]                                at /opt/rustwide/cargo-home/registry/src/github.com-1ecc6299db9ec823/tokio-1.16.1/src/runtime/basic_scheduler.rs:516:48
[INFO] [stdout]   24:     0x55f972bfcde0 - tokio::coop::with_budget::{{closure}}::hdf7fe3f36abe994f
[INFO] [stdout]                                at /opt/rustwide/cargo-home/registry/src/github.com-1ecc6299db9ec823/tokio-1.16.1/src/coop.rs:102:9
[INFO] [stdout]   25:     0x55f972bf0194 - std::thread::local::LocalKey<T>::try_with::h6d82246d32c4fbb2
[INFO] [stdout]                                at /rustc/84c898d65adf2f39a5a98507f1fe0ce10a2b8dbc/library/std/src/thread/local.rs:446:16
[INFO] [stdout]   26:     0x55f972befb4a - std::thread::local::LocalKey<T>::with::h2965905cd35ee8bf
[INFO] [stdout]                                at /rustc/84c898d65adf2f39a5a98507f1fe0ce10a2b8dbc/library/std/src/thread/local.rs:422:9
[INFO] [stdout]   27:     0x55f972bee546 - tokio::coop::with_budget::h1a1b7f95525bdfc7
[INFO] [stdout]                                at /opt/rustwide/cargo-home/registry/src/github.com-1ecc6299db9ec823/tokio-1.16.1/src/coop.rs:95:5
[INFO] [stdout]   28:     0x55f972bee546 - tokio::coop::budget::hb75f29c6284dcf84
[INFO] [stdout]                                at /opt/rustwide/cargo-home/registry/src/github.com-1ecc6299db9ec823/tokio-1.16.1/src/coop.rs:72:5
[INFO] [stdout]   29:     0x55f972bee546 - tokio::runtime::basic_scheduler::CoreGuard::block_on::{{closure}}::{{closure}}::heca410808a321af9
[INFO] [stdout]                                at /opt/rustwide/cargo-home/registry/src/github.com-1ecc6299db9ec823/tokio-1.16.1/src/runtime/basic_scheduler.rs:516:25
[INFO] [stdout]   30:     0x55f972bed5ce - tokio::runtime::basic_scheduler::Context::enter::hd99db55156f87c4a
[INFO] [stdout]                                at /opt/rustwide/cargo-home/registry/src/github.com-1ecc6299db9ec823/tokio-1.16.1/src/runtime/basic_scheduler.rs:374:19
[INFO] [stdout]   31:     0x55f972bedf5a - tokio::runtime::basic_scheduler::CoreGuard::block_on::{{closure}}::hdc4714a385edea72
[INFO] [stdout]                                at /opt/rustwide/cargo-home/registry/src/github.com-1ecc6299db9ec823/tokio-1.16.1/src/runtime/basic_scheduler.rs:515:36
[INFO] [stdout]   32:     0x55f972bedcab - tokio::runtime::basic_scheduler::CoreGuard::enter::{{closure}}::hdab58d1568299123
[INFO] [stdout]                                at /opt/rustwide/cargo-home/registry/src/github.com-1ecc6299db9ec823/tokio-1.16.1/src/runtime/basic_scheduler.rs:582:57
[INFO] [stdout]   33:     0x55f972bf0b67 - tokio::macros::scoped_tls::ScopedKey<T>::set::h132cc52023f770ec
[INFO] [stdout]                                at /opt/rustwide/cargo-home/registry/src/github.com-1ecc6299db9ec823/tokio-1.16.1/src/macros/scoped_tls.rs:61:9
[INFO] [stdout]   34:     0x55f972beda73 - tokio::runtime::basic_scheduler::CoreGuard::enter::h34b56719282cde18
[INFO] [stdout]                                at /opt/rustwide/cargo-home/registry/src/github.com-1ecc6299db9ec823/tokio-1.16.1/src/runtime/basic_scheduler.rs:582:27
[INFO] [stdout]   35:     0x55f972bedcc8 - tokio::runtime::basic_scheduler::CoreGuard::block_on::hab2267e07d16f066
[INFO] [stdout]                                at /opt/rustwide/cargo-home/registry/src/github.com-1ecc6299db9ec823/tokio-1.16.1/src/runtime/basic_scheduler.rs:506:9
[INFO] [stdout]   36:     0x55f972beccf8 - tokio::runtime::basic_scheduler::BasicScheduler::block_on::hf51a1f26ab95c949
[INFO] [stdout]                                at /opt/rustwide/cargo-home/registry/src/github.com-1ecc6299db9ec823/tokio-1.16.1/src/runtime/basic_scheduler.rs:182:24
[INFO] [stdout]   37:     0x55f972bf0e50 - tokio::runtime::Runtime::block_on::h7682a2a4fc0447df
[INFO] [stdout]                                at /opt/rustwide/cargo-home/registry/src/github.com-1ecc6299db9ec823/tokio-1.16.1/src/runtime/mod.rs:475:46
[INFO] [stdout]   38:     0x55f972bf157f - powco::tests::client_gets_list_of_available_jobs::h11ca44443076f34d
[INFO] [stdout]                                at /opt/rustwide/workdir/src/lib.rs:253:9
[INFO] [stdout]   39:     0x55f972bf1437 - powco::tests::client_gets_list_of_available_jobs::{{closure}}::hbe1c73c9bba1f471
[INFO] [stdout]                                at /opt/rustwide/workdir/src/lib.rs:239:51
[INFO] [stdout]   40:     0x55f972bf9555 - core::ops::function::FnOnce::call_once::h93603d85afa812e9
[INFO] [stdout]                                at /rustc/84c898d65adf2f39a5a98507f1fe0ce10a2b8dbc/library/core/src/ops/function.rs:250:5
[INFO] [stdout]   41:     0x55f972c3331f - core::ops::function::FnOnce::call_once::h7d969581be7d0075
[INFO] [stdout]                                at /rustc/84c898d65adf2f39a5a98507f1fe0ce10a2b8dbc/library/core/src/ops/function.rs:250:5
[INFO] [stdout]   42:     0x55f972c3331f - test::__rust_begin_short_backtrace::hca25a52684e56655
[INFO] [stdout]                                at /rustc/84c898d65adf2f39a5a98507f1fe0ce10a2b8dbc/library/test/src/lib.rs:656:18
[INFO] [stdout]   43:     0x55f972c0493c - test::run_test::{{closure}}::ha8ac744c4af1a4bb
[INFO] [stdout]                                at /rustc/84c898d65adf2f39a5a98507f1fe0ce10a2b8dbc/library/test/src/lib.rs:647:30
[INFO] [stdout]   44:     0x55f972c0493c - core::ops::function::FnOnce::call_once{{vtable.shim}}::h7b411a9ed45bdecf
[INFO] [stdout]                                at /rustc/84c898d65adf2f39a5a98507f1fe0ce10a2b8dbc/library/core/src/ops/function.rs:250:5
[INFO] [stdout]   45:     0x55f972c322e6 - <alloc::boxed::Box<F,A> as core::ops::function::FnOnce<Args>>::call_once::hd05328869a8ed200
[INFO] [stdout]                                at /rustc/84c898d65adf2f39a5a98507f1fe0ce10a2b8dbc/library/alloc/src/boxed.rs:1987:9
[INFO] [stdout]   46:     0x55f972c322e6 - <core::panic::unwind_safe::AssertUnwindSafe<F> as core::ops::function::FnOnce<()>>::call_once::h0c601ce20bd5b2be
[INFO] [stdout]                                at /rustc/84c898d65adf2f39a5a98507f1fe0ce10a2b8dbc/library/core/src/panic/unwind_safe.rs:271:9
[INFO] [stdout]   47:     0x55f972c322e6 - std::panicking::try::do_call::ha4be5c164fe30854
[INFO] [stdout]                                at /rustc/84c898d65adf2f39a5a98507f1fe0ce10a2b8dbc/library/std/src/panicking.rs:487:40
[INFO] [stdout]   48:     0x55f972c322e6 - std::panicking::try::h604546f3609af05f
[INFO] [stdout]                                at /rustc/84c898d65adf2f39a5a98507f1fe0ce10a2b8dbc/library/std/src/panicking.rs:451:19
[INFO] [stdout]   49:     0x55f972c322e6 - std::panic::catch_unwind::h5bfa8afe44c9c2f9
[INFO] [stdout]                                at /rustc/84c898d65adf2f39a5a98507f1fe0ce10a2b8dbc/library/std/src/panic.rs:140:14
[INFO] [stdout]   50:     0x55f972c322e6 - test::run_test_in_process::hd50dee55dd63e6aa
[INFO] [stdout]                                at /rustc/84c898d65adf2f39a5a98507f1fe0ce10a2b8dbc/library/test/src/lib.rs:679:27
[INFO] [stdout]   51:     0x55f972c322e6 - test::run_test::run_test_inner::{{closure}}::h4aa0f433aa85cea8
[INFO] [stdout]                                at /rustc/84c898d65adf2f39a5a98507f1fe0ce10a2b8dbc/library/test/src/lib.rs:573:39
[INFO] [stdout]   52:     0x55f972bfefb1 - test::run_test::run_test_inner::{{closure}}::had56431adf24b4d6
[INFO] [stdout]                                at /rustc/84c898d65adf2f39a5a98507f1fe0ce10a2b8dbc/library/test/src/lib.rs:600:37
[INFO] [stdout]   53:     0x55f972bfefb1 - std::sys_common::backtrace::__rust_begin_short_backtrace::ha8d9890e0c73bf13
[INFO] [stdout]                                at /rustc/84c898d65adf2f39a5a98507f1fe0ce10a2b8dbc/library/std/src/sys_common/backtrace.rs:134:18
[INFO] [stdout]   54:     0x55f972c049cb - std::thread::Builder::spawn_unchecked_::{{closure}}::{{closure}}::h251832bcb4a95327
[INFO] [stdout]                                at /rustc/84c898d65adf2f39a5a98507f1fe0ce10a2b8dbc/library/std/src/thread/mod.rs:560:17
[INFO] [stdout]   55:     0x55f972c049cb - <core::panic::unwind_safe::AssertUnwindSafe<F> as core::ops::function::FnOnce<()>>::call_once::h8fdff598fa414831
[INFO] [stdout]                                at /rustc/84c898d65adf2f39a5a98507f1fe0ce10a2b8dbc/library/core/src/panic/unwind_safe.rs:271:9
[INFO] [stdout]   56:     0x55f972c049cb - std::panicking::try::do_call::h455dd2f7764a950f
[INFO] [stdout]                                at /rustc/84c898d65adf2f39a5a98507f1fe0ce10a2b8dbc/library/std/src/panicking.rs:487:40
[INFO] [stdout]   57:     0x55f972c049cb - std::panicking::try::had6f23b7b73ae72a
[INFO] [stdout]                                at /rustc/84c898d65adf2f39a5a98507f1fe0ce10a2b8dbc/library/std/src/panicking.rs:451:19
[INFO] [stdout]   58:     0x55f972c049cb - std::panic::catch_unwind::ha6a5ca3915b4dad0
[INFO] [stdout]                                at /rustc/84c898d65adf2f39a5a98507f1fe0ce10a2b8dbc/library/std/src/panic.rs:140:14
[INFO] [stdout]   59:     0x55f972c049cb - std::thread::Builder::spawn_unchecked_::{{closure}}::h883b72ef75da6231
[INFO] [stdout]                                at /rustc/84c898d65adf2f39a5a98507f1fe0ce10a2b8dbc/library/std/src/thread/mod.rs:559:30
[INFO] [stdout]   60:     0x55f972c049cb - core::ops::function::FnOnce::call_once{{vtable.shim}}::hb7dff73dc8bd2ccb
[INFO] [stdout]                                at /rustc/84c898d65adf2f39a5a98507f1fe0ce10a2b8dbc/library/core/src/ops/function.rs:250:5
[INFO] [stdout]   61:     0x55f9730d9bd3 - <alloc::boxed::Box<F,A> as core::ops::function::FnOnce<Args>>::call_once::h39990b24eedef2ab
[INFO] [stdout]                                at /rustc/84c898d65adf2f39a5a98507f1fe0ce10a2b8dbc/library/alloc/src/boxed.rs:1987:9
[INFO] [stdout]   62:     0x55f9730d9bd3 - <alloc::boxed::Box<F,A> as core::ops::function::FnOnce<Args>>::call_once::h01a027258444143b
[INFO] [stdout]                                at /rustc/84c898d65adf2f39a5a98507f1fe0ce10a2b8dbc/library/alloc/src/boxed.rs:1987:9
[INFO] [stdout]   63:     0x55f9730d9bd3 - std::sys::unix::thread::Thread::new::thread_start::ha4f1cdd9c25884ba
[INFO] [stdout]                                at /rustc/84c898d65adf2f39a5a98507f1fe0ce10a2b8dbc/library/std/src/sys/unix/thread.rs:108:17
[INFO] [stdout]   64:     0x7fd67d0ecb43 - <unknown>
[INFO] [stdout]   65:     0x7fd67d17dbb4 - __clone
[INFO] [stdout]   66:                0x0 - <unknown>
[INFO] [stdout] 
[INFO] [stdout] 
[INFO] [stdout] failures:
[INFO] [stdout]     tests::client_gets_list_of_available_jobs
[INFO] [stdout] 
[INFO] [stdout] test result: FAILED. 4 passed; 1 failed; 0 ignored; 0 measured; 0 filtered out; finished in 0.28s
[INFO] [stdout] 
[INFO] [stderr] error: test failed, to rerun pass `--lib`
[INFO] running `Command { std: "docker" "inspect" "49faa1792e3d1d5db270dbf37b993ecd37481032fee953b30ed136f2df22d81d", kill_on_drop: false }`
[INFO] running `Command { std: "docker" "rm" "-f" "49faa1792e3d1d5db270dbf37b993ecd37481032fee953b30ed136f2df22d81d", kill_on_drop: false }`
[INFO] [stdout] 49faa1792e3d1d5db270dbf37b993ecd37481032fee953b30ed136f2df22d81d
