[INFO] cloning repository https://github.com/ProofOfWorkCompany/get402-rust
[INFO] running `Command { std: "git" "-c" "credential.helper=" "-c" "credential.helper=/workspace/cargo-home/bin/git-credential-null" "clone" "--bare" "https://github.com/ProofOfWorkCompany/get402-rust" "/workspace/cache/git-repos/https%3A%2F%2Fgithub.com%2FProofOfWorkCompany%2Fget402-rust", kill_on_drop: false }`
[INFO] [stderr] Cloning into bare repository '/workspace/cache/git-repos/https%3A%2F%2Fgithub.com%2FProofOfWorkCompany%2Fget402-rust'...
[INFO] running `Command { std: "git" "rev-parse" "HEAD", kill_on_drop: false }`
[INFO] [stdout] 604a00b7888dec985d83b63bf0bfe89ef75d62c7
[INFO] testing ProofOfWorkCompany/get402-rust against beta-2023-04-20 for beta-1.70-1
[INFO] running `Command { std: "git" "clone" "/workspace/cache/git-repos/https%3A%2F%2Fgithub.com%2FProofOfWorkCompany%2Fget402-rust" "/workspace/builds/worker-5-tc2/source", kill_on_drop: false }`
[INFO] [stderr] Cloning into '/workspace/builds/worker-5-tc2/source'...
[INFO] [stderr] done.
[INFO] validating manifest of git repo https://github.com/ProofOfWorkCompany/get402-rust on toolchain beta-2023-04-20
[INFO] running `Command { std: CARGO_HOME="/workspace/cargo-home" RUSTUP_HOME="/workspace/rustup-home" "/workspace/cargo-home/bin/cargo" "+beta-2023-04-20" "metadata" "--manifest-path" "Cargo.toml" "--no-deps", kill_on_drop: false }`
[INFO] started tweaking git repo https://github.com/ProofOfWorkCompany/get402-rust
[INFO] finished tweaking git repo https://github.com/ProofOfWorkCompany/get402-rust
[INFO] tweaked toml for git repo https://github.com/ProofOfWorkCompany/get402-rust written to /workspace/builds/worker-5-tc2/source/Cargo.toml
[INFO] crate git repo https://github.com/ProofOfWorkCompany/get402-rust already has a lockfile, it will not be regenerated
[INFO] running `Command { std: CARGO_HOME="/workspace/cargo-home" RUSTUP_HOME="/workspace/rustup-home" "/workspace/cargo-home/bin/cargo" "+beta-2023-04-20" "fetch" "--manifest-path" "Cargo.toml", kill_on_drop: false }`
[INFO] [stderr]     Updating crates.io index
[INFO] [stderr]  Downloading crates ...
[INFO] [stderr]   Downloaded dns-lookup v0.9.1
[INFO] [stderr]   Downloaded snowflake v1.3.0
[INFO] [stderr]   Downloaded secp256k1 v0.21.2
[INFO] [stderr]   Downloaded base64ct v1.3.3
[INFO] [stderr]   Downloaded ff v0.11.0
[INFO] [stderr]   Downloaded k256 v0.10.2
[INFO] [stderr]   Downloaded sv v0.2.2
[INFO] [stderr]   Downloaded ripemd160 v0.7.0
[INFO] [stderr]   Downloaded rust-base58 v0.0.4
[INFO] [stderr]   Downloaded secp256k1 v0.12.0
[INFO] running `Command { std: "docker" "create" "-v" "/var/lib/crater-agent-workspace/builds/worker-5-tc2/target:/opt/rustwide/target:rw,Z" "-v" "/var/lib/crater-agent-workspace/builds/worker-5-tc2/source:/opt/rustwide/workdir:ro,Z" "-v" "/var/lib/crater-agent-workspace/cargo-home:/opt/rustwide/cargo-home:ro,Z" "-v" "/var/lib/crater-agent-workspace/rustup-home:/opt/rustwide/rustup-home:ro,Z" "-e" "SOURCE_DIR=/opt/rustwide/workdir" "-e" "CARGO_TARGET_DIR=/opt/rustwide/target" "-e" "CARGO_HOME=/opt/rustwide/cargo-home" "-e" "RUSTUP_HOME=/opt/rustwide/rustup-home" "-w" "/opt/rustwide/workdir" "-m" "1610612736" "--user" "0:0" "--network" "none" "ghcr.io/rust-lang/crates-build-env/linux@sha256:5ff2268d62e97bff2cde7d5815dd6ed5b47097566f13b8d0ca110b04b60e07ed" "/opt/rustwide/cargo-home/bin/cargo" "+beta-2023-04-20" "metadata" "--no-deps" "--format-version=1", kill_on_drop: false }`
[INFO] [stdout] 95bfd3abf671c81b61f0fe725fc30eb53d2d44c48ddaaba362c8604d5a4ae8bc
[INFO] running `Command { std: "docker" "start" "-a" "95bfd3abf671c81b61f0fe725fc30eb53d2d44c48ddaaba362c8604d5a4ae8bc", kill_on_drop: false }`
[INFO] running `Command { std: "docker" "inspect" "95bfd3abf671c81b61f0fe725fc30eb53d2d44c48ddaaba362c8604d5a4ae8bc", kill_on_drop: false }`
[INFO] running `Command { std: "docker" "rm" "-f" "95bfd3abf671c81b61f0fe725fc30eb53d2d44c48ddaaba362c8604d5a4ae8bc", kill_on_drop: false }`
[INFO] [stdout] 95bfd3abf671c81b61f0fe725fc30eb53d2d44c48ddaaba362c8604d5a4ae8bc
[INFO] running `Command { std: "docker" "create" "-v" "/var/lib/crater-agent-workspace/builds/worker-5-tc2/target:/opt/rustwide/target:rw,Z" "-v" "/var/lib/crater-agent-workspace/builds/worker-5-tc2/source:/opt/rustwide/workdir:ro,Z" "-v" "/var/lib/crater-agent-workspace/cargo-home:/opt/rustwide/cargo-home:ro,Z" "-v" "/var/lib/crater-agent-workspace/rustup-home:/opt/rustwide/rustup-home:ro,Z" "-e" "SOURCE_DIR=/opt/rustwide/workdir" "-e" "CARGO_TARGET_DIR=/opt/rustwide/target" "-e" "CARGO_INCREMENTAL=0" "-e" "RUST_BACKTRACE=full" "-e" "RUSTFLAGS=--cap-lints=warn" "-e" "RUSTDOCFLAGS=--cap-lints=warn" "-e" "CARGO_HOME=/opt/rustwide/cargo-home" "-e" "RUSTUP_HOME=/opt/rustwide/rustup-home" "-w" "/opt/rustwide/workdir" "-m" "1610612736" "--user" "0:0" "--network" "none" "ghcr.io/rust-lang/crates-build-env/linux@sha256:5ff2268d62e97bff2cde7d5815dd6ed5b47097566f13b8d0ca110b04b60e07ed" "/opt/rustwide/cargo-home/bin/cargo" "+beta-2023-04-20" "build" "--frozen" "--message-format=json", kill_on_drop: false }`
[INFO] [stdout] 42db476ef71e4561b527ee160a522bf8d55d3bf87f10417ed0102e80a7756d09
[INFO] running `Command { std: "docker" "start" "-a" "42db476ef71e4561b527ee160a522bf8d55d3bf87f10417ed0102e80a7756d09", kill_on_drop: false }`
[INFO] [stderr]    Compiling libc v0.2.118
[INFO] [stderr]    Compiling cc v1.0.73
[INFO] [stderr]    Compiling typenum v1.15.0
[INFO] [stderr]    Compiling syn v1.0.86
[INFO] [stderr]    Compiling log v0.4.14
[INFO] [stderr]    Compiling rand_core v0.4.2
[INFO] [stderr]    Compiling num-traits v0.2.14
[INFO] [stderr]    Compiling autocfg v0.1.8
[INFO] [stderr]    Compiling subtle v2.4.1
[INFO] [stderr]    Compiling pkg-config v0.3.24
[INFO] [stderr]    Compiling parking_lot_core v0.9.1
[INFO] [stderr]    Compiling pin-project-lite v0.2.8
[INFO] [stderr]    Compiling generic-array v0.14.5
[INFO] [stderr]    Compiling num-integer v0.1.44
[INFO] [stderr]    Compiling memchr v2.4.1
[INFO] [stderr]    Compiling once_cell v1.9.0
[INFO] [stderr]    Compiling lock_api v0.4.6
[INFO] [stderr]    Compiling zeroize v1.5.2
[INFO] [stderr]    Compiling rand_core v0.3.1
[INFO] [stderr]    Compiling const-oid v0.7.1
[INFO] [stderr]    Compiling futures-task v0.3.21
[INFO] [stderr]    Compiling num-bigint v0.4.3
[INFO] [stderr]    Compiling foreign-types-shared v0.1.1
[INFO] [stderr]    Compiling futures-util v0.3.21
[INFO] [stderr]    Compiling der v0.5.1
[INFO] [stderr]    Compiling openssl v0.10.38
[INFO] [stderr]    Compiling base64ct v1.3.3
[INFO] [stderr]    Compiling fnv v1.0.7
[INFO] [stderr]    Compiling foreign-types v0.3.2
[INFO] [stderr]    Compiling http v0.2.6
[INFO] [stderr]    Compiling tracing-core v0.1.22
[INFO] [stderr]    Compiling num-iter v0.1.42
[INFO] [stderr]    Compiling num-rational v0.4.0
[INFO] [stderr]    Compiling matches v0.1.9
[INFO] [stderr]    Compiling tinyvec_macros v0.1.0
[INFO] [stderr]    Compiling futures-channel v0.3.21
[INFO] [stderr]    Compiling native-tls v0.2.8
[INFO] [stderr]    Compiling futures-sink v0.3.21
[INFO] [stderr]    Compiling pin-utils v0.1.0
[INFO] [stderr]    Compiling httparse v1.6.0
[INFO] [stderr]    Compiling tinyvec v1.5.1
[INFO] [stderr]    Compiling getrandom v0.2.4
[INFO] [stderr]    Compiling mio v0.8.0
[INFO] [stderr]    Compiling num_cpus v1.13.1
[INFO] [stderr]    Compiling socket2 v0.4.4
[INFO] [stderr]    Compiling signal-hook-registry v1.4.0
[INFO] [stderr]    Compiling openssl-sys v0.9.72
[INFO] [stderr]    Compiling rand_core v0.6.3
[INFO] [stderr]    Compiling parking_lot v0.12.0
[INFO] [stderr]    Compiling secp256k1-sys v0.4.2
[INFO] [stderr]    Compiling spki v0.5.4
[INFO] [stderr]    Compiling ff v0.11.0
[INFO] [stderr]    Compiling tracing v0.1.30
[INFO] [stderr]    Compiling rand_chacha v0.1.1
[INFO] [stderr]    Compiling rand_pcg v0.1.2
[INFO] [stderr]    Compiling try-lock v0.2.3
[INFO] [stderr]    Compiling digest v0.9.0
[INFO] [stderr]    Compiling pkcs8 v0.8.0
[INFO] [stderr]    Compiling crypto-mac v0.11.1
[INFO] [stderr]    Compiling crypto-bigint v0.3.2
[INFO] [stderr]    Compiling percent-encoding v2.1.0
[INFO] [stderr]    Compiling openssl-probe v0.1.5
[INFO] [stderr]    Compiling gcc v0.3.55
[INFO] [stderr]    Compiling sec1 v0.2.1
[INFO] [stderr]    Compiling hmac v0.11.0
[INFO] [stderr]    Compiling want v0.3.0
[INFO] [stderr]    Compiling form_urlencoded v1.0.1
[INFO] [stderr]    Compiling unicode-normalization v0.1.19
[INFO] [stderr]    Compiling group v0.11.0
[INFO] [stderr]    Compiling num-complex v0.4.0
[INFO] [stderr]    Compiling generic-array v0.9.1
[INFO] [stderr]    Compiling ring v0.14.6
[INFO] [stderr]    Compiling secp256k1 v0.12.0
[INFO] [stderr]    Compiling rand v0.4.6
[INFO] [stderr]    Compiling rand v0.6.5
[INFO] [stderr]    Compiling num-bigint v0.2.6
[INFO] [stderr]    Compiling http-body v0.4.4
[INFO] [stderr]    Compiling base16ct v0.1.1
[INFO] [stderr]    Compiling rust-crypto v0.2.36
[INFO] [stderr]    Compiling encoding_rs v0.8.30
[INFO] [stderr]    Compiling unicode-bidi v0.3.7
[INFO] [stderr]    Compiling tower-service v0.3.1
[INFO] [stderr]    Compiling httpdate v1.0.2
[INFO] [stderr]    Compiling byte-tools v0.2.0
[INFO] [stderr]    Compiling arrayref v0.3.6
[INFO] [stderr]    Compiling elliptic-curve v0.11.12
[INFO] [stderr]    Compiling rfc6979 v0.1.0
[INFO] [stderr]    Compiling block-buffer v0.3.3
[INFO] [stderr]    Compiling rand v0.3.23
[INFO] [stderr]    Compiling idna v0.2.3
[INFO] [stderr]    Compiling digest v0.7.6
[INFO] [stderr]    Compiling signature v1.4.0
[INFO] [stderr]    Compiling block-buffer v0.9.0
[INFO] [stderr]    Compiling rand_os v0.1.3
[INFO] [stderr]    Compiling time v0.1.43
[INFO] [stderr]    Compiling socket2 v0.3.19
[INFO] [stderr]    Compiling rand_hc v0.1.0
[INFO] [stderr]    Compiling rand_isaac v0.1.1
[INFO] [stderr]    Compiling rand_xorshift v0.1.1
[INFO] [stderr]    Compiling rand_jitter v0.1.4
[INFO] [stderr]    Compiling rustc-serialize v0.3.24
[INFO] [stderr]    Compiling bitcoin_hashes v0.10.0
[INFO] [stderr]    Compiling cpufeatures v0.2.1
[INFO] [stderr]    Compiling spin v0.5.2
[INFO] [stderr]    Compiling opaque-debug v0.3.0
[INFO] [stderr]    Compiling untrusted v0.6.2
[INFO] [stderr]    Compiling byteorder v1.4.3
[INFO] [stderr]    Compiling sha2 v0.9.9
[INFO] [stderr]    Compiling dns-lookup v0.9.1
[INFO] [stderr]    Compiling num v0.4.0
[INFO] [stderr]    Compiling url v2.2.2
[INFO] [stderr]    Compiling rust-base58 v0.0.4
[INFO] [stderr]    Compiling murmur3 v0.4.1
[INFO] [stderr]    Compiling ecdsa v0.13.4
[INFO] [stderr]    Compiling ripemd160 v0.7.0
[INFO] [stderr]    Compiling secp256k1 v0.20.3
[INFO] [stderr]    Compiling rand v0.5.6
[INFO] [stderr]    Compiling bech32 v0.8.1
[INFO] [stderr]    Compiling ipnet v2.3.1
[INFO] [stderr]    Compiling base64 v0.13.0
[INFO] [stderr]    Compiling hex v0.3.2
[INFO] [stderr]    Compiling linked-hash-map v0.5.4
[INFO] [stderr]    Compiling snowflake v1.3.0
[INFO] [stderr]    Compiling mime v0.3.16
[INFO] [stderr]    Compiling k256 v0.10.2
[INFO] [stderr]    Compiling bitcoin_hashes v0.9.7
[INFO] [stderr]    Compiling tokio-macros v1.7.0
[INFO] [stderr]    Compiling serde_derive v1.0.136
[INFO] [stderr]    Compiling tokio v1.17.0
[INFO] [stderr]    Compiling bitcoin v0.27.1
[INFO] [stderr]    Compiling secp256k1 v0.21.2
[INFO] [stderr]    Compiling sv v0.2.2
[INFO] [stderr]    Compiling serde v1.0.136
[INFO] [stderr]    Compiling tokio-util v0.6.9
[INFO] [stderr]    Compiling tokio-native-tls v0.3.0
[INFO] [stderr]    Compiling h2 v0.3.11
[INFO] [stderr]    Compiling serde_json v1.0.79
[INFO] [stderr]    Compiling serde_urlencoded v0.7.1
[INFO] [stderr]    Compiling uuid v0.8.2
[INFO] [stderr]    Compiling hyper v0.14.17
[INFO] [stderr]    Compiling hyper-tls v0.5.0
[INFO] [stderr]    Compiling reqwest v0.11.9
[INFO] [stderr]    Compiling get402 v0.1.2 (/opt/rustwide/workdir)
[INFO] [stdout] warning: unused imports: `SecretKey`, `Signature`, `SigningKey`, `signature::Signer`
[INFO] [stdout]  --> src/lib.rs:8:17
[INFO] [stdout]   |
[INFO] [stdout] 8 |         ecdsa::{SigningKey, Signature, signature::Signer}, SecretKey
[INFO] [stdout]   |                 ^^^^^^^^^^  ^^^^^^^^^  ^^^^^^^^^^^^^^^^^   ^^^^^^^^^
[INFO] [stdout]   |
[INFO] [stdout]   = note: `#[warn(unused_imports)]` on by default
[INFO] [stdout] 
[INFO] [stdout] 
[INFO] [stdout] warning: unused import: `base64`
[INFO] [stdout]   --> src/lib.rs:15:9
[INFO] [stdout]    |
[INFO] [stdout] 15 |     use base64;
[INFO] [stdout]    |         ^^^^^^
[INFO] [stdout] 
[INFO] [stdout] 
[INFO] [stdout] warning: unused import: `bitcoin_hashes::sha256`
[INFO] [stdout]   --> src/lib.rs:16:9
[INFO] [stdout]    |
[INFO] [stdout] 16 |     use bitcoin_hashes::sha256;
[INFO] [stdout]    |         ^^^^^^^^^^^^^^^^^^^^^^
[INFO] [stdout] 
[INFO] [stdout] 
[INFO] [stdout] warning: unused import: `std::env`
[INFO] [stdout]   --> src/lib.rs:17:9
[INFO] [stdout]    |
[INFO] [stdout] 17 |     use std::env;
[INFO] [stdout]    |         ^^^^^^^^
[INFO] [stdout] 
[INFO] [stdout] 
[INFO] [stdout] warning: unused variable: `other`
[INFO] [stdout]    --> src/lib.rs:270:17
[INFO] [stdout]     |
[INFO] [stdout] 270 |                 other => {
[INFO] [stdout]     |                 ^^^^^ help: if this is intentional, prefix it with an underscore: `_other`
[INFO] [stdout]     |
[INFO] [stdout]     = note: `#[warn(unused_variables)]` on by default
[INFO] [stdout] 
[INFO] [stdout] 
[INFO] [stdout] warning: struct `KeyPair` is never constructed
[INFO] [stdout]   --> src/lib.rs:19:16
[INFO] [stdout]    |
[INFO] [stdout] 19 |     pub struct KeyPair {
[INFO] [stdout]    |                ^^^^^^^
[INFO] [stdout]    |
[INFO] [stdout]    = note: `#[warn(dead_code)]` on by default
[INFO] [stdout] 
[INFO] [stdout] 
[INFO] [stdout] warning: static `API_BASE` is never used
[INFO] [stdout]   --> src/lib.rs:27:12
[INFO] [stdout]    |
[INFO] [stdout] 27 |     static API_BASE: &str = "https://get402.com/api";
[INFO] [stdout]    |            ^^^^^^^^
[INFO] [stdout] 
[INFO] [stdout] 
[INFO] [stdout] warning: associated function `generate` is never used
[INFO] [stdout]   --> src/lib.rs:32:16
[INFO] [stdout]    |
[INFO] [stdout] 30 |     impl KeyPair {
[INFO] [stdout]    |     ------------ associated function in this implementation
[INFO] [stdout] 31 |
[INFO] [stdout] 32 |         pub fn generate() -> KeyPair {
[INFO] [stdout]    |                ^^^^^^^^
[INFO] [stdout] 
[INFO] [stdout] 
[INFO] [stdout] warning: struct `App` is never constructed
[INFO] [stdout]   --> src/lib.rs:62:16
[INFO] [stdout]    |
[INFO] [stdout] 62 |     pub struct App {
[INFO] [stdout]    |                ^^^
[INFO] [stdout] 
[INFO] [stdout] 
[INFO] [stdout] warning: associated items `generate`, `load`, `create_client`, and `get_client_from_identifier` are never used
[INFO] [stdout]    --> src/lib.rs:72:16
[INFO] [stdout]     |
[INFO] [stdout] 70  |     impl App {
[INFO] [stdout]     |     -------- associated items in this implementation
[INFO] [stdout] 71  |
[INFO] [stdout] 72  |         pub fn generate() -> App {
[INFO] [stdout]     |                ^^^^^^^^
[INFO] [stdout] ...
[INFO] [stdout] 85  |         pub fn load(private_key_string: &str) -> App {
[INFO] [stdout]     |                ^^^^
[INFO] [stdout] ...
[INFO] [stdout] 107 |         pub fn create_client(&self) -> Client {
[INFO] [stdout]     |                ^^^^^^^^^^^^^
[INFO] [stdout] ...
[INFO] [stdout] 123 |         pub fn get_client_from_identifier(&self, identifier: &str) -> Client {
[INFO] [stdout]     |                ^^^^^^^^^^^^^^^^^^^^^^^^^^
[INFO] [stdout] 
[INFO] [stdout] 
[INFO] [stdout] warning: struct `Client` is never constructed
[INFO] [stdout]    --> src/lib.rs:139:16
[INFO] [stdout]     |
[INFO] [stdout] 139 |     pub struct Client<'a> {
[INFO] [stdout]     |                ^^^^^^
[INFO] [stdout] 
[INFO] [stdout] 
[INFO] [stdout] warning: variants `Unauthorized`, `InternalServerError`, `InsufficientFunds`, and `NotFound` are never constructed
[INFO] [stdout]    --> src/lib.rs:172:9
[INFO] [stdout]     |
[INFO] [stdout] 171 |     pub enum APIError {
[INFO] [stdout]     |              -------- variants in this enum
[INFO] [stdout] 172 |         Unauthorized,
[INFO] [stdout]     |         ^^^^^^^^^^^^
[INFO] [stdout] 173 |         InternalServerError,
[INFO] [stdout]     |         ^^^^^^^^^^^^^^^^^^^
[INFO] [stdout] 174 |         InsufficientFunds(PaymentRequired),
[INFO] [stdout]     |         ^^^^^^^^^^^^^^^^^
[INFO] [stdout] 175 |         NotFound,
[INFO] [stdout]     |         ^^^^^^^^
[INFO] [stdout]     |
[INFO] [stdout]     = note: `APIError` has a derived impl for the trait `Debug`, but this is intentionally ignored during dead code analysis
[INFO] [stdout] 
[INFO] [stdout] 
[INFO] [stdout] warning: type alias `ChargeCreditResult` is never used
[INFO] [stdout]    --> src/lib.rs:191:14
[INFO] [stdout]     |
[INFO] [stdout] 191 |     pub type ChargeCreditResult = Result<ChargeCreditAPIResponse, APIError>;
[INFO] [stdout]     |              ^^^^^^^^^^^^^^^^^^
[INFO] [stdout] 
[INFO] [stdout] 
[INFO] [stdout] warning: methods `get_balance`, `request_buy_credits`, `charge_credit`, and `authorize` are never used
[INFO] [stdout]    --> src/lib.rs:195:22
[INFO] [stdout]     |
[INFO] [stdout] 193 |     impl Client<'_> {
[INFO] [stdout]     |     --------------- methods in this implementation
[INFO] [stdout] 194 |
[INFO] [stdout] 195 |         pub async fn get_balance(&self) -> Result<u64, APIError> {
[INFO] [stdout]     |                      ^^^^^^^^^^^
[INFO] [stdout] ...
[INFO] [stdout] 213 |         pub async fn request_buy_credits(&self, credits: u64) -> Result<PaymentRequired, APIError> {
[INFO] [stdout]     |                      ^^^^^^^^^^^^^^^^^^^
[INFO] [stdout] ...
[INFO] [stdout] 233 |         pub async fn charge_credit(&self, map: &HashMap<&str, u64>) -> ChargeCreditResult {
[INFO] [stdout]     |                      ^^^^^^^^^^^^^
[INFO] [stdout] ...
[INFO] [stdout] 299 |         fn authorize(&self) -> HeaderMap {
[INFO] [stdout]     |            ^^^^^^^^^
[INFO] [stdout] 
[INFO] [stdout] 
[INFO] [stdout] warning: module `Get402` should have a snake case name
[INFO] [stdout]  --> src/lib.rs:2:5
[INFO] [stdout]   |
[INFO] [stdout] 2 | mod Get402 {
[INFO] [stdout]   |     ^^^^^^ help: convert the identifier to snake case: `get402`
[INFO] [stdout]   |
[INFO] [stdout]   = note: `#[warn(non_snake_case)]` on by default
[INFO] [stdout] 
[INFO] [stdout] 
[INFO] [stdout] warning: structure field `paymentUrl` should have a snake case name
[INFO] [stdout]    --> src/lib.rs:167:13
[INFO] [stdout]     |
[INFO] [stdout] 167 |         pub paymentUrl: String,
[INFO] [stdout]     |             ^^^^^^^^^^ help: convert the identifier to snake case: `payment_url`
[INFO] [stdout] 
[INFO] [stdout] 
[INFO] [stdout] warning: 16 warnings emitted
[INFO] [stdout] 
[INFO] [stdout] 
[INFO] [stderr]     Finished dev [unoptimized + debuginfo] target(s) in 30.69s
[INFO] [stderr] warning: the following packages contain code that will be rejected by a future version of Rust: rustc-serialize v0.3.24
[INFO] [stderr] note: to see what the problems were, use the option `--future-incompat-report`, or run `cargo report future-incompatibilities --id 1`
[INFO] running `Command { std: "docker" "inspect" "42db476ef71e4561b527ee160a522bf8d55d3bf87f10417ed0102e80a7756d09", kill_on_drop: false }`
[INFO] running `Command { std: "docker" "rm" "-f" "42db476ef71e4561b527ee160a522bf8d55d3bf87f10417ed0102e80a7756d09", kill_on_drop: false }`
[INFO] [stdout] 42db476ef71e4561b527ee160a522bf8d55d3bf87f10417ed0102e80a7756d09
[INFO] running `Command { std: "docker" "create" "-v" "/var/lib/crater-agent-workspace/builds/worker-5-tc2/target:/opt/rustwide/target:rw,Z" "-v" "/var/lib/crater-agent-workspace/builds/worker-5-tc2/source:/opt/rustwide/workdir:ro,Z" "-v" "/var/lib/crater-agent-workspace/cargo-home:/opt/rustwide/cargo-home:ro,Z" "-v" "/var/lib/crater-agent-workspace/rustup-home:/opt/rustwide/rustup-home:ro,Z" "-e" "SOURCE_DIR=/opt/rustwide/workdir" "-e" "CARGO_TARGET_DIR=/opt/rustwide/target" "-e" "CARGO_INCREMENTAL=0" "-e" "RUST_BACKTRACE=full" "-e" "RUSTFLAGS=--cap-lints=warn" "-e" "RUSTDOCFLAGS=--cap-lints=warn" "-e" "CARGO_HOME=/opt/rustwide/cargo-home" "-e" "RUSTUP_HOME=/opt/rustwide/rustup-home" "-w" "/opt/rustwide/workdir" "-m" "1610612736" "--user" "0:0" "--network" "none" "ghcr.io/rust-lang/crates-build-env/linux@sha256:5ff2268d62e97bff2cde7d5815dd6ed5b47097566f13b8d0ca110b04b60e07ed" "/opt/rustwide/cargo-home/bin/cargo" "+beta-2023-04-20" "test" "--frozen" "--no-run" "--message-format=json", kill_on_drop: false }`
[INFO] [stdout] a4387d1caffdff562bb4b3907f6c23fc5e1d6cf973c2296d607b547adbb792d8
[INFO] running `Command { std: "docker" "start" "-a" "a4387d1caffdff562bb4b3907f6c23fc5e1d6cf973c2296d607b547adbb792d8", kill_on_drop: false }`
[INFO] [stdout] warning: unused imports: `SecretKey`, `Signature`, `SigningKey`, `signature::Signer`
[INFO] [stdout]  --> src/lib.rs:8:17
[INFO] [stdout]   |
[INFO] [stdout] 8 |         ecdsa::{SigningKey, Signature, signature::Signer}, SecretKey
[INFO] [stdout]   |                 ^^^^^^^^^^  ^^^^^^^^^  ^^^^^^^^^^^^^^^^^   ^^^^^^^^^
[INFO] [stdout]   |
[INFO] [stdout]   = note: `#[warn(unused_imports)]` on by default
[INFO] [stdout] 
[INFO] [stdout] 
[INFO] [stdout] warning: unused import: `base64`
[INFO] [stdout]   --> src/lib.rs:15:9
[INFO] [stdout]    |
[INFO] [stdout] 15 |     use base64;
[INFO] [stdout]    |         ^^^^^^
[INFO] [stdout] 
[INFO] [stdout] 
[INFO] [stdout] warning: unused import: `bitcoin_hashes::sha256`
[INFO] [stdout]   --> src/lib.rs:16:9
[INFO] [stdout]    |
[INFO] [stdout] 16 |     use bitcoin_hashes::sha256;
[INFO] [stdout]    |         ^^^^^^^^^^^^^^^^^^^^^^
[INFO] [stdout] 
[INFO] [stdout] 
[INFO] [stdout] warning: unused import: `std::env`
[INFO] [stdout]   --> src/lib.rs:17:9
[INFO] [stdout]    |
[INFO] [stdout] 17 |     use std::env;
[INFO] [stdout]    |         ^^^^^^^^
[INFO] [stdout] 
[INFO] [stdout] 
[INFO] [stdout] warning: unused variable: `other`
[INFO] [stdout]    --> src/lib.rs:270:17
[INFO] [stdout]     |
[INFO] [stdout] 270 |                 other => {
[INFO] [stdout]     |                 ^^^^^ help: if this is intentional, prefix it with an underscore: `_other`
[INFO] [stdout]     |
[INFO] [stdout]     = note: `#[warn(unused_variables)]` on by default
[INFO] [stdout] 
[INFO] [stdout] 
[INFO] [stdout] warning: struct `KeyPair` is never constructed
[INFO] [stdout]   --> src/lib.rs:19:16
[INFO] [stdout]    |
[INFO] [stdout] 19 |     pub struct KeyPair {
[INFO] [stdout]    |                ^^^^^^^
[INFO] [stdout]    |
[INFO] [stdout]    = note: `#[warn(dead_code)]` on by default
[INFO] [stdout] 
[INFO] [stdout] 
[INFO] [stdout] warning: static `API_BASE` is never used
[INFO] [stdout]   --> src/lib.rs:27:12
[INFO] [stdout]    |
[INFO] [stdout] 27 |     static API_BASE: &str = "https://get402.com/api";
[INFO] [stdout]    |            ^^^^^^^^
[INFO] [stdout] 
[INFO] [stdout] 
[INFO] [stdout] warning: associated function `generate` is never used
[INFO] [stdout]   --> src/lib.rs:32:16
[INFO] [stdout]    |
[INFO] [stdout] 30 |     impl KeyPair {
[INFO] [stdout]    |     ------------ associated function in this implementation
[INFO] [stdout] 31 |
[INFO] [stdout] 32 |         pub fn generate() -> KeyPair {
[INFO] [stdout]    |                ^^^^^^^^
[INFO] [stdout] 
[INFO] [stdout] 
[INFO] [stdout] warning: struct `App` is never constructed
[INFO] [stdout]   --> src/lib.rs:62:16
[INFO] [stdout]    |
[INFO] [stdout] 62 |     pub struct App {
[INFO] [stdout]    |                ^^^
[INFO] [stdout] 
[INFO] [stdout] 
[INFO] [stdout] warning: associated items `generate`, `load`, `create_client`, and `get_client_from_identifier` are never used
[INFO] [stdout]    --> src/lib.rs:72:16
[INFO] [stdout]     |
[INFO] [stdout] 70  |     impl App {
[INFO] [stdout]     |     -------- associated items in this implementation
[INFO] [stdout] 71  |
[INFO] [stdout] 72  |         pub fn generate() -> App {
[INFO] [stdout]     |                ^^^^^^^^
[INFO] [stdout] ...
[INFO] [stdout] 85  |         pub fn load(private_key_string: &str) -> App {
[INFO] [stdout]     |                ^^^^
[INFO] [stdout] ...
[INFO] [stdout] 107 |         pub fn create_client(&self) -> Client {
[INFO] [stdout]     |                ^^^^^^^^^^^^^
[INFO] [stdout] ...
[INFO] [stdout] 123 |         pub fn get_client_from_identifier(&self, identifier: &str) -> Client {
[INFO] [stdout]     |                ^^^^^^^^^^^^^^^^^^^^^^^^^^
[INFO] [stdout] 
[INFO] [stdout] 
[INFO] [stdout] warning: struct `Client` is never constructed
[INFO] [stdout]    --> src/lib.rs:139:16
[INFO] [stdout]     |
[INFO] [stdout] 139 |     pub struct Client<'a> {
[INFO] [stdout]     |                ^^^^^^
[INFO] [stdout] 
[INFO] [stdout] 
[INFO] [stdout] warning: variants `Unauthorized`, `InternalServerError`, `InsufficientFunds`, and `NotFound` are never constructed
[INFO] [stdout]    --> src/lib.rs:172:9
[INFO] [stdout]     |
[INFO] [stdout] 171 |     pub enum APIError {
[INFO] [stdout]     |              -------- variants in this enum
[INFO] [stdout] 172 |         Unauthorized,
[INFO] [stdout]     |         ^^^^^^^^^^^^
[INFO] [stdout] 173 |         InternalServerError,
[INFO] [stdout]     |         ^^^^^^^^^^^^^^^^^^^
[INFO] [stdout] 174 |         InsufficientFunds(PaymentRequired),
[INFO] [stdout]     |         ^^^^^^^^^^^^^^^^^
[INFO] [stdout] 175 |         NotFound,
[INFO] [stdout]     |         ^^^^^^^^
[INFO] [stdout]     |
[INFO] [stdout]     = note: `APIError` has a derived impl for the trait `Debug`, but this is intentionally ignored during dead code analysis
[INFO] [stdout] 
[INFO] [stdout] 
[INFO] [stdout] warning: type alias `ChargeCreditResult` is never used
[INFO] [stdout]    --> src/lib.rs:191:14
[INFO] [stdout]     |
[INFO] [stdout] 191 |     pub type ChargeCreditResult = Result<ChargeCreditAPIResponse, APIError>;
[INFO] [stdout]     |              ^^^^^^^^^^^^^^^^^^
[INFO] [stdout] 
[INFO] [stdout] 
[INFO] [stdout] warning: methods `get_balance`, `request_buy_credits`, `charge_credit`, and `authorize` are never used
[INFO] [stdout]    --> src/lib.rs:195:22
[INFO] [stdout]     |
[INFO] [stdout] 193 |     impl Client<'_> {
[INFO] [stdout]     |     --------------- methods in this implementation
[INFO] [stdout] 194 |
[INFO] [stdout] 195 |         pub async fn get_balance(&self) -> Result<u64, APIError> {
[INFO] [stdout]     |                      ^^^^^^^^^^^
[INFO] [stdout] ...
[INFO] [stdout] 213 |         pub async fn request_buy_credits(&self, credits: u64) -> Result<PaymentRequired, APIError> {
[INFO] [stdout]     |                      ^^^^^^^^^^^^^^^^^^^
[INFO] [stdout] ...
[INFO] [stdout] 233 |         pub async fn charge_credit(&self, map: &HashMap<&str, u64>) -> ChargeCreditResult {
[INFO] [stdout]     |                      ^^^^^^^^^^^^^
[INFO] [stdout] ...
[INFO] [stdout] 299 |         fn authorize(&self) -> HeaderMap {
[INFO] [stdout]     |            ^^^^^^^^^
[INFO] [stdout] 
[INFO] [stdout] 
[INFO] [stderr]    Compiling get402 v0.1.2 (/opt/rustwide/workdir)
[INFO] [stdout] warning: module `Get402` should have a snake case name
[INFO] [stdout]  --> src/lib.rs:2:5
[INFO] [stdout]   |
[INFO] [stdout] 2 | mod Get402 {
[INFO] [stdout]   |     ^^^^^^ help: convert the identifier to snake case: `get402`
[INFO] [stdout]   |
[INFO] [stdout]   = note: `#[warn(non_snake_case)]` on by default
[INFO] [stdout] 
[INFO] [stdout] 
[INFO] [stdout] warning: structure field `paymentUrl` should have a snake case name
[INFO] [stdout]    --> src/lib.rs:167:13
[INFO] [stdout]     |
[INFO] [stdout] 167 |         pub paymentUrl: String,
[INFO] [stdout]     |             ^^^^^^^^^^ help: convert the identifier to snake case: `payment_url`
[INFO] [stdout] 
[INFO] [stdout] 
[INFO] [stdout] warning: 16 warnings emitted
[INFO] [stdout] 
[INFO] [stdout] 
[INFO] [stdout] warning: unused imports: `SecretKey`, `Signature`, `SigningKey`, `signature::Signer`
[INFO] [stdout]  --> src/lib.rs:8:17
[INFO] [stdout]   |
[INFO] [stdout] 8 |         ecdsa::{SigningKey, Signature, signature::Signer}, SecretKey
[INFO] [stdout]   |                 ^^^^^^^^^^  ^^^^^^^^^  ^^^^^^^^^^^^^^^^^   ^^^^^^^^^
[INFO] [stdout]   |
[INFO] [stdout]   = note: `#[warn(unused_imports)]` on by default
[INFO] [stdout] 
[INFO] [stdout] 
[INFO] [stdout] warning: unused import: `base64`
[INFO] [stdout]   --> src/lib.rs:15:9
[INFO] [stdout]    |
[INFO] [stdout] 15 |     use base64;
[INFO] [stdout]    |         ^^^^^^
[INFO] [stdout] 
[INFO] [stdout] 
[INFO] [stdout] warning: unused import: `bitcoin_hashes::sha256`
[INFO] [stdout]   --> src/lib.rs:16:9
[INFO] [stdout]    |
[INFO] [stdout] 16 |     use bitcoin_hashes::sha256;
[INFO] [stdout]    |         ^^^^^^^^^^^^^^^^^^^^^^
[INFO] [stdout] 
[INFO] [stdout] 
[INFO] [stdout] warning: unused import: `std::env`
[INFO] [stdout]   --> src/lib.rs:17:9
[INFO] [stdout]    |
[INFO] [stdout] 17 |     use std::env;
[INFO] [stdout]    |         ^^^^^^^^
[INFO] [stdout] 
[INFO] [stdout] 
[INFO] [stdout] warning: unused variable: `other`
[INFO] [stdout]    --> src/lib.rs:270:17
[INFO] [stdout]     |
[INFO] [stdout] 270 |                 other => {
[INFO] [stdout]     |                 ^^^^^ help: if this is intentional, prefix it with an underscore: `_other`
[INFO] [stdout]     |
[INFO] [stdout]     = note: `#[warn(unused_variables)]` on by default
[INFO] [stdout] 
[INFO] [stdout] 
[INFO] [stdout] warning: unused variable: `app`
[INFO] [stdout]    --> src/lib.rs:336:13
[INFO] [stdout]     |
[INFO] [stdout] 336 |         let app: Get402::App = Get402::App::generate();
[INFO] [stdout]     |             ^^^ help: if this is intentional, prefix it with an underscore: `_app`
[INFO] [stdout] 
[INFO] [stdout] 
[INFO] [stdout] warning: unused variable: `app`
[INFO] [stdout]    --> src/lib.rs:345:13
[INFO] [stdout]     |
[INFO] [stdout] 345 |         let app: Get402::App = Get402::App::load(private_key);
[INFO] [stdout]     |             ^^^ help: if this is intentional, prefix it with an underscore: `_app`
[INFO] [stdout] 
[INFO] [stdout] 
[INFO] [stdout] warning: unused variable: `payment_request`
[INFO] [stdout]    --> src/lib.rs:389:53
[INFO] [stdout]     |
[INFO] [stdout] 389 |             Err(Get402::APIError::InsufficientFunds(payment_request)) => {
[INFO] [stdout]     |                                                     ^^^^^^^^^^^^^^^ help: if this is intentional, prefix it with an underscore: `_payment_request`
[INFO] [stdout] 
[INFO] [stdout] 
[INFO] [stdout] warning: unused variable: `other`
[INFO] [stdout]    --> src/lib.rs:393:13
[INFO] [stdout]     |
[INFO] [stdout] 393 |             other => {
[INFO] [stdout]     |             ^^^^^ help: if this is intentional, prefix it with an underscore: `_other`
[INFO] [stdout] 
[INFO] [stdout] 
[INFO] [stdout] warning: unused variable: `other`
[INFO] [stdout]    --> src/lib.rs:415:13
[INFO] [stdout]     |
[INFO] [stdout] 415 |             other => {
[INFO] [stdout]     |             ^^^^^ help: if this is intentional, prefix it with an underscore: `_other`
[INFO] [stdout] 
[INFO] [stdout] 
[INFO] [stdout] warning: field `private_key` is never read
[INFO] [stdout]   --> src/lib.rs:66:9
[INFO] [stdout]    |
[INFO] [stdout] 62 |     pub struct App {
[INFO] [stdout]    |                --- field in this struct
[INFO] [stdout] ...
[INFO] [stdout] 66 |         private_key: PrivateKey,
[INFO] [stdout]    |         ^^^^^^^^^^^
[INFO] [stdout]    |
[INFO] [stdout]    = note: `#[warn(dead_code)]` on by default
[INFO] [stdout] 
[INFO] [stdout] 
[INFO] [stdout] warning: field `private_key` is never read
[INFO] [stdout]    --> src/lib.rs:143:9
[INFO] [stdout]     |
[INFO] [stdout] 139 |     pub struct Client<'a> {
[INFO] [stdout]     |                ------ field in this struct
[INFO] [stdout] ...
[INFO] [stdout] 143 |         private_key: Option<PrivateKey>,
[INFO] [stdout]     |         ^^^^^^^^^^^
[INFO] [stdout] 
[INFO] [stdout] 
[INFO] [stdout] warning: variant `NotFound` is never constructed
[INFO] [stdout]    --> src/lib.rs:175:9
[INFO] [stdout]     |
[INFO] [stdout] 171 |     pub enum APIError {
[INFO] [stdout]     |              -------- variant in this enum
[INFO] [stdout] ...
[INFO] [stdout] 175 |         NotFound,
[INFO] [stdout]     |         ^^^^^^^^
[INFO] [stdout]     |
[INFO] [stdout]     = note: `APIError` has a derived impl for the trait `Debug`, but this is intentionally ignored during dead code analysis
[INFO] [stdout] 
[INFO] [stdout] 
[INFO] [stdout] warning: module `Get402` should have a snake case name
[INFO] [stdout]  --> src/lib.rs:2:5
[INFO] [stdout]   |
[INFO] [stdout] 2 | mod Get402 {
[INFO] [stdout]   |     ^^^^^^ help: convert the identifier to snake case: `get402`
[INFO] [stdout]   |
[INFO] [stdout]   = note: `#[warn(non_snake_case)]` on by default
[INFO] [stdout] 
[INFO] [stdout] 
[INFO] [stdout] warning: structure field `paymentUrl` should have a snake case name
[INFO] [stdout]    --> src/lib.rs:167:13
[INFO] [stdout]     |
[INFO] [stdout] 167 |         pub paymentUrl: String,
[INFO] [stdout]     |             ^^^^^^^^^^ help: convert the identifier to snake case: `payment_url`
[INFO] [stdout] 
[INFO] [stdout] 
[INFO] [stdout] warning: variable `PaymentRequired` should have a snake case name
[INFO] [stdout]    --> src/lib.rs:409:16
[INFO] [stdout]     |
[INFO] [stdout] 409 |             Ok(PaymentRequired) => {
[INFO] [stdout]     |                ^^^^^^^^^^^^^^^ help: convert the identifier to snake case: `payment_required`
[INFO] [stdout] 
[INFO] [stdout] 
[INFO] [stdout] warning: 16 warnings emitted
[INFO] [stdout] 
[INFO] [stdout] 
[INFO] [stderr]     Finished test [unoptimized + debuginfo] target(s) in 2.98s
[INFO] [stderr] warning: the following packages contain code that will be rejected by a future version of Rust: rustc-serialize v0.3.24
[INFO] [stderr] note: to see what the problems were, use the option `--future-incompat-report`, or run `cargo report future-incompatibilities --id 1`
[INFO] running `Command { std: "docker" "inspect" "a4387d1caffdff562bb4b3907f6c23fc5e1d6cf973c2296d607b547adbb792d8", kill_on_drop: false }`
[INFO] running `Command { std: "docker" "rm" "-f" "a4387d1caffdff562bb4b3907f6c23fc5e1d6cf973c2296d607b547adbb792d8", kill_on_drop: false }`
[INFO] [stdout] a4387d1caffdff562bb4b3907f6c23fc5e1d6cf973c2296d607b547adbb792d8
[INFO] running `Command { std: "docker" "create" "-v" "/var/lib/crater-agent-workspace/builds/worker-5-tc2/target:/opt/rustwide/target:rw,Z" "-v" "/var/lib/crater-agent-workspace/builds/worker-5-tc2/source:/opt/rustwide/workdir:ro,Z" "-v" "/var/lib/crater-agent-workspace/cargo-home:/opt/rustwide/cargo-home:ro,Z" "-v" "/var/lib/crater-agent-workspace/rustup-home:/opt/rustwide/rustup-home:ro,Z" "-e" "SOURCE_DIR=/opt/rustwide/workdir" "-e" "CARGO_TARGET_DIR=/opt/rustwide/target" "-e" "CARGO_INCREMENTAL=0" "-e" "RUST_BACKTRACE=full" "-e" "RUSTFLAGS=--cap-lints=warn" "-e" "RUSTDOCFLAGS=--cap-lints=warn" "-e" "CARGO_HOME=/opt/rustwide/cargo-home" "-e" "RUSTUP_HOME=/opt/rustwide/rustup-home" "-w" "/opt/rustwide/workdir" "-m" "1610612736" "--user" "0:0" "--network" "none" "ghcr.io/rust-lang/crates-build-env/linux@sha256:5ff2268d62e97bff2cde7d5815dd6ed5b47097566f13b8d0ca110b04b60e07ed" "/opt/rustwide/cargo-home/bin/cargo" "+beta-2023-04-20" "test" "--frozen", kill_on_drop: false }`
[INFO] [stdout] 61ffcaa8cf683023b02376fbcfe4ed9a3e594cde5835f0d2dbfccebce627966b
[INFO] running `Command { std: "docker" "start" "-a" "61ffcaa8cf683023b02376fbcfe4ed9a3e594cde5835f0d2dbfccebce627966b", kill_on_drop: false }`
[INFO] [stderr] warning: unused imports: `SecretKey`, `Signature`, `SigningKey`, `signature::Signer`
[INFO] [stderr]  --> src/lib.rs:8:17
[INFO] [stderr]   |
[INFO] [stderr] 8 |         ecdsa::{SigningKey, Signature, signature::Signer}, SecretKey
[INFO] [stderr]   |                 ^^^^^^^^^^  ^^^^^^^^^  ^^^^^^^^^^^^^^^^^   ^^^^^^^^^
[INFO] [stderr]   |
[INFO] [stderr]   = note: `#[warn(unused_imports)]` on by default
[INFO] [stderr] 
[INFO] [stderr] warning: unused import: `base64`
[INFO] [stderr]   --> src/lib.rs:15:9
[INFO] [stderr]    |
[INFO] [stderr] 15 |     use base64;
[INFO] [stderr]    |         ^^^^^^
[INFO] [stderr] 
[INFO] [stderr] warning: unused import: `bitcoin_hashes::sha256`
[INFO] [stderr]   --> src/lib.rs:16:9
[INFO] [stderr]    |
[INFO] [stderr] 16 |     use bitcoin_hashes::sha256;
[INFO] [stderr]    |         ^^^^^^^^^^^^^^^^^^^^^^
[INFO] [stderr] 
[INFO] [stderr] warning: unused import: `std::env`
[INFO] [stderr]   --> src/lib.rs:17:9
[INFO] [stderr]    |
[INFO] [stderr] 17 |     use std::env;
[INFO] [stderr]    |         ^^^^^^^^
[INFO] [stderr] 
[INFO] [stderr] warning: unused variable: `other`
[INFO] [stderr]    --> src/lib.rs:270:17
[INFO] [stderr]     |
[INFO] [stderr] 270 |                 other => {
[INFO] [stderr]     |                 ^^^^^ help: if this is intentional, prefix it with an underscore: `_other`
[INFO] [stderr]     |
[INFO] [stderr]     = note: `#[warn(unused_variables)]` on by default
[INFO] [stderr] 
[INFO] [stderr] warning: struct `KeyPair` is never constructed
[INFO] [stderr]   --> src/lib.rs:19:16
[INFO] [stderr]    |
[INFO] [stderr] 19 |     pub struct KeyPair {
[INFO] [stderr]    |                ^^^^^^^
[INFO] [stderr]    |
[INFO] [stderr]    = note: `#[warn(dead_code)]` on by default
[INFO] [stderr] 
[INFO] [stderr] warning: static `API_BASE` is never used
[INFO] [stderr]   --> src/lib.rs:27:12
[INFO] [stderr]    |
[INFO] [stderr] 27 |     static API_BASE: &str = "https://get402.com/api";
[INFO] [stderr]    |            ^^^^^^^^
[INFO] [stderr] 
[INFO] [stderr] warning: associated function `generate` is never used
[INFO] [stderr]   --> src/lib.rs:32:16
[INFO] [stderr]    |
[INFO] [stderr] 30 |     impl KeyPair {
[INFO] [stderr]    |     ------------ associated function in this implementation
[INFO] [stderr] 31 |
[INFO] [stderr] 32 |         pub fn generate() -> KeyPair {
[INFO] [stderr]    |                ^^^^^^^^
[INFO] [stderr] 
[INFO] [stderr] warning: struct `App` is never constructed
[INFO] [stderr]   --> src/lib.rs:62:16
[INFO] [stderr]    |
[INFO] [stderr] 62 |     pub struct App {
[INFO] [stderr]    |                ^^^
[INFO] [stderr] 
[INFO] [stderr] warning: associated items `generate`, `load`, `create_client`, and `get_client_from_identifier` are never used
[INFO] [stderr]    --> src/lib.rs:72:16
[INFO] [stderr]     |
[INFO] [stderr] 70  |     impl App {
[INFO] [stderr]     |     -------- associated items in this implementation
[INFO] [stderr] 71  |
[INFO] [stderr] 72  |         pub fn generate() -> App {
[INFO] [stderr]     |                ^^^^^^^^
[INFO] [stderr] ...
[INFO] [stderr] 85  |         pub fn load(private_key_string: &str) -> App {
[INFO] [stderr]     |                ^^^^
[INFO] [stderr] ...
[INFO] [stderr] 107 |         pub fn create_client(&self) -> Client {
[INFO] [stderr]     |                ^^^^^^^^^^^^^
[INFO] [stderr] ...
[INFO] [stderr] 123 |         pub fn get_client_from_identifier(&self, identifier: &str) -> Client {
[INFO] [stderr]     |                ^^^^^^^^^^^^^^^^^^^^^^^^^^
[INFO] [stderr] 
[INFO] [stderr] warning: struct `Client` is never constructed
[INFO] [stderr]    --> src/lib.rs:139:16
[INFO] [stderr]     |
[INFO] [stderr] 139 |     pub struct Client<'a> {
[INFO] [stderr]     |                ^^^^^^
[INFO] [stderr] 
[INFO] [stderr] warning: variants `Unauthorized`, `InternalServerError`, `InsufficientFunds`, and `NotFound` are never constructed
[INFO] [stderr]    --> src/lib.rs:172:9
[INFO] [stderr]     |
[INFO] [stderr] 171 |     pub enum APIError {
[INFO] [stderr]     |              -------- variants in this enum
[INFO] [stderr] 172 |         Unauthorized,
[INFO] [stderr]     |         ^^^^^^^^^^^^
[INFO] [stderr] 173 |         InternalServerError,
[INFO] [stderr]     |         ^^^^^^^^^^^^^^^^^^^
[INFO] [stderr] 174 |         InsufficientFunds(PaymentRequired),
[INFO] [stderr]     |         ^^^^^^^^^^^^^^^^^
[INFO] [stderr] 175 |         NotFound,
[INFO] [stderr]     |         ^^^^^^^^
[INFO] [stderr]     |
[INFO] [stderr]     = note: `APIError` has a derived impl for the trait `Debug`, but this is intentionally ignored during dead code analysis
[INFO] [stderr] 
[INFO] [stderr] warning: type alias `ChargeCreditResult` is never used
[INFO] [stderr]    --> src/lib.rs:191:14
[INFO] [stderr]     |
[INFO] [stderr] 191 |     pub type ChargeCreditResult = Result<ChargeCreditAPIResponse, APIError>;
[INFO] [stderr]     |              ^^^^^^^^^^^^^^^^^^
[INFO] [stderr] 
[INFO] [stderr] warning: methods `get_balance`, `request_buy_credits`, `charge_credit`, and `authorize` are never used
[INFO] [stderr]    --> src/lib.rs:195:22
[INFO] [stderr]     |
[INFO] [stderr] 193 |     impl Client<'_> {
[INFO] [stderr]     |     --------------- methods in this implementation
[INFO] [stderr] 194 |
[INFO] [stderr] 195 |         pub async fn get_balance(&self) -> Result<u64, APIError> {
[INFO] [stderr]     |                      ^^^^^^^^^^^
[INFO] [stderr] ...
[INFO] [stderr] 213 |         pub async fn request_buy_credits(&self, credits: u64) -> Result<PaymentRequired, APIError> {
[INFO] [stderr]     |                      ^^^^^^^^^^^^^^^^^^^
[INFO] [stderr] ...
[INFO] [stderr] 233 |         pub async fn charge_credit(&self, map: &HashMap<&str, u64>) -> ChargeCreditResult {
[INFO] [stderr]     |                      ^^^^^^^^^^^^^
[INFO] [stderr] ...
[INFO] [stderr] 299 |         fn authorize(&self) -> HeaderMap {
[INFO] [stderr]     |            ^^^^^^^^^
[INFO] [stderr] 
[INFO] [stderr] warning: module `Get402` should have a snake case name
[INFO] [stderr]  --> src/lib.rs:2:5
[INFO] [stderr]   |
[INFO] [stderr] 2 | mod Get402 {
[INFO] [stderr]   |     ^^^^^^ help: convert the identifier to snake case: `get402`
[INFO] [stderr]   |
[INFO] [stderr]   = note: `#[warn(non_snake_case)]` on by default
[INFO] [stderr] 
[INFO] [stderr] warning: structure field `paymentUrl` should have a snake case name
[INFO] [stderr]    --> src/lib.rs:167:13
[INFO] [stderr]     |
[INFO] [stderr] 167 |         pub paymentUrl: String,
[INFO] [stderr]     |             ^^^^^^^^^^ help: convert the identifier to snake case: `payment_url`
[INFO] [stderr] 
[INFO] [stderr] warning: unused variable: `app`
[INFO] [stderr]    --> src/lib.rs:336:13
[INFO] [stderr]     |
[INFO] [stderr] 336 |         let app: Get402::App = Get402::App::generate();
[INFO] [stderr]     |             ^^^ help: if this is intentional, prefix it with an underscore: `_app`
[INFO] [stderr] 
[INFO] [stderr] warning: unused variable: `app`
[INFO] [stderr]    --> src/lib.rs:345:13
[INFO] [stderr]     |
[INFO] [stderr] 345 |         let app: Get402::App = Get402::App::load(private_key);
[INFO] [stderr]     |             ^^^ help: if this is intentional, prefix it with an underscore: `_app`
[INFO] [stderr] 
[INFO] [stderr] warning: unused variable: `payment_request`
[INFO] [stderr]    --> src/lib.rs:389:53
[INFO] [stderr]     |
[INFO] [stderr] 389 |             Err(Get402::APIError::InsufficientFunds(payment_request)) => {
[INFO] [stderr]     |                                                     ^^^^^^^^^^^^^^^ help: if this is intentional, prefix it with an underscore: `_payment_request`
[INFO] [stderr] 
[INFO] [stderr] warning: unused variable: `other`
[INFO] [stderr]    --> src/lib.rs:393:13
[INFO] [stderr]     |
[INFO] [stderr] 393 |             other => {
[INFO] [stderr]     |             ^^^^^ help: if this is intentional, prefix it with an underscore: `_other`
[INFO] [stderr] 
[INFO] [stderr] warning: unused variable: `other`
[INFO] [stderr]    --> src/lib.rs:415:13
[INFO] [stderr]     |
[INFO] [stderr] 415 |             other => {
[INFO] [stderr]     |             ^^^^^ help: if this is intentional, prefix it with an underscore: `_other`
[INFO] [stderr] 
[INFO] [stderr] warning: field `private_key` is never read
[INFO] [stderr]   --> src/lib.rs:66:9
[INFO] [stderr]    |
[INFO] [stderr] 62 |     pub struct App {
[INFO] [stderr]    |                --- field in this struct
[INFO] [stderr] ...
[INFO] [stderr] 66 |         private_key: PrivateKey,
[INFO] [stderr]    |         ^^^^^^^^^^^
[INFO] [stderr]    |
[INFO] [stderr]    = note: `#[warn(dead_code)]` on by default
[INFO] [stderr] 
[INFO] [stderr] warning: field `private_key` is never read
[INFO] [stderr]    --> src/lib.rs:143:9
[INFO] [stderr]     |
[INFO] [stderr] 139 |     pub struct Client<'a> {
[INFO] [stderr]     |                ------ field in this struct
[INFO] [stderr] ...
[INFO] [stderr] 143 |         private_key: Option<PrivateKey>,
[INFO] [stderr]     |         ^^^^^^^^^^^
[INFO] [stderr] 
[INFO] [stderr] warning: variant `NotFound` is never constructed
[INFO] [stderr]    --> src/lib.rs:175:9
[INFO] [stderr]     |
[INFO] [stderr] 171 |     pub enum APIError {
[INFO] [stderr]     |              -------- variant in this enum
[INFO] [stderr] ...
[INFO] [stderr] 175 |         NotFound,
[INFO] [stderr]     |         ^^^^^^^^
[INFO] [stderr]     |
[INFO] [stderr]     = note: `APIError` has a derived impl for the trait `Debug`, but this is intentionally ignored during dead code analysis
[INFO] [stderr] 
[INFO] [stderr] warning: variable `PaymentRequired` should have a snake case name
[INFO] [stderr]    --> src/lib.rs:409:16
[INFO] [stderr]     |
[INFO] [stderr] 409 |             Ok(PaymentRequired) => {
[INFO] [stderr]     |                ^^^^^^^^^^^^^^^ help: convert the identifier to snake case: `payment_required`
[INFO] [stderr] 
[INFO] [stderr] warning: `get402` (lib) generated 16 warnings (run `cargo fix --lib -p get402` to apply 5 suggestions)
[INFO] [stderr] warning: `get402` (lib test) generated 16 warnings (7 duplicates) (run `cargo fix --lib -p get402 --tests` to apply 5 suggestions)
[INFO] [stderr]     Finished test [unoptimized + debuginfo] target(s) in 0.10s
[INFO] [stderr] warning: the following packages contain code that will be rejected by a future version of Rust: rustc-serialize v0.3.24
[INFO] [stderr] note: to see what the problems were, use the option `--future-incompat-report`, or run `cargo report future-incompatibilities --id 1`
[INFO] [stderr]      Running unittests src/lib.rs (/opt/rustwide/target/debug/deps/get402-7a98930ea0833955)
[INFO] [stdout] 
[INFO] [stdout] running 7 tests
[INFO] [stdout] test tests::it_should_get_402_when_charging_a_client_key_with_zero_balance ... ignored
[INFO] [stdout] test tests::it_sends_a_payment_for_more_credits ... ok
[INFO] [stdout] test tests::it_gets_a_client_from_an_existing_identifier ... ok
[INFO] [stdout] test tests::it_loads_an_existing_app_from_privatekey_string ... ok
[INFO] [stdout] test tests::it_generates_new_app_with_random_private_key_and_identifier ... ok
[INFO] [stdout] test tests::it_gets_a_payment_request_for_more_credits ... FAILED
[INFO] [stdout] test tests::it_gets_the_balance_of_a_new_api_client_key ... FAILED
[INFO] [stdout] 
[INFO] [stdout] failures:
[INFO] [stdout] 
[INFO] [stdout] ---- tests::it_gets_a_payment_request_for_more_credits stdout ----
[INFO] [stdout] BUY CREDITS URL https://get402.com/api/apps/1La1E6wf3EPgom9MToRUNiUYei9AGfB5Mw/clients/1H1w1HYH3ibYc3CdbmsYYyYDrymtaKLFeQ/buy-credits/10
[INFO] [stdout] thread 'tests::it_gets_a_payment_request_for_more_credits' panicked at 'called `Result::unwrap()` on an `Err` value: reqwest::Error { kind: Request, url: Url { scheme: "https", cannot_be_a_base: false, username: "", password: None, host: Some(Domain("get402.com")), port: None, path: "/api/apps/1La1E6wf3EPgom9MToRUNiUYei9AGfB5Mw/clients/1H1w1HYH3ibYc3CdbmsYYyYDrymtaKLFeQ/buy-credits/10", query: None, fragment: None }, source: hyper::Error(Connect, ConnectError("dns error", Custom { kind: Uncategorized, error: "failed to lookup address information: Temporary failure in name resolution" })) }', src/lib.rs:225:18
[INFO] [stdout] stack backtrace:
[INFO] [stdout]    0:     0x5625c519a3ba - std::backtrace_rs::backtrace::libunwind::trace::h2f05d0192276a8f6
[INFO] [stdout]                                at /rustc/1b7dd2252b99671ce5d1cb9664c5f8636329436d/library/std/src/../../backtrace/src/backtrace/libunwind.rs:93:5
[INFO] [stdout]    1:     0x5625c519a3ba - std::backtrace_rs::backtrace::trace_unsynchronized::hedc23dff7a1af150
[INFO] [stdout]                                at /rustc/1b7dd2252b99671ce5d1cb9664c5f8636329436d/library/std/src/../../backtrace/src/backtrace/mod.rs:66:5
[INFO] [stdout]    2:     0x5625c519a3ba - std::sys_common::backtrace::_print_fmt::h17541ef7592f3ce2
[INFO] [stdout]                                at /rustc/1b7dd2252b99671ce5d1cb9664c5f8636329436d/library/std/src/sys_common/backtrace.rs:65:5
[INFO] [stdout]    3:     0x5625c519a3ba - <std::sys_common::backtrace::_print::DisplayBacktrace as core::fmt::Display>::fmt::h20f75df5ab0c0792
[INFO] [stdout]                                at /rustc/1b7dd2252b99671ce5d1cb9664c5f8636329436d/library/std/src/sys_common/backtrace.rs:44:22
[INFO] [stdout]    4:     0x5625c51c0eef - core::fmt::write::h78109e6f466b3af6
[INFO] [stdout]                                at /rustc/1b7dd2252b99671ce5d1cb9664c5f8636329436d/library/core/src/fmt/mod.rs:1254:17
[INFO] [stdout]    5:     0x5625c5196c45 - std::io::Write::write_fmt::hd24bfb68a1b35a25
[INFO] [stdout]                                at /rustc/1b7dd2252b99671ce5d1cb9664c5f8636329436d/library/std/src/io/mod.rs:1698:15
[INFO] [stdout]    6:     0x5625c519a185 - std::sys_common::backtrace::_print::h8dac57a9f8fbf9a5
[INFO] [stdout]                                at /rustc/1b7dd2252b99671ce5d1cb9664c5f8636329436d/library/std/src/sys_common/backtrace.rs:47:5
[INFO] [stdout]    7:     0x5625c519a185 - std::sys_common::backtrace::print::hf9ecbf41d1aa712f
[INFO] [stdout]                                at /rustc/1b7dd2252b99671ce5d1cb9664c5f8636329436d/library/std/src/sys_common/backtrace.rs:34:9
[INFO] [stdout]    8:     0x5625c519be3e - std::panicking::default_hook::{{closure}}::h04c07acfc84ca028
[INFO] [stdout]                                at /rustc/1b7dd2252b99671ce5d1cb9664c5f8636329436d/library/std/src/panicking.rs:269:22
[INFO] [stdout]    9:     0x5625c519bb71 - std::panicking::default_hook::h01f6bb23e1eceb2c
[INFO] [stdout]                                at /rustc/1b7dd2252b99671ce5d1cb9664c5f8636329436d/library/std/src/panicking.rs:285:9
[INFO] [stdout]   10:     0x5625c4c81e0b - <alloc::boxed::Box<F,A> as core::ops::function::Fn<Args>>::call::h87fe9f7b2fd49e4c
[INFO] [stdout]                                at /rustc/1b7dd2252b99671ce5d1cb9664c5f8636329436d/library/alloc/src/boxed.rs:1987:9
[INFO] [stdout]   11:     0x5625c4c81e0b - test::test_main::{{closure}}::he94d679243a7531b
[INFO] [stdout]                                at /rustc/1b7dd2252b99671ce5d1cb9664c5f8636329436d/library/test/src/lib.rs:134:21
[INFO] [stdout]   12:     0x5625c519c524 - <alloc::boxed::Box<F,A> as core::ops::function::Fn<Args>>::call::h3f2d6d8b14c4769f
[INFO] [stdout]                                at /rustc/1b7dd2252b99671ce5d1cb9664c5f8636329436d/library/alloc/src/boxed.rs:1987:9
[INFO] [stdout]   13:     0x5625c519c524 - std::panicking::rust_panic_with_hook::h2bb3722bbaf2f6df
[INFO] [stdout]                                at /rustc/1b7dd2252b99671ce5d1cb9664c5f8636329436d/library/std/src/panicking.rs:695:13
[INFO] [stdout]   14:     0x5625c519c299 - std::panicking::begin_panic_handler::{{closure}}::h91bc7f36a4be011b
[INFO] [stdout]                                at /rustc/1b7dd2252b99671ce5d1cb9664c5f8636329436d/library/std/src/panicking.rs:582:13
[INFO] [stdout]   15:     0x5625c519a826 - std::sys_common::backtrace::__rust_end_short_backtrace::h8b3d3717114f9e59
[INFO] [stdout]                                at /rustc/1b7dd2252b99671ce5d1cb9664c5f8636329436d/library/std/src/sys_common/backtrace.rs:150:18
[INFO] [stdout]   16:     0x5625c519bff2 - rust_begin_unwind
[INFO] [stdout]                                at /rustc/1b7dd2252b99671ce5d1cb9664c5f8636329436d/library/std/src/panicking.rs:578:5
[INFO] [stdout]   17:     0x5625c4c20453 - core::panicking::panic_fmt::hfd368e3fbdabea26
[INFO] [stdout]                                at /rustc/1b7dd2252b99671ce5d1cb9664c5f8636329436d/library/core/src/panicking.rs:67:14
[INFO] [stdout]   18:     0x5625c4c209f3 - core::result::unwrap_failed::he54eb4b2f125b26f
[INFO] [stdout]                                at /rustc/1b7dd2252b99671ce5d1cb9664c5f8636329436d/library/core/src/result.rs:1687:5
[INFO] [stdout]   19:     0x5625c4c4518d - core::result::Result<T,E>::unwrap::h6858f985a2bcda60
[INFO] [stdout]                                at /rustc/1b7dd2252b99671ce5d1cb9664c5f8636329436d/library/core/src/result.rs:1089:23
[INFO] [stdout]   20:     0x5625c4c2c764 - get402::Get402::Client::request_buy_credits::{{closure}}::ha8fe17169f00b989
[INFO] [stdout]                                at /opt/rustwide/workdir/src/lib.rs:221:28
[INFO] [stdout]   21:     0x5625c4c4aa05 - get402::tests::it_gets_a_payment_request_for_more_credits::{{closure}}::h0e4692a8c27d5459
[INFO] [stdout]                                at /opt/rustwide/workdir/src/lib.rs:407:45
[INFO] [stdout]   22:     0x5625c4c4e7ab - <core::pin::Pin<P> as core::future::future::Future>::poll::ha75f820c4a8bd4fd
[INFO] [stdout]                                at /rustc/1b7dd2252b99671ce5d1cb9664c5f8636329436d/library/core/src/future/future.rs:125:9
[INFO] [stdout]   23:     0x5625c4c41704 - tokio::runtime::basic_scheduler::CoreGuard::block_on::{{closure}}::{{closure}}::{{closure}}::habf2604cdb73d1a8
[INFO] [stdout]                                at /opt/rustwide/cargo-home/registry/src/index.crates.io-6f17d22bba15001f/tokio-1.17.0/src/runtime/basic_scheduler.rs:498:48
[INFO] [stdout]   24:     0x5625c4c4c6d0 - tokio::coop::with_budget::{{closure}}::hd2870e2af86f5494
[INFO] [stdout]                                at /opt/rustwide/cargo-home/registry/src/index.crates.io-6f17d22bba15001f/tokio-1.17.0/src/coop.rs:102:9
[INFO] [stdout]   25:     0x5625c4c44319 - std::thread::local::LocalKey<T>::try_with::hd52291c4eabfa829
[INFO] [stdout]                                at /rustc/1b7dd2252b99671ce5d1cb9664c5f8636329436d/library/std/src/thread/local.rs:252:16
[INFO] [stdout]   26:     0x5625c4c42eea - std::thread::local::LocalKey<T>::with::h85ad076e28c5560d
[INFO] [stdout]                                at /rustc/1b7dd2252b99671ce5d1cb9664c5f8636329436d/library/std/src/thread/local.rs:228:9
[INFO] [stdout]   27:     0x5625c4c41286 - tokio::coop::with_budget::h59063a14af0d68d4
[INFO] [stdout]                                at /opt/rustwide/cargo-home/registry/src/index.crates.io-6f17d22bba15001f/tokio-1.17.0/src/coop.rs:95:5
[INFO] [stdout]   28:     0x5625c4c41286 - tokio::coop::budget::h1462ccdb4c8617cf
[INFO] [stdout]                                at /opt/rustwide/cargo-home/registry/src/index.crates.io-6f17d22bba15001f/tokio-1.17.0/src/coop.rs:72:5
[INFO] [stdout]   29:     0x5625c4c41286 - tokio::runtime::basic_scheduler::CoreGuard::block_on::{{closure}}::{{closure}}::h122938ab88d76b3e
[INFO] [stdout]                                at /opt/rustwide/cargo-home/registry/src/index.crates.io-6f17d22bba15001f/tokio-1.17.0/src/runtime/basic_scheduler.rs:498:25
[INFO] [stdout]   30:     0x5625c4c3d439 - tokio::runtime::basic_scheduler::Context::enter::h2d60a702e023c120
[INFO] [stdout]                                at /opt/rustwide/cargo-home/registry/src/index.crates.io-6f17d22bba15001f/tokio-1.17.0/src/runtime/basic_scheduler.rs:356:19
[INFO] [stdout]   31:     0x5625c4c3f967 - tokio::runtime::basic_scheduler::CoreGuard::block_on::{{closure}}::h26e8f5ccca96e9b5
[INFO] [stdout]                                at /opt/rustwide/cargo-home/registry/src/index.crates.io-6f17d22bba15001f/tokio-1.17.0/src/runtime/basic_scheduler.rs:497:36
[INFO] [stdout]   32:     0x5625c4c3f5fb - tokio::runtime::basic_scheduler::CoreGuard::enter::{{closure}}::hd8e94101523829db
[INFO] [stdout]                                at /opt/rustwide/cargo-home/registry/src/index.crates.io-6f17d22bba15001f/tokio-1.17.0/src/runtime/basic_scheduler.rs:555:57
[INFO] [stdout]   33:     0x5625c4c36b07 - tokio::macros::scoped_tls::ScopedKey<T>::set::ha0933ae0f806ffce
[INFO] [stdout]                                at /opt/rustwide/cargo-home/registry/src/index.crates.io-6f17d22bba15001f/tokio-1.17.0/src/macros/scoped_tls.rs:61:9
[INFO] [stdout]   34:     0x5625c4c3f393 - tokio::runtime::basic_scheduler::CoreGuard::enter::he710ec37bc5298de
[INFO] [stdout]                                at /opt/rustwide/cargo-home/registry/src/index.crates.io-6f17d22bba15001f/tokio-1.17.0/src/runtime/basic_scheduler.rs:555:27
[INFO] [stdout]   35:     0x5625c4c3f688 - tokio::runtime::basic_scheduler::CoreGuard::block_on::he2c3b848b702e5fd
[INFO] [stdout]                                at /opt/rustwide/cargo-home/registry/src/index.crates.io-6f17d22bba15001f/tokio-1.17.0/src/runtime/basic_scheduler.rs:488:9
[INFO] [stdout]   36:     0x5625c4c3c858 - tokio::runtime::basic_scheduler::BasicScheduler::block_on::h2393cb1c5862619b
[INFO] [stdout]                                at /opt/rustwide/cargo-home/registry/src/index.crates.io-6f17d22bba15001f/tokio-1.17.0/src/runtime/basic_scheduler.rs:168:24
[INFO] [stdout]   37:     0x5625c4c38f30 - tokio::runtime::Runtime::block_on::h7f6e52b2e323254c
[INFO] [stdout]                                at /opt/rustwide/cargo-home/registry/src/index.crates.io-6f17d22bba15001f/tokio-1.17.0/src/runtime/mod.rs:475:46
[INFO] [stdout]   38:     0x5625c4c4a746 - get402::tests::it_gets_a_payment_request_for_more_credits::h325a33589955f076
[INFO] [stdout]                                at /opt/rustwide/workdir/src/lib.rs:407:9
[INFO] [stdout]   39:     0x5625c4c4a617 - get402::tests::it_gets_a_payment_request_for_more_credits::{{closure}}::h0c7d295628b66745
[INFO] [stdout]                                at /opt/rustwide/workdir/src/lib.rs:401:59
[INFO] [stdout]   40:     0x5625c4c469d5 - core::ops::function::FnOnce::call_once::h65107889238fa256
[INFO] [stdout]                                at /rustc/1b7dd2252b99671ce5d1cb9664c5f8636329436d/library/core/src/ops/function.rs:250:5
[INFO] [stdout]   41:     0x5625c4c86cdf - core::ops::function::FnOnce::call_once::ha6a70e79f7481a7e
[INFO] [stdout]                                at /rustc/1b7dd2252b99671ce5d1cb9664c5f8636329436d/library/core/src/ops/function.rs:250:5
[INFO] [stdout]   42:     0x5625c4c86cdf - test::__rust_begin_short_backtrace::hce33033019b61e69
[INFO] [stdout]                                at /rustc/1b7dd2252b99671ce5d1cb9664c5f8636329436d/library/test/src/lib.rs:655:18
[INFO] [stdout]   43:     0x5625c4c544cc - test::run_test::{{closure}}::h858d3528838ae3e5
[INFO] [stdout]                                at /rustc/1b7dd2252b99671ce5d1cb9664c5f8636329436d/library/test/src/lib.rs:646:30
[INFO] [stdout]   44:     0x5625c4c544cc - core::ops::function::FnOnce::call_once{{vtable.shim}}::he8ac2b00f01ae79e
[INFO] [stdout]                                at /rustc/1b7dd2252b99671ce5d1cb9664c5f8636329436d/library/core/src/ops/function.rs:250:5
[INFO] [stdout]   45:     0x5625c4c85db6 - <alloc::boxed::Box<F,A> as core::ops::function::FnOnce<Args>>::call_once::h8093d25b522725ef
[INFO] [stdout]                                at /rustc/1b7dd2252b99671ce5d1cb9664c5f8636329436d/library/alloc/src/boxed.rs:1973:9
[INFO] [stdout]   46:     0x5625c4c85db6 - <core::panic::unwind_safe::AssertUnwindSafe<F> as core::ops::function::FnOnce<()>>::call_once::h5c334c204e4a3913
[INFO] [stdout]                                at /rustc/1b7dd2252b99671ce5d1cb9664c5f8636329436d/library/core/src/panic/unwind_safe.rs:271:9
[INFO] [stdout]   47:     0x5625c4c85db6 - std::panicking::try::do_call::ha8b740c7b9478074
[INFO] [stdout]                                at /rustc/1b7dd2252b99671ce5d1cb9664c5f8636329436d/library/std/src/panicking.rs:485:40
[INFO] [stdout]   48:     0x5625c4c85db6 - std::panicking::try::h5d34f63d0e41b64e
[INFO] [stdout]                                at /rustc/1b7dd2252b99671ce5d1cb9664c5f8636329436d/library/std/src/panicking.rs:449:19
[INFO] [stdout]   49:     0x5625c4c85db6 - std::panic::catch_unwind::hcfbb511e1aa7fc67
[INFO] [stdout]                                at /rustc/1b7dd2252b99671ce5d1cb9664c5f8636329436d/library/std/src/panic.rs:140:14
[INFO] [stdout]   50:     0x5625c4c85db6 - test::run_test_in_process::h9abda90f802eaf21
[INFO] [stdout]                                at /rustc/1b7dd2252b99671ce5d1cb9664c5f8636329436d/library/test/src/lib.rs:678:27
[INFO] [stdout]   51:     0x5625c4c85db6 - test::run_test::run_test_inner::{{closure}}::h0f058de91f6c6edf
[INFO] [stdout]                                at /rustc/1b7dd2252b99671ce5d1cb9664c5f8636329436d/library/test/src/lib.rs:572:39
[INFO] [stdout]   52:     0x5625c4c4ecd5 - test::run_test::run_test_inner::{{closure}}::h5ca48a4c59c6c1fb
[INFO] [stdout]                                at /rustc/1b7dd2252b99671ce5d1cb9664c5f8636329436d/library/test/src/lib.rs:599:37
[INFO] [stdout]   53:     0x5625c4c4ecd5 - std::sys_common::backtrace::__rust_begin_short_backtrace::h32bd51e1495d4a33
[INFO] [stdout]                                at /rustc/1b7dd2252b99671ce5d1cb9664c5f8636329436d/library/std/src/sys_common/backtrace.rs:134:18
[INFO] [stdout]   54:     0x5625c4c54211 - std::thread::Builder::spawn_unchecked_::{{closure}}::{{closure}}::hc086fae9b128b2db
[INFO] [stdout]                                at /rustc/1b7dd2252b99671ce5d1cb9664c5f8636329436d/library/std/src/thread/mod.rs:526:17
[INFO] [stdout]   55:     0x5625c4c54211 - <core::panic::unwind_safe::AssertUnwindSafe<F> as core::ops::function::FnOnce<()>>::call_once::hb66571888d270d43
[INFO] [stdout]                                at /rustc/1b7dd2252b99671ce5d1cb9664c5f8636329436d/library/core/src/panic/unwind_safe.rs:271:9
[INFO] [stdout]   56:     0x5625c4c54211 - std::panicking::try::do_call::h4fa2ef4f6e51fecf
[INFO] [stdout]                                at /rustc/1b7dd2252b99671ce5d1cb9664c5f8636329436d/library/std/src/panicking.rs:485:40
[INFO] [stdout]   57:     0x5625c4c54211 - std::panicking::try::h1e9e22b8584489b5
[INFO] [stdout]                                at /rustc/1b7dd2252b99671ce5d1cb9664c5f8636329436d/library/std/src/panicking.rs:449:19
[INFO] [stdout]   58:     0x5625c4c54211 - std::panic::catch_unwind::h44698a3de0e0769e
[INFO] [stdout]                                at /rustc/1b7dd2252b99671ce5d1cb9664c5f8636329436d/library/std/src/panic.rs:140:14
[INFO] [stdout]   59:     0x5625c4c54211 - std::thread::Builder::spawn_unchecked_::{{closure}}::h50153abde3fe239e
[INFO] [stdout]                                at /rustc/1b7dd2252b99671ce5d1cb9664c5f8636329436d/library/std/src/thread/mod.rs:525:30
[INFO] [stdout]   60:     0x5625c4c54211 - core::ops::function::FnOnce::call_once{{vtable.shim}}::hbe5bbf6f38394364
[INFO] [stdout]                                at /rustc/1b7dd2252b99671ce5d1cb9664c5f8636329436d/library/core/src/ops/function.rs:250:5
[INFO] [stdout]   61:     0x5625c51a0c15 - <alloc::boxed::Box<F,A> as core::ops::function::FnOnce<Args>>::call_once::h0d83cb2920a49046
[INFO] [stdout]                                at /rustc/1b7dd2252b99671ce5d1cb9664c5f8636329436d/library/alloc/src/boxed.rs:1973:9
[INFO] [stdout]   62:     0x5625c51a0c15 - <alloc::boxed::Box<F,A> as core::ops::function::FnOnce<Args>>::call_once::hbe0a008aa7d9ef59
[INFO] [stdout]                                at /rustc/1b7dd2252b99671ce5d1cb9664c5f8636329436d/library/alloc/src/boxed.rs:1973:9
[INFO] [stdout]   63:     0x5625c51a0c15 - std::sys::unix::thread::Thread::new::thread_start::h3a466996bdf6b1f9
[INFO] [stdout]                                at /rustc/1b7dd2252b99671ce5d1cb9664c5f8636329436d/library/std/src/sys/unix/thread.rs:108:17
[INFO] [stdout]   64:     0x7fc632193b43 - <unknown>
[INFO] [stdout]   65:     0x7fc632224bb4 - __clone
[INFO] [stdout]   66:                0x0 - <unknown>
[INFO] [stdout] 
[INFO] [stdout] ---- tests::it_gets_the_balance_of_a_new_api_client_key stdout ----
[INFO] [stdout] thread 'tests::it_gets_the_balance_of_a_new_api_client_key' panicked at 'called `Result::unwrap()` on an `Err` value: reqwest::Error { kind: Request, url: Url { scheme: "https", cannot_be_a_base: false, username: "", password: None, host: Some(Domain("get402.com")), port: None, path: "/api/apps/1BBpVmh6hZCXh8jUxza51xmK59KaWAh86a/clients/1J8BC2BAKZaijZJsuQ2bxdZprY38p7B5tF", query: None, fragment: None }, source: hyper::Error(Connect, ConnectError("dns error", Custom { kind: Uncategorized, error: "failed to lookup address information: Temporary failure in name resolution" })) }', src/lib.rs:205:18
[INFO] [stdout] stack backtrace:
[INFO] [stdout]    0:     0x5625c519a3ba - std::backtrace_rs::backtrace::libunwind::trace::h2f05d0192276a8f6
[INFO] [stdout]                                at /rustc/1b7dd2252b99671ce5d1cb9664c5f8636329436d/library/std/src/../../backtrace/src/backtrace/libunwind.rs:93:5
[INFO] [stdout]    1:     0x5625c519a3ba - std::backtrace_rs::backtrace::trace_unsynchronized::hedc23dff7a1af150
[INFO] [stdout]                                at /rustc/1b7dd2252b99671ce5d1cb9664c5f8636329436d/library/std/src/../../backtrace/src/backtrace/mod.rs:66:5
[INFO] [stdout]    2:     0x5625c519a3ba - std::sys_common::backtrace::_print_fmt::h17541ef7592f3ce2
[INFO] [stdout]                                at /rustc/1b7dd2252b99671ce5d1cb9664c5f8636329436d/library/std/src/sys_common/backtrace.rs:65:5
[INFO] [stdout]    3:     0x5625c519a3ba - <std::sys_common::backtrace::_print::DisplayBacktrace as core::fmt::Display>::fmt::h20f75df5ab0c0792
[INFO] [stdout]                                at /rustc/1b7dd2252b99671ce5d1cb9664c5f8636329436d/library/std/src/sys_common/backtrace.rs:44:22
[INFO] [stdout]    4:     0x5625c51c0eef - core::fmt::write::h78109e6f466b3af6
[INFO] [stdout]                                at /rustc/1b7dd2252b99671ce5d1cb9664c5f8636329436d/library/core/src/fmt/mod.rs:1254:17
[INFO] [stdout]    5:     0x5625c5196c45 - std::io::Write::write_fmt::hd24bfb68a1b35a25
[INFO] [stdout]                                at /rustc/1b7dd2252b99671ce5d1cb9664c5f8636329436d/library/std/src/io/mod.rs:1698:15
[INFO] [stdout]    6:     0x5625c519a185 - std::sys_common::backtrace::_print::h8dac57a9f8fbf9a5
[INFO] [stdout]                                at /rustc/1b7dd2252b99671ce5d1cb9664c5f8636329436d/library/std/src/sys_common/backtrace.rs:47:5
[INFO] [stdout]    7:     0x5625c519a185 - std::sys_common::backtrace::print::hf9ecbf41d1aa712f
[INFO] [stdout]                                at /rustc/1b7dd2252b99671ce5d1cb9664c5f8636329436d/library/std/src/sys_common/backtrace.rs:34:9
[INFO] [stdout]    8:     0x5625c519be3e - std::panicking::default_hook::{{closure}}::h04c07acfc84ca028
[INFO] [stdout]                                at /rustc/1b7dd2252b99671ce5d1cb9664c5f8636329436d/library/std/src/panicking.rs:269:22
[INFO] [stdout]    9:     0x5625c519bb71 - std::panicking::default_hook::h01f6bb23e1eceb2c
[INFO] [stdout]                                at /rustc/1b7dd2252b99671ce5d1cb9664c5f8636329436d/library/std/src/panicking.rs:285:9
[INFO] [stdout]   10:     0x5625c4c81e0b - <alloc::boxed::Box<F,A> as core::ops::function::Fn<Args>>::call::h87fe9f7b2fd49e4c
[INFO] [stdout]                                at /rustc/1b7dd2252b99671ce5d1cb9664c5f8636329436d/library/alloc/src/boxed.rs:1987:9
[INFO] [stdout]   11:     0x5625c4c81e0b - test::test_main::{{closure}}::he94d679243a7531b
[INFO] [stdout]                                at /rustc/1b7dd2252b99671ce5d1cb9664c5f8636329436d/library/test/src/lib.rs:134:21
[INFO] [stdout]   12:     0x5625c519c524 - <alloc::boxed::Box<F,A> as core::ops::function::Fn<Args>>::call::h3f2d6d8b14c4769f
[INFO] [stdout]                                at /rustc/1b7dd2252b99671ce5d1cb9664c5f8636329436d/library/alloc/src/boxed.rs:1987:9
[INFO] [stdout]   13:     0x5625c519c524 - std::panicking::rust_panic_with_hook::h2bb3722bbaf2f6df
[INFO] [stdout]                                at /rustc/1b7dd2252b99671ce5d1cb9664c5f8636329436d/library/std/src/panicking.rs:695:13
[INFO] [stdout]   14:     0x5625c519c299 - std::panicking::begin_panic_handler::{{closure}}::h91bc7f36a4be011b
[INFO] [stdout]                                at /rustc/1b7dd2252b99671ce5d1cb9664c5f8636329436d/library/std/src/panicking.rs:582:13
[INFO] [stdout]   15:     0x5625c519a826 - std::sys_common::backtrace::__rust_end_short_backtrace::h8b3d3717114f9e59
[INFO] [stdout]                                at /rustc/1b7dd2252b99671ce5d1cb9664c5f8636329436d/library/std/src/sys_common/backtrace.rs:150:18
[INFO] [stdout]   16:     0x5625c519bff2 - rust_begin_unwind
[INFO] [stdout]                                at /rustc/1b7dd2252b99671ce5d1cb9664c5f8636329436d/library/std/src/panicking.rs:578:5
[INFO] [stdout]   17:     0x5625c4c20453 - core::panicking::panic_fmt::hfd368e3fbdabea26
[INFO] [stdout]                                at /rustc/1b7dd2252b99671ce5d1cb9664c5f8636329436d/library/core/src/panicking.rs:67:14
[INFO] [stdout]   18:     0x5625c4c209f3 - core::result::unwrap_failed::he54eb4b2f125b26f
[INFO] [stdout]                                at /rustc/1b7dd2252b99671ce5d1cb9664c5f8636329436d/library/core/src/result.rs:1687:5
[INFO] [stdout]   19:     0x5625c4c4518d - core::result::Result<T,E>::unwrap::h6858f985a2bcda60
[INFO] [stdout]                                at /rustc/1b7dd2252b99671ce5d1cb9664c5f8636329436d/library/core/src/result.rs:1089:23
[INFO] [stdout]   20:     0x5625c4c2bf87 - get402::Get402::Client::get_balance::{{closure}}::h1d9e1cfc83c78d56
[INFO] [stdout]                                at /opt/rustwide/workdir/src/lib.rs:201:28
[INFO] [stdout]   21:     0x5625c4c49a7f - get402::tests::it_gets_the_balance_of_a_new_api_client_key::{{closure}}::h9925cf9186eb4ede
[INFO] [stdout]                                at /opt/rustwide/workdir/src/lib.rs:371:48
[INFO] [stdout]   22:     0x5625c4c4e7fb - <core::pin::Pin<P> as core::future::future::Future>::poll::hb51cef7d335f1e6d
[INFO] [stdout]                                at /rustc/1b7dd2252b99671ce5d1cb9664c5f8636329436d/library/core/src/future/future.rs:125:9
[INFO] [stdout]   23:     0x5625c4c41744 - tokio::runtime::basic_scheduler::CoreGuard::block_on::{{closure}}::{{closure}}::{{closure}}::he9cf7746ad37c59b
[INFO] [stdout]                                at /opt/rustwide/cargo-home/registry/src/index.crates.io-6f17d22bba15001f/tokio-1.17.0/src/runtime/basic_scheduler.rs:498:48
[INFO] [stdout]   24:     0x5625c4c4c0e0 - tokio::coop::with_budget::{{closure}}::h8088067edf4c7b8c
[INFO] [stdout]                                at /opt/rustwide/cargo-home/registry/src/index.crates.io-6f17d22bba15001f/tokio-1.17.0/src/coop.rs:102:9
[INFO] [stdout]   25:     0x5625c4c43bd9 - std::thread::local::LocalKey<T>::try_with::h73e0e1b304ebfa8b
[INFO] [stdout]                                at /rustc/1b7dd2252b99671ce5d1cb9664c5f8636329436d/library/std/src/thread/local.rs:252:16
[INFO] [stdout]   26:     0x5625c4c42eba - std::thread::local::LocalKey<T>::with::h769b69bfd99b383c
[INFO] [stdout]                                at /rustc/1b7dd2252b99671ce5d1cb9664c5f8636329436d/library/std/src/thread/local.rs:228:9
[INFO] [stdout]   27:     0x5625c4c414c6 - tokio::coop::with_budget::hccafe869322a1ec4
[INFO] [stdout]                                at /opt/rustwide/cargo-home/registry/src/index.crates.io-6f17d22bba15001f/tokio-1.17.0/src/coop.rs:95:5
[INFO] [stdout]   28:     0x5625c4c414c6 - tokio::coop::budget::h663df46d7f51275c
[INFO] [stdout]                                at /opt/rustwide/cargo-home/registry/src/index.crates.io-6f17d22bba15001f/tokio-1.17.0/src/coop.rs:72:5
[INFO] [stdout]   29:     0x5625c4c414c6 - tokio::runtime::basic_scheduler::CoreGuard::block_on::{{closure}}::{{closure}}::h4b0f86801b93b768
[INFO] [stdout]                                at /opt/rustwide/cargo-home/registry/src/index.crates.io-6f17d22bba15001f/tokio-1.17.0/src/runtime/basic_scheduler.rs:498:25
[INFO] [stdout]   30:     0x5625c4c3d789 - tokio::runtime::basic_scheduler::Context::enter::h31366738754def45
[INFO] [stdout]                                at /opt/rustwide/cargo-home/registry/src/index.crates.io-6f17d22bba15001f/tokio-1.17.0/src/runtime/basic_scheduler.rs:356:19
[INFO] [stdout]   31:     0x5625c4c40b27 - tokio::runtime::basic_scheduler::CoreGuard::block_on::{{closure}}::ha5e13796ba8407e7
[INFO] [stdout]                                at /opt/rustwide/cargo-home/registry/src/index.crates.io-6f17d22bba15001f/tokio-1.17.0/src/runtime/basic_scheduler.rs:497:36
[INFO] [stdout]   32:     0x5625c4c3f5cb - tokio::runtime::basic_scheduler::CoreGuard::enter::{{closure}}::h226cb7caff8bcfaa
[INFO] [stdout]                                at /opt/rustwide/cargo-home/registry/src/index.crates.io-6f17d22bba15001f/tokio-1.17.0/src/runtime/basic_scheduler.rs:555:57
[INFO] [stdout]   33:     0x5625c4c36c17 - tokio::macros::scoped_tls::ScopedKey<T>::set::hf1e85091e680a508
[INFO] [stdout]                                at /opt/rustwide/cargo-home/registry/src/index.crates.io-6f17d22bba15001f/tokio-1.17.0/src/macros/scoped_tls.rs:61:9
[INFO] [stdout]   34:     0x5625c4c3ec13 - tokio::runtime::basic_scheduler::CoreGuard::enter::h45985d87e6bec8a8
[INFO] [stdout]                                at /opt/rustwide/cargo-home/registry/src/index.crates.io-6f17d22bba15001f/tokio-1.17.0/src/runtime/basic_scheduler.rs:555:27
[INFO] [stdout]   35:     0x5625c4c3f668 - tokio::runtime::basic_scheduler::CoreGuard::block_on::ha62b155f88fd0486
[INFO] [stdout]                                at /opt/rustwide/cargo-home/registry/src/index.crates.io-6f17d22bba15001f/tokio-1.17.0/src/runtime/basic_scheduler.rs:488:9
[INFO] [stdout]   36:     0x5625c4c3c408 - tokio::runtime::basic_scheduler::BasicScheduler::block_on::h22319bd268ca7074
[INFO] [stdout]                                at /opt/rustwide/cargo-home/registry/src/index.crates.io-6f17d22bba15001f/tokio-1.17.0/src/runtime/basic_scheduler.rs:168:24
[INFO] [stdout]   37:     0x5625c4c390c0 - tokio::runtime::Runtime::block_on::hddcc9a661924a39c
[INFO] [stdout]                                at /opt/rustwide/cargo-home/registry/src/index.crates.io-6f17d22bba15001f/tokio-1.17.0/src/runtime/mod.rs:475:46
[INFO] [stdout]   38:     0x5625c4c497f6 - get402::tests::it_gets_the_balance_of_a_new_api_client_key::hc4db425b0afd3403
[INFO] [stdout]                                at /opt/rustwide/workdir/src/lib.rs:373:9
[INFO] [stdout]   39:     0x5625c4c496c7 - get402::tests::it_gets_the_balance_of_a_new_api_client_key::{{closure}}::h84dbce366b947922
[INFO] [stdout]                                at /opt/rustwide/workdir/src/lib.rs:365:60
[INFO] [stdout]   40:     0x5625c4c46b55 - core::ops::function::FnOnce::call_once::hc94f209d31bb2d3f
[INFO] [stdout]                                at /rustc/1b7dd2252b99671ce5d1cb9664c5f8636329436d/library/core/src/ops/function.rs:250:5
[INFO] [stdout]   41:     0x5625c4c86cdf - core::ops::function::FnOnce::call_once::ha6a70e79f7481a7e
[INFO] [stdout]                                at /rustc/1b7dd2252b99671ce5d1cb9664c5f8636329436d/library/core/src/ops/function.rs:250:5
[INFO] [stdout]   42:     0x5625c4c86cdf - test::__rust_begin_short_backtrace::hce33033019b61e69
[INFO] [stdout]                                at /rustc/1b7dd2252b99671ce5d1cb9664c5f8636329436d/library/test/src/lib.rs:655:18
[INFO] [stdout]   43:     0x5625c4c544cc - test::run_test::{{closure}}::h858d3528838ae3e5
[INFO] [stdout]                                at /rustc/1b7dd2252b99671ce5d1cb9664c5f8636329436d/library/test/src/lib.rs:646:30
[INFO] [stdout]   44:     0x5625c4c544cc - core::ops::function::FnOnce::call_once{{vtable.shim}}::he8ac2b00f01ae79e
[INFO] [stdout]                                at /rustc/1b7dd2252b99671ce5d1cb9664c5f8636329436d/library/core/src/ops/function.rs:250:5
[INFO] [stdout]   45:     0x5625c4c85db6 - <alloc::boxed::Box<F,A> as core::ops::function::FnOnce<Args>>::call_once::h8093d25b522725ef
[INFO] [stdout]                                at /rustc/1b7dd2252b99671ce5d1cb9664c5f8636329436d/library/alloc/src/boxed.rs:1973:9
[INFO] [stdout]   46:     0x5625c4c85db6 - <core::panic::unwind_safe::AssertUnwindSafe<F> as core::ops::function::FnOnce<()>>::call_once::h5c334c204e4a3913
[INFO] [stdout]                                at /rustc/1b7dd2252b99671ce5d1cb9664c5f8636329436d/library/core/src/panic/unwind_safe.rs:271:9
[INFO] [stdout]   47:     0x5625c4c85db6 - std::panicking::try::do_call::ha8b740c7b9478074
[INFO] [stdout]                                at /rustc/1b7dd2252b99671ce5d1cb9664c5f8636329436d/library/std/src/panicking.rs:485:40
[INFO] [stdout]   48:     0x5625c4c85db6 - std::panicking::try::h5d34f63d0e41b64e
[INFO] [stdout]                                at /rustc/1b7dd2252b99671ce5d1cb9664c5f8636329436d/library/std/src/panicking.rs:449:19
[INFO] [stdout]   49:     0x5625c4c85db6 - std::panic::catch_unwind::hcfbb511e1aa7fc67
[INFO] [stdout]                                at /rustc/1b7dd2252b99671ce5d1cb9664c5f8636329436d/library/std/src/panic.rs:140:14
[INFO] [stdout]   50:     0x5625c4c85db6 - test::run_test_in_process::h9abda90f802eaf21
[INFO] [stdout]                                at /rustc/1b7dd2252b99671ce5d1cb9664c5f8636329436d/library/test/src/lib.rs:678:27
[INFO] [stdout]   51:     0x5625c4c85db6 - test::run_test::run_test_inner::{{closure}}::h0f058de91f6c6edf
[INFO] [stdout]                                at /rustc/1b7dd2252b99671ce5d1cb9664c5f8636329436d/library/test/src/lib.rs:572:39
[INFO] [stdout]   52:     0x5625c4c4ecd5 - test::run_test::run_test_inner::{{closure}}::h5ca48a4c59c6c1fb
[INFO] [stdout]                                at /rustc/1b7dd2252b99671ce5d1cb9664c5f8636329436d/library/test/src/lib.rs:599:37
[INFO] [stdout]   53:     0x5625c4c4ecd5 - std::sys_common::backtrace::__rust_begin_short_backtrace::h32bd51e1495d4a33
[INFO] [stdout]                                at /rustc/1b7dd2252b99671ce5d1cb9664c5f8636329436d/library/std/src/sys_common/backtrace.rs:134:18
[INFO] [stdout]   54:     0x5625c4c54211 - std::thread::Builder::spawn_unchecked_::{{closure}}::{{closure}}::hc086fae9b128b2db
[INFO] [stdout]                                at /rustc/1b7dd2252b99671ce5d1cb9664c5f8636329436d/library/std/src/thread/mod.rs:526:17
[INFO] [stdout]   55:     0x5625c4c54211 - <core::panic::unwind_safe::AssertUnwindSafe<F> as core::ops::function::FnOnce<()>>::call_once::hb66571888d270d43
[INFO] [stdout]                                at /rustc/1b7dd2252b99671ce5d1cb9664c5f8636329436d/library/core/src/panic/unwind_safe.rs:271:9
[INFO] [stdout]   56:     0x5625c4c54211 - std::panicking::try::do_call::h4fa2ef4f6e51fecf
[INFO] [stdout]                                at /rustc/1b7dd2252b99671ce5d1cb9664c5f8636329436d/library/std/src/panicking.rs:485:40
[INFO] [stdout]   57:     0x5625c4c54211 - std::panicking::try::h1e9e22b8584489b5
[INFO] [stdout]                                at /rustc/1b7dd2252b99671ce5d1cb9664c5f8636329436d/library/std/src/panicking.rs:449:19
[INFO] [stdout]   58:     0x5625c4c54211 - std::panic::catch_unwind::h44698a3de0e0769e
[INFO] [stdout]                                at /rustc/1b7dd2252b99671ce5d1cb9664c5f8636329436d/library/std/src/panic.rs:140:14
[INFO] [stdout]   59:     0x5625c4c54211 - std::thread::Builder::spawn_unchecked_::{{closure}}::h50153abde3fe239e
[INFO] [stdout]                                at /rustc/1b7dd2252b99671ce5d1cb9664c5f8636329436d/library/std/src/thread/mod.rs:525:30
[INFO] [stdout]   60:     0x5625c4c54211 - core::ops::function::FnOnce::call_once{{vtable.shim}}::hbe5bbf6f38394364
[INFO] [stdout]                                at /rustc/1b7dd2252b99671ce5d1cb9664c5f8636329436d/library/core/src/ops/function.rs:250:5
[INFO] [stdout]   61:     0x5625c51a0c15 - <alloc::boxed::Box<F,A> as core::ops::function::FnOnce<Args>>::call_once::h0d83cb2920a49046
[INFO] [stdout]                                at /rustc/1b7dd2252b99671ce5d1cb9664c5f8636329436d/library/alloc/src/boxed.rs:1973:9
[INFO] [stdout]   62:     0x5625c51a0c15 - <alloc::boxed::Box<F,A> as core::ops::function::FnOnce<Args>>::call_once::hbe0a008aa7d9ef59
[INFO] [stdout]                                at /rustc/1b7dd2252b99671ce5d1cb9664c5f8636329436d/library/alloc/src/boxed.rs:1973:9
[INFO] [stdout]   63:     0x5625c51a0c15 - std::sys::unix::thread::Thread::new::thread_start::h3a466996bdf6b1f9
[INFO] [stdout]                                at /rustc/1b7dd2252b99671ce5d1cb9664c5f8636329436d/library/std/src/sys/unix/thread.rs:108:17
[INFO] [stdout]   64:     0x7fc632193b43 - <unknown>
[INFO] [stdout]   65:     0x7fc632224bb4 - __clone
[INFO] [stdout]   66:                0x0 - <unknown>
[INFO] [stdout] 
[INFO] [stdout] 
[INFO] [stdout] failures:
[INFO] [stdout]     tests::it_gets_a_payment_request_for_more_credits
[INFO] [stdout]     tests::it_gets_the_balance_of_a_new_api_client_key
[INFO] [stdout] 
[INFO] [stdout] test result: FAILED. 4 passed; 2 failed; 1 ignored; 0 measured; 0 filtered out; finished in 0.24s
[INFO] [stdout] 
[INFO] [stderr] error: test failed, to rerun pass `--lib`
[INFO] running `Command { std: "docker" "inspect" "61ffcaa8cf683023b02376fbcfe4ed9a3e594cde5835f0d2dbfccebce627966b", kill_on_drop: false }`
[INFO] running `Command { std: "docker" "rm" "-f" "61ffcaa8cf683023b02376fbcfe4ed9a3e594cde5835f0d2dbfccebce627966b", kill_on_drop: false }`
[INFO] [stdout] 61ffcaa8cf683023b02376fbcfe4ed9a3e594cde5835f0d2dbfccebce627966b
