[INFO] cloning repository https://github.com/Plasmatium/meilisearch-test
[INFO] running `Command { std: "git" "-c" "credential.helper=" "-c" "credential.helper=/workspace/cargo-home/bin/git-credential-null" "clone" "--bare" "https://github.com/Plasmatium/meilisearch-test" "/workspace/cache/git-repos/https%3A%2F%2Fgithub.com%2FPlasmatium%2Fmeilisearch-test", kill_on_drop: false }`
[INFO] [stderr] Cloning into bare repository '/workspace/cache/git-repos/https%3A%2F%2Fgithub.com%2FPlasmatium%2Fmeilisearch-test'...
[INFO] running `Command { std: "git" "rev-parse" "HEAD", kill_on_drop: false }`
[INFO] [stdout] 89c45a57fdfeb1fb5dde867862d427c02213f956
[INFO] testing Plasmatium/meilisearch-test against beta-2023-04-20 for beta-1.70-1
[INFO] running `Command { std: "git" "clone" "/workspace/cache/git-repos/https%3A%2F%2Fgithub.com%2FPlasmatium%2Fmeilisearch-test" "/workspace/builds/worker-3-tc2/source", kill_on_drop: false }`
[INFO] [stderr] Cloning into '/workspace/builds/worker-3-tc2/source'...
[INFO] [stderr] done.
[INFO] validating manifest of git repo https://github.com/Plasmatium/meilisearch-test on toolchain beta-2023-04-20
[INFO] running `Command { std: CARGO_HOME="/workspace/cargo-home" RUSTUP_HOME="/workspace/rustup-home" "/workspace/cargo-home/bin/cargo" "+beta-2023-04-20" "metadata" "--manifest-path" "Cargo.toml" "--no-deps", kill_on_drop: false }`
[INFO] started tweaking git repo https://github.com/Plasmatium/meilisearch-test
[INFO] finished tweaking git repo https://github.com/Plasmatium/meilisearch-test
[INFO] tweaked toml for git repo https://github.com/Plasmatium/meilisearch-test written to /workspace/builds/worker-3-tc2/source/Cargo.toml
[INFO] crate git repo https://github.com/Plasmatium/meilisearch-test already has a lockfile, it will not be regenerated
[INFO] running `Command { std: CARGO_HOME="/workspace/cargo-home" RUSTUP_HOME="/workspace/rustup-home" "/workspace/cargo-home/bin/cargo" "+beta-2023-04-20" "fetch" "--manifest-path" "Cargo.toml", kill_on_drop: false }`
[INFO] [stderr]     Blocking waiting for file lock on package cache
[INFO] [stderr]  Downloading crates ...
[INFO] [stderr]   Downloaded dummy v0.4.0
[INFO] [stderr]   Downloaded os_info v3.0.9
[INFO] running `Command { std: "docker" "create" "-v" "/var/lib/crater-agent-workspace/builds/worker-3-tc2/target:/opt/rustwide/target:rw,Z" "-v" "/var/lib/crater-agent-workspace/builds/worker-3-tc2/source:/opt/rustwide/workdir:ro,Z" "-v" "/var/lib/crater-agent-workspace/cargo-home:/opt/rustwide/cargo-home:ro,Z" "-v" "/var/lib/crater-agent-workspace/rustup-home:/opt/rustwide/rustup-home:ro,Z" "-e" "SOURCE_DIR=/opt/rustwide/workdir" "-e" "CARGO_TARGET_DIR=/opt/rustwide/target" "-e" "CARGO_HOME=/opt/rustwide/cargo-home" "-e" "RUSTUP_HOME=/opt/rustwide/rustup-home" "-w" "/opt/rustwide/workdir" "-m" "1610612736" "--user" "0:0" "--network" "none" "ghcr.io/rust-lang/crates-build-env/linux@sha256:5ff2268d62e97bff2cde7d5815dd6ed5b47097566f13b8d0ca110b04b60e07ed" "/opt/rustwide/cargo-home/bin/cargo" "+beta-2023-04-20" "metadata" "--no-deps" "--format-version=1", kill_on_drop: false }`
[INFO] [stdout] 5875ef316cf00814e3104e6efd63f399c16dc153642f460f360257903cac28e0
[INFO] running `Command { std: "docker" "start" "-a" "5875ef316cf00814e3104e6efd63f399c16dc153642f460f360257903cac28e0", kill_on_drop: false }`
[INFO] running `Command { std: "docker" "inspect" "5875ef316cf00814e3104e6efd63f399c16dc153642f460f360257903cac28e0", kill_on_drop: false }`
[INFO] running `Command { std: "docker" "rm" "-f" "5875ef316cf00814e3104e6efd63f399c16dc153642f460f360257903cac28e0", kill_on_drop: false }`
[INFO] [stdout] 5875ef316cf00814e3104e6efd63f399c16dc153642f460f360257903cac28e0
[INFO] running `Command { std: "docker" "create" "-v" "/var/lib/crater-agent-workspace/builds/worker-3-tc2/target:/opt/rustwide/target:rw,Z" "-v" "/var/lib/crater-agent-workspace/builds/worker-3-tc2/source:/opt/rustwide/workdir:ro,Z" "-v" "/var/lib/crater-agent-workspace/cargo-home:/opt/rustwide/cargo-home:ro,Z" "-v" "/var/lib/crater-agent-workspace/rustup-home:/opt/rustwide/rustup-home:ro,Z" "-e" "SOURCE_DIR=/opt/rustwide/workdir" "-e" "CARGO_TARGET_DIR=/opt/rustwide/target" "-e" "CARGO_INCREMENTAL=0" "-e" "RUST_BACKTRACE=full" "-e" "RUSTFLAGS=--cap-lints=warn" "-e" "RUSTDOCFLAGS=--cap-lints=warn" "-e" "CARGO_HOME=/opt/rustwide/cargo-home" "-e" "RUSTUP_HOME=/opt/rustwide/rustup-home" "-w" "/opt/rustwide/workdir" "-m" "1610612736" "--user" "0:0" "--network" "none" "ghcr.io/rust-lang/crates-build-env/linux@sha256:5ff2268d62e97bff2cde7d5815dd6ed5b47097566f13b8d0ca110b04b60e07ed" "/opt/rustwide/cargo-home/bin/cargo" "+beta-2023-04-20" "build" "--frozen" "--message-format=json", kill_on_drop: false }`
[INFO] [stdout] 04a0136f98670ca83f2ac0f2fc992c360b2b8a872f1d49b2f8df16efa8f156af
[INFO] running `Command { std: "docker" "start" "-a" "04a0136f98670ca83f2ac0f2fc992c360b2b8a872f1d49b2f8df16efa8f156af", kill_on_drop: false }`
[INFO] [stderr]    Compiling proc-macro2 v1.0.34
[INFO] [stderr]    Compiling syn v1.0.82
[INFO] [stderr]    Compiling libc v0.2.112
[INFO] [stderr]    Compiling once_cell v1.9.0
[INFO] [stderr]    Compiling log v0.4.14
[INFO] [stderr]    Compiling cc v1.0.72
[INFO] [stderr]    Compiling fnv v1.0.7
[INFO] [stderr]    Compiling pin-project-lite v0.2.7
[INFO] [stderr]    Compiling version_check v0.9.3
[INFO] [stderr]    Compiling bytes v1.1.0
[INFO] [stderr]    Compiling parking_lot_core v0.8.5
[INFO] [stderr]    Compiling futures-core v0.3.19
[INFO] [stderr]    Compiling smallvec v1.7.0
[INFO] [stderr]    Compiling instant v0.1.12
[INFO] [stderr]    Compiling hashbrown v0.11.2
[INFO] [stderr]    Compiling lock_api v0.4.5
[INFO] [stderr]    Compiling typenum v1.15.0
[INFO] [stderr]    Compiling futures-task v0.3.19
[INFO] [stderr]    Compiling either v1.6.1
[INFO] [stderr]    Compiling futures-sink v0.3.19
[INFO] [stderr]    Compiling futures-channel v0.3.19
[INFO] [stderr]    Compiling ppv-lite86 v0.2.15
[INFO] [stderr]    Compiling ident_case v1.0.1
[INFO] [stderr]    Compiling serde_derive v1.0.132
[INFO] [stderr]    Compiling futures-util v0.3.19
[INFO] [stderr]    Compiling futures-io v0.3.19
[INFO] [stderr]    Compiling pin-utils v0.1.0
[INFO] [stderr]    Compiling anyhow v1.0.52
[INFO] [stderr]    Compiling slab v0.4.5
[INFO] [stderr]    Compiling pkg-config v0.3.24
[INFO] [stderr]    Compiling generic-array v0.14.4
[INFO] [stderr]    Compiling serde v1.0.132
[INFO] [stderr]    Compiling indexmap v1.7.0
[INFO] [stderr]    Compiling tinyvec_macros v0.1.0
[INFO] [stderr]    Compiling itertools v0.10.3
[INFO] [stderr]    Compiling matches v0.1.9
[INFO] [stderr]    Compiling tracing-core v0.1.21
[INFO] [stderr]    Compiling spin v0.5.2
[INFO] [stderr]    Compiling tinyvec v1.5.1
[INFO] [stderr]    Compiling untrusted v0.7.1
[INFO] [stderr]    Compiling quote v1.0.10
[INFO] [stderr]    Compiling unicode-bidi v0.3.7
[INFO] [stderr]    Compiling itoa v0.4.8
[INFO] [stderr]    Compiling percent-encoding v2.1.0
[INFO] [stderr]    Compiling num-traits v0.2.14
[INFO] [stderr]    Compiling getrandom v0.2.3
[INFO] [stderr]    Compiling signal-hook-registry v1.4.0
[INFO] [stderr]    Compiling mio v0.7.14
[INFO] [stderr]    Compiling num_cpus v1.13.1
[INFO] [stderr]    Compiling openssl-sys v0.9.72
[INFO] [stderr]    Compiling ring v0.16.20
[INFO] [stderr]    Compiling form_urlencoded v1.0.1
[INFO] [stderr]    Compiling strsim v0.10.0
[INFO] [stderr]    Compiling rand_core v0.6.3
[INFO] [stderr]    Compiling parking_lot v0.11.2
[INFO] [stderr]    Compiling foreign-types-shared v0.1.1
[INFO] [stderr]    Compiling openssl v0.10.38
[INFO] [stderr]    Compiling base64 v0.13.0
[INFO] [stderr]    Compiling rand_chacha v0.3.1
[INFO] [stderr]    Compiling unicode-normalization v0.1.19
[INFO] [stderr]    Compiling foreign-types v0.3.2
[INFO] [stderr]    Compiling digest v0.9.0
[INFO] [stderr]    Compiling which v4.2.2
[INFO] [stderr]    Compiling http v0.2.5
[INFO] [stderr]    Compiling num-integer v0.1.44
[INFO] [stderr]    Compiling httparse v1.5.1
[INFO] [stderr]    Compiling native-tls v0.2.8
[INFO] [stderr]    Compiling rand v0.8.4
[INFO] [stderr]    Compiling async-trait v0.1.52
[INFO] [stderr]    Compiling strsim v0.9.3
[INFO] [stderr]    Compiling ryu v1.0.9
[INFO] [stderr]    Compiling prost-build v0.9.0
[INFO] [stderr]    Compiling block-buffer v0.9.0
[INFO] [stderr]    Compiling socket2 v0.4.2
[INFO] [stderr]    Compiling ahash v0.7.6
[INFO] [stderr]    Compiling aho-corasick v0.7.18
[INFO] [stderr]    Compiling serde_json v1.0.73
[INFO] [stderr]    Compiling openssl-probe v0.1.4
[INFO] [stderr]    Compiling fixedbitset v0.4.0
[INFO] [stderr]    Compiling idna v0.2.3
[INFO] [stderr]    Compiling rustversion v1.0.6
[INFO] [stderr]    Compiling remove_dir_all v0.5.3
[INFO] [stderr]    Compiling opaque-debug v0.3.0
[INFO] [stderr]    Compiling match_cfg v0.1.0
[INFO] [stderr]    Compiling subtle v2.4.1
[INFO] [stderr]    Compiling regex-syntax v0.6.25
[INFO] [stderr]    Compiling ipnet v2.3.1
[INFO] [stderr]    Compiling try-lock v0.2.3
[INFO] [stderr]    Compiling hostname v0.3.1
[INFO] [stderr]    Compiling tempfile v3.2.0
[INFO] [stderr]    Compiling url v2.2.2
[INFO] [stderr]    Compiling crypto-mac v0.11.1
[INFO] [stderr]    Compiling want v0.3.0
[INFO] [stderr]    Compiling petgraph v0.6.0
[INFO] [stderr]    Compiling time v0.1.43
[INFO] [stderr]    Compiling cpufeatures v0.2.1
[INFO] [stderr]    Compiling itoa v1.0.1
[INFO] [stderr]    Compiling tower-service v0.3.1
[INFO] [stderr]    Compiling quick-error v1.2.3
[INFO] [stderr]    Compiling multimap v0.8.3
[INFO] [stderr]    Compiling encoding_rs v0.8.30
[INFO] [stderr]    Compiling data-encoding v2.3.2
[INFO] [stderr]    Compiling httpdate v1.0.2
[INFO] [stderr]    Compiling linked-hash-map v0.5.4
[INFO] [stderr]    Compiling resolv-conf v0.7.0
[INFO] [stderr]    Compiling http-body v0.4.4
[INFO] [stderr]    Compiling lru-cache v0.1.2
[INFO] [stderr]    Compiling chrono v0.4.19
[INFO] [stderr]    Compiling hex v0.4.3
[INFO] [stderr]    Compiling sha-1 v0.9.8
[INFO] [stderr]    Compiling sha2 v0.9.8
[INFO] [stderr]    Compiling pbkdf2 v0.8.0
[INFO] [stderr]    Compiling hmac v0.11.0
[INFO] [stderr]    Compiling md-5 v0.9.1
[INFO] [stderr]    Compiling stringprep v0.1.2
[INFO] [stderr]    Compiling rustls-pemfile v0.2.1
[INFO] [stderr]    Compiling tracing-log v0.1.2
[INFO] [stderr]    Compiling os_info v3.0.9
[INFO] [stderr]    Compiling regex v1.5.4
[INFO] [stderr]    Compiling thread_local v1.1.3
[INFO] [stderr]    Compiling sharded-slab v0.1.4
[INFO] [stderr]    Compiling take_mut v0.2.2
[INFO] [stderr]    Compiling ansi_term v0.12.1
[INFO] [stderr]    Compiling darling_core v0.13.1
[INFO] [stderr]    Compiling darling_core v0.10.2
[INFO] [stderr]    Compiling mime v0.3.16
[INFO] [stderr]    Compiling webpki v0.21.4
[INFO] [stderr]    Compiling sct v0.6.1
[INFO] [stderr]    Compiling tracing-subscriber v0.3.4
[INFO] [stderr]    Compiling rustls v0.19.1
[INFO] [stderr]    Compiling webpki-roots v0.21.1
[INFO] [stderr]    Compiling tokio-macros v1.7.0
[INFO] [stderr]    Compiling futures-macro v0.3.19
[INFO] [stderr]    Compiling prost-derive v0.9.0
[INFO] [stderr]    Compiling tracing-attributes v0.1.18
[INFO] [stderr]    Compiling thiserror-impl v1.0.30
[INFO] [stderr]    Compiling enum-as-inner v0.3.3
[INFO] [stderr]    Compiling derivative v2.2.0
[INFO] [stderr]    Compiling typed-builder v0.9.1
[INFO] [stderr]    Compiling darling_macro v0.10.2
[INFO] [stderr]    Compiling tokio v1.15.0
[INFO] [stderr]    Compiling darling_macro v0.13.1
[INFO] [stderr]    Compiling tracing v0.1.29
[INFO] [stderr]    Compiling thiserror v1.0.30
[INFO] [stderr]    Compiling darling v0.10.2
[INFO] [stderr]    Compiling dummy v0.4.0
[INFO] [stderr]    Compiling darling v0.13.1
[INFO] [stderr]    Compiling prost v0.9.0
[INFO] [stderr]    Compiling serde_with_macros v1.5.1
[INFO] [stderr]    Compiling prost-types v0.9.0
[INFO] [stderr]    Compiling fake v2.4.3
[INFO] [stderr]    Compiling inserter v0.1.0 (/opt/rustwide/workdir)
[INFO] [stderr]    Compiling futures-executor v0.3.19
[INFO] [stderr]    Compiling futures v0.3.19
[INFO] [stderr]    Compiling tokio-util v0.6.9
[INFO] [stderr]    Compiling tokio-native-tls v0.3.0
[INFO] [stderr]    Compiling trust-dns-proto v0.20.3
[INFO] [stderr]    Compiling tokio-rustls v0.22.0
[INFO] [stderr]    Compiling h2 v0.3.9
[INFO] [stderr]    Compiling uuid v0.8.2
[INFO] [stderr]    Compiling serde_bytes v0.11.5
[INFO] [stderr]    Compiling serde_urlencoded v0.7.0
[INFO] [stderr]    Compiling serde_with v1.11.0
[INFO] [stderr]    Compiling trust-dns-resolver v0.20.3
[INFO] [stderr]    Compiling bson v2.1.0
[INFO] [stderr]    Compiling hyper v0.14.16
[INFO] [stderr]    Compiling mongodb v2.1.0
[INFO] [stderr]    Compiling hyper-tls v0.5.0
[INFO] [stderr]    Compiling reqwest v0.11.8
[INFO] [stdout] warning: unused imports: `Dummy`, `Faker`, `locales::EN`
[INFO] [stdout]  --> src/klite.rs:1:12
[INFO] [stdout]   |
[INFO] [stdout] 1 | use fake::{Dummy, Fake, Faker, faker::name::en::Name, locales::EN};
[INFO] [stdout]   |            ^^^^^        ^^^^^                         ^^^^^^^^^^^
[INFO] [stdout]   |
[INFO] [stdout]   = note: `#[warn(unused_imports)]` on by default
[INFO] [stdout] 
[INFO] [stdout] 
[INFO] [stdout] warning: unused variable: `users`
[INFO] [stdout]   --> src/klite.rs:44:20
[INFO] [stdout]    |
[INFO] [stdout] 44 | pub fn pick_shared(users: Vec<User>) -> Vec<String> {
[INFO] [stdout]    |                    ^^^^^ help: if this is intentional, prefix it with an underscore: `_users`
[INFO] [stdout]    |
[INFO] [stdout]    = note: `#[warn(unused_variables)]` on by default
[INFO] [stdout] 
[INFO] [stdout] 
[INFO] [stdout] warning: unused variable: `id`
[INFO] [stdout]   --> src/klite.rs:54:13
[INFO] [stdout]    |
[INFO] [stdout] 54 |         let id = ObjectId::new().to_hex();
[INFO] [stdout]    |             ^^ help: if this is intentional, prefix it with an underscore: `_id`
[INFO] [stdout] 
[INFO] [stdout] 
[INFO] [stdout] warning: unused variable: `author`
[INFO] [stdout]   --> src/klite.rs:55:13
[INFO] [stdout]    |
[INFO] [stdout] 55 |         let author = ObjectId::new().to_hex();
[INFO] [stdout]    |             ^^^^^^ help: if this is intentional, prefix it with an underscore: `_author`
[INFO] [stdout] 
[INFO] [stdout] 
[INFO] [stdout] warning: unused variable: `users`
[INFO] [stdout]   --> src/klite.rs:53:17
[INFO] [stdout]    |
[INFO] [stdout] 53 |     fn new_with(users: Vec<String>) -> Self {
[INFO] [stdout]    |                 ^^^^^ help: if this is intentional, prefix it with an underscore: `_users`
[INFO] [stdout] 
[INFO] [stdout] 
[INFO] [stdout] warning: function `run` is never used
[INFO] [stdout]   --> src/klite.rs:40:14
[INFO] [stdout]    |
[INFO] [stdout] 40 | pub async fn run() -> anyhow::Result<()> {
[INFO] [stdout]    |              ^^^
[INFO] [stdout]    |
[INFO] [stdout]    = note: `#[warn(dead_code)]` on by default
[INFO] [stdout] 
[INFO] [stdout] 
[INFO] [stdout] warning: function `pick_shared` is never used
[INFO] [stdout]   --> src/klite.rs:44:8
[INFO] [stdout]    |
[INFO] [stdout] 44 | pub fn pick_shared(users: Vec<User>) -> Vec<String> {
[INFO] [stdout]    |        ^^^^^^^^^^^
[INFO] [stdout] 
[INFO] [stdout] 
[INFO] [stdout] warning: associated function `new_with` is never used
[INFO] [stdout]   --> src/klite.rs:53:8
[INFO] [stdout]    |
[INFO] [stdout] 52 | impl searcher::KeyFields {
[INFO] [stdout]    | ------------------------ associated function in this implementation
[INFO] [stdout] 53 |     fn new_with(users: Vec<String>) -> Self {
[INFO] [stdout]    |        ^^^^^^^^
[INFO] [stdout] 
[INFO] [stdout] 
[INFO] [stdout] warning: 8 warnings emitted
[INFO] [stdout] 
[INFO] [stdout] 
[INFO] [stderr]     Finished dev [unoptimized + debuginfo] target(s) in 38.93s
[INFO] running `Command { std: "docker" "inspect" "04a0136f98670ca83f2ac0f2fc992c360b2b8a872f1d49b2f8df16efa8f156af", kill_on_drop: false }`
[INFO] running `Command { std: "docker" "rm" "-f" "04a0136f98670ca83f2ac0f2fc992c360b2b8a872f1d49b2f8df16efa8f156af", kill_on_drop: false }`
[INFO] [stdout] 04a0136f98670ca83f2ac0f2fc992c360b2b8a872f1d49b2f8df16efa8f156af
[INFO] running `Command { std: "docker" "create" "-v" "/var/lib/crater-agent-workspace/builds/worker-3-tc2/target:/opt/rustwide/target:rw,Z" "-v" "/var/lib/crater-agent-workspace/builds/worker-3-tc2/source:/opt/rustwide/workdir:ro,Z" "-v" "/var/lib/crater-agent-workspace/cargo-home:/opt/rustwide/cargo-home:ro,Z" "-v" "/var/lib/crater-agent-workspace/rustup-home:/opt/rustwide/rustup-home:ro,Z" "-e" "SOURCE_DIR=/opt/rustwide/workdir" "-e" "CARGO_TARGET_DIR=/opt/rustwide/target" "-e" "CARGO_INCREMENTAL=0" "-e" "RUST_BACKTRACE=full" "-e" "RUSTFLAGS=--cap-lints=warn" "-e" "RUSTDOCFLAGS=--cap-lints=warn" "-e" "CARGO_HOME=/opt/rustwide/cargo-home" "-e" "RUSTUP_HOME=/opt/rustwide/rustup-home" "-w" "/opt/rustwide/workdir" "-m" "1610612736" "--user" "0:0" "--network" "none" "ghcr.io/rust-lang/crates-build-env/linux@sha256:5ff2268d62e97bff2cde7d5815dd6ed5b47097566f13b8d0ca110b04b60e07ed" "/opt/rustwide/cargo-home/bin/cargo" "+beta-2023-04-20" "test" "--frozen" "--no-run" "--message-format=json", kill_on_drop: false }`
[INFO] [stdout] 7d8de07a37af4ed5a9b54e6d9692fbdd11ee8bca23a17ea4fce3960f5b83026b
[INFO] running `Command { std: "docker" "start" "-a" "7d8de07a37af4ed5a9b54e6d9692fbdd11ee8bca23a17ea4fce3960f5b83026b", kill_on_drop: false }`
[INFO] [stderr]    Compiling inserter v0.1.0 (/opt/rustwide/workdir)
[INFO] [stdout] warning: unused imports: `Dummy`, `Faker`, `locales::EN`
[INFO] [stdout]  --> src/klite.rs:1:12
[INFO] [stdout]   |
[INFO] [stdout] 1 | use fake::{Dummy, Fake, Faker, faker::name::en::Name, locales::EN};
[INFO] [stdout]   |            ^^^^^        ^^^^^                         ^^^^^^^^^^^
[INFO] [stdout]   |
[INFO] [stdout]   = note: `#[warn(unused_imports)]` on by default
[INFO] [stdout] 
[INFO] [stdout] 
[INFO] [stdout] warning: unused import: `searcher::KeyFields`
[INFO] [stdout]   --> src/klite.rs:64:42
[INFO] [stdout]    |
[INFO] [stdout] 64 |     use super::{commit_index, gen_users, searcher::KeyFields};
[INFO] [stdout]    |                                          ^^^^^^^^^^^^^^^^^^^
[INFO] [stdout] 
[INFO] [stdout] 
[INFO] [stdout] warning: unused variable: `users`
[INFO] [stdout]   --> src/klite.rs:44:20
[INFO] [stdout]    |
[INFO] [stdout] 44 | pub fn pick_shared(users: Vec<User>) -> Vec<String> {
[INFO] [stdout]    |                    ^^^^^ help: if this is intentional, prefix it with an underscore: `_users`
[INFO] [stdout]    |
[INFO] [stdout]    = note: `#[warn(unused_variables)]` on by default
[INFO] [stdout] 
[INFO] [stdout] 
[INFO] [stdout] warning: unused variable: `id`
[INFO] [stdout]   --> src/klite.rs:54:13
[INFO] [stdout]    |
[INFO] [stdout] 54 |         let id = ObjectId::new().to_hex();
[INFO] [stdout]    |             ^^ help: if this is intentional, prefix it with an underscore: `_id`
[INFO] [stdout] 
[INFO] [stdout] 
[INFO] [stdout] warning: unused variable: `author`
[INFO] [stdout]   --> src/klite.rs:55:13
[INFO] [stdout]    |
[INFO] [stdout] 55 |         let author = ObjectId::new().to_hex();
[INFO] [stdout]    |             ^^^^^^ help: if this is intentional, prefix it with an underscore: `_author`
[INFO] [stdout] 
[INFO] [stdout] 
[INFO] [stdout] warning: unused variable: `users`
[INFO] [stdout]   --> src/klite.rs:53:17
[INFO] [stdout]    |
[INFO] [stdout] 53 |     fn new_with(users: Vec<String>) -> Self {
[INFO] [stdout]    |                 ^^^^^ help: if this is intentional, prefix it with an underscore: `_users`
[INFO] [stdout] 
[INFO] [stdout] 
[INFO] [stdout] warning: function `run` is never used
[INFO] [stdout]   --> src/klite.rs:40:14
[INFO] [stdout]    |
[INFO] [stdout] 40 | pub async fn run() -> anyhow::Result<()> {
[INFO] [stdout]    |              ^^^
[INFO] [stdout]    |
[INFO] [stdout]    = note: `#[warn(dead_code)]` on by default
[INFO] [stdout] 
[INFO] [stdout] 
[INFO] [stdout] warning: function `pick_shared` is never used
[INFO] [stdout]   --> src/klite.rs:44:8
[INFO] [stdout]    |
[INFO] [stdout] 44 | pub fn pick_shared(users: Vec<User>) -> Vec<String> {
[INFO] [stdout]    |        ^^^^^^^^^^^
[INFO] [stdout] 
[INFO] [stdout] 
[INFO] [stdout] warning: associated function `new_with` is never used
[INFO] [stdout]   --> src/klite.rs:53:8
[INFO] [stdout]    |
[INFO] [stdout] 52 | impl searcher::KeyFields {
[INFO] [stdout]    | ------------------------ associated function in this implementation
[INFO] [stdout] 53 |     fn new_with(users: Vec<String>) -> Self {
[INFO] [stdout]    |        ^^^^^^^^
[INFO] [stdout] 
[INFO] [stdout] 
[INFO] [stdout] warning: 9 warnings emitted
[INFO] [stdout] 
[INFO] [stdout] 
[INFO] [stderr]     Finished test [unoptimized + debuginfo] target(s) in 3.51s
[INFO] running `Command { std: "docker" "inspect" "7d8de07a37af4ed5a9b54e6d9692fbdd11ee8bca23a17ea4fce3960f5b83026b", kill_on_drop: false }`
[INFO] running `Command { std: "docker" "rm" "-f" "7d8de07a37af4ed5a9b54e6d9692fbdd11ee8bca23a17ea4fce3960f5b83026b", kill_on_drop: false }`
[INFO] [stdout] 7d8de07a37af4ed5a9b54e6d9692fbdd11ee8bca23a17ea4fce3960f5b83026b
[INFO] running `Command { std: "docker" "create" "-v" "/var/lib/crater-agent-workspace/builds/worker-3-tc2/target:/opt/rustwide/target:rw,Z" "-v" "/var/lib/crater-agent-workspace/builds/worker-3-tc2/source:/opt/rustwide/workdir:ro,Z" "-v" "/var/lib/crater-agent-workspace/cargo-home:/opt/rustwide/cargo-home:ro,Z" "-v" "/var/lib/crater-agent-workspace/rustup-home:/opt/rustwide/rustup-home:ro,Z" "-e" "SOURCE_DIR=/opt/rustwide/workdir" "-e" "CARGO_TARGET_DIR=/opt/rustwide/target" "-e" "CARGO_INCREMENTAL=0" "-e" "RUST_BACKTRACE=full" "-e" "RUSTFLAGS=--cap-lints=warn" "-e" "RUSTDOCFLAGS=--cap-lints=warn" "-e" "CARGO_HOME=/opt/rustwide/cargo-home" "-e" "RUSTUP_HOME=/opt/rustwide/rustup-home" "-w" "/opt/rustwide/workdir" "-m" "1610612736" "--user" "0:0" "--network" "none" "ghcr.io/rust-lang/crates-build-env/linux@sha256:5ff2268d62e97bff2cde7d5815dd6ed5b47097566f13b8d0ca110b04b60e07ed" "/opt/rustwide/cargo-home/bin/cargo" "+beta-2023-04-20" "test" "--frozen", kill_on_drop: false }`
[INFO] [stdout] e9c56e3ea3fdbe0baf0fbdae49b4dfaa7b5ede762a274e439d3b81b02937decf
[INFO] running `Command { std: "docker" "start" "-a" "e9c56e3ea3fdbe0baf0fbdae49b4dfaa7b5ede762a274e439d3b81b02937decf", kill_on_drop: false }`
[INFO] [stderr] warning: unused imports: `Dummy`, `Faker`, `locales::EN`
[INFO] [stderr]  --> src/klite.rs:1:12
[INFO] [stderr]   |
[INFO] [stderr] 1 | use fake::{Dummy, Fake, Faker, faker::name::en::Name, locales::EN};
[INFO] [stderr]   |            ^^^^^        ^^^^^                         ^^^^^^^^^^^
[INFO] [stderr]   |
[INFO] [stderr]   = note: `#[warn(unused_imports)]` on by default
[INFO] [stderr] 
[INFO] [stderr] warning: unused import: `searcher::KeyFields`
[INFO] [stderr]   --> src/klite.rs:64:42
[INFO] [stderr]    |
[INFO] [stderr] 64 |     use super::{commit_index, gen_users, searcher::KeyFields};
[INFO] [stderr]    |                                          ^^^^^^^^^^^^^^^^^^^
[INFO] [stderr] 
[INFO] [stderr] warning: unused variable: `users`
[INFO] [stderr]   --> src/klite.rs:44:20
[INFO] [stderr]    |
[INFO] [stderr] 44 | pub fn pick_shared(users: Vec<User>) -> Vec<String> {
[INFO] [stderr]    |                    ^^^^^ help: if this is intentional, prefix it with an underscore: `_users`
[INFO] [stderr]    |
[INFO] [stderr]    = note: `#[warn(unused_variables)]` on by default
[INFO] [stderr] 
[INFO] [stderr] warning: unused variable: `id`
[INFO] [stderr]   --> src/klite.rs:54:13
[INFO] [stderr]    |
[INFO] [stderr] 54 |         let id = ObjectId::new().to_hex();
[INFO] [stderr]    |             ^^ help: if this is intentional, prefix it with an underscore: `_id`
[INFO] [stderr] 
[INFO] [stderr] warning: unused variable: `author`
[INFO] [stderr]   --> src/klite.rs:55:13
[INFO] [stderr]    |
[INFO] [stderr] 55 |         let author = ObjectId::new().to_hex();
[INFO] [stderr]    |             ^^^^^^ help: if this is intentional, prefix it with an underscore: `_author`
[INFO] [stderr] 
[INFO] [stderr] warning: unused variable: `users`
[INFO] [stderr]   --> src/klite.rs:53:17
[INFO] [stderr]    |
[INFO] [stderr] 53 |     fn new_with(users: Vec<String>) -> Self {
[INFO] [stderr]    |                 ^^^^^ help: if this is intentional, prefix it with an underscore: `_users`
[INFO] [stderr] 
[INFO] [stderr] warning: function `run` is never used
[INFO] [stderr]   --> src/klite.rs:40:14
[INFO] [stderr]    |
[INFO] [stderr] 40 | pub async fn run() -> anyhow::Result<()> {
[INFO] [stderr]    |              ^^^
[INFO] [stderr]    |
[INFO] [stderr]    = note: `#[warn(dead_code)]` on by default
[INFO] [stderr] 
[INFO] [stderr] warning: function `pick_shared` is never used
[INFO] [stderr]   --> src/klite.rs:44:8
[INFO] [stderr]    |
[INFO] [stderr] 44 | pub fn pick_shared(users: Vec<User>) -> Vec<String> {
[INFO] [stderr]    |        ^^^^^^^^^^^
[INFO] [stderr] 
[INFO] [stderr] warning: associated function `new_with` is never used
[INFO] [stderr]   --> src/klite.rs:53:8
[INFO] [stderr]    |
[INFO] [stderr] 52 | impl searcher::KeyFields {
[INFO] [stderr]    | ------------------------ associated function in this implementation
[INFO] [stderr] 53 |     fn new_with(users: Vec<String>) -> Self {
[INFO] [stderr]    |        ^^^^^^^^
[INFO] [stderr] 
[INFO] [stderr] warning: `inserter` (bin "inserter" test) generated 9 warnings (run `cargo fix --bin "inserter" --tests` to apply 6 suggestions)
[INFO] [stderr]     Finished test [unoptimized + debuginfo] target(s) in 0.09s
[INFO] [stderr]      Running unittests src/main.rs (/opt/rustwide/target/debug/deps/inserter-999a441c939c91f2)
[INFO] [stdout] 
[INFO] [stdout] running 4 tests
[INFO] [stdout] [2m2023-04-30T08:55:44.907993Z[0m [32m INFO[0m [2minserter::klite::tests[0m[2m:[0m names is name:\"Nathanael Erdman\" name:\"Cecelia Luettgen\" name:\"Maxime Murphy\" name:\"Savanah Beatty\" name:\"Peyton Russel\" name:\"Lucinda Roob\" name:\"Athena Conn\" name:\"Earnest Rutherford\" name:\"Braeden Hahn\"
[INFO] [stdout] test klite::tests::test_names ... ok
[INFO] [stdout] test klite::tests::test_rand ... FAILED
[INFO] [stdout] test klite::tests::test_gen_user ... FAILED
[INFO] [stdout] test klite::tests::test_commit ... FAILED
[INFO] [stdout] 
[INFO] [stdout] failures:
[INFO] [stdout] 
[INFO] [stdout] ---- klite::tests::test_rand stdout ----
[INFO] [stdout] thread 'klite::tests::test_rand' panicked at 'Unable to install global subscriber: SetGlobalDefaultError { _no_construct: () }', /opt/rustwide/cargo-home/registry/src/index.crates.io-6f17d22bba15001f/tracing-subscriber-0.3.4/src/fmt/mod.rs:1156:16
[INFO] [stdout] stack backtrace:
[INFO] [stdout]    0:     0x55a417f5ed8a - std::backtrace_rs::backtrace::libunwind::trace::h2f05d0192276a8f6
[INFO] [stdout]                                at /rustc/1b7dd2252b99671ce5d1cb9664c5f8636329436d/library/std/src/../../backtrace/src/backtrace/libunwind.rs:93:5
[INFO] [stdout]    1:     0x55a417f5ed8a - std::backtrace_rs::backtrace::trace_unsynchronized::hedc23dff7a1af150
[INFO] [stdout]                                at /rustc/1b7dd2252b99671ce5d1cb9664c5f8636329436d/library/std/src/../../backtrace/src/backtrace/mod.rs:66:5
[INFO] [stdout]    2:     0x55a417f5ed8a - std::sys_common::backtrace::_print_fmt::h17541ef7592f3ce2
[INFO] [stdout]                                at /rustc/1b7dd2252b99671ce5d1cb9664c5f8636329436d/library/std/src/sys_common/backtrace.rs:65:5
[INFO] [stdout]    3:     0x55a417f5ed8a - <std::sys_common::backtrace::_print::DisplayBacktrace as core::fmt::Display>::fmt::h20f75df5ab0c0792
[INFO] [stdout]                                at /rustc/1b7dd2252b99671ce5d1cb9664c5f8636329436d/library/std/src/sys_common/backtrace.rs:44:22
[INFO] [stdout]    4:     0x55a417f85d3f - core::fmt::write::h78109e6f466b3af6
[INFO] [stdout]                                at /rustc/1b7dd2252b99671ce5d1cb9664c5f8636329436d/library/core/src/fmt/mod.rs:1254:17
[INFO] [stdout]    5:     0x55a417f5b665 - std::io::Write::write_fmt::hd24bfb68a1b35a25
[INFO] [stdout]                                at /rustc/1b7dd2252b99671ce5d1cb9664c5f8636329436d/library/std/src/io/mod.rs:1698:15
[INFO] [stdout]    6:     0x55a417f5eb55 - std::sys_common::backtrace::_print::h8dac57a9f8fbf9a5
[INFO] [stdout]                                at /rustc/1b7dd2252b99671ce5d1cb9664c5f8636329436d/library/std/src/sys_common/backtrace.rs:47:5
[INFO] [stdout]    7:     0x55a417f5eb55 - std::sys_common::backtrace::print::hf9ecbf41d1aa712f
[INFO] [stdout]                                at /rustc/1b7dd2252b99671ce5d1cb9664c5f8636329436d/library/std/src/sys_common/backtrace.rs:34:9
[INFO] [stdout]    8:     0x55a417f6080e - std::panicking::default_hook::{{closure}}::h04c07acfc84ca028
[INFO] [stdout]                                at /rustc/1b7dd2252b99671ce5d1cb9664c5f8636329436d/library/std/src/panicking.rs:269:22
[INFO] [stdout]    9:     0x55a417f60541 - std::panicking::default_hook::h01f6bb23e1eceb2c
[INFO] [stdout]                                at /rustc/1b7dd2252b99671ce5d1cb9664c5f8636329436d/library/std/src/panicking.rs:285:9
[INFO] [stdout]   10:     0x55a417a1e06b - <alloc::boxed::Box<F,A> as core::ops::function::Fn<Args>>::call::h87fe9f7b2fd49e4c
[INFO] [stdout]                                at /rustc/1b7dd2252b99671ce5d1cb9664c5f8636329436d/library/alloc/src/boxed.rs:1987:9
[INFO] [stdout]   11:     0x55a417a1e06b - test::test_main::{{closure}}::he94d679243a7531b
[INFO] [stdout]                                at /rustc/1b7dd2252b99671ce5d1cb9664c5f8636329436d/library/test/src/lib.rs:134:21
[INFO] [stdout]   12:     0x55a417f60ef4 - <alloc::boxed::Box<F,A> as core::ops::function::Fn<Args>>::call::h3f2d6d8b14c4769f
[INFO] [stdout]                                at /rustc/1b7dd2252b99671ce5d1cb9664c5f8636329436d/library/alloc/src/boxed.rs:1987:9
[INFO] [stdout]   13:     0x55a417f60ef4 - std::panicking::rust_panic_with_hook::h2bb3722bbaf2f6df
[INFO] [stdout]                                at /rustc/1b7dd2252b99671ce5d1cb9664c5f8636329436d/library/std/src/panicking.rs:695:13
[INFO] [stdout]   14:     0x55a417f60c69 - std::panicking::begin_panic_handler::{{closure}}::h91bc7f36a4be011b
[INFO] [stdout]                                at /rustc/1b7dd2252b99671ce5d1cb9664c5f8636329436d/library/std/src/panicking.rs:582:13
[INFO] [stdout]   15:     0x55a417f5f1f6 - std::sys_common::backtrace::__rust_end_short_backtrace::h8b3d3717114f9e59
[INFO] [stdout]                                at /rustc/1b7dd2252b99671ce5d1cb9664c5f8636329436d/library/std/src/sys_common/backtrace.rs:150:18
[INFO] [stdout]   16:     0x55a417f609c2 - rust_begin_unwind
[INFO] [stdout]                                at /rustc/1b7dd2252b99671ce5d1cb9664c5f8636329436d/library/std/src/panicking.rs:578:5
[INFO] [stdout]   17:     0x55a417943453 - core::panicking::panic_fmt::hfd368e3fbdabea26
[INFO] [stdout]                                at /rustc/1b7dd2252b99671ce5d1cb9664c5f8636329436d/library/core/src/panicking.rs:67:14
[INFO] [stdout]   18:     0x55a4179439f3 - core::result::unwrap_failed::he54eb4b2f125b26f
[INFO] [stdout]                                at /rustc/1b7dd2252b99671ce5d1cb9664c5f8636329436d/library/core/src/result.rs:1687:5
[INFO] [stdout]   19:     0x55a41798db7e - core::result::Result<T,E>::expect::h22fc29a282302808
[INFO] [stdout]                                at /rustc/1b7dd2252b99671ce5d1cb9664c5f8636329436d/library/core/src/result.rs:1046:23
[INFO] [stdout]   20:     0x55a41796b026 - tracing_subscriber::fmt::init::h60492cb433925ec3
[INFO] [stdout]                                at /opt/rustwide/cargo-home/registry/src/index.crates.io-6f17d22bba15001f/tracing-subscriber-0.3.4/src/fmt/mod.rs:1156:5
[INFO] [stdout]   21:     0x55a41795303d - inserter::klite::tests::test_rand::hbfc7b70ab7a20fb2
[INFO] [stdout]                                at /opt/rustwide/workdir/src/klite.rs:107:9
[INFO] [stdout]   22:     0x55a417953017 - inserter::klite::tests::test_rand::{{closure}}::hc272f9e4a1df181c
[INFO] [stdout]                                at /opt/rustwide/workdir/src/klite.rs:105:20
[INFO] [stdout]   23:     0x55a41794d4c5 - core::ops::function::FnOnce::call_once::hc148a0e4551645bb
[INFO] [stdout]                                at /rustc/1b7dd2252b99671ce5d1cb9664c5f8636329436d/library/core/src/ops/function.rs:250:5
[INFO] [stdout]   24:     0x55a417a22f3f - core::ops::function::FnOnce::call_once::ha6a70e79f7481a7e
[INFO] [stdout]                                at /rustc/1b7dd2252b99671ce5d1cb9664c5f8636329436d/library/core/src/ops/function.rs:250:5
[INFO] [stdout]   25:     0x55a417a22f3f - test::__rust_begin_short_backtrace::hce33033019b61e69
[INFO] [stdout]                                at /rustc/1b7dd2252b99671ce5d1cb9664c5f8636329436d/library/test/src/lib.rs:655:18
[INFO] [stdout]   26:     0x55a4179f072c - test::run_test::{{closure}}::h858d3528838ae3e5
[INFO] [stdout]                                at /rustc/1b7dd2252b99671ce5d1cb9664c5f8636329436d/library/test/src/lib.rs:646:30
[INFO] [stdout]   27:     0x55a4179f072c - core::ops::function::FnOnce::call_once{{vtable.shim}}::he8ac2b00f01ae79e
[INFO] [stdout]                                at /rustc/1b7dd2252b99671ce5d1cb9664c5f8636329436d/library/core/src/ops/function.rs:250:5
[INFO] [stdout]   28:     0x55a417a22016 - <alloc::boxed::Box<F,A> as core::ops::function::FnOnce<Args>>::call_once::h8093d25b522725ef
[INFO] [stdout]                                at /rustc/1b7dd2252b99671ce5d1cb9664c5f8636329436d/library/alloc/src/boxed.rs:1973:9
[INFO] [stdout]   29:     0x55a417a22016 - <core::panic::unwind_safe::AssertUnwindSafe<F> as core::ops::function::FnOnce<()>>::call_once::h5c334c204e4a3913
[INFO] [stdout]                                at /rustc/1b7dd2252b99671ce5d1cb9664c5f8636329436d/library/core/src/panic/unwind_safe.rs:271:9
[INFO] [stdout]   30:     0x55a417a22016 - std::panicking::try::do_call::ha8b740c7b9478074
[INFO] [stdout]                                at /rustc/1b7dd2252b99671ce5d1cb9664c5f8636329436d/library/std/src/panicking.rs:485:40
[INFO] [stdout]   31:     0x55a417a22016 - std::panicking::try::h5d34f63d0e41b64e
[INFO] [stdout]                                at /rustc/1b7dd2252b99671ce5d1cb9664c5f8636329436d/library/std/src/panicking.rs:449:19
[INFO] [stdout]   32:     0x55a417a22016 - std::panic::catch_unwind::hcfbb511e1aa7fc67
[INFO] [stdout]                                at /rustc/1b7dd2252b99671ce5d1cb9664c5f8636329436d/library/std/src/panic.rs:140:14
[INFO] [stdout]   33:     0x55a417a22016 - test::run_test_in_process::h9abda90f802eaf21
[INFO] [stdout]                                at /rustc/1b7dd2252b99671ce5d1cb9664c5f8636329436d/library/test/src/lib.rs:678:27
[INFO] [stdout]   34:     0x55a417a22016 - test::run_test::run_test_inner::{{closure}}::h0f058de91f6c6edf
[INFO] [stdout]                                at /rustc/1b7dd2252b99671ce5d1cb9664c5f8636329436d/library/test/src/lib.rs:572:39
[INFO] [stdout]   35:     0x55a4179eaf35 - test::run_test::run_test_inner::{{closure}}::h5ca48a4c59c6c1fb
[INFO] [stdout]                                at /rustc/1b7dd2252b99671ce5d1cb9664c5f8636329436d/library/test/src/lib.rs:599:37
[INFO] [stdout]   36:     0x55a4179eaf35 - std::sys_common::backtrace::__rust_begin_short_backtrace::h32bd51e1495d4a33
[INFO] [stdout]                                at /rustc/1b7dd2252b99671ce5d1cb9664c5f8636329436d/library/std/src/sys_common/backtrace.rs:134:18
[INFO] [stdout]   37:     0x55a4179f0471 - std::thread::Builder::spawn_unchecked_::{{closure}}::{{closure}}::hc086fae9b128b2db
[INFO] [stdout]                                at /rustc/1b7dd2252b99671ce5d1cb9664c5f8636329436d/library/std/src/thread/mod.rs:526:17
[INFO] [stdout]   38:     0x55a4179f0471 - <core::panic::unwind_safe::AssertUnwindSafe<F> as core::ops::function::FnOnce<()>>::call_once::hb66571888d270d43
[INFO] [stdout]                                at /rustc/1b7dd2252b99671ce5d1cb9664c5f8636329436d/library/core/src/panic/unwind_safe.rs:271:9
[INFO] [stdout]   39:     0x55a4179f0471 - std::panicking::try::do_call::h4fa2ef4f6e51fecf
[INFO] [stdout]                                at /rustc/1b7dd2252b99671ce5d1cb9664c5f8636329436d/library/std/src/panicking.rs:485:40
[INFO] [stdout]   40:     0x55a4179f0471 - std::panicking::try::h1e9e22b8584489b5
[INFO] [stdout]                                at /rustc/1b7dd2252b99671ce5d1cb9664c5f8636329436d/library/std/src/panicking.rs:449:19
[INFO] [stdout]   41:     0x55a4179f0471 - std::panic::catch_unwind::h44698a3de0e0769e
[INFO] [stdout]                                at /rustc/1b7dd2252b99671ce5d1cb9664c5f8636329436d/library/std/src/panic.rs:140:14
[INFO] [stdout]   42:     0x55a4179f0471 - std::thread::Builder::spawn_unchecked_::{{closure}}::h50153abde3fe239e
[INFO] [stdout]                                at /rustc/1b7dd2252b99671ce5d1cb9664c5f8636329436d/library/std/src/thread/mod.rs:525:30
[INFO] [stdout]   43:     0x55a4179f0471 - core::ops::function::FnOnce::call_once{{vtable.shim}}::hbe5bbf6f38394364
[INFO] [stdout]                                at /rustc/1b7dd2252b99671ce5d1cb9664c5f8636329436d/library/core/src/ops/function.rs:250:5
[INFO] [stdout]   44:     0x55a417f65615 - <alloc::boxed::Box<F,A> as core::ops::function::FnOnce<Args>>::call_once::h0d83cb2920a49046
[INFO] [stdout]                                at /rustc/1b7dd2252b99671ce5d1cb9664c5f8636329436d/library/alloc/src/boxed.rs:1973:9
[INFO] [stdout]   45:     0x55a417f65615 - <alloc::boxed::Box<F,A> as core::ops::function::FnOnce<Args>>::call_once::hbe0a008aa7d9ef59
[INFO] [stdout]                                at /rustc/1b7dd2252b99671ce5d1cb9664c5f8636329436d/library/alloc/src/boxed.rs:1973:9
[INFO] [stdout]   46:     0x55a417f65615 - std::sys::unix::thread::Thread::new::thread_start::h3a466996bdf6b1f9
[INFO] [stdout]                                at /rustc/1b7dd2252b99671ce5d1cb9664c5f8636329436d/library/std/src/sys/unix/thread.rs:108:17
[INFO] [stdout]   47:     0x7fd62f3f9b43 - <unknown>
[INFO] [stdout]   48:     0x7fd62f48abb4 - __clone
[INFO] [stdout]   49:                0x0 - <unknown>
[INFO] [stdout] 
[INFO] [stdout] ---- klite::tests::test_gen_user stdout ----
[INFO] [stdout] thread 'klite::tests::test_gen_user' panicked at 'Unable to install global subscriber: SetGlobalDefaultError { _no_construct: () }', /opt/rustwide/cargo-home/registry/src/index.crates.io-6f17d22bba15001f/tracing-subscriber-0.3.4/src/fmt/mod.rs:1156:16
[INFO] [stdout] stack backtrace:
[INFO] [stdout]    0:     0x55a417f5ed8a - std::backtrace_rs::backtrace::libunwind::trace::h2f05d0192276a8f6
[INFO] [stdout]                                at /rustc/1b7dd2252b99671ce5d1cb9664c5f8636329436d/library/std/src/../../backtrace/src/backtrace/libunwind.rs:93:5
[INFO] [stdout]    1:     0x55a417f5ed8a - std::backtrace_rs::backtrace::trace_unsynchronized::hedc23dff7a1af150
[INFO] [stdout]                                at /rustc/1b7dd2252b99671ce5d1cb9664c5f8636329436d/library/std/src/../../backtrace/src/backtrace/mod.rs:66:5
[INFO] [stdout]    2:     0x55a417f5ed8a - std::sys_common::backtrace::_print_fmt::h17541ef7592f3ce2
[INFO] [stdout]                                at /rustc/1b7dd2252b99671ce5d1cb9664c5f8636329436d/library/std/src/sys_common/backtrace.rs:65:5
[INFO] [stdout]    3:     0x55a417f5ed8a - <std::sys_common::backtrace::_print::DisplayBacktrace as core::fmt::Display>::fmt::h20f75df5ab0c0792
[INFO] [stdout]                                at /rustc/1b7dd2252b99671ce5d1cb9664c5f8636329436d/library/std/src/sys_common/backtrace.rs:44:22
[INFO] [stdout]    4:     0x55a417f85d3f - core::fmt::write::h78109e6f466b3af6
[INFO] [stdout]                                at /rustc/1b7dd2252b99671ce5d1cb9664c5f8636329436d/library/core/src/fmt/mod.rs:1254:17
[INFO] [stdout]    5:     0x55a417f5b665 - std::io::Write::write_fmt::hd24bfb68a1b35a25
[INFO] [stdout]                                at /rustc/1b7dd2252b99671ce5d1cb9664c5f8636329436d/library/std/src/io/mod.rs:1698:15
[INFO] [stdout]    6:     0x55a417f5eb55 - std::sys_common::backtrace::_print::h8dac57a9f8fbf9a5
[INFO] [stdout]                                at /rustc/1b7dd2252b99671ce5d1cb9664c5f8636329436d/library/std/src/sys_common/backtrace.rs:47:5
[INFO] [stdout]    7:     0x55a417f5eb55 - std::sys_common::backtrace::print::hf9ecbf41d1aa712f
[INFO] [stdout]                                at /rustc/1b7dd2252b99671ce5d1cb9664c5f8636329436d/library/std/src/sys_common/backtrace.rs:34:9
[INFO] [stdout]    8:     0x55a417f6080e - std::panicking::default_hook::{{closure}}::h04c07acfc84ca028
[INFO] [stdout]                                at /rustc/1b7dd2252b99671ce5d1cb9664c5f8636329436d/library/std/src/panicking.rs:269:22
[INFO] [stdout]    9:     0x55a417f60541 - std::panicking::default_hook::h01f6bb23e1eceb2c
[INFO] [stdout]                                at /rustc/1b7dd2252b99671ce5d1cb9664c5f8636329436d/library/std/src/panicking.rs:285:9
[INFO] [stdout]   10:     0x55a417a1e06b - <alloc::boxed::Box<F,A> as core::ops::function::Fn<Args>>::call::h87fe9f7b2fd49e4c
[INFO] [stdout]                                at /rustc/1b7dd2252b99671ce5d1cb9664c5f8636329436d/library/alloc/src/boxed.rs:1987:9
[INFO] [stdout]   11:     0x55a417a1e06b - test::test_main::{{closure}}::he94d679243a7531b
[INFO] [stdout]                                at /rustc/1b7dd2252b99671ce5d1cb9664c5f8636329436d/library/test/src/lib.rs:134:21
[INFO] [stdout]   12:     0x55a417f60ef4 - <alloc::boxed::Box<F,A> as core::ops::function::Fn<Args>>::call::h3f2d6d8b14c4769f
[INFO] [stdout]                                at /rustc/1b7dd2252b99671ce5d1cb9664c5f8636329436d/library/alloc/src/boxed.rs:1987:9
[INFO] [stdout]   13:     0x55a417f60ef4 - std::panicking::rust_panic_with_hook::h2bb3722bbaf2f6df
[INFO] [stdout]                                at /rustc/1b7dd2252b99671ce5d1cb9664c5f8636329436d/library/std/src/panicking.rs:695:13
[INFO] [stdout]   14:     0x55a417f60c69 - std::panicking::begin_panic_handler::{{closure}}::h91bc7f36a4be011b
[INFO] [stdout]                                at /rustc/1b7dd2252b99671ce5d1cb9664c5f8636329436d/library/std/src/panicking.rs:582:13
[INFO] [stdout]   15:     0x55a417f5f1f6 - std::sys_common::backtrace::__rust_end_short_backtrace::h8b3d3717114f9e59
[INFO] [stdout]                                at /rustc/1b7dd2252b99671ce5d1cb9664c5f8636329436d/library/std/src/sys_common/backtrace.rs:150:18
[INFO] [stdout]   16:     0x55a417f609c2 - rust_begin_unwind
[INFO] [stdout]                                at /rustc/1b7dd2252b99671ce5d1cb9664c5f8636329436d/library/std/src/panicking.rs:578:5
[INFO] [stdout]   17:     0x55a417943453 - core::panicking::panic_fmt::hfd368e3fbdabea26
[INFO] [stdout]                                at /rustc/1b7dd2252b99671ce5d1cb9664c5f8636329436d/library/core/src/panicking.rs:67:14
[INFO] [stdout]   18:     0x55a4179439f3 - core::result::unwrap_failed::he54eb4b2f125b26f
[INFO] [stdout]                                at /rustc/1b7dd2252b99671ce5d1cb9664c5f8636329436d/library/core/src/result.rs:1687:5
[INFO] [stdout]   19:     0x55a41798db7e - core::result::Result<T,E>::expect::h22fc29a282302808
[INFO] [stdout]                                at /rustc/1b7dd2252b99671ce5d1cb9664c5f8636329436d/library/core/src/result.rs:1046:23
[INFO] [stdout]   20:     0x55a41796b026 - tracing_subscriber::fmt::init::h60492cb433925ec3
[INFO] [stdout]                                at /opt/rustwide/cargo-home/registry/src/index.crates.io-6f17d22bba15001f/tracing-subscriber-0.3.4/src/fmt/mod.rs:1156:5
[INFO] [stdout]   21:     0x55a417950931 - inserter::klite::tests::test_gen_user::{{closure}}::haa2b71f727a9b8c3
[INFO] [stdout]                                at /opt/rustwide/workdir/src/klite.rs:71:9
[INFO] [stdout]   22:     0x55a417946ceb - <core::pin::Pin<P> as core::future::future::Future>::poll::h50b9e20fe58138f9
[INFO] [stdout]                                at /rustc/1b7dd2252b99671ce5d1cb9664c5f8636329436d/library/core/src/future/future.rs:125:9
[INFO] [stdout]   23:     0x55a417955be4 - tokio::runtime::basic_scheduler::Inner<P>::block_on::{{closure}}::{{closure}}::h32aba92fae37be04
[INFO] [stdout]                                at /opt/rustwide/cargo-home/registry/src/index.crates.io-6f17d22bba15001f/tokio-1.15.0/src/runtime/basic_scheduler.rs:240:62
[INFO] [stdout]   24:     0x55a41795ad40 - tokio::coop::with_budget::{{closure}}::h04727f7f4c1dcfa1
[INFO] [stdout]                                at /opt/rustwide/cargo-home/registry/src/index.crates.io-6f17d22bba15001f/tokio-1.15.0/src/coop.rs:102:9
[INFO] [stdout]   25:     0x55a417957e89 - std::thread::local::LocalKey<T>::try_with::he907e74b171086f8
[INFO] [stdout]                                at /rustc/1b7dd2252b99671ce5d1cb9664c5f8636329436d/library/std/src/thread/local.rs:252:16
[INFO] [stdout]   26:     0x55a417956f4a - std::thread::local::LocalKey<T>::with::h8490c0767de4a287
[INFO] [stdout]                                at /rustc/1b7dd2252b99671ce5d1cb9664c5f8636329436d/library/std/src/thread/local.rs:228:9
[INFO] [stdout]   27:     0x55a417955295 - tokio::coop::with_budget::ha858f82cbbe6e6ff
[INFO] [stdout]                                at /opt/rustwide/cargo-home/registry/src/index.crates.io-6f17d22bba15001f/tokio-1.15.0/src/coop.rs:95:5
[INFO] [stdout]   28:     0x55a417955295 - tokio::coop::budget::h0bd4112a66afdd74
[INFO] [stdout]                                at /opt/rustwide/cargo-home/registry/src/index.crates.io-6f17d22bba15001f/tokio-1.15.0/src/coop.rs:72:5
[INFO] [stdout]   29:     0x55a417955295 - tokio::runtime::basic_scheduler::Inner<P>::block_on::{{closure}}::hebe7bb49f2288e25
[INFO] [stdout]                                at /opt/rustwide/cargo-home/registry/src/index.crates.io-6f17d22bba15001f/tokio-1.15.0/src/runtime/basic_scheduler.rs:240:39
[INFO] [stdout]   30:     0x55a417956df1 - tokio::runtime::basic_scheduler::enter::{{closure}}::h339ae7dd9e9efa8a
[INFO] [stdout]                                at /opt/rustwide/cargo-home/registry/src/index.crates.io-6f17d22bba15001f/tokio-1.15.0/src/runtime/basic_scheduler.rs:349:29
[INFO] [stdout]   31:     0x55a417945187 - tokio::macros::scoped_tls::ScopedKey<T>::set::hd34e48cb79babaa4
[INFO] [stdout]                                at /opt/rustwide/cargo-home/registry/src/index.crates.io-6f17d22bba15001f/tokio-1.15.0/src/macros/scoped_tls.rs:61:9
[INFO] [stdout]   32:     0x55a417956a3d - tokio::runtime::basic_scheduler::enter::h5c074d0da7163571
[INFO] [stdout]                                at /opt/rustwide/cargo-home/registry/src/index.crates.io-6f17d22bba15001f/tokio-1.15.0/src/runtime/basic_scheduler.rs:349:5
[INFO] [stdout]   33:     0x55a41795439b - tokio::runtime::basic_scheduler::Inner<P>::block_on::h18318404376171c9
[INFO] [stdout]                                at /opt/rustwide/cargo-home/registry/src/index.crates.io-6f17d22bba15001f/tokio-1.15.0/src/runtime/basic_scheduler.rs:230:9
[INFO] [stdout]   34:     0x55a417955e2a - tokio::runtime::basic_scheduler::InnerGuard<P>::block_on::hefdf7eec4f02ea5e
[INFO] [stdout]                                at /opt/rustwide/cargo-home/registry/src/index.crates.io-6f17d22bba15001f/tokio-1.15.0/src/runtime/basic_scheduler.rs:501:9
[INFO] [stdout]   35:     0x55a4179562d7 - tokio::runtime::basic_scheduler::BasicScheduler<P>::block_on::h5eaafd411a84aa25
[INFO] [stdout]                                at /opt/rustwide/cargo-home/registry/src/index.crates.io-6f17d22bba15001f/tokio-1.15.0/src/runtime/basic_scheduler.rs:186:24
[INFO] [stdout]   36:     0x55a4179454e0 - tokio::runtime::Runtime::block_on::hea42c6489fe57f33
[INFO] [stdout]                                at /opt/rustwide/cargo-home/registry/src/index.crates.io-6f17d22bba15001f/tokio-1.15.0/src/runtime/mod.rs:461:46
[INFO] [stdout]   37:     0x55a41795081d - inserter::klite::tests::test_gen_user::h2edceccf4ab74b31
[INFO] [stdout]                                at /opt/rustwide/workdir/src/klite.rs:79:9
[INFO] [stdout]   38:     0x55a4179506d7 - inserter::klite::tests::test_gen_user::{{closure}}::h22fc224c3170a7e9
[INFO] [stdout]                                at /opt/rustwide/workdir/src/klite.rs:70:30
[INFO] [stdout]   39:     0x55a41794d485 - core::ops::function::FnOnce::call_once::h8650d250f60f2385
[INFO] [stdout]                                at /rustc/1b7dd2252b99671ce5d1cb9664c5f8636329436d/library/core/src/ops/function.rs:250:5
[INFO] [stdout]   40:     0x55a417a22f3f - core::ops::function::FnOnce::call_once::ha6a70e79f7481a7e
[INFO] [stdout]                                at /rustc/1b7dd2252b99671ce5d1cb9664c5f8636329436d/library/core/src/ops/function.rs:250:5
[INFO] [stdout]   41:     0x55a417a22f3f - test::__rust_begin_short_backtrace::hce33033019b61e69
[INFO] [stdout]                                at /rustc/1b7dd2252b99671ce5d1cb9664c5f8636329436d/library/test/src/lib.rs:655:18
[INFO] [stdout]   42:     0x55a4179f072c - test::run_test::{{closure}}::h858d3528838ae3e5
[INFO] [stdout]                                at /rustc/1b7dd2252b99671ce5d1cb9664c5f8636329436d/library/test/src/lib.rs:646:30
[INFO] [stdout]   43:     0x55a4179f072c - core::ops::function::FnOnce::call_once{{vtable.shim}}::he8ac2b00f01ae79e
[INFO] [stdout]                                at /rustc/1b7dd2252b99671ce5d1cb9664c5f8636329436d/library/core/src/ops/function.rs:250:5
[INFO] [stdout]   44:     0x55a417a22016 - <alloc::boxed::Box<F,A> as core::ops::function::FnOnce<Args>>::call_once::h8093d25b522725ef
[INFO] [stdout]                                at /rustc/1b7dd2252b99671ce5d1cb9664c5f8636329436d/library/alloc/src/boxed.rs:1973:9
[INFO] [stdout]   45:     0x55a417a22016 - <core::panic::unwind_safe::AssertUnwindSafe<F> as core::ops::function::FnOnce<()>>::call_once::h5c334c204e4a3913
[INFO] [stdout]                                at /rustc/1b7dd2252b99671ce5d1cb9664c5f8636329436d/library/core/src/panic/unwind_safe.rs:271:9
[INFO] [stdout]   46:     0x55a417a22016 - std::panicking::try::do_call::ha8b740c7b9478074
[INFO] [stdout]                                at /rustc/1b7dd2252b99671ce5d1cb9664c5f8636329436d/library/std/src/panicking.rs:485:40
[INFO] [stdout]   47:     0x55a417a22016 - std::panicking::try::h5d34f63d0e41b64e
[INFO] [stdout]                                at /rustc/1b7dd2252b99671ce5d1cb9664c5f8636329436d/library/std/src/panicking.rs:449:19
[INFO] [stdout]   48:     0x55a417a22016 - std::panic::catch_unwind::hcfbb511e1aa7fc67
[INFO] [stdout]                                at /rustc/1b7dd2252b99671ce5d1cb9664c5f8636329436d/library/std/src/panic.rs:140:14
[INFO] [stdout]   49:     0x55a417a22016 - test::run_test_in_process::h9abda90f802eaf21
[INFO] [stdout]                                at /rustc/1b7dd2252b99671ce5d1cb9664c5f8636329436d/library/test/src/lib.rs:678:27
[INFO] [stdout]   50:     0x55a417a22016 - test::run_test::run_test_inner::{{closure}}::h0f058de91f6c6edf
[INFO] [stdout]                                at /rustc/1b7dd2252b99671ce5d1cb9664c5f8636329436d/library/test/src/lib.rs:572:39
[INFO] [stdout]   51:     0x55a4179eaf35 - test::run_test::run_test_inner::{{closure}}::h5ca48a4c59c6c1fb
[INFO] [stdout]                                at /rustc/1b7dd2252b99671ce5d1cb9664c5f8636329436d/library/test/src/lib.rs:599:37
[INFO] [stdout]   52:     0x55a4179eaf35 - std::sys_common::backtrace::__rust_begin_short_backtrace::h32bd51e1495d4a33
[INFO] [stdout]                                at /rustc/1b7dd2252b99671ce5d1cb9664c5f8636329436d/library/std/src/sys_common/backtrace.rs:134:18
[INFO] [stdout]   53:     0x55a4179f0471 - std::thread::Builder::spawn_unchecked_::{{closure}}::{{closure}}::hc086fae9b128b2db
[INFO] [stdout]                                at /rustc/1b7dd2252b99671ce5d1cb9664c5f8636329436d/library/std/src/thread/mod.rs:526:17
[INFO] [stdout]   54:     0x55a4179f0471 - <core::panic::unwind_safe::AssertUnwindSafe<F> as core::ops::function::FnOnce<()>>::call_once::hb66571888d270d43
[INFO] [stdout]                                at /rustc/1b7dd2252b99671ce5d1cb9664c5f8636329436d/library/core/src/panic/unwind_safe.rs:271:9
[INFO] [stdout]   55:     0x55a4179f0471 - std::panicking::try::do_call::h4fa2ef4f6e51fecf
[INFO] [stdout]                                at /rustc/1b7dd2252b99671ce5d1cb9664c5f8636329436d/library/std/src/panicking.rs:485:40
[INFO] [stdout]   56:     0x55a4179f0471 - std::panicking::try::h1e9e22b8584489b5
[INFO] [stdout]                                at /rustc/1b7dd2252b99671ce5d1cb9664c5f8636329436d/library/std/src/panicking.rs:449:19
[INFO] [stdout]   57:     0x55a4179f0471 - std::panic::catch_unwind::h44698a3de0e0769e
[INFO] [stdout]                                at /rustc/1b7dd2252b99671ce5d1cb9664c5f8636329436d/library/std/src/panic.rs:140:14
[INFO] [stdout]   58:     0x55a4179f0471 - std::thread::Builder::spawn_unchecked_::{{closure}}::h50153abde3fe239e
[INFO] [stdout]                                at /rustc/1b7dd2252b99671ce5d1cb9664c5f8636329436d/library/std/src/thread/mod.rs:525:30
[INFO] [stdout]   59:     0x55a4179f0471 - core::ops::function::FnOnce::call_once{{vtable.shim}}::hbe5bbf6f38394364
[INFO] [stdout]                                at /rustc/1b7dd2252b99671ce5d1cb9664c5f8636329436d/library/core/src/ops/function.rs:250:5
[INFO] [stdout]   60:     0x55a417f65615 - <alloc::boxed::Box<F,A> as core::ops::function::FnOnce<Args>>::call_once::h0d83cb2920a49046
[INFO] [stdout]                                at /rustc/1b7dd2252b99671ce5d1cb9664c5f8636329436d/library/alloc/src/boxed.rs:1973:9
[INFO] [stdout]   61:     0x55a417f65615 - <alloc::boxed::Box<F,A> as core::ops::function::FnOnce<Args>>::call_once::hbe0a008aa7d9ef59
[INFO] [stdout]                                at /rustc/1b7dd2252b99671ce5d1cb9664c5f8636329436d/library/alloc/src/boxed.rs:1973:9
[INFO] [stdout]   62:     0x55a417f65615 - std::sys::unix::thread::Thread::new::thread_start::h3a466996bdf6b1f9
[INFO] [stdout]                                at /rustc/1b7dd2252b99671ce5d1cb9664c5f8636329436d/library/std/src/sys/unix/thread.rs:108:17
[INFO] [stdout]   63:     0x7fd62f3f9b43 - <unknown>
[INFO] [stdout]   64:     0x7fd62f48abb4 - __clone
[INFO] [stdout]   65:                0x0 - <unknown>
[INFO] [stdout] 
[INFO] [stdout] ---- klite::tests::test_commit stdout ----
[INFO] [stdout] thread 'klite::tests::test_commit' panicked at 'Unable to install global subscriber: SetGlobalDefaultError { _no_construct: () }', /opt/rustwide/cargo-home/registry/src/index.crates.io-6f17d22bba15001f/tracing-subscriber-0.3.4/src/fmt/mod.rs:1156:16
[INFO] [stdout] stack backtrace:
[INFO] [stdout]    0:     0x55a417f5ed8a - std::backtrace_rs::backtrace::libunwind::trace::h2f05d0192276a8f6
[INFO] [stdout]                                at /rustc/1b7dd2252b99671ce5d1cb9664c5f8636329436d/library/std/src/../../backtrace/src/backtrace/libunwind.rs:93:5
[INFO] [stdout]    1:     0x55a417f5ed8a - std::backtrace_rs::backtrace::trace_unsynchronized::hedc23dff7a1af150
[INFO] [stdout]                                at /rustc/1b7dd2252b99671ce5d1cb9664c5f8636329436d/library/std/src/../../backtrace/src/backtrace/mod.rs:66:5
[INFO] [stdout]    2:     0x55a417f5ed8a - std::sys_common::backtrace::_print_fmt::h17541ef7592f3ce2
[INFO] [stdout]                                at /rustc/1b7dd2252b99671ce5d1cb9664c5f8636329436d/library/std/src/sys_common/backtrace.rs:65:5
[INFO] [stdout]    3:     0x55a417f5ed8a - <std::sys_common::backtrace::_print::DisplayBacktrace as core::fmt::Display>::fmt::h20f75df5ab0c0792
[INFO] [stdout]                                at /rustc/1b7dd2252b99671ce5d1cb9664c5f8636329436d/library/std/src/sys_common/backtrace.rs:44:22
[INFO] [stdout]    4:     0x55a417f85d3f - core::fmt::write::h78109e6f466b3af6
[INFO] [stdout]                                at /rustc/1b7dd2252b99671ce5d1cb9664c5f8636329436d/library/core/src/fmt/mod.rs:1254:17
[INFO] [stdout]    5:     0x55a417f5b665 - std::io::Write::write_fmt::hd24bfb68a1b35a25
[INFO] [stdout]                                at /rustc/1b7dd2252b99671ce5d1cb9664c5f8636329436d/library/std/src/io/mod.rs:1698:15
[INFO] [stdout]    6:     0x55a417f5eb55 - std::sys_common::backtrace::_print::h8dac57a9f8fbf9a5
[INFO] [stdout]                                at /rustc/1b7dd2252b99671ce5d1cb9664c5f8636329436d/library/std/src/sys_common/backtrace.rs:47:5
[INFO] [stdout]    7:     0x55a417f5eb55 - std::sys_common::backtrace::print::hf9ecbf41d1aa712f
[INFO] [stdout]                                at /rustc/1b7dd2252b99671ce5d1cb9664c5f8636329436d/library/std/src/sys_common/backtrace.rs:34:9
[INFO] [stdout]    8:     0x55a417f6080e - std::panicking::default_hook::{{closure}}::h04c07acfc84ca028
[INFO] [stdout]                                at /rustc/1b7dd2252b99671ce5d1cb9664c5f8636329436d/library/std/src/panicking.rs:269:22
[INFO] [stdout]    9:     0x55a417f60541 - std::panicking::default_hook::h01f6bb23e1eceb2c
[INFO] [stdout]                                at /rustc/1b7dd2252b99671ce5d1cb9664c5f8636329436d/library/std/src/panicking.rs:285:9
[INFO] [stdout]   10:     0x55a417a1e06b - <alloc::boxed::Box<F,A> as core::ops::function::Fn<Args>>::call::h87fe9f7b2fd49e4c
[INFO] [stdout]                                at /rustc/1b7dd2252b99671ce5d1cb9664c5f8636329436d/library/alloc/src/boxed.rs:1987:9
[INFO] [stdout]   11:     0x55a417a1e06b - test::test_main::{{closure}}::he94d679243a7531b
[INFO] [stdout]                                at /rustc/1b7dd2252b99671ce5d1cb9664c5f8636329436d/library/test/src/lib.rs:134:21
[INFO] [stdout]   12:     0x55a417f60ef4 - <alloc::boxed::Box<F,A> as core::ops::function::Fn<Args>>::call::h3f2d6d8b14c4769f
[INFO] [stdout]                                at /rustc/1b7dd2252b99671ce5d1cb9664c5f8636329436d/library/alloc/src/boxed.rs:1987:9
[INFO] [stdout]   13:     0x55a417f60ef4 - std::panicking::rust_panic_with_hook::h2bb3722bbaf2f6df
[INFO] [stdout]                                at /rustc/1b7dd2252b99671ce5d1cb9664c5f8636329436d/library/std/src/panicking.rs:695:13
[INFO] [stdout]   14:     0x55a417f60c69 - std::panicking::begin_panic_handler::{{closure}}::h91bc7f36a4be011b
[INFO] [stdout]                                at /rustc/1b7dd2252b99671ce5d1cb9664c5f8636329436d/library/std/src/panicking.rs:582:13
[INFO] [stdout]   15:     0x55a417f5f1f6 - std::sys_common::backtrace::__rust_end_short_backtrace::h8b3d3717114f9e59
[INFO] [stdout]                                at /rustc/1b7dd2252b99671ce5d1cb9664c5f8636329436d/library/std/src/sys_common/backtrace.rs:150:18
[INFO] [stdout]   16:     0x55a417f609c2 - rust_begin_unwind
[INFO] [stdout]                                at /rustc/1b7dd2252b99671ce5d1cb9664c5f8636329436d/library/std/src/panicking.rs:578:5
[INFO] [stdout]   17:     0x55a417943453 - core::panicking::panic_fmt::hfd368e3fbdabea26
[INFO] [stdout]                                at /rustc/1b7dd2252b99671ce5d1cb9664c5f8636329436d/library/core/src/panicking.rs:67:14
[INFO] [stdout]   18:     0x55a4179439f3 - core::result::unwrap_failed::he54eb4b2f125b26f
[INFO] [stdout]                                at /rustc/1b7dd2252b99671ce5d1cb9664c5f8636329436d/library/core/src/result.rs:1687:5
[INFO] [stdout]   19:     0x55a41798db7e - core::result::Result<T,E>::expect::h22fc29a282302808
[INFO] [stdout]                                at /rustc/1b7dd2252b99671ce5d1cb9664c5f8636329436d/library/core/src/result.rs:1046:23
[INFO] [stdout]   20:     0x55a41796b026 - tracing_subscriber::fmt::init::h60492cb433925ec3
[INFO] [stdout]                                at /opt/rustwide/cargo-home/registry/src/index.crates.io-6f17d22bba15001f/tracing-subscriber-0.3.4/src/fmt/mod.rs:1156:5
[INFO] [stdout]   21:     0x55a4179520a9 - inserter::klite::tests::test_commit::{{closure}}::h4ff9a1349c3f831e
[INFO] [stdout]                                at /opt/rustwide/workdir/src/klite.rs:84:9
[INFO] [stdout]   22:     0x55a417946d3b - <core::pin::Pin<P> as core::future::future::Future>::poll::hd7020ea27641a826
[INFO] [stdout]                                at /rustc/1b7dd2252b99671ce5d1cb9664c5f8636329436d/library/core/src/future/future.rs:125:9
[INFO] [stdout]   23:     0x55a417955c34 - tokio::runtime::basic_scheduler::Inner<P>::block_on::{{closure}}::{{closure}}::h6f000789cd1f4b39
[INFO] [stdout]                                at /opt/rustwide/cargo-home/registry/src/index.crates.io-6f17d22bba15001f/tokio-1.15.0/src/runtime/basic_scheduler.rs:240:62
[INFO] [stdout]   24:     0x55a41795b460 - tokio::coop::with_budget::{{closure}}::hb097779925c08c37
[INFO] [stdout]                                at /opt/rustwide/cargo-home/registry/src/index.crates.io-6f17d22bba15001f/tokio-1.15.0/src/coop.rs:102:9
[INFO] [stdout]   25:     0x55a4179572f9 - std::thread::local::LocalKey<T>::try_with::h0f06b8003ade460e
[INFO] [stdout]                                at /rustc/1b7dd2252b99671ce5d1cb9664c5f8636329436d/library/std/src/thread/local.rs:252:16
[INFO] [stdout]   26:     0x55a417956eba - std::thread::local::LocalKey<T>::with::h300f49c1909ed631
[INFO] [stdout]                                at /rustc/1b7dd2252b99671ce5d1cb9664c5f8636329436d/library/std/src/thread/local.rs:228:9
[INFO] [stdout]   27:     0x55a417954715 - tokio::coop::with_budget::h76371de2bf09294e
[INFO] [stdout]                                at /opt/rustwide/cargo-home/registry/src/index.crates.io-6f17d22bba15001f/tokio-1.15.0/src/coop.rs:95:5
[INFO] [stdout]   28:     0x55a417954715 - tokio::coop::budget::h9f99a6b40db87c34
[INFO] [stdout]                                at /opt/rustwide/cargo-home/registry/src/index.crates.io-6f17d22bba15001f/tokio-1.15.0/src/coop.rs:72:5
[INFO] [stdout]   29:     0x55a417954715 - tokio::runtime::basic_scheduler::Inner<P>::block_on::{{closure}}::h2e8d9622de9a8056
[INFO] [stdout]                                at /opt/rustwide/cargo-home/registry/src/index.crates.io-6f17d22bba15001f/tokio-1.15.0/src/runtime/basic_scheduler.rs:240:39
[INFO] [stdout]   30:     0x55a417956e31 - tokio::runtime::basic_scheduler::enter::{{closure}}::he01a9d414be96c2c
[INFO] [stdout]                                at /opt/rustwide/cargo-home/registry/src/index.crates.io-6f17d22bba15001f/tokio-1.15.0/src/runtime/basic_scheduler.rs:349:29
[INFO] [stdout]   31:     0x55a417945087 - tokio::macros::scoped_tls::ScopedKey<T>::set::hc94110a1fc92b077
[INFO] [stdout]                                at /opt/rustwide/cargo-home/registry/src/index.crates.io-6f17d22bba15001f/tokio-1.15.0/src/macros/scoped_tls.rs:61:9
[INFO] [stdout]   32:     0x55a417956d6d - tokio::runtime::basic_scheduler::enter::hcf8798cfebc11d88
[INFO] [stdout]                                at /opt/rustwide/cargo-home/registry/src/index.crates.io-6f17d22bba15001f/tokio-1.15.0/src/runtime/basic_scheduler.rs:349:5
[INFO] [stdout]   33:     0x55a4179543bb - tokio::runtime::basic_scheduler::Inner<P>::block_on::hfa9a65f359c4ca6e
[INFO] [stdout]                                at /opt/rustwide/cargo-home/registry/src/index.crates.io-6f17d22bba15001f/tokio-1.15.0/src/runtime/basic_scheduler.rs:230:9
[INFO] [stdout]   34:     0x55a417955d9a - tokio::runtime::basic_scheduler::InnerGuard<P>::block_on::h2b0a8f3b4371867a
[INFO] [stdout]                                at /opt/rustwide/cargo-home/registry/src/index.crates.io-6f17d22bba15001f/tokio-1.15.0/src/runtime/basic_scheduler.rs:501:9
[INFO] [stdout]   35:     0x55a417955f17 - tokio::runtime::basic_scheduler::BasicScheduler<P>::block_on::h5b2c5853a4e47b46
[INFO] [stdout]                                at /opt/rustwide/cargo-home/registry/src/index.crates.io-6f17d22bba15001f/tokio-1.15.0/src/runtime/basic_scheduler.rs:186:24
[INFO] [stdout]   36:     0x55a417945350 - tokio::runtime::Runtime::block_on::he6cc77a2dcf94f37
[INFO] [stdout]                                at /opt/rustwide/cargo-home/registry/src/index.crates.io-6f17d22bba15001f/tokio-1.15.0/src/runtime/mod.rs:461:46
[INFO] [stdout]   37:     0x55a417951fb0 - inserter::klite::tests::test_commit::h159bc209a859c5a2
[INFO] [stdout]                                at /opt/rustwide/workdir/src/klite.rs:88:9
[INFO] [stdout]   38:     0x55a417951e67 - inserter::klite::tests::test_commit::{{closure}}::h5fe4cb671f56a011
[INFO] [stdout]                                at /opt/rustwide/workdir/src/klite.rs:83:28
[INFO] [stdout]   39:     0x55a41794d3c5 - core::ops::function::FnOnce::call_once::h4b965f5f403b88be
[INFO] [stdout]                                at /rustc/1b7dd2252b99671ce5d1cb9664c5f8636329436d/library/core/src/ops/function.rs:250:5
[INFO] [stdout]   40:     0x55a417a22f3f - core::ops::function::FnOnce::call_once::ha6a70e79f7481a7e
[INFO] [stdout]                                at /rustc/1b7dd2252b99671ce5d1cb9664c5f8636329436d/library/core/src/ops/function.rs:250:5
[INFO] [stdout]   41:     0x55a417a22f3f - test::__rust_begin_short_backtrace::hce33033019b61e69
[INFO] [stdout]                                at /rustc/1b7dd2252b99671ce5d1cb9664c5f8636329436d/library/test/src/lib.rs:655:18
[INFO] [stdout]   42:     0x55a4179f072c - test::run_test::{{closure}}::h858d3528838ae3e5
[INFO] [stdout]                                at /rustc/1b7dd2252b99671ce5d1cb9664c5f8636329436d/library/test/src/lib.rs:646:30
[INFO] [stdout]   43:     0x55a4179f072c - core::ops::function::FnOnce::call_once{{vtable.shim}}::he8ac2b00f01ae79e
[INFO] [stdout]                                at /rustc/1b7dd2252b99671ce5d1cb9664c5f8636329436d/library/core/src/ops/function.rs:250:5
[INFO] [stdout]   44:     0x55a417a22016 - <alloc::boxed::Box<F,A> as core::ops::function::FnOnce<Args>>::call_once::h8093d25b522725ef
[INFO] [stdout]                                at /rustc/1b7dd2252b99671ce5d1cb9664c5f8636329436d/library/alloc/src/boxed.rs:1973:9
[INFO] [stdout]   45:     0x55a417a22016 - <core::panic::unwind_safe::AssertUnwindSafe<F> as core::ops::function::FnOnce<()>>::call_once::h5c334c204e4a3913
[INFO] [stdout]                                at /rustc/1b7dd2252b99671ce5d1cb9664c5f8636329436d/library/core/src/panic/unwind_safe.rs:271:9
[INFO] [stdout]   46:     0x55a417a22016 - std::panicking::try::do_call::ha8b740c7b9478074
[INFO] [stdout]                                at /rustc/1b7dd2252b99671ce5d1cb9664c5f8636329436d/library/std/src/panicking.rs:485:40
[INFO] [stdout]   47:     0x55a417a22016 - std::panicking::try::h5d34f63d0e41b64e
[INFO] [stdout]                                at /rustc/1b7dd2252b99671ce5d1cb9664c5f8636329436d/library/std/src/panicking.rs:449:19
[INFO] [stdout]   48:     0x55a417a22016 - std::panic::catch_unwind::hcfbb511e1aa7fc67
[INFO] [stdout]                                at /rustc/1b7dd2252b99671ce5d1cb9664c5f8636329436d/library/std/src/panic.rs:140:14
[INFO] [stdout]   49:     0x55a417a22016 - test::run_test_in_process::h9abda90f802eaf21
[INFO] [stdout]                                at /rustc/1b7dd2252b99671ce5d1cb9664c5f8636329436d/library/test/src/lib.rs:678:27
[INFO] [stdout]   50:     0x55a417a22016 - test::run_test::run_test_inner::{{closure}}::h0f058de91f6c6edf
[INFO] [stdout]                                at /rustc/1b7dd2252b99671ce5d1cb9664c5f8636329436d/library/test/src/lib.rs:572:39
[INFO] [stdout]   51:     0x55a4179eaf35 - test::run_test::run_test_inner::{{closure}}::h5ca48a4c59c6c1fb
[INFO] [stdout]                                at /rustc/1b7dd2252b99671ce5d1cb9664c5f8636329436d/library/test/src/lib.rs:599:37
[INFO] [stdout]   52:     0x55a4179eaf35 - std::sys_common::backtrace::__rust_begin_short_backtrace::h32bd51e1495d4a33
[INFO] [stdout]                                at /rustc/1b7dd2252b99671ce5d1cb9664c5f8636329436d/library/std/src/sys_common/backtrace.rs:134:18
[INFO] [stdout]   53:     0x55a4179f0471 - std::thread::Builder::spawn_unchecked_::{{closure}}::{{closure}}::hc086fae9b128b2db
[INFO] [stdout]                                at /rustc/1b7dd2252b99671ce5d1cb9664c5f8636329436d/library/std/src/thread/mod.rs:526:17
[INFO] [stdout]   54:     0x55a4179f0471 - <core::panic::unwind_safe::AssertUnwindSafe<F> as core::ops::function::FnOnce<()>>::call_once::hb66571888d270d43
[INFO] [stdout]                                at /rustc/1b7dd2252b99671ce5d1cb9664c5f8636329436d/library/core/src/panic/unwind_safe.rs:271:9
[INFO] [stdout]   55:     0x55a4179f0471 - std::panicking::try::do_call::h4fa2ef4f6e51fecf
[INFO] [stdout]                                at /rustc/1b7dd2252b99671ce5d1cb9664c5f8636329436d/library/std/src/panicking.rs:485:40
[INFO] [stdout]   56:     0x55a4179f0471 - std::panicking::try::h1e9e22b8584489b5
[INFO] [stdout]                                at /rustc/1b7dd2252b99671ce5d1cb9664c5f8636329436d/library/std/src/panicking.rs:449:19
[INFO] [stdout]   57:     0x55a4179f0471 - std::panic::catch_unwind::h44698a3de0e0769e
[INFO] [stdout]                                at /rustc/1b7dd2252b99671ce5d1cb9664c5f8636329436d/library/std/src/panic.rs:140:14
[INFO] [stdout]   58:     0x55a4179f0471 - std::thread::Builder::spawn_unchecked_::{{closure}}::h50153abde3fe239e
[INFO] [stdout]                                at /rustc/1b7dd2252b99671ce5d1cb9664c5f8636329436d/library/std/src/thread/mod.rs:525:30
[INFO] [stdout]   59:     0x55a4179f0471 - core::ops::function::FnOnce::call_once{{vtable.shim}}::hbe5bbf6f38394364
[INFO] [stdout]                                at /rustc/1b7dd2252b99671ce5d1cb9664c5f8636329436d/library/core/src/ops/function.rs:250:5
[INFO] [stdout]   60:     0x55a417f65615 - <alloc::boxed::Box<F,A> as core::ops::function::FnOnce<Args>>::call_once::h0d83cb2920a49046
[INFO] [stdout]                                at /rustc/1b7dd2252b99671ce5d1cb9664c5f8636329436d/library/alloc/src/boxed.rs:1973:9
[INFO] [stdout]   61:     0x55a417f65615 - <alloc::boxed::Box<F,A> as core::ops::function::FnOnce<Args>>::call_once::hbe0a008aa7d9ef59
[INFO] [stdout]                                at /rustc/1b7dd2252b99671ce5d1cb9664c5f8636329436d/library/alloc/src/boxed.rs:1973:9
[INFO] [stdout]   62:     0x55a417f65615 - std::sys::unix::thread::Thread::new::thread_start::h3a466996bdf6b1f9
[INFO] [stdout]                                at /rustc/1b7dd2252b99671ce5d1cb9664c5f8636329436d/library/std/src/sys/unix/thread.rs:108:17
[INFO] [stdout]   63:     0x7fd62f3f9b43 - <unknown>
[INFO] [stdout]   64:     0x7fd62f48abb4 - __clone
[INFO] [stdout]   65:                0x0 - <unknown>
[INFO] [stdout] 
[INFO] [stdout] 
[INFO] [stdout] failures:
[INFO] [stdout]     klite::tests::test_commit
[INFO] [stdout]     klite::tests::test_gen_user
[INFO] [stdout]     klite::tests::test_rand
[INFO] [stdout] 
[INFO] [stdout] test result: FAILED. 1 passed; 3 failed; 0 ignored; 0 measured; 0 filtered out; finished in 0.03s
[INFO] [stdout] 
[INFO] [stderr] error: test failed, to rerun pass `--bin inserter`
[INFO] running `Command { std: "docker" "inspect" "e9c56e3ea3fdbe0baf0fbdae49b4dfaa7b5ede762a274e439d3b81b02937decf", kill_on_drop: false }`
[INFO] running `Command { std: "docker" "rm" "-f" "e9c56e3ea3fdbe0baf0fbdae49b4dfaa7b5ede762a274e439d3b81b02937decf", kill_on_drop: false }`
[INFO] [stdout] e9c56e3ea3fdbe0baf0fbdae49b4dfaa7b5ede762a274e439d3b81b02937decf
