[INFO] cloning repository https://github.com/Parth/redis_utils
[INFO] running `Command { std: "git" "-c" "credential.helper=" "-c" "credential.helper=/workspace/cargo-home/bin/git-credential-null" "clone" "--bare" "https://github.com/Parth/redis_utils" "/workspace/cache/git-repos/https%3A%2F%2Fgithub.com%2FParth%2Fredis_utils", kill_on_drop: false }`
[INFO] [stderr] Cloning into bare repository '/workspace/cache/git-repos/https%3A%2F%2Fgithub.com%2FParth%2Fredis_utils'...
[INFO] running `Command { std: "git" "rev-parse" "HEAD", kill_on_drop: false }`
[INFO] [stdout] e8684134dbd8cff3acc15340e4bbe51b37b9494e
[INFO] testing Parth/redis_utils against 1.69.0 for beta-1.70-1
[INFO] running `Command { std: "git" "clone" "/workspace/cache/git-repos/https%3A%2F%2Fgithub.com%2FParth%2Fredis_utils" "/workspace/builds/worker-6-tc1/source", kill_on_drop: false }`
[INFO] [stderr] Cloning into '/workspace/builds/worker-6-tc1/source'...
[INFO] [stderr] done.
[INFO] validating manifest of git repo https://github.com/Parth/redis_utils on toolchain 1.69.0
[INFO] running `Command { std: CARGO_HOME="/workspace/cargo-home" RUSTUP_HOME="/workspace/rustup-home" "/workspace/cargo-home/bin/cargo" "+1.69.0" "metadata" "--manifest-path" "Cargo.toml" "--no-deps", kill_on_drop: false }`
[INFO] started tweaking git repo https://github.com/Parth/redis_utils
[INFO] finished tweaking git repo https://github.com/Parth/redis_utils
[INFO] tweaked toml for git repo https://github.com/Parth/redis_utils written to /workspace/builds/worker-6-tc1/source/Cargo.toml
[INFO] crate git repo https://github.com/Parth/redis_utils already has a lockfile, it will not be regenerated
[INFO] running `Command { std: CARGO_HOME="/workspace/cargo-home" RUSTUP_HOME="/workspace/rustup-home" "/workspace/cargo-home/bin/cargo" "+1.69.0" "fetch" "--manifest-path" "Cargo.toml", kill_on_drop: false }`
[INFO] [stderr]  Downloading crates ...
[INFO] [stderr]   Downloaded redis v0.21.4
[INFO] running `Command { std: "docker" "create" "-v" "/var/lib/crater-agent-workspace/builds/worker-6-tc1/target:/opt/rustwide/target:rw,Z" "-v" "/var/lib/crater-agent-workspace/builds/worker-6-tc1/source:/opt/rustwide/workdir:ro,Z" "-v" "/var/lib/crater-agent-workspace/cargo-home:/opt/rustwide/cargo-home:ro,Z" "-v" "/var/lib/crater-agent-workspace/rustup-home:/opt/rustwide/rustup-home:ro,Z" "-e" "SOURCE_DIR=/opt/rustwide/workdir" "-e" "CARGO_TARGET_DIR=/opt/rustwide/target" "-e" "CARGO_HOME=/opt/rustwide/cargo-home" "-e" "RUSTUP_HOME=/opt/rustwide/rustup-home" "-w" "/opt/rustwide/workdir" "-m" "1610612736" "--user" "0:0" "--network" "none" "ghcr.io/rust-lang/crates-build-env/linux@sha256:5ff2268d62e97bff2cde7d5815dd6ed5b47097566f13b8d0ca110b04b60e07ed" "/opt/rustwide/cargo-home/bin/cargo" "+1.69.0" "metadata" "--no-deps" "--format-version=1", kill_on_drop: false }`
[INFO] [stdout] 308e5d8e9ed46b041dc7d557845aee9114d7845140575e4de2242564083fa5ef
[INFO] running `Command { std: "docker" "start" "-a" "308e5d8e9ed46b041dc7d557845aee9114d7845140575e4de2242564083fa5ef", kill_on_drop: false }`
[INFO] running `Command { std: "docker" "inspect" "308e5d8e9ed46b041dc7d557845aee9114d7845140575e4de2242564083fa5ef", kill_on_drop: false }`
[INFO] running `Command { std: "docker" "rm" "-f" "308e5d8e9ed46b041dc7d557845aee9114d7845140575e4de2242564083fa5ef", kill_on_drop: false }`
[INFO] [stdout] 308e5d8e9ed46b041dc7d557845aee9114d7845140575e4de2242564083fa5ef
[INFO] running `Command { std: "docker" "create" "-v" "/var/lib/crater-agent-workspace/builds/worker-6-tc1/target:/opt/rustwide/target:rw,Z" "-v" "/var/lib/crater-agent-workspace/builds/worker-6-tc1/source:/opt/rustwide/workdir:ro,Z" "-v" "/var/lib/crater-agent-workspace/cargo-home:/opt/rustwide/cargo-home:ro,Z" "-v" "/var/lib/crater-agent-workspace/rustup-home:/opt/rustwide/rustup-home:ro,Z" "-e" "SOURCE_DIR=/opt/rustwide/workdir" "-e" "CARGO_TARGET_DIR=/opt/rustwide/target" "-e" "CARGO_INCREMENTAL=0" "-e" "RUST_BACKTRACE=full" "-e" "RUSTFLAGS=--cap-lints=warn" "-e" "RUSTDOCFLAGS=--cap-lints=warn" "-e" "CARGO_HOME=/opt/rustwide/cargo-home" "-e" "RUSTUP_HOME=/opt/rustwide/rustup-home" "-w" "/opt/rustwide/workdir" "-m" "1610612736" "--user" "0:0" "--network" "none" "ghcr.io/rust-lang/crates-build-env/linux@sha256:5ff2268d62e97bff2cde7d5815dd6ed5b47097566f13b8d0ca110b04b60e07ed" "/opt/rustwide/cargo-home/bin/cargo" "+1.69.0" "build" "--frozen" "--message-format=json", kill_on_drop: false }`
[INFO] [stdout] 2d10e15889719e15d1f38fcaaf49016995ec9fe99a319276558b5bba59ea7592
[INFO] running `Command { std: "docker" "start" "-a" "2d10e15889719e15d1f38fcaaf49016995ec9fe99a319276558b5bba59ea7592", kill_on_drop: false }`
[INFO] [stderr]    Compiling proc-macro2 v1.0.36
[INFO] [stderr]    Compiling unicode-xid v0.2.2
[INFO] [stderr]    Compiling log v0.4.14
[INFO] [stderr]    Compiling syn v1.0.84
[INFO] [stderr]    Compiling libc v0.2.112
[INFO] [stderr]    Compiling memchr v2.4.1
[INFO] [stderr]    Compiling futures-core v0.3.19
[INFO] [stderr]    Compiling cfg-if v1.0.0
[INFO] [stderr]    Compiling tinyvec_macros v0.1.0
[INFO] [stderr]    Compiling pin-project-lite v0.2.8
[INFO] [stderr]    Compiling futures-sink v0.3.19
[INFO] [stderr]    Compiling serde_derive v1.0.133
[INFO] [stderr]    Compiling bytes v1.1.0
[INFO] [stderr]    Compiling matches v0.1.9
[INFO] [stderr]    Compiling futures-task v0.3.19
[INFO] [stderr]    Compiling percent-encoding v2.1.0
[INFO] [stderr]    Compiling tinyvec v1.5.1
[INFO] [stderr]    Compiling serde v1.0.133
[INFO] [stderr]    Compiling async-trait v0.1.52
[INFO] [stderr]    Compiling unicode-bidi v0.3.7
[INFO] [stderr]    Compiling futures-util v0.3.19
[INFO] [stderr]    Compiling form_urlencoded v1.0.1
[INFO] [stderr]    Compiling pin-utils v0.1.0
[INFO] [stderr]    Compiling serde_json v1.0.74
[INFO] [stderr]    Compiling itoa v0.4.8
[INFO] [stderr]    Compiling ryu v1.0.9
[INFO] [stderr]    Compiling itoa v1.0.1
[INFO] [stderr]    Compiling dtoa v0.4.8
[INFO] [stderr]    Compiling quote v1.0.14
[INFO] [stderr]    Compiling mio v0.7.14
[INFO] [stderr]    Compiling unicode-normalization v0.1.19
[INFO] [stderr]    Compiling tokio v1.15.0
[INFO] [stderr]    Compiling idna v0.2.3
[INFO] [stderr]    Compiling url v2.2.2
[INFO] [stderr]    Compiling tokio-util v0.6.9
[INFO] [stderr]    Compiling combine v4.6.2
[INFO] [stderr]    Compiling redis v0.21.4
[INFO] [stderr]    Compiling redis_utils v0.1.3 (/opt/rustwide/workdir)
[INFO] [stderr]     Finished dev [unoptimized + debuginfo] target(s) in 24.09s
[INFO] running `Command { std: "docker" "inspect" "2d10e15889719e15d1f38fcaaf49016995ec9fe99a319276558b5bba59ea7592", kill_on_drop: false }`
[INFO] running `Command { std: "docker" "rm" "-f" "2d10e15889719e15d1f38fcaaf49016995ec9fe99a319276558b5bba59ea7592", kill_on_drop: false }`
[INFO] [stdout] 2d10e15889719e15d1f38fcaaf49016995ec9fe99a319276558b5bba59ea7592
[INFO] running `Command { std: "docker" "create" "-v" "/var/lib/crater-agent-workspace/builds/worker-6-tc1/target:/opt/rustwide/target:rw,Z" "-v" "/var/lib/crater-agent-workspace/builds/worker-6-tc1/source:/opt/rustwide/workdir:ro,Z" "-v" "/var/lib/crater-agent-workspace/cargo-home:/opt/rustwide/cargo-home:ro,Z" "-v" "/var/lib/crater-agent-workspace/rustup-home:/opt/rustwide/rustup-home:ro,Z" "-e" "SOURCE_DIR=/opt/rustwide/workdir" "-e" "CARGO_TARGET_DIR=/opt/rustwide/target" "-e" "CARGO_INCREMENTAL=0" "-e" "RUST_BACKTRACE=full" "-e" "RUSTFLAGS=--cap-lints=warn" "-e" "RUSTDOCFLAGS=--cap-lints=warn" "-e" "CARGO_HOME=/opt/rustwide/cargo-home" "-e" "RUSTUP_HOME=/opt/rustwide/rustup-home" "-w" "/opt/rustwide/workdir" "-m" "1610612736" "--user" "0:0" "--network" "none" "ghcr.io/rust-lang/crates-build-env/linux@sha256:5ff2268d62e97bff2cde7d5815dd6ed5b47097566f13b8d0ca110b04b60e07ed" "/opt/rustwide/cargo-home/bin/cargo" "+1.69.0" "test" "--frozen" "--no-run" "--message-format=json", kill_on_drop: false }`
[INFO] [stdout] 7f50aa14b7e01788da705d6bc0b2cfafc5114c6a3febd920c59d28143a7bbd14
[INFO] running `Command { std: "docker" "start" "-a" "7f50aa14b7e01788da705d6bc0b2cfafc5114c6a3febd920c59d28143a7bbd14", kill_on_drop: false }`
[INFO] [stderr]    Compiling redis_utils v0.1.3 (/opt/rustwide/workdir)
[INFO] [stderr]     Finished test [unoptimized + debuginfo] target(s) in 0.32s
[INFO] running `Command { std: "docker" "inspect" "7f50aa14b7e01788da705d6bc0b2cfafc5114c6a3febd920c59d28143a7bbd14", kill_on_drop: false }`
[INFO] running `Command { std: "docker" "rm" "-f" "7f50aa14b7e01788da705d6bc0b2cfafc5114c6a3febd920c59d28143a7bbd14", kill_on_drop: false }`
[INFO] [stdout] 7f50aa14b7e01788da705d6bc0b2cfafc5114c6a3febd920c59d28143a7bbd14
[INFO] running `Command { std: "docker" "create" "-v" "/var/lib/crater-agent-workspace/builds/worker-6-tc1/target:/opt/rustwide/target:rw,Z" "-v" "/var/lib/crater-agent-workspace/builds/worker-6-tc1/source:/opt/rustwide/workdir:ro,Z" "-v" "/var/lib/crater-agent-workspace/cargo-home:/opt/rustwide/cargo-home:ro,Z" "-v" "/var/lib/crater-agent-workspace/rustup-home:/opt/rustwide/rustup-home:ro,Z" "-e" "SOURCE_DIR=/opt/rustwide/workdir" "-e" "CARGO_TARGET_DIR=/opt/rustwide/target" "-e" "CARGO_INCREMENTAL=0" "-e" "RUST_BACKTRACE=full" "-e" "RUSTFLAGS=--cap-lints=warn" "-e" "RUSTDOCFLAGS=--cap-lints=warn" "-e" "CARGO_HOME=/opt/rustwide/cargo-home" "-e" "RUSTUP_HOME=/opt/rustwide/rustup-home" "-w" "/opt/rustwide/workdir" "-m" "1610612736" "--user" "0:0" "--network" "none" "ghcr.io/rust-lang/crates-build-env/linux@sha256:5ff2268d62e97bff2cde7d5815dd6ed5b47097566f13b8d0ca110b04b60e07ed" "/opt/rustwide/cargo-home/bin/cargo" "+1.69.0" "test" "--frozen", kill_on_drop: false }`
[INFO] [stdout] 32d346c6aa976d8a4595095f4151b2cc6f9a263152045cdc487e40431c1c2c34
[INFO] running `Command { std: "docker" "start" "-a" "32d346c6aa976d8a4595095f4151b2cc6f9a263152045cdc487e40431c1c2c34", kill_on_drop: false }`
[INFO] [stderr]     Finished test [unoptimized + debuginfo] target(s) in 0.03s
[INFO] [stderr]      Running unittests src/lib.rs (/opt/rustwide/target/debug/deps/redis_utils-48d282d03eb4f1d2)
[INFO] [stdout] 
[INFO] [stdout] running 0 tests
[INFO] [stdout] 
[INFO] [stdout] test result: ok. 0 passed; 0 failed; 0 ignored; 0 measured; 0 filtered out; finished in 0.00s
[INFO] [stdout] 
[INFO] [stderr]    Doc-tests redis_utils
[INFO] [stdout] 
[INFO] [stdout] running 8 tests
[INFO] [stdout] test src/lib.rs - (line 49) ... FAILED
[INFO] [stdout] test src/lib.rs - (line 34) ... FAILED
[INFO] [stdout] test src/lib.rs - (line 23) ... FAILED
[INFO] [stdout] test src/lib.rs - (line 76) ... FAILED
[INFO] [stdout] test src/lib.rs - tx (line 122) - compile ... ok
[INFO] [stdout] test src/lib.rs - (line 71) ... FAILED
[INFO] [stdout] test src/lib.rs - tx (line 144) - compile ... ok
[INFO] [stdout] test src/converters.rs - converters::C (line 108) - compile ... ok
[INFO] [stdout] 
[INFO] [stdout] failures:
[INFO] [stdout] 
[INFO] [stdout] ---- src/lib.rs - (line 49) stdout ----
[INFO] [stdout] error: cannot find macro `tx` in this scope
[INFO] [stdout]  --> src/lib.rs:50:45
[INFO] [stdout]   |
[INFO] [stdout] 3 | let tx: Result<u8, TxError<NumberError> > = tx!(&mut con, pipe, &["key1"], {
[INFO] [stdout]   |                                             ^^
[INFO] [stdout]   |
[INFO] [stdout]   = help: consider importing this macro:
[INFO] [stdout]           redis_utils::tx
[INFO] [stdout] 
[INFO] [stdout] error[E0412]: cannot find type `TxError` in this scope
[INFO] [stdout]  --> src/lib.rs:50:20
[INFO] [stdout]   |
[INFO] [stdout] 3 | let tx: Result<u8, TxError<NumberError> > = tx!(&mut con, pipe, &["key1"], {
[INFO] [stdout]   |                    ^^^^^^^ not found in this scope
[INFO] [stdout]   |
[INFO] [stdout] help: consider importing this enum
[INFO] [stdout]   |
[INFO] [stdout] 2 | use redis_utils::TxError;
[INFO] [stdout]   |
[INFO] [stdout] 
[INFO] [stdout] error[E0412]: cannot find type `NumberError` in this scope
[INFO] [stdout]  --> src/lib.rs:50:28
[INFO] [stdout]   |
[INFO] [stdout] 3 | let tx: Result<u8, TxError<NumberError> > = tx!(&mut con, pipe, &["key1"], {
[INFO] [stdout]   |                            ^^^^^^^^^^^ not found in this scope
[INFO] [stdout]   |
[INFO] [stdout] help: you might be missing a type parameter
[INFO] [stdout]   |
[INFO] [stdout] 2 | fn main() { #[allow(non_snake_case)] fn _doctest_main_src_lib_rs_49_0<NumberError>() {
[INFO] [stdout]   |                                                                      +++++++++++++
[INFO] [stdout] 
[INFO] [stdout] error: aborting due to 3 previous errors
[INFO] [stdout] 
[INFO] [stdout] For more information about this error, try `rustc --explain E0412`.
[INFO] [stdout] Couldn't compile the test.
[INFO] [stdout] ---- src/lib.rs - (line 34) stdout ----
[INFO] [stdout] error: cannot find macro `tx` in this scope
[INFO] [stdout]  --> src/lib.rs:35:1
[INFO] [stdout]   |
[INFO] [stdout] 3 | tx!(&mut con, pipe, &["key1"], {
[INFO] [stdout]   | ^^
[INFO] [stdout]   |
[INFO] [stdout]   = help: consider importing this macro:
[INFO] [stdout]           redis_utils::tx
[INFO] [stdout] 
[INFO] [stdout] error: aborting due to previous error
[INFO] [stdout] 
[INFO] [stdout] Couldn't compile the test.
[INFO] [stdout] ---- src/lib.rs - (line 23) stdout ----
[INFO] [stdout] error: cannot find macro `tx` in this scope
[INFO] [stdout]  --> src/lib.rs:24:1
[INFO] [stdout]   |
[INFO] [stdout] 3 | tx!(&mut con, pipe, &["key1"], {
[INFO] [stdout]   | ^^
[INFO] [stdout]   |
[INFO] [stdout]   = help: consider importing this macro:
[INFO] [stdout]           redis_utils::tx
[INFO] [stdout] 
[INFO] [stdout] error: aborting due to previous error
[INFO] [stdout] 
[INFO] [stdout] Couldn't compile the test.
[INFO] [stdout] ---- src/lib.rs - (line 76) stdout ----
[INFO] [stdout] error[E0412]: cannot find type `Type` in this scope
[INFO] [stdout]  --> src/lib.rs:77:12
[INFO] [stdout]   |
[INFO] [stdout] 3 | let value: Type = con.json_get(key).await.unwrap();
[INFO] [stdout]   |            ^^^^ not found in this scope
[INFO] [stdout] 
[INFO] [stdout] error[E0425]: cannot find value `con` in this scope
[INFO] [stdout]  --> src/lib.rs:77:19
[INFO] [stdout]   |
[INFO] [stdout] 3 | let value: Type = con.json_get(key).await.unwrap();
[INFO] [stdout]   |                   ^^^ not found in this scope
[INFO] [stdout] 
[INFO] [stdout] error[E0425]: cannot find value `key` in this scope
[INFO] [stdout]  --> src/lib.rs:77:32
[INFO] [stdout]   |
[INFO] [stdout] 3 | let value: Type = con.json_get(key).await.unwrap();
[INFO] [stdout]   |                                ^^^ not found in this scope
[INFO] [stdout] 
[INFO] [stdout] error[E0728]: `await` is only allowed inside `async` functions and blocks
[INFO] [stdout]  --> src/lib.rs:77:36
[INFO] [stdout]   |
[INFO] [stdout] 2 | fn main() { #[allow(non_snake_case)] fn _doctest_main_src_lib_rs_76_0() {
[INFO] [stdout]   |                                         ----------------------------- this is not `async`
[INFO] [stdout] 3 | let value: Type = con.json_get(key).await.unwrap();
[INFO] [stdout]   |                                    ^^^^^^ only allowed inside `async` functions and blocks
[INFO] [stdout] 
[INFO] [stdout] error: aborting due to 4 previous errors
[INFO] [stdout] 
[INFO] [stdout] Some errors have detailed explanations: E0412, E0425, E0728.
[INFO] [stdout] For more information about an error, try `rustc --explain E0412`.
[INFO] [stdout] Couldn't compile the test.
[INFO] [stdout] ---- src/lib.rs - (line 71) stdout ----
[INFO] [stdout] error[E0425]: cannot find value `con` in this scope
[INFO] [stdout]  --> src/lib.rs:72:27
[INFO] [stdout]   |
[INFO] [stdout] 3 | let json_string: String = con.get(key).await?;
[INFO] [stdout]   |                           ^^^ not found in this scope
[INFO] [stdout] 
[INFO] [stdout] error[E0425]: cannot find value `key` in this scope
[INFO] [stdout]  --> src/lib.rs:72:35
[INFO] [stdout]   |
[INFO] [stdout] 3 | let json_string: String = con.get(key).await?;
[INFO] [stdout]   |                                   ^^^ not found in this scope
[INFO] [stdout] 
[INFO] [stdout] error[E0412]: cannot find type `Type` in this scope
[INFO] [stdout]  --> src/lib.rs:73:12
[INFO] [stdout]   |
[INFO] [stdout] 4 | let value: Type = serde_json::from_str(&json_string).unwrap;
[INFO] [stdout]   |            ^^^^ not found in this scope
[INFO] [stdout] 
[INFO] [stdout] error[E0728]: `await` is only allowed inside `async` functions and blocks
[INFO] [stdout]  --> src/lib.rs:72:39
[INFO] [stdout]   |
[INFO] [stdout] 2 | fn main() { #[allow(non_snake_case)] fn _doctest_main_src_lib_rs_71_0() {
[INFO] [stdout]   |                                         ----------------------------- this is not `async`
[INFO] [stdout] 3 | let json_string: String = con.get(key).await?;
[INFO] [stdout]   |                                       ^^^^^^ only allowed inside `async` functions and blocks
[INFO] [stdout] 
[INFO] [stdout] error[E0277]: the `?` operator can only be used in a function that returns `Result` or `Option` (or another type that implements `FromResidual`)
[INFO] [stdout]  --> src/lib.rs:72:45
[INFO] [stdout]   |
[INFO] [stdout] 2 | fn main() { #[allow(non_snake_case)] fn _doctest_main_src_lib_rs_71_0() {
[INFO] [stdout]   |                                      ---------------------------------- this function should return `Result` or `Option` to accept `?`
[INFO] [stdout] 3 | let json_string: String = con.get(key).await?;
[INFO] [stdout]   |                                             ^ cannot use the `?` operator in a function that returns `()`
[INFO] [stdout]   |
[INFO] [stdout]   = help: the trait `FromResidual<_>` is not implemented for `()`
[INFO] [stdout] 
[INFO] [stdout] error[E0615]: attempted to take value of method `unwrap` on type `Result<_, serde_json::Error>`
[INFO] [stdout]  --> src/lib.rs:73:54
[INFO] [stdout]   |
[INFO] [stdout] 4 | let value: Type = serde_json::from_str(&json_string).unwrap;
[INFO] [stdout]   |                                                      ^^^^^^ method, not a field
[INFO] [stdout]   |
[INFO] [stdout] help: use parentheses to call the method
[INFO] [stdout]   |
[INFO] [stdout] 4 | let value: Type = serde_json::from_str(&json_string).unwrap();
[INFO] [stdout]   |                                                            ++
[INFO] [stdout] 
[INFO] [stdout] error: aborting due to 6 previous errors
[INFO] [stdout] 
[INFO] [stdout] Some errors have detailed explanations: E0277, E0412, E0425, E0615, E0728.
[INFO] [stdout] For more information about an error, try `rustc --explain E0277`.
[INFO] [stdout] Couldn't compile the test.
[INFO] [stdout] 
[INFO] [stdout] failures:
[INFO] [stdout]     src/lib.rs - (line 23)
[INFO] [stdout]     src/lib.rs - (line 34)
[INFO] [stdout]     src/lib.rs - (line 49)
[INFO] [stdout]     src/lib.rs - (line 71)
[INFO] [stdout]     src/lib.rs - (line 76)
[INFO] [stdout] 
[INFO] [stdout] test result: FAILED. 3 passed; 5 failed; 0 ignored; 0 measured; 0 filtered out; finished in 0.07s
[INFO] [stdout] 
[INFO] [stderr] error: doctest failed, to rerun pass `--doc`
[INFO] running `Command { std: "docker" "inspect" "32d346c6aa976d8a4595095f4151b2cc6f9a263152045cdc487e40431c1c2c34", kill_on_drop: false }`
[INFO] running `Command { std: "docker" "rm" "-f" "32d346c6aa976d8a4595095f4151b2cc6f9a263152045cdc487e40431c1c2c34", kill_on_drop: false }`
[INFO] [stdout] 32d346c6aa976d8a4595095f4151b2cc6f9a263152045cdc487e40431c1c2c34
