[INFO] cloning repository https://github.com/PROMETHIA-27/chain_linq
[INFO] running `Command { std: "git" "-c" "credential.helper=" "-c" "credential.helper=/workspace/cargo-home/bin/git-credential-null" "clone" "--bare" "https://github.com/PROMETHIA-27/chain_linq" "/workspace/cache/git-repos/https%3A%2F%2Fgithub.com%2FPROMETHIA-27%2Fchain_linq", kill_on_drop: false }`
[INFO] [stderr] Cloning into bare repository '/workspace/cache/git-repos/https%3A%2F%2Fgithub.com%2FPROMETHIA-27%2Fchain_linq'...
[INFO] running `Command { std: "git" "rev-parse" "HEAD", kill_on_drop: false }`
[INFO] [stdout] 72f1bda44fd7e74220d5af603fa2f9c7abaea7aa
[INFO] testing PROMETHIA-27/chain_linq against beta-2023-04-20 for beta-1.70-1
[INFO] running `Command { std: "git" "clone" "/workspace/cache/git-repos/https%3A%2F%2Fgithub.com%2FPROMETHIA-27%2Fchain_linq" "/workspace/builds/worker-5-tc2/source", kill_on_drop: false }`
[INFO] [stderr] Cloning into '/workspace/builds/worker-5-tc2/source'...
[INFO] [stderr] done.
[INFO] validating manifest of git repo https://github.com/PROMETHIA-27/chain_linq on toolchain beta-2023-04-20
[INFO] running `Command { std: CARGO_HOME="/workspace/cargo-home" RUSTUP_HOME="/workspace/rustup-home" "/workspace/cargo-home/bin/cargo" "+beta-2023-04-20" "metadata" "--manifest-path" "Cargo.toml" "--no-deps", kill_on_drop: false }`
[INFO] started tweaking git repo https://github.com/PROMETHIA-27/chain_linq
[INFO] finished tweaking git repo https://github.com/PROMETHIA-27/chain_linq
[INFO] tweaked toml for git repo https://github.com/PROMETHIA-27/chain_linq written to /workspace/builds/worker-5-tc2/source/Cargo.toml
[INFO] crate git repo https://github.com/PROMETHIA-27/chain_linq already has a lockfile, it will not be regenerated
[INFO] running `Command { std: CARGO_HOME="/workspace/cargo-home" RUSTUP_HOME="/workspace/rustup-home" "/workspace/cargo-home/bin/cargo" "+beta-2023-04-20" "fetch" "--manifest-path" "Cargo.toml", kill_on_drop: false }`
[INFO] [stderr] warning: unused manifest key: package.author
[INFO] [stderr]     Updating crates.io index
[INFO] [stderr]  Downloading crates ...
[INFO] [stderr]   Downloaded big_mac v0.1.7
[INFO] running `Command { std: "docker" "create" "-v" "/var/lib/crater-agent-workspace/builds/worker-5-tc2/target:/opt/rustwide/target:rw,Z" "-v" "/var/lib/crater-agent-workspace/builds/worker-5-tc2/source:/opt/rustwide/workdir:ro,Z" "-v" "/var/lib/crater-agent-workspace/cargo-home:/opt/rustwide/cargo-home:ro,Z" "-v" "/var/lib/crater-agent-workspace/rustup-home:/opt/rustwide/rustup-home:ro,Z" "-e" "SOURCE_DIR=/opt/rustwide/workdir" "-e" "CARGO_TARGET_DIR=/opt/rustwide/target" "-e" "CARGO_HOME=/opt/rustwide/cargo-home" "-e" "RUSTUP_HOME=/opt/rustwide/rustup-home" "-w" "/opt/rustwide/workdir" "-m" "1610612736" "--user" "0:0" "--network" "none" "ghcr.io/rust-lang/crates-build-env/linux@sha256:5ff2268d62e97bff2cde7d5815dd6ed5b47097566f13b8d0ca110b04b60e07ed" "/opt/rustwide/cargo-home/bin/cargo" "+beta-2023-04-20" "metadata" "--no-deps" "--format-version=1", kill_on_drop: false }`
[INFO] [stdout] 3c8b6843dfa280329630d7f3d4a7a9e014ba11921cf9102b4feb92fabb917b7a
[INFO] running `Command { std: "docker" "start" "-a" "3c8b6843dfa280329630d7f3d4a7a9e014ba11921cf9102b4feb92fabb917b7a", kill_on_drop: false }`
[INFO] running `Command { std: "docker" "inspect" "3c8b6843dfa280329630d7f3d4a7a9e014ba11921cf9102b4feb92fabb917b7a", kill_on_drop: false }`
[INFO] running `Command { std: "docker" "rm" "-f" "3c8b6843dfa280329630d7f3d4a7a9e014ba11921cf9102b4feb92fabb917b7a", kill_on_drop: false }`
[INFO] [stdout] 3c8b6843dfa280329630d7f3d4a7a9e014ba11921cf9102b4feb92fabb917b7a
[INFO] running `Command { std: "docker" "create" "-v" "/var/lib/crater-agent-workspace/builds/worker-5-tc2/target:/opt/rustwide/target:rw,Z" "-v" "/var/lib/crater-agent-workspace/builds/worker-5-tc2/source:/opt/rustwide/workdir:ro,Z" "-v" "/var/lib/crater-agent-workspace/cargo-home:/opt/rustwide/cargo-home:ro,Z" "-v" "/var/lib/crater-agent-workspace/rustup-home:/opt/rustwide/rustup-home:ro,Z" "-e" "SOURCE_DIR=/opt/rustwide/workdir" "-e" "CARGO_TARGET_DIR=/opt/rustwide/target" "-e" "CARGO_INCREMENTAL=0" "-e" "RUST_BACKTRACE=full" "-e" "RUSTFLAGS=--cap-lints=warn" "-e" "RUSTDOCFLAGS=--cap-lints=warn" "-e" "CARGO_HOME=/opt/rustwide/cargo-home" "-e" "RUSTUP_HOME=/opt/rustwide/rustup-home" "-w" "/opt/rustwide/workdir" "-m" "1610612736" "--user" "0:0" "--network" "none" "ghcr.io/rust-lang/crates-build-env/linux@sha256:5ff2268d62e97bff2cde7d5815dd6ed5b47097566f13b8d0ca110b04b60e07ed" "/opt/rustwide/cargo-home/bin/cargo" "+beta-2023-04-20" "build" "--frozen" "--message-format=json", kill_on_drop: false }`
[INFO] [stdout] ac248b56287da5df368a8022c981d424eb2e4b38cda3d9ae83c249ab005ecce8
[INFO] running `Command { std: "docker" "start" "-a" "ac248b56287da5df368a8022c981d424eb2e4b38cda3d9ae83c249ab005ecce8", kill_on_drop: false }`
[INFO] [stderr] warning: unused manifest key: package.author
[INFO] [stderr]     Blocking waiting for file lock on package cache
[INFO] [stderr]    Compiling itertools v0.10.1
[INFO] [stderr]    Compiling big_mac v0.1.7
[INFO] [stderr]    Compiling chain_linq v0.1.3 (/opt/rustwide/workdir)
[INFO] [stderr]     Finished dev [unoptimized + debuginfo] target(s) in 1.59s
[INFO] running `Command { std: "docker" "inspect" "ac248b56287da5df368a8022c981d424eb2e4b38cda3d9ae83c249ab005ecce8", kill_on_drop: false }`
[INFO] running `Command { std: "docker" "rm" "-f" "ac248b56287da5df368a8022c981d424eb2e4b38cda3d9ae83c249ab005ecce8", kill_on_drop: false }`
[INFO] [stdout] ac248b56287da5df368a8022c981d424eb2e4b38cda3d9ae83c249ab005ecce8
[INFO] running `Command { std: "docker" "create" "-v" "/var/lib/crater-agent-workspace/builds/worker-5-tc2/target:/opt/rustwide/target:rw,Z" "-v" "/var/lib/crater-agent-workspace/builds/worker-5-tc2/source:/opt/rustwide/workdir:ro,Z" "-v" "/var/lib/crater-agent-workspace/cargo-home:/opt/rustwide/cargo-home:ro,Z" "-v" "/var/lib/crater-agent-workspace/rustup-home:/opt/rustwide/rustup-home:ro,Z" "-e" "SOURCE_DIR=/opt/rustwide/workdir" "-e" "CARGO_TARGET_DIR=/opt/rustwide/target" "-e" "CARGO_INCREMENTAL=0" "-e" "RUST_BACKTRACE=full" "-e" "RUSTFLAGS=--cap-lints=warn" "-e" "RUSTDOCFLAGS=--cap-lints=warn" "-e" "CARGO_HOME=/opt/rustwide/cargo-home" "-e" "RUSTUP_HOME=/opt/rustwide/rustup-home" "-w" "/opt/rustwide/workdir" "-m" "1610612736" "--user" "0:0" "--network" "none" "ghcr.io/rust-lang/crates-build-env/linux@sha256:5ff2268d62e97bff2cde7d5815dd6ed5b47097566f13b8d0ca110b04b60e07ed" "/opt/rustwide/cargo-home/bin/cargo" "+beta-2023-04-20" "test" "--frozen" "--no-run" "--message-format=json", kill_on_drop: false }`
[INFO] [stdout] 6e95543caf3965b51592db0f9a1b62204d19f148aefc2ced9902a9e4a3ab0928
[INFO] running `Command { std: "docker" "start" "-a" "6e95543caf3965b51592db0f9a1b62204d19f148aefc2ced9902a9e4a3ab0928", kill_on_drop: false }`
[INFO] [stderr] warning: unused manifest key: package.author
[INFO] [stderr]    Compiling chain_linq v0.1.3 (/opt/rustwide/workdir)
[INFO] [stderr]     Finished test [unoptimized + debuginfo] target(s) in 0.42s
[INFO] running `Command { std: "docker" "inspect" "6e95543caf3965b51592db0f9a1b62204d19f148aefc2ced9902a9e4a3ab0928", kill_on_drop: false }`
[INFO] running `Command { std: "docker" "rm" "-f" "6e95543caf3965b51592db0f9a1b62204d19f148aefc2ced9902a9e4a3ab0928", kill_on_drop: false }`
[INFO] [stdout] 6e95543caf3965b51592db0f9a1b62204d19f148aefc2ced9902a9e4a3ab0928
[INFO] running `Command { std: "docker" "create" "-v" "/var/lib/crater-agent-workspace/builds/worker-5-tc2/target:/opt/rustwide/target:rw,Z" "-v" "/var/lib/crater-agent-workspace/builds/worker-5-tc2/source:/opt/rustwide/workdir:ro,Z" "-v" "/var/lib/crater-agent-workspace/cargo-home:/opt/rustwide/cargo-home:ro,Z" "-v" "/var/lib/crater-agent-workspace/rustup-home:/opt/rustwide/rustup-home:ro,Z" "-e" "SOURCE_DIR=/opt/rustwide/workdir" "-e" "CARGO_TARGET_DIR=/opt/rustwide/target" "-e" "CARGO_INCREMENTAL=0" "-e" "RUST_BACKTRACE=full" "-e" "RUSTFLAGS=--cap-lints=warn" "-e" "RUSTDOCFLAGS=--cap-lints=warn" "-e" "CARGO_HOME=/opt/rustwide/cargo-home" "-e" "RUSTUP_HOME=/opt/rustwide/rustup-home" "-w" "/opt/rustwide/workdir" "-m" "1610612736" "--user" "0:0" "--network" "none" "ghcr.io/rust-lang/crates-build-env/linux@sha256:5ff2268d62e97bff2cde7d5815dd6ed5b47097566f13b8d0ca110b04b60e07ed" "/opt/rustwide/cargo-home/bin/cargo" "+beta-2023-04-20" "test" "--frozen", kill_on_drop: false }`
[INFO] [stdout] b6d597e0933331ed362de1f23af2e054f1fccde1fe237589753bf83d10597e6a
[INFO] running `Command { std: "docker" "start" "-a" "b6d597e0933331ed362de1f23af2e054f1fccde1fe237589753bf83d10597e6a", kill_on_drop: false }`
[INFO] [stderr] warning: unused manifest key: package.author
[INFO] [stderr]     Finished test [unoptimized + debuginfo] target(s) in 0.01s
[INFO] [stderr]      Running unittests src/lib.rs (/opt/rustwide/target/debug/deps/chain_linq-7f365ff0dc3be71e)
[INFO] [stdout] 
[INFO] [stderr]    Doc-tests chain_linq
[INFO] [stdout] running 0 tests
[INFO] [stdout] 
[INFO] [stdout] test result: ok. 0 passed; 0 failed; 0 ignored; 0 measured; 0 filtered out; finished in 0.00s
[INFO] [stdout] 
[INFO] [stdout] 
[INFO] [stdout] running 3 tests
[INFO] [stdout] test src/lib.rs - (line 30) ... ok
[INFO] [stdout] test src/lib.rs - (line 44) ... FAILED
[INFO] [stdout] test src/lib.rs - (line 58) ... ok
[INFO] [stderr] error: doctest failed, to rerun pass `--doc`
[INFO] [stdout] 
[INFO] [stdout] failures:
[INFO] [stdout] 
[INFO] [stdout] ---- src/lib.rs - (line 44) stdout ----
[INFO] [stdout] error: expected `;`, found reserved identifier `$crate`
[INFO] [stdout]   --> src/lib.rs:49:9
[INFO] [stdout]    |
[INFO] [stdout] 8  |   let x = linq!(
[INFO] [stdout]    |  _________^
[INFO] [stdout] 9  | |     from xs in xss
[INFO] [stdout] 10 | |     group xs by xs.len() into gs
[INFO] [stdout] 11 | |     from iter in gs
[INFO] [stdout] 12 | |     from x in iter
[INFO] [stdout] 13 | |     collect x + 1 as Vec<i32>
[INFO] [stdout] 14 | | );
[INFO] [stdout]    | | ^
[INFO] [stdout]    | | |
[INFO] [stdout]    | |_unexpected token
[INFO] [stdout]    |   help: add `;` here
[INFO] [stdout]    |
[INFO] [stdout]    = note: this error originates in the macro `$crate::linq_impl` which comes from the expansion of the macro `linq` (in Nightly builds, run with -Z macro-backtrace for more info)
[INFO] [stdout] 
[INFO] [stdout] error[E0369]: cannot add `{integer}` to `Vec<{integer}>`
[INFO] [stdout]   --> src/lib.rs:54:15
[INFO] [stdout]    |
[INFO] [stdout] 13 |     collect x + 1 as Vec<i32>
[INFO] [stdout]    |             - ^ - {integer}
[INFO] [stdout]    |             |
[INFO] [stdout]    |             Vec<{integer}>
[INFO] [stdout] 
[INFO] [stdout] error: aborting due to 2 previous errors
[INFO] [stdout] 
[INFO] [stdout] For more information about this error, try `rustc --explain E0369`.
[INFO] [stdout] Couldn't compile the test.
[INFO] [stdout] 
[INFO] [stdout] failures:
[INFO] [stdout]     src/lib.rs - (line 44)
[INFO] [stdout] 
[INFO] [stdout] test result: FAILED. 2 passed; 1 failed; 0 ignored; 0 measured; 0 filtered out; finished in 0.34s
[INFO] [stdout] 
[INFO] running `Command { std: "docker" "inspect" "b6d597e0933331ed362de1f23af2e054f1fccde1fe237589753bf83d10597e6a", kill_on_drop: false }`
[INFO] running `Command { std: "docker" "rm" "-f" "b6d597e0933331ed362de1f23af2e054f1fccde1fe237589753bf83d10597e6a", kill_on_drop: false }`
[INFO] [stdout] b6d597e0933331ed362de1f23af2e054f1fccde1fe237589753bf83d10597e6a
