[INFO] cloning repository https://github.com/PROMETHIA-27/big_mac
[INFO] running `Command { std: "git" "-c" "credential.helper=" "-c" "credential.helper=/workspace/cargo-home/bin/git-credential-null" "clone" "--bare" "https://github.com/PROMETHIA-27/big_mac" "/workspace/cache/git-repos/https%3A%2F%2Fgithub.com%2FPROMETHIA-27%2Fbig_mac", kill_on_drop: false }`
[INFO] [stderr] Cloning into bare repository '/workspace/cache/git-repos/https%3A%2F%2Fgithub.com%2FPROMETHIA-27%2Fbig_mac'...
[INFO] running `Command { std: "git" "rev-parse" "HEAD", kill_on_drop: false }`
[INFO] [stdout] f3a1911f57f274a4ca570d720202f2235bbef9a6
[INFO] testing PROMETHIA-27/big_mac against 1.69.0 for beta-1.70-1
[INFO] running `Command { std: "git" "clone" "/workspace/cache/git-repos/https%3A%2F%2Fgithub.com%2FPROMETHIA-27%2Fbig_mac" "/workspace/builds/worker-0-tc1/source", kill_on_drop: false }`
[INFO] [stderr] Cloning into '/workspace/builds/worker-0-tc1/source'...
[INFO] [stderr] done.
[INFO] validating manifest of git repo https://github.com/PROMETHIA-27/big_mac on toolchain 1.69.0
[INFO] running `Command { std: CARGO_HOME="/workspace/cargo-home" RUSTUP_HOME="/workspace/rustup-home" "/workspace/cargo-home/bin/cargo" "+1.69.0" "metadata" "--manifest-path" "Cargo.toml" "--no-deps", kill_on_drop: false }`
[INFO] started tweaking git repo https://github.com/PROMETHIA-27/big_mac
[INFO] finished tweaking git repo https://github.com/PROMETHIA-27/big_mac
[INFO] tweaked toml for git repo https://github.com/PROMETHIA-27/big_mac written to /workspace/builds/worker-0-tc1/source/Cargo.toml
[INFO] crate git repo https://github.com/PROMETHIA-27/big_mac already has a lockfile, it will not be regenerated
[INFO] running `Command { std: CARGO_HOME="/workspace/cargo-home" RUSTUP_HOME="/workspace/rustup-home" "/workspace/cargo-home/bin/cargo" "+1.69.0" "fetch" "--manifest-path" "Cargo.toml", kill_on_drop: false }`
[INFO] [stderr] warning: unused manifest key: package.author
[INFO] running `Command { std: "docker" "create" "-v" "/var/lib/crater-agent-workspace/builds/worker-0-tc1/target:/opt/rustwide/target:rw,Z" "-v" "/var/lib/crater-agent-workspace/builds/worker-0-tc1/source:/opt/rustwide/workdir:ro,Z" "-v" "/var/lib/crater-agent-workspace/cargo-home:/opt/rustwide/cargo-home:ro,Z" "-v" "/var/lib/crater-agent-workspace/rustup-home:/opt/rustwide/rustup-home:ro,Z" "-e" "SOURCE_DIR=/opt/rustwide/workdir" "-e" "CARGO_TARGET_DIR=/opt/rustwide/target" "-e" "CARGO_HOME=/opt/rustwide/cargo-home" "-e" "RUSTUP_HOME=/opt/rustwide/rustup-home" "-w" "/opt/rustwide/workdir" "-m" "1610612736" "--user" "0:0" "--network" "none" "ghcr.io/rust-lang/crates-build-env/linux@sha256:5ff2268d62e97bff2cde7d5815dd6ed5b47097566f13b8d0ca110b04b60e07ed" "/opt/rustwide/cargo-home/bin/cargo" "+1.69.0" "metadata" "--no-deps" "--format-version=1", kill_on_drop: false }`
[INFO] [stdout] 5f299a372c7e1c86b80cf8f42be6d5ccac9b7f8f4a7657ab89e30c0f052b2881
[INFO] running `Command { std: "docker" "start" "-a" "5f299a372c7e1c86b80cf8f42be6d5ccac9b7f8f4a7657ab89e30c0f052b2881", kill_on_drop: false }`
[INFO] running `Command { std: "docker" "inspect" "5f299a372c7e1c86b80cf8f42be6d5ccac9b7f8f4a7657ab89e30c0f052b2881", kill_on_drop: false }`
[INFO] running `Command { std: "docker" "rm" "-f" "5f299a372c7e1c86b80cf8f42be6d5ccac9b7f8f4a7657ab89e30c0f052b2881", kill_on_drop: false }`
[INFO] [stdout] 5f299a372c7e1c86b80cf8f42be6d5ccac9b7f8f4a7657ab89e30c0f052b2881
[INFO] running `Command { std: "docker" "create" "-v" "/var/lib/crater-agent-workspace/builds/worker-0-tc1/target:/opt/rustwide/target:rw,Z" "-v" "/var/lib/crater-agent-workspace/builds/worker-0-tc1/source:/opt/rustwide/workdir:ro,Z" "-v" "/var/lib/crater-agent-workspace/cargo-home:/opt/rustwide/cargo-home:ro,Z" "-v" "/var/lib/crater-agent-workspace/rustup-home:/opt/rustwide/rustup-home:ro,Z" "-e" "SOURCE_DIR=/opt/rustwide/workdir" "-e" "CARGO_TARGET_DIR=/opt/rustwide/target" "-e" "CARGO_INCREMENTAL=0" "-e" "RUST_BACKTRACE=full" "-e" "RUSTFLAGS=--cap-lints=warn" "-e" "RUSTDOCFLAGS=--cap-lints=warn" "-e" "CARGO_HOME=/opt/rustwide/cargo-home" "-e" "RUSTUP_HOME=/opt/rustwide/rustup-home" "-w" "/opt/rustwide/workdir" "-m" "1610612736" "--user" "0:0" "--network" "none" "ghcr.io/rust-lang/crates-build-env/linux@sha256:5ff2268d62e97bff2cde7d5815dd6ed5b47097566f13b8d0ca110b04b60e07ed" "/opt/rustwide/cargo-home/bin/cargo" "+1.69.0" "build" "--frozen" "--message-format=json", kill_on_drop: false }`
[INFO] [stdout] 0a6cb0f9ad05947fa321f11b3ae9842d797f4cc7e05516ee518d57b7b8791d16
[INFO] running `Command { std: "docker" "start" "-a" "0a6cb0f9ad05947fa321f11b3ae9842d797f4cc7e05516ee518d57b7b8791d16", kill_on_drop: false }`
[INFO] [stderr] warning: unused manifest key: package.author
[INFO] [stderr]    Compiling big_mac v0.1.7 (/opt/rustwide/workdir)
[INFO] [stderr]     Finished dev [unoptimized + debuginfo] target(s) in 0.05s
[INFO] running `Command { std: "docker" "inspect" "0a6cb0f9ad05947fa321f11b3ae9842d797f4cc7e05516ee518d57b7b8791d16", kill_on_drop: false }`
[INFO] running `Command { std: "docker" "rm" "-f" "0a6cb0f9ad05947fa321f11b3ae9842d797f4cc7e05516ee518d57b7b8791d16", kill_on_drop: false }`
[INFO] [stdout] 0a6cb0f9ad05947fa321f11b3ae9842d797f4cc7e05516ee518d57b7b8791d16
[INFO] running `Command { std: "docker" "create" "-v" "/var/lib/crater-agent-workspace/builds/worker-0-tc1/target:/opt/rustwide/target:rw,Z" "-v" "/var/lib/crater-agent-workspace/builds/worker-0-tc1/source:/opt/rustwide/workdir:ro,Z" "-v" "/var/lib/crater-agent-workspace/cargo-home:/opt/rustwide/cargo-home:ro,Z" "-v" "/var/lib/crater-agent-workspace/rustup-home:/opt/rustwide/rustup-home:ro,Z" "-e" "SOURCE_DIR=/opt/rustwide/workdir" "-e" "CARGO_TARGET_DIR=/opt/rustwide/target" "-e" "CARGO_INCREMENTAL=0" "-e" "RUST_BACKTRACE=full" "-e" "RUSTFLAGS=--cap-lints=warn" "-e" "RUSTDOCFLAGS=--cap-lints=warn" "-e" "CARGO_HOME=/opt/rustwide/cargo-home" "-e" "RUSTUP_HOME=/opt/rustwide/rustup-home" "-w" "/opt/rustwide/workdir" "-m" "1610612736" "--user" "0:0" "--network" "none" "ghcr.io/rust-lang/crates-build-env/linux@sha256:5ff2268d62e97bff2cde7d5815dd6ed5b47097566f13b8d0ca110b04b60e07ed" "/opt/rustwide/cargo-home/bin/cargo" "+1.69.0" "test" "--frozen" "--no-run" "--message-format=json", kill_on_drop: false }`
[INFO] [stdout] 79b08eb81ff01acaf846dc1509ae0ad863f4f7ab0634a3b76b55c3d95ee29717
[INFO] running `Command { std: "docker" "start" "-a" "79b08eb81ff01acaf846dc1509ae0ad863f4f7ab0634a3b76b55c3d95ee29717", kill_on_drop: false }`
[INFO] [stderr] warning: unused manifest key: package.author
[INFO] [stderr]    Compiling big_mac v0.1.7 (/opt/rustwide/workdir)
[INFO] [stderr]     Finished test [unoptimized + debuginfo] target(s) in 0.20s
[INFO] running `Command { std: "docker" "inspect" "79b08eb81ff01acaf846dc1509ae0ad863f4f7ab0634a3b76b55c3d95ee29717", kill_on_drop: false }`
[INFO] running `Command { std: "docker" "rm" "-f" "79b08eb81ff01acaf846dc1509ae0ad863f4f7ab0634a3b76b55c3d95ee29717", kill_on_drop: false }`
[INFO] [stdout] 79b08eb81ff01acaf846dc1509ae0ad863f4f7ab0634a3b76b55c3d95ee29717
[INFO] running `Command { std: "docker" "create" "-v" "/var/lib/crater-agent-workspace/builds/worker-0-tc1/target:/opt/rustwide/target:rw,Z" "-v" "/var/lib/crater-agent-workspace/builds/worker-0-tc1/source:/opt/rustwide/workdir:ro,Z" "-v" "/var/lib/crater-agent-workspace/cargo-home:/opt/rustwide/cargo-home:ro,Z" "-v" "/var/lib/crater-agent-workspace/rustup-home:/opt/rustwide/rustup-home:ro,Z" "-e" "SOURCE_DIR=/opt/rustwide/workdir" "-e" "CARGO_TARGET_DIR=/opt/rustwide/target" "-e" "CARGO_INCREMENTAL=0" "-e" "RUST_BACKTRACE=full" "-e" "RUSTFLAGS=--cap-lints=warn" "-e" "RUSTDOCFLAGS=--cap-lints=warn" "-e" "CARGO_HOME=/opt/rustwide/cargo-home" "-e" "RUSTUP_HOME=/opt/rustwide/rustup-home" "-w" "/opt/rustwide/workdir" "-m" "1610612736" "--user" "0:0" "--network" "none" "ghcr.io/rust-lang/crates-build-env/linux@sha256:5ff2268d62e97bff2cde7d5815dd6ed5b47097566f13b8d0ca110b04b60e07ed" "/opt/rustwide/cargo-home/bin/cargo" "+1.69.0" "test" "--frozen", kill_on_drop: false }`
[INFO] [stdout] 24b72f7f6861ba7e7f94e62fcc9e2a7a226dbf2aa38835bdfb6c92b19856572d
[INFO] running `Command { std: "docker" "start" "-a" "24b72f7f6861ba7e7f94e62fcc9e2a7a226dbf2aa38835bdfb6c92b19856572d", kill_on_drop: false }`
[INFO] [stderr] warning: unused manifest key: package.author
[INFO] [stderr]     Finished test [unoptimized + debuginfo] target(s) in 0.00s
[INFO] [stderr]      Running unittests src/lib.rs (/opt/rustwide/target/debug/deps/big_mac-2e1975019af88db5)
[INFO] [stdout] 
[INFO] [stdout] running 0 tests
[INFO] [stdout] 
[INFO] [stdout] test result: ok. 0 passed; 0 failed; 0 ignored; 0 measured; 0 filtered out; finished in 0.00s
[INFO] [stdout] 
[INFO] [stderr]    Doc-tests big_mac
[INFO] [stdout] 
[INFO] [stdout] running 4 tests
[INFO] [stdout] test src/lib.rs - (line 71) ... FAILED
[INFO] [stdout] test src/lib.rs - (line 53) ... FAILED
[INFO] [stdout] test src/lib.rs - (line 11) ... FAILED
[INFO] [stdout] test src/lib.rs - (line 95) ... FAILED
[INFO] [stdout] 
[INFO] [stdout] failures:
[INFO] [stdout] 
[INFO] [stdout] ---- src/lib.rs - (line 71) stdout ----
[INFO] [stdout] error: expected one of `!` or `[`, found `{`
[INFO] [stdout]  --> src/lib.rs:76:9
[INFO] [stdout]   |
[INFO] [stdout] 4 |     group
[INFO] [stdout]   |     ----- while parsing this struct
[INFO] [stdout] 5 |     {
[INFO] [stdout] 6 |         #
[INFO] [stdout]   |          - expected one of `!` or `[`
[INFO] [stdout] 7 |         {
[INFO] [stdout]   |         ^ unexpected token
[INFO] [stdout] 
[INFO] [stdout] error[E0422]: cannot find struct, variant or union type `group` in this scope
[INFO] [stdout]  --> src/lib.rs:73:5
[INFO] [stdout]   |
[INFO] [stdout] 4 |     group
[INFO] [stdout]   |     ^^^^^ not found in this scope
[INFO] [stdout] 
[INFO] [stdout] error: aborting due to 2 previous errors
[INFO] [stdout] 
[INFO] [stdout] For more information about this error, try `rustc --explain E0422`.
[INFO] [stdout] Couldn't compile the test.
[INFO] [stdout] ---- src/lib.rs - (line 53) stdout ----
[INFO] [stdout] error: expected one of `!` or `[`, found `{`
[INFO] [stdout]  --> src/lib.rs:58:9
[INFO] [stdout]   |
[INFO] [stdout] 4 |     select
[INFO] [stdout]   |     ------ while parsing this struct
[INFO] [stdout] 5 |     {
[INFO] [stdout] 6 |         #
[INFO] [stdout]   |          - expected one of `!` or `[`
[INFO] [stdout] 7 |         {}
[INFO] [stdout]   |         ^ unexpected token
[INFO] [stdout] 
[INFO] [stdout] error[E0422]: cannot find struct, variant or union type `select` in this scope
[INFO] [stdout]  --> src/lib.rs:55:5
[INFO] [stdout]   |
[INFO] [stdout] 4 |     select
[INFO] [stdout]   |     ^^^^^^ not found in this scope
[INFO] [stdout] 
[INFO] [stdout] error: aborting due to 2 previous errors
[INFO] [stdout] 
[INFO] [stdout] For more information about this error, try `rustc --explain E0422`.
[INFO] [stdout] Couldn't compile the test.
[INFO] [stdout] ---- src/lib.rs - (line 11) stdout ----
[INFO] [stdout] error: cannot find macro `branching_parser` in this scope
[INFO] [stdout]  --> src/lib.rs:12:1
[INFO] [stdout]   |
[INFO] [stdout] 3 | branching_parser!{
[INFO] [stdout]   | ^^^^^^^^^^^^^^^^
[INFO] [stdout]   |
[INFO] [stdout]   = help: consider importing this macro:
[INFO] [stdout]           big_mac::branching_parser
[INFO] [stdout] 
[INFO] [stdout] error: aborting due to previous error
[INFO] [stdout] 
[INFO] [stdout] Couldn't compile the test.
[INFO] [stdout] ---- src/lib.rs - (line 95) stdout ----
[INFO] [stdout] error: expected one of `!` or `[`, found `{`
[INFO] [stdout]  --> src/lib.rs:100:9
[INFO] [stdout]   |
[INFO] [stdout] 4 |     orderby
[INFO] [stdout]   |     ------- while parsing this struct
[INFO] [stdout] 5 |     {
[INFO] [stdout] 6 |         #
[INFO] [stdout]   |          - expected one of `!` or `[`
[INFO] [stdout] 7 |         {}
[INFO] [stdout]   |         ^ unexpected token
[INFO] [stdout] 
[INFO] [stdout] error[E0422]: cannot find struct, variant or union type `orderby` in this scope
[INFO] [stdout]  --> src/lib.rs:97:5
[INFO] [stdout]   |
[INFO] [stdout] 4 |     orderby
[INFO] [stdout]   |     ^^^^^^^ not found in this scope
[INFO] [stdout] 
[INFO] [stdout] error: aborting due to 2 previous errors
[INFO] [stdout] 
[INFO] [stdout] For more information about this error, try `rustc --explain E0422`.
[INFO] [stdout] Couldn't compile the test.
[INFO] [stdout] 
[INFO] [stdout] failures:
[INFO] [stdout]     src/lib.rs - (line 11)
[INFO] [stdout]     src/lib.rs - (line 53)
[INFO] [stdout]     src/lib.rs - (line 71)
[INFO] [stdout]     src/lib.rs - (line 95)
[INFO] [stdout] 
[INFO] [stdout] test result: FAILED. 0 passed; 4 failed; 0 ignored; 0 measured; 0 filtered out; finished in 0.03s
[INFO] [stdout] 
[INFO] [stderr] error: doctest failed, to rerun pass `--doc`
[INFO] running `Command { std: "docker" "inspect" "24b72f7f6861ba7e7f94e62fcc9e2a7a226dbf2aa38835bdfb6c92b19856572d", kill_on_drop: false }`
[INFO] running `Command { std: "docker" "rm" "-f" "24b72f7f6861ba7e7f94e62fcc9e2a7a226dbf2aa38835bdfb6c92b19856572d", kill_on_drop: false }`
[INFO] [stdout] 24b72f7f6861ba7e7f94e62fcc9e2a7a226dbf2aa38835bdfb6c92b19856572d
