[INFO] cloning repository https://github.com/Overpeek/fontsdf
[INFO] running `Command { std: "git" "-c" "credential.helper=" "-c" "credential.helper=/workspace/cargo-home/bin/git-credential-null" "clone" "--bare" "https://github.com/Overpeek/fontsdf" "/workspace/cache/git-repos/https%3A%2F%2Fgithub.com%2FOverpeek%2Ffontsdf", kill_on_drop: false }`
[INFO] [stderr] Cloning into bare repository '/workspace/cache/git-repos/https%3A%2F%2Fgithub.com%2FOverpeek%2Ffontsdf'...
[INFO] running `Command { std: "git" "rev-parse" "HEAD", kill_on_drop: false }`
[INFO] [stdout] c0da801631bb74bc9a6e7afa3a410292fb5cd3c9
[INFO] testing Overpeek/fontsdf against beta-2023-04-20 for beta-1.70-1
[INFO] running `Command { std: "git" "clone" "/workspace/cache/git-repos/https%3A%2F%2Fgithub.com%2FOverpeek%2Ffontsdf" "/workspace/builds/worker-7-tc2/source", kill_on_drop: false }`
[INFO] [stderr] Cloning into '/workspace/builds/worker-7-tc2/source'...
[INFO] [stderr] done.
[INFO] validating manifest of git repo https://github.com/Overpeek/fontsdf on toolchain beta-2023-04-20
[INFO] running `Command { std: CARGO_HOME="/workspace/cargo-home" RUSTUP_HOME="/workspace/rustup-home" "/workspace/cargo-home/bin/cargo" "+beta-2023-04-20" "metadata" "--manifest-path" "Cargo.toml" "--no-deps", kill_on_drop: false }`
[INFO] started tweaking git repo https://github.com/Overpeek/fontsdf
[INFO] finished tweaking git repo https://github.com/Overpeek/fontsdf
[INFO] tweaked toml for git repo https://github.com/Overpeek/fontsdf written to /workspace/builds/worker-7-tc2/source/Cargo.toml
[INFO] crate git repo https://github.com/Overpeek/fontsdf already has a lockfile, it will not be regenerated
[INFO] running `Command { std: CARGO_HOME="/workspace/cargo-home" RUSTUP_HOME="/workspace/rustup-home" "/workspace/cargo-home/bin/cargo" "+beta-2023-04-20" "fetch" "--manifest-path" "Cargo.toml", kill_on_drop: false }`
[INFO] [stderr]     Updating crates.io index
[INFO] [stderr]     Blocking waiting for file lock on package cache
[INFO] [stderr]  Downloading crates ...
[INFO] [stderr]   Downloaded qoi v0.4.1
[INFO] [stderr]   Downloaded zune-inflate v0.2.53
[INFO] [stderr]   Downloaded fontdue v0.7.3
[INFO] running `Command { std: "docker" "create" "-v" "/var/lib/crater-agent-workspace/builds/worker-7-tc2/target:/opt/rustwide/target:rw,Z" "-v" "/var/lib/crater-agent-workspace/builds/worker-7-tc2/source:/opt/rustwide/workdir:ro,Z" "-v" "/var/lib/crater-agent-workspace/cargo-home:/opt/rustwide/cargo-home:ro,Z" "-v" "/var/lib/crater-agent-workspace/rustup-home:/opt/rustwide/rustup-home:ro,Z" "-e" "SOURCE_DIR=/opt/rustwide/workdir" "-e" "CARGO_TARGET_DIR=/opt/rustwide/target" "-e" "CARGO_HOME=/opt/rustwide/cargo-home" "-e" "RUSTUP_HOME=/opt/rustwide/rustup-home" "-w" "/opt/rustwide/workdir" "-m" "1610612736" "--user" "0:0" "--network" "none" "ghcr.io/rust-lang/crates-build-env/linux@sha256:5ff2268d62e97bff2cde7d5815dd6ed5b47097566f13b8d0ca110b04b60e07ed" "/opt/rustwide/cargo-home/bin/cargo" "+beta-2023-04-20" "metadata" "--no-deps" "--format-version=1", kill_on_drop: false }`
[INFO] [stdout] f5c29008039fe9824cac41ed9b5d30242a295203474ec66cf992e6ab6b66d1ef
[INFO] running `Command { std: "docker" "start" "-a" "f5c29008039fe9824cac41ed9b5d30242a295203474ec66cf992e6ab6b66d1ef", kill_on_drop: false }`
[INFO] running `Command { std: "docker" "inspect" "f5c29008039fe9824cac41ed9b5d30242a295203474ec66cf992e6ab6b66d1ef", kill_on_drop: false }`
[INFO] running `Command { std: "docker" "rm" "-f" "f5c29008039fe9824cac41ed9b5d30242a295203474ec66cf992e6ab6b66d1ef", kill_on_drop: false }`
[INFO] [stdout] f5c29008039fe9824cac41ed9b5d30242a295203474ec66cf992e6ab6b66d1ef
[INFO] running `Command { std: "docker" "create" "-v" "/var/lib/crater-agent-workspace/builds/worker-7-tc2/target:/opt/rustwide/target:rw,Z" "-v" "/var/lib/crater-agent-workspace/builds/worker-7-tc2/source:/opt/rustwide/workdir:ro,Z" "-v" "/var/lib/crater-agent-workspace/cargo-home:/opt/rustwide/cargo-home:ro,Z" "-v" "/var/lib/crater-agent-workspace/rustup-home:/opt/rustwide/rustup-home:ro,Z" "-e" "SOURCE_DIR=/opt/rustwide/workdir" "-e" "CARGO_TARGET_DIR=/opt/rustwide/target" "-e" "CARGO_INCREMENTAL=0" "-e" "RUST_BACKTRACE=full" "-e" "RUSTFLAGS=--cap-lints=warn" "-e" "RUSTDOCFLAGS=--cap-lints=warn" "-e" "CARGO_HOME=/opt/rustwide/cargo-home" "-e" "RUSTUP_HOME=/opt/rustwide/rustup-home" "-w" "/opt/rustwide/workdir" "-m" "1610612736" "--user" "0:0" "--network" "none" "ghcr.io/rust-lang/crates-build-env/linux@sha256:5ff2268d62e97bff2cde7d5815dd6ed5b47097566f13b8d0ca110b04b60e07ed" "/opt/rustwide/cargo-home/bin/cargo" "+beta-2023-04-20" "build" "--frozen" "--message-format=json", kill_on_drop: false }`
[INFO] [stdout] de4aaf01a16233114dcd8ea4eea8e5d0e693e31e5ed9c8d10f33c4d50813839d
[INFO] running `Command { std: "docker" "start" "-a" "de4aaf01a16233114dcd8ea4eea8e5d0e693e31e5ed9c8d10f33c4d50813839d", kill_on_drop: false }`
[INFO] [stderr]    Compiling ahash v0.8.3
[INFO] [stderr]    Compiling once_cell v1.17.1
[INFO] [stderr]    Compiling ttf-parser v0.15.2
[INFO] [stderr]    Compiling glam v0.23.0
[INFO] [stderr]    Compiling ttf-parser v0.19.0
[INFO] [stderr]    Compiling num-traits v0.2.15
[INFO] [stderr]    Compiling hashbrown v0.13.2
[INFO] [stderr]    Compiling fontdue v0.7.3
[INFO] [stderr]    Compiling ordered-float v3.6.0
[INFO] [stderr]    Compiling fontsdf v0.5.1 (/opt/rustwide/workdir)
[INFO] [stderr]     Finished dev [unoptimized + debuginfo] target(s) in 4.93s
[INFO] running `Command { std: "docker" "inspect" "de4aaf01a16233114dcd8ea4eea8e5d0e693e31e5ed9c8d10f33c4d50813839d", kill_on_drop: false }`
[INFO] running `Command { std: "docker" "rm" "-f" "de4aaf01a16233114dcd8ea4eea8e5d0e693e31e5ed9c8d10f33c4d50813839d", kill_on_drop: false }`
[INFO] [stdout] de4aaf01a16233114dcd8ea4eea8e5d0e693e31e5ed9c8d10f33c4d50813839d
[INFO] running `Command { std: "docker" "create" "-v" "/var/lib/crater-agent-workspace/builds/worker-7-tc2/target:/opt/rustwide/target:rw,Z" "-v" "/var/lib/crater-agent-workspace/builds/worker-7-tc2/source:/opt/rustwide/workdir:ro,Z" "-v" "/var/lib/crater-agent-workspace/cargo-home:/opt/rustwide/cargo-home:ro,Z" "-v" "/var/lib/crater-agent-workspace/rustup-home:/opt/rustwide/rustup-home:ro,Z" "-e" "SOURCE_DIR=/opt/rustwide/workdir" "-e" "CARGO_TARGET_DIR=/opt/rustwide/target" "-e" "CARGO_INCREMENTAL=0" "-e" "RUST_BACKTRACE=full" "-e" "RUSTFLAGS=--cap-lints=warn" "-e" "RUSTDOCFLAGS=--cap-lints=warn" "-e" "CARGO_HOME=/opt/rustwide/cargo-home" "-e" "RUSTUP_HOME=/opt/rustwide/rustup-home" "-w" "/opt/rustwide/workdir" "-m" "1610612736" "--user" "0:0" "--network" "none" "ghcr.io/rust-lang/crates-build-env/linux@sha256:5ff2268d62e97bff2cde7d5815dd6ed5b47097566f13b8d0ca110b04b60e07ed" "/opt/rustwide/cargo-home/bin/cargo" "+beta-2023-04-20" "test" "--frozen" "--no-run" "--message-format=json", kill_on_drop: false }`
[INFO] [stdout] 59e5df024b8785793adfc84ea68df43eaa3f7b8b6f7ca9c200d9efaa20e81ea9
[INFO] running `Command { std: "docker" "start" "-a" "59e5df024b8785793adfc84ea68df43eaa3f7b8b6f7ca9c200d9efaa20e81ea9", kill_on_drop: false }`
[INFO] [stderr]    Compiling proc-macro2 v1.0.56
[INFO] [stderr]    Compiling unicode-ident v1.0.8
[INFO] [stderr]    Compiling quote v1.0.26
[INFO] [stderr]    Compiling libc v0.2.142
[INFO] [stderr]    Compiling crossbeam-utils v0.8.15
[INFO] [stderr]    Compiling memoffset v0.8.0
[INFO] [stderr]    Compiling num-traits v0.2.15
[INFO] [stderr]    Compiling crossbeam-epoch v0.9.14
[INFO] [stderr]    Compiling rayon-core v1.11.0
[INFO] [stderr]    Compiling either v1.8.1
[INFO] [stderr]    Compiling syn v1.0.109
[INFO] [stderr]    Compiling serde_derive v1.0.160
[INFO] [stderr]    Compiling adler v1.0.2
[INFO] [stderr]    Compiling lock_api v0.4.9
[INFO] [stderr]    Compiling serde v1.0.160
[INFO] [stderr]    Compiling crc32fast v1.3.2
[INFO] [stderr]    Compiling simd-adler32 v0.3.5
[INFO] [stderr]    Compiling miniz_oxide v0.6.2
[INFO] [stderr]    Compiling futures-core v0.3.28
[INFO] [stderr]    Compiling num-integer v0.1.45
[INFO] [stderr]    Compiling indexmap v1.9.3
[INFO] [stderr]    Compiling serde_json v1.0.96
[INFO] [stderr]    Compiling num-rational v0.4.1
[INFO] [stderr]    Compiling hashbrown v0.12.3
[INFO] [stderr]    Compiling os_str_bytes v6.5.0
[INFO] [stderr]    Compiling weezl v0.1.7
[INFO] [stderr]    Compiling futures-sink v0.3.28
[INFO] [stderr]    Compiling flate2 v1.0.25
[INFO] [stderr]    Compiling ciborium-io v0.2.0
[INFO] [stderr]    Compiling plotters-backend v0.3.4
[INFO] [stderr]    Compiling spin v0.9.8
[INFO] [stderr]    Compiling itoa v1.0.6
[INFO] [stderr]    Compiling crossbeam-channel v0.5.8
[INFO] [stderr]    Compiling ryu v1.0.13
[INFO] [stderr]    Compiling half v1.8.2
[INFO] [stderr]    Compiling plotters-svg v0.3.3
[INFO] [stderr]    Compiling crossbeam-deque v0.8.3
[INFO] [stderr]    Compiling syn v2.0.15
[INFO] [stderr]    Compiling num_cpus v1.15.0
[INFO] [stderr]    Compiling getrandom v0.2.9
[INFO] [stderr]    Compiling ciborium-ll v0.2.0
[INFO] [stderr]    Compiling clap_lex v0.2.4
[INFO] [stderr]    Compiling miniz_oxide v0.7.1
[INFO] [stderr]    Compiling fdeflate v0.3.0
[INFO] [stderr]    Compiling zune-inflate v0.2.53
[INFO] [stderr]    Compiling itertools v0.10.5
[INFO] [stderr]    Compiling lebe v0.5.2
[INFO] [stderr]    Compiling same-file v1.0.6
[INFO] [stderr]    Compiling nanorand v0.7.0
[INFO] [stderr]    Compiling ordered-float v3.6.0
[INFO] [stderr]    Compiling bit_field v0.10.2
[INFO] [stderr]    Compiling cast v0.3.0
[INFO] [stderr]    Compiling color_quant v1.1.0
[INFO] [stderr]    Compiling regex-syntax v0.7.1
[INFO] [stderr]    Compiling textwrap v0.16.0
[INFO] [stderr]    Compiling smallvec v1.10.0
[INFO] [stderr]    Compiling half v2.2.1
[INFO] [stderr]    Compiling bytemuck v1.13.1
[INFO] [stderr]    Compiling gif v0.12.0
[INFO] [stderr]    Compiling png v0.17.8
[INFO] [stderr]    Compiling plotters v0.3.4
[INFO] [stderr]    Compiling rayon v1.7.0
[INFO] [stderr]    Compiling walkdir v2.3.3
[INFO] [stderr]    Compiling clap v3.2.23
[INFO] [stderr]    Compiling qoi v0.4.1
[INFO] [stderr]    Compiling atty v0.2.14
[INFO] [stderr]    Compiling anes v0.1.6
[INFO] [stderr]    Compiling oorandom v11.1.3
[INFO] [stderr]    Compiling fontsdf v0.5.1 (/opt/rustwide/workdir)
[INFO] [stderr]    Compiling criterion-plot v0.5.0
[INFO] [stderr]    Compiling regex v1.8.1
[INFO] [stderr]    Compiling jpeg-decoder v0.3.0
[INFO] [stderr]    Compiling pin-project-internal v1.0.12
[INFO] [stderr]    Compiling tiff v0.8.1
[INFO] [stderr]    Compiling pin-project v1.0.12
[INFO] [stderr]    Compiling flume v0.10.14
[INFO] [stderr]    Compiling exr v1.6.3
[INFO] [stderr]    Compiling image v0.24.6
[INFO] [stderr]    Compiling ciborium v0.2.0
[INFO] [stderr]    Compiling tinytemplate v1.2.1
[INFO] [stderr]    Compiling criterion v0.4.0
[INFO] [stderr]     Finished test [unoptimized + debuginfo] target(s) in 17.99s
[INFO] running `Command { std: "docker" "inspect" "59e5df024b8785793adfc84ea68df43eaa3f7b8b6f7ca9c200d9efaa20e81ea9", kill_on_drop: false }`
[INFO] running `Command { std: "docker" "rm" "-f" "59e5df024b8785793adfc84ea68df43eaa3f7b8b6f7ca9c200d9efaa20e81ea9", kill_on_drop: false }`
[INFO] [stdout] 59e5df024b8785793adfc84ea68df43eaa3f7b8b6f7ca9c200d9efaa20e81ea9
[INFO] running `Command { std: "docker" "create" "-v" "/var/lib/crater-agent-workspace/builds/worker-7-tc2/target:/opt/rustwide/target:rw,Z" "-v" "/var/lib/crater-agent-workspace/builds/worker-7-tc2/source:/opt/rustwide/workdir:ro,Z" "-v" "/var/lib/crater-agent-workspace/cargo-home:/opt/rustwide/cargo-home:ro,Z" "-v" "/var/lib/crater-agent-workspace/rustup-home:/opt/rustwide/rustup-home:ro,Z" "-e" "SOURCE_DIR=/opt/rustwide/workdir" "-e" "CARGO_TARGET_DIR=/opt/rustwide/target" "-e" "CARGO_INCREMENTAL=0" "-e" "RUST_BACKTRACE=full" "-e" "RUSTFLAGS=--cap-lints=warn" "-e" "RUSTDOCFLAGS=--cap-lints=warn" "-e" "CARGO_HOME=/opt/rustwide/cargo-home" "-e" "RUSTUP_HOME=/opt/rustwide/rustup-home" "-w" "/opt/rustwide/workdir" "-m" "1610612736" "--user" "0:0" "--network" "none" "ghcr.io/rust-lang/crates-build-env/linux@sha256:5ff2268d62e97bff2cde7d5815dd6ed5b47097566f13b8d0ca110b04b60e07ed" "/opt/rustwide/cargo-home/bin/cargo" "+beta-2023-04-20" "test" "--frozen", kill_on_drop: false }`
[INFO] [stdout] 0fe8ccdf5936a89ee2613935220333608163e438bd12f10dec57472ba126ece1
[INFO] running `Command { std: "docker" "start" "-a" "0fe8ccdf5936a89ee2613935220333608163e438bd12f10dec57472ba126ece1", kill_on_drop: false }`
[INFO] [stderr]     Finished test [unoptimized + debuginfo] target(s) in 0.06s
[INFO] [stderr]      Running unittests src/lib.rs (/opt/rustwide/target/debug/deps/fontsdf-97eee7031f3bebea)
[INFO] [stdout] 
[INFO] [stdout] running 0 tests
[INFO] [stdout] 
[INFO] [stdout] test result: ok. 0 passed; 0 failed; 0 ignored; 0 measured; 0 filtered out; finished in 0.00s
[INFO] [stdout] 
[INFO] [stderr]      Running unittests src/main.rs (/opt/rustwide/target/debug/deps/fontsdf-cb1fb59c4a628c2b)
[INFO] [stdout] 
[INFO] [stdout] running 0 tests
[INFO] [stdout] 
[INFO] [stdout] test result: ok. 0 passed; 0 failed; 0 ignored; 0 measured; 0 filtered out; finished in 0.00s
[INFO] [stdout] 
[INFO] [stderr]      Running tests/main.rs (/opt/rustwide/target/debug/deps/main-b2576276e1184371)
[INFO] [stdout] 
[INFO] [stdout] running 3 tests
[INFO] [stdout] test main_test ... FAILED
[INFO] [stdout] test metrics_test ... ok
[INFO] [stdout] test all_chars ... FAILED
[INFO] [stdout] 
[INFO] [stdout] failures:
[INFO] [stdout] 
[INFO] [stdout] ---- main_test stdout ----
[INFO] [stdout] thread 'main_test' panicked at 'called `Result::unwrap()` on an `Err` value: IoError(Os { code: 30, kind: ReadOnlyFilesystem, message: "Read-only file system" })', tests/main.rs:18:10
[INFO] [stdout] stack backtrace:
[INFO] [stdout]    0:     0x55837c167b1a - std::backtrace_rs::backtrace::libunwind::trace::h2f05d0192276a8f6
[INFO] [stdout]                                at /rustc/1b7dd2252b99671ce5d1cb9664c5f8636329436d/library/std/src/../../backtrace/src/backtrace/libunwind.rs:93:5
[INFO] [stdout]    1:     0x55837c167b1a - std::backtrace_rs::backtrace::trace_unsynchronized::hedc23dff7a1af150
[INFO] [stdout]                                at /rustc/1b7dd2252b99671ce5d1cb9664c5f8636329436d/library/std/src/../../backtrace/src/backtrace/mod.rs:66:5
[INFO] [stdout]    2:     0x55837c167b1a - std::sys_common::backtrace::_print_fmt::h17541ef7592f3ce2
[INFO] [stdout]                                at /rustc/1b7dd2252b99671ce5d1cb9664c5f8636329436d/library/std/src/sys_common/backtrace.rs:65:5
[INFO] [stdout]    3:     0x55837c167b1a - <std::sys_common::backtrace::_print::DisplayBacktrace as core::fmt::Display>::fmt::h20f75df5ab0c0792
[INFO] [stdout]                                at /rustc/1b7dd2252b99671ce5d1cb9664c5f8636329436d/library/std/src/sys_common/backtrace.rs:44:22
[INFO] [stdout]    4:     0x55837c18d5ef - core::fmt::write::h78109e6f466b3af6
[INFO] [stdout]                                at /rustc/1b7dd2252b99671ce5d1cb9664c5f8636329436d/library/core/src/fmt/mod.rs:1254:17
[INFO] [stdout]    5:     0x55837c164ba5 - std::io::Write::write_fmt::hd24bfb68a1b35a25
[INFO] [stdout]                                at /rustc/1b7dd2252b99671ce5d1cb9664c5f8636329436d/library/std/src/io/mod.rs:1698:15
[INFO] [stdout]    6:     0x55837c1678e5 - std::sys_common::backtrace::_print::h8dac57a9f8fbf9a5
[INFO] [stdout]                                at /rustc/1b7dd2252b99671ce5d1cb9664c5f8636329436d/library/std/src/sys_common/backtrace.rs:47:5
[INFO] [stdout]    7:     0x55837c1678e5 - std::sys_common::backtrace::print::hf9ecbf41d1aa712f
[INFO] [stdout]                                at /rustc/1b7dd2252b99671ce5d1cb9664c5f8636329436d/library/std/src/sys_common/backtrace.rs:34:9
[INFO] [stdout]    8:     0x55837c16959e - std::panicking::default_hook::{{closure}}::h04c07acfc84ca028
[INFO] [stdout]                                at /rustc/1b7dd2252b99671ce5d1cb9664c5f8636329436d/library/std/src/panicking.rs:269:22
[INFO] [stdout]    9:     0x55837c1692d1 - std::panicking::default_hook::h01f6bb23e1eceb2c
[INFO] [stdout]                                at /rustc/1b7dd2252b99671ce5d1cb9664c5f8636329436d/library/std/src/panicking.rs:285:9
[INFO] [stdout]   10:     0x55837be61beb - <alloc::boxed::Box<F,A> as core::ops::function::Fn<Args>>::call::h87fe9f7b2fd49e4c
[INFO] [stdout]                                at /rustc/1b7dd2252b99671ce5d1cb9664c5f8636329436d/library/alloc/src/boxed.rs:1987:9
[INFO] [stdout]   11:     0x55837be61beb - test::test_main::{{closure}}::he94d679243a7531b
[INFO] [stdout]                                at /rustc/1b7dd2252b99671ce5d1cb9664c5f8636329436d/library/test/src/lib.rs:134:21
[INFO] [stdout]   12:     0x55837c169c84 - <alloc::boxed::Box<F,A> as core::ops::function::Fn<Args>>::call::h3f2d6d8b14c4769f
[INFO] [stdout]                                at /rustc/1b7dd2252b99671ce5d1cb9664c5f8636329436d/library/alloc/src/boxed.rs:1987:9
[INFO] [stdout]   13:     0x55837c169c84 - std::panicking::rust_panic_with_hook::h2bb3722bbaf2f6df
[INFO] [stdout]                                at /rustc/1b7dd2252b99671ce5d1cb9664c5f8636329436d/library/std/src/panicking.rs:695:13
[INFO] [stdout]   14:     0x55837c1699f9 - std::panicking::begin_panic_handler::{{closure}}::h91bc7f36a4be011b
[INFO] [stdout]                                at /rustc/1b7dd2252b99671ce5d1cb9664c5f8636329436d/library/std/src/panicking.rs:582:13
[INFO] [stdout]   15:     0x55837c167f86 - std::sys_common::backtrace::__rust_end_short_backtrace::h8b3d3717114f9e59
[INFO] [stdout]                                at /rustc/1b7dd2252b99671ce5d1cb9664c5f8636329436d/library/std/src/sys_common/backtrace.rs:150:18
[INFO] [stdout]   16:     0x55837c169752 - rust_begin_unwind
[INFO] [stdout]                                at /rustc/1b7dd2252b99671ce5d1cb9664c5f8636329436d/library/std/src/panicking.rs:578:5
[INFO] [stdout]   17:     0x55837be27fe3 - core::panicking::panic_fmt::hfd368e3fbdabea26
[INFO] [stdout]                                at /rustc/1b7dd2252b99671ce5d1cb9664c5f8636329436d/library/core/src/panicking.rs:67:14
[INFO] [stdout]   18:     0x55837be28583 - core::result::unwrap_failed::he54eb4b2f125b26f
[INFO] [stdout]                                at /rustc/1b7dd2252b99671ce5d1cb9664c5f8636329436d/library/core/src/result.rs:1687:5
[INFO] [stdout]   19:     0x55837be8c1fd - core::result::Result<T,E>::unwrap::h874626de40dc6ac2
[INFO] [stdout]                                at /rustc/1b7dd2252b99671ce5d1cb9664c5f8636329436d/library/core/src/result.rs:1089:23
[INFO] [stdout]   20:     0x55837be2c894 - main::main_test::h163d9b523721ed62
[INFO] [stdout]                                at /opt/rustwide/workdir/tests/main.rs:15:5
[INFO] [stdout]   21:     0x55837be2c667 - main::main_test::{{closure}}::hd61c45d4b8d81d1f
[INFO] [stdout]                                at /opt/rustwide/workdir/tests/main.rs:11:16
[INFO] [stdout]   22:     0x55837be2df95 - core::ops::function::FnOnce::call_once::hd8a6f952e5a1f89e
[INFO] [stdout]                                at /rustc/1b7dd2252b99671ce5d1cb9664c5f8636329436d/library/core/src/ops/function.rs:250:5
[INFO] [stdout]   23:     0x55837be66abf - core::ops::function::FnOnce::call_once::ha6a70e79f7481a7e
[INFO] [stdout]                                at /rustc/1b7dd2252b99671ce5d1cb9664c5f8636329436d/library/core/src/ops/function.rs:250:5
[INFO] [stdout]   24:     0x55837be66abf - test::__rust_begin_short_backtrace::hce33033019b61e69
[INFO] [stdout]                                at /rustc/1b7dd2252b99671ce5d1cb9664c5f8636329436d/library/test/src/lib.rs:655:18
[INFO] [stdout]   25:     0x55837be342ac - test::run_test::{{closure}}::h858d3528838ae3e5
[INFO] [stdout]                                at /rustc/1b7dd2252b99671ce5d1cb9664c5f8636329436d/library/test/src/lib.rs:646:30
[INFO] [stdout]   26:     0x55837be342ac - core::ops::function::FnOnce::call_once{{vtable.shim}}::he8ac2b00f01ae79e
[INFO] [stdout]                                at /rustc/1b7dd2252b99671ce5d1cb9664c5f8636329436d/library/core/src/ops/function.rs:250:5
[INFO] [stdout]   27:     0x55837be65b96 - <alloc::boxed::Box<F,A> as core::ops::function::FnOnce<Args>>::call_once::h8093d25b522725ef
[INFO] [stdout]                                at /rustc/1b7dd2252b99671ce5d1cb9664c5f8636329436d/library/alloc/src/boxed.rs:1973:9
[INFO] [stdout]   28:     0x55837be65b96 - <core::panic::unwind_safe::AssertUnwindSafe<F> as core::ops::function::FnOnce<()>>::call_once::h5c334c204e4a3913
[INFO] [stdout]                                at /rustc/1b7dd2252b99671ce5d1cb9664c5f8636329436d/library/core/src/panic/unwind_safe.rs:271:9
[INFO] [stdout]   29:     0x55837be65b96 - std::panicking::try::do_call::ha8b740c7b9478074
[INFO] [stdout]                                at /rustc/1b7dd2252b99671ce5d1cb9664c5f8636329436d/library/std/src/panicking.rs:485:40
[INFO] [stdout]   30:     0x55837be65b96 - std::panicking::try::h5d34f63d0e41b64e
[INFO] [stdout]                                at /rustc/1b7dd2252b99671ce5d1cb9664c5f8636329436d/library/std/src/panicking.rs:449:19
[INFO] [stdout]   31:     0x55837be65b96 - std::panic::catch_unwind::hcfbb511e1aa7fc67
[INFO] [stdout]                                at /rustc/1b7dd2252b99671ce5d1cb9664c5f8636329436d/library/std/src/panic.rs:140:14
[INFO] [stdout]   32:     0x55837be65b96 - test::run_test_in_process::h9abda90f802eaf21
[INFO] [stdout]                                at /rustc/1b7dd2252b99671ce5d1cb9664c5f8636329436d/library/test/src/lib.rs:678:27
[INFO] [stdout]   33:     0x55837be65b96 - test::run_test::run_test_inner::{{closure}}::h0f058de91f6c6edf
[INFO] [stdout]                                at /rustc/1b7dd2252b99671ce5d1cb9664c5f8636329436d/library/test/src/lib.rs:572:39
[INFO] [stdout]   34:     0x55837be2eab5 - test::run_test::run_test_inner::{{closure}}::h5ca48a4c59c6c1fb
[INFO] [stdout]                                at /rustc/1b7dd2252b99671ce5d1cb9664c5f8636329436d/library/test/src/lib.rs:599:37
[INFO] [stdout]   35:     0x55837be2eab5 - std::sys_common::backtrace::__rust_begin_short_backtrace::h32bd51e1495d4a33
[INFO] [stdout]                                at /rustc/1b7dd2252b99671ce5d1cb9664c5f8636329436d/library/std/src/sys_common/backtrace.rs:134:18
[INFO] [stdout]   36:     0x55837be33ff1 - std::thread::Builder::spawn_unchecked_::{{closure}}::{{closure}}::hc086fae9b128b2db
[INFO] [stdout]                                at /rustc/1b7dd2252b99671ce5d1cb9664c5f8636329436d/library/std/src/thread/mod.rs:526:17
[INFO] [stdout]   37:     0x55837be33ff1 - <core::panic::unwind_safe::AssertUnwindSafe<F> as core::ops::function::FnOnce<()>>::call_once::hb66571888d270d43
[INFO] [stdout]                                at /rustc/1b7dd2252b99671ce5d1cb9664c5f8636329436d/library/core/src/panic/unwind_safe.rs:271:9
[INFO] [stdout]   38:     0x55837be33ff1 - std::panicking::try::do_call::h4fa2ef4f6e51fecf
[INFO] [stdout]                                at /rustc/1b7dd2252b99671ce5d1cb9664c5f8636329436d/library/std/src/panicking.rs:485:40
[INFO] [stdout]   39:     0x55837be33ff1 - std::panicking::try::h1e9e22b8584489b5
[INFO] [stdout]                                at /rustc/1b7dd2252b99671ce5d1cb9664c5f8636329436d/library/std/src/panicking.rs:449:19
[INFO] [stdout]   40:     0x55837be33ff1 - std::panic::catch_unwind::h44698a3de0e0769e
[INFO] [stdout]                                at /rustc/1b7dd2252b99671ce5d1cb9664c5f8636329436d/library/std/src/panic.rs:140:14
[INFO] [stdout]   41:     0x55837be33ff1 - std::thread::Builder::spawn_unchecked_::{{closure}}::h50153abde3fe239e
[INFO] [stdout]                                at /rustc/1b7dd2252b99671ce5d1cb9664c5f8636329436d/library/std/src/thread/mod.rs:525:30
[INFO] [stdout]   42:     0x55837be33ff1 - core::ops::function::FnOnce::call_once{{vtable.shim}}::hbe5bbf6f38394364
[INFO] [stdout]                                at /rustc/1b7dd2252b99671ce5d1cb9664c5f8636329436d/library/core/src/ops/function.rs:250:5
[INFO] [stdout]   43:     0x55837c16e1a5 - <alloc::boxed::Box<F,A> as core::ops::function::FnOnce<Args>>::call_once::h0d83cb2920a49046
[INFO] [stdout]                                at /rustc/1b7dd2252b99671ce5d1cb9664c5f8636329436d/library/alloc/src/boxed.rs:1973:9
[INFO] [stdout]   44:     0x55837c16e1a5 - <alloc::boxed::Box<F,A> as core::ops::function::FnOnce<Args>>::call_once::hbe0a008aa7d9ef59
[INFO] [stdout]                                at /rustc/1b7dd2252b99671ce5d1cb9664c5f8636329436d/library/alloc/src/boxed.rs:1973:9
[INFO] [stdout]   45:     0x55837c16e1a5 - std::sys::unix::thread::Thread::new::thread_start::h3a466996bdf6b1f9
[INFO] [stdout]                                at /rustc/1b7dd2252b99671ce5d1cb9664c5f8636329436d/library/std/src/sys/unix/thread.rs:108:17
[INFO] [stdout]   46:     0x7f4e97d23b43 - <unknown>
[INFO] [stdout]   47:     0x7f4e97db4bb4 - __clone
[INFO] [stdout]   48:                0x0 - <unknown>
[INFO] [stdout] 
[INFO] [stdout] ---- all_chars stdout ----
[INFO] [stdout] test_all_chars_0
[INFO] [stdout] test_all_chars_1
[INFO] [stdout] test_all_chars_2
[INFO] [stdout] test_all_chars_3
[INFO] [stdout] test_all_chars_4
[INFO] [stdout] test_all_chars_5
[INFO] [stdout] test_all_chars_6
[INFO] [stdout] test_all_chars_7
[INFO] [stdout] test_all_chars_8
[INFO] [stdout] test_all_chars_9
[INFO] [stdout] test_all_chars_10
[INFO] [stdout] test_all_chars_11
[INFO] [stdout] test_all_chars_12
[INFO] [stdout] test_all_chars_13
[INFO] [stdout] test_all_chars_14
[INFO] [stdout] test_all_chars_15
[INFO] [stdout] test_all_chars_16
[INFO] [stdout] test_all_chars_17
[INFO] [stdout] test_all_chars_18
[INFO] [stdout] test_all_chars_19
[INFO] [stdout] test_all_chars_20
[INFO] [stdout] test_all_chars_21
[INFO] [stdout] test_all_chars_22
[INFO] [stdout] test_all_chars_23
[INFO] [stdout] test_all_chars_24
[INFO] [stdout] test_all_chars_25
[INFO] [stdout] test_all_chars_26
[INFO] [stdout] test_all_chars_27
[INFO] [stdout] test_all_chars_28
[INFO] [stdout] test_all_chars_29
[INFO] [stdout] test_all_chars_30
[INFO] [stdout] test_all_chars_31
[INFO] [stdout] test_all_chars_32
[INFO] [stdout] test_all_chars_33
[INFO] [stdout] test_all_chars_34
[INFO] [stdout] test_all_chars_35
[INFO] [stdout] test_all_chars_36
[INFO] [stdout] test_all_chars_37
[INFO] [stdout] test_all_chars_38
[INFO] [stdout] test_all_chars_39
[INFO] [stdout] test_all_chars_40
[INFO] [stdout] test_all_chars_41
[INFO] [stdout] test_all_chars_42
[INFO] [stdout] test_all_chars_43
[INFO] [stdout] test_all_chars_44
[INFO] [stdout] test_all_chars_45
[INFO] [stdout] test_all_chars_46
[INFO] [stdout] test_all_chars_47
[INFO] [stdout] test_all_chars_48
[INFO] [stdout] test_all_chars_49
[INFO] [stdout] test_all_chars_50
[INFO] [stdout] test_all_chars_51
[INFO] [stdout] test_all_chars_52
[INFO] [stdout] test_all_chars_53
[INFO] [stdout] test_all_chars_54
[INFO] [stdout] test_all_chars_55
[INFO] [stdout] test_all_chars_56
[INFO] [stdout] test_all_chars_57
[INFO] [stdout] test_all_chars_58
[INFO] [stdout] test_all_chars_59
[INFO] [stdout] test_all_chars_60
[INFO] [stdout] test_all_chars_61
[INFO] [stdout] test_all_chars_62
[INFO] [stdout] test_all_chars_63
[INFO] [stdout] test_all_chars_64
[INFO] [stdout] test_all_chars_65
[INFO] [stdout] test_all_chars_66
[INFO] [stdout] test_all_chars_67
[INFO] [stdout] test_all_chars_68
[INFO] [stdout] test_all_chars_69
[INFO] [stdout] test_all_chars_70
[INFO] [stdout] test_all_chars_71
[INFO] [stdout] test_all_chars_72
[INFO] [stdout] test_all_chars_73
[INFO] [stdout] test_all_chars_74
[INFO] [stdout] test_all_chars_75
[INFO] [stdout] test_all_chars_76
[INFO] [stdout] test_all_chars_77
[INFO] [stdout] test_all_chars_78
[INFO] [stdout] test_all_chars_79
[INFO] [stdout] test_all_chars_80
[INFO] [stdout] test_all_chars_81
[INFO] [stdout] test_all_chars_82
[INFO] [stdout] test_all_chars_83
[INFO] [stdout] test_all_chars_84
[INFO] [stdout] test_all_chars_85
[INFO] [stdout] test_all_chars_86
[INFO] [stdout] test_all_chars_87
[INFO] [stdout] test_all_chars_88
[INFO] [stdout] test_all_chars_89
[INFO] [stdout] test_all_chars_90
[INFO] [stdout] test_all_chars_91
[INFO] [stdout] test_all_chars_92
[INFO] [stdout] test_all_chars_93
[INFO] [stdout] test_all_chars_94
[INFO] [stdout] test_all_chars_95
[INFO] [stdout] test_all_chars_96
[INFO] [stdout] test_all_chars_97
[INFO] [stdout] test_all_chars_98
[INFO] [stdout] test_all_chars_99
[INFO] [stdout] test_all_chars_100
[INFO] [stdout] test_all_chars_101
[INFO] [stdout] test_all_chars_102
[INFO] [stdout] test_all_chars_103
[INFO] [stdout] test_all_chars_104
[INFO] [stdout] test_all_chars_105
[INFO] [stdout] test_all_chars_106
[INFO] [stdout] test_all_chars_107
[INFO] [stdout] test_all_chars_108
[INFO] [stdout] test_all_chars_109
[INFO] [stdout] test_all_chars_110
[INFO] [stdout] test_all_chars_111
[INFO] [stdout] test_all_chars_112
[INFO] [stdout] test_all_chars_113
[INFO] [stdout] test_all_chars_114
[INFO] [stdout] test_all_chars_115
[INFO] [stdout] test_all_chars_116
[INFO] [stdout] test_all_chars_117
[INFO] [stdout] test_all_chars_118
[INFO] [stdout] test_all_chars_119
[INFO] [stdout] test_all_chars_120
[INFO] [stdout] test_all_chars_121
[INFO] [stdout] test_all_chars_122
[INFO] [stdout] test_all_chars_123
[INFO] [stdout] test_all_chars_124
[INFO] [stdout] test_all_chars_125
[INFO] [stdout] test_all_chars_126
[INFO] [stdout] test_all_chars_127
[INFO] [stdout] test_all_chars_128
[INFO] [stdout] test_all_chars_129
[INFO] [stdout] test_all_chars_130
[INFO] [stdout] test_all_chars_131
[INFO] [stdout] test_all_chars_132
[INFO] [stdout] test_all_chars_133
[INFO] [stdout] test_all_chars_134
[INFO] [stdout] test_all_chars_135
[INFO] [stdout] test_all_chars_136
[INFO] [stdout] test_all_chars_137
[INFO] [stdout] test_all_chars_138
[INFO] [stdout] test_all_chars_139
[INFO] [stdout] test_all_chars_140
[INFO] [stdout] test_all_chars_141
[INFO] [stdout] test_all_chars_142
[INFO] [stdout] test_all_chars_143
[INFO] [stdout] test_all_chars_144
[INFO] [stdout] test_all_chars_145
[INFO] [stdout] test_all_chars_146
[INFO] [stdout] test_all_chars_147
[INFO] [stdout] test_all_chars_148
[INFO] [stdout] test_all_chars_149
[INFO] [stdout] test_all_chars_150
[INFO] [stdout] test_all_chars_151
[INFO] [stdout] test_all_chars_152
[INFO] [stdout] test_all_chars_153
[INFO] [stdout] test_all_chars_154
[INFO] [stdout] test_all_chars_155
[INFO] [stdout] test_all_chars_156
[INFO] [stdout] test_all_chars_157
[INFO] [stdout] test_all_chars_158
[INFO] [stdout] test_all_chars_159
[INFO] [stdout] test_all_chars_160
[INFO] [stdout] test_all_chars_161
[INFO] [stdout] test_all_chars_162
[INFO] [stdout] test_all_chars_163
[INFO] [stdout] test_all_chars_164
[INFO] [stdout] test_all_chars_165
[INFO] [stdout] test_all_chars_166
[INFO] [stdout] test_all_chars_167
[INFO] [stdout] test_all_chars_168
[INFO] [stdout] test_all_chars_169
[INFO] [stdout] test_all_chars_170
[INFO] [stdout] test_all_chars_171
[INFO] [stdout] test_all_chars_172
[INFO] [stdout] test_all_chars_173
[INFO] [stdout] test_all_chars_174
[INFO] [stdout] test_all_chars_175
[INFO] [stdout] test_all_chars_176
[INFO] [stdout] test_all_chars_177
[INFO] [stdout] test_all_chars_178
[INFO] [stdout] test_all_chars_179
[INFO] [stdout] test_all_chars_180
[INFO] [stdout] test_all_chars_181
[INFO] [stdout] test_all_chars_182
[INFO] [stdout] test_all_chars_183
[INFO] [stdout] test_all_chars_184
[INFO] [stdout] test_all_chars_185
[INFO] [stdout] test_all_chars_186
[INFO] [stdout] test_all_chars_187
[INFO] [stdout] test_all_chars_188
[INFO] [stdout] test_all_chars_189
[INFO] [stdout] test_all_chars_190
[INFO] [stdout] test_all_chars_191
[INFO] [stdout] test_all_chars_192
[INFO] [stdout] test_all_chars_193
[INFO] [stdout] test_all_chars_194
[INFO] [stdout] test_all_chars_195
[INFO] [stdout] test_all_chars_196
[INFO] [stdout] test_all_chars_197
[INFO] [stdout] test_all_chars_198
[INFO] [stdout] test_all_chars_199
[INFO] [stdout] test_all_chars_200
[INFO] [stdout] test_all_chars_201
[INFO] [stdout] test_all_chars_202
[INFO] [stdout] test_all_chars_203
[INFO] [stdout] test_all_chars_204
[INFO] [stdout] test_all_chars_205
[INFO] [stdout] test_all_chars_206
[INFO] [stdout] test_all_chars_207
[INFO] [stdout] test_all_chars_208
[INFO] [stdout] test_all_chars_209
[INFO] [stdout] test_all_chars_210
[INFO] [stdout] test_all_chars_211
[INFO] [stdout] test_all_chars_212
[INFO] [stdout] test_all_chars_213
[INFO] [stdout] test_all_chars_214
[INFO] [stdout] test_all_chars_215
[INFO] [stdout] test_all_chars_216
[INFO] [stdout] test_all_chars_217
[INFO] [stdout] test_all_chars_218
[INFO] [stdout] test_all_chars_219
[INFO] [stdout] test_all_chars_220
[INFO] [stdout] test_all_chars_221
[INFO] [stdout] test_all_chars_222
[INFO] [stdout] test_all_chars_223
[INFO] [stdout] test_all_chars_224
[INFO] [stdout] test_all_chars_225
[INFO] [stdout] test_all_chars_226
[INFO] [stdout] test_all_chars_227
[INFO] [stdout] test_all_chars_228
[INFO] [stdout] test_all_chars_229
[INFO] [stdout] test_all_chars_230
[INFO] [stdout] test_all_chars_231
[INFO] [stdout] test_all_chars_232
[INFO] [stdout] test_all_chars_233
[INFO] [stdout] test_all_chars_234
[INFO] [stdout] test_all_chars_235
[INFO] [stdout] test_all_chars_236
[INFO] [stdout] test_all_chars_237
[INFO] [stdout] test_all_chars_238
[INFO] [stdout] test_all_chars_239
[INFO] [stdout] test_all_chars_240
[INFO] [stdout] test_all_chars_241
[INFO] [stdout] test_all_chars_242
[INFO] [stdout] test_all_chars_243
[INFO] [stdout] test_all_chars_244
[INFO] [stdout] test_all_chars_245
[INFO] [stdout] test_all_chars_246
[INFO] [stdout] test_all_chars_247
[INFO] [stdout] test_all_chars_248
[INFO] [stdout] test_all_chars_249
[INFO] [stdout] test_all_chars_250
[INFO] [stdout] test_all_chars_251
[INFO] [stdout] test_all_chars_252
[INFO] [stdout] test_all_chars_253
[INFO] [stdout] test_all_chars_254
[INFO] [stdout] test_all_chars_255
[INFO] [stdout] thread 'all_chars' panicked at 'called `Result::unwrap()` on an `Err` value: IoError(Os { code: 30, kind: ReadOnlyFilesystem, message: "Read-only file system" })', tests/main.rs:70:41
[INFO] [stdout] stack backtrace:
[INFO] [stdout]    0:     0x55837c167b1a - std::backtrace_rs::backtrace::libunwind::trace::h2f05d0192276a8f6
[INFO] [stdout]                                at /rustc/1b7dd2252b99671ce5d1cb9664c5f8636329436d/library/std/src/../../backtrace/src/backtrace/libunwind.rs:93:5
[INFO] [stdout]    1:     0x55837c167b1a - std::backtrace_rs::backtrace::trace_unsynchronized::hedc23dff7a1af150
[INFO] [stdout]                                at /rustc/1b7dd2252b99671ce5d1cb9664c5f8636329436d/library/std/src/../../backtrace/src/backtrace/mod.rs:66:5
[INFO] [stdout]    2:     0x55837c167b1a - std::sys_common::backtrace::_print_fmt::h17541ef7592f3ce2
[INFO] [stdout]                                at /rustc/1b7dd2252b99671ce5d1cb9664c5f8636329436d/library/std/src/sys_common/backtrace.rs:65:5
[INFO] [stdout]    3:     0x55837c167b1a - <std::sys_common::backtrace::_print::DisplayBacktrace as core::fmt::Display>::fmt::h20f75df5ab0c0792
[INFO] [stdout]                                at /rustc/1b7dd2252b99671ce5d1cb9664c5f8636329436d/library/std/src/sys_common/backtrace.rs:44:22
[INFO] [stdout]    4:     0x55837c18d5ef - core::fmt::write::h78109e6f466b3af6
[INFO] [stdout]                                at /rustc/1b7dd2252b99671ce5d1cb9664c5f8636329436d/library/core/src/fmt/mod.rs:1254:17
[INFO] [stdout]    5:     0x55837c164ba5 - std::io::Write::write_fmt::hd24bfb68a1b35a25
[INFO] [stdout]                                at /rustc/1b7dd2252b99671ce5d1cb9664c5f8636329436d/library/std/src/io/mod.rs:1698:15
[INFO] [stdout]    6:     0x55837c1678e5 - std::sys_common::backtrace::_print::h8dac57a9f8fbf9a5
[INFO] [stdout]                                at /rustc/1b7dd2252b99671ce5d1cb9664c5f8636329436d/library/std/src/sys_common/backtrace.rs:47:5
[INFO] [stdout]    7:     0x55837c1678e5 - std::sys_common::backtrace::print::hf9ecbf41d1aa712f
[INFO] [stdout]                                at /rustc/1b7dd2252b99671ce5d1cb9664c5f8636329436d/library/std/src/sys_common/backtrace.rs:34:9
[INFO] [stdout]    8:     0x55837c16959e - std::panicking::default_hook::{{closure}}::h04c07acfc84ca028
[INFO] [stdout]                                at /rustc/1b7dd2252b99671ce5d1cb9664c5f8636329436d/library/std/src/panicking.rs:269:22
[INFO] [stdout]    9:     0x55837c1692d1 - std::panicking::default_hook::h01f6bb23e1eceb2c
[INFO] [stdout]                                at /rustc/1b7dd2252b99671ce5d1cb9664c5f8636329436d/library/std/src/panicking.rs:285:9
[INFO] [stdout]   10:     0x55837be61beb - <alloc::boxed::Box<F,A> as core::ops::function::Fn<Args>>::call::h87fe9f7b2fd49e4c
[INFO] [stdout]                                at /rustc/1b7dd2252b99671ce5d1cb9664c5f8636329436d/library/alloc/src/boxed.rs:1987:9
[INFO] [stdout]   11:     0x55837be61beb - test::test_main::{{closure}}::he94d679243a7531b
[INFO] [stdout]                                at /rustc/1b7dd2252b99671ce5d1cb9664c5f8636329436d/library/test/src/lib.rs:134:21
[INFO] [stdout]   12:     0x55837c169c84 - <alloc::boxed::Box<F,A> as core::ops::function::Fn<Args>>::call::h3f2d6d8b14c4769f
[INFO] [stdout]                                at /rustc/1b7dd2252b99671ce5d1cb9664c5f8636329436d/library/alloc/src/boxed.rs:1987:9
[INFO] [stdout]   13:     0x55837c169c84 - std::panicking::rust_panic_with_hook::h2bb3722bbaf2f6df
[INFO] [stdout]                                at /rustc/1b7dd2252b99671ce5d1cb9664c5f8636329436d/library/std/src/panicking.rs:695:13
[INFO] [stdout]   14:     0x55837c1699f9 - std::panicking::begin_panic_handler::{{closure}}::h91bc7f36a4be011b
[INFO] [stdout]                                at /rustc/1b7dd2252b99671ce5d1cb9664c5f8636329436d/library/std/src/panicking.rs:582:13
[INFO] [stdout]   15:     0x55837c167f86 - std::sys_common::backtrace::__rust_end_short_backtrace::h8b3d3717114f9e59
[INFO] [stdout]                                at /rustc/1b7dd2252b99671ce5d1cb9664c5f8636329436d/library/std/src/sys_common/backtrace.rs:150:18
[INFO] [stdout]   16:     0x55837c169752 - rust_begin_unwind
[INFO] [stdout]                                at /rustc/1b7dd2252b99671ce5d1cb9664c5f8636329436d/library/std/src/panicking.rs:578:5
[INFO] [stdout]   17:     0x55837be27fe3 - core::panicking::panic_fmt::hfd368e3fbdabea26
[INFO] [stdout]                                at /rustc/1b7dd2252b99671ce5d1cb9664c5f8636329436d/library/core/src/panicking.rs:67:14
[INFO] [stdout]   18:     0x55837be28583 - core::result::unwrap_failed::he54eb4b2f125b26f
[INFO] [stdout]                                at /rustc/1b7dd2252b99671ce5d1cb9664c5f8636329436d/library/core/src/result.rs:1687:5
[INFO] [stdout]   19:     0x55837be8c1fd - core::result::Result<T,E>::unwrap::h874626de40dc6ac2
[INFO] [stdout]                                at /rustc/1b7dd2252b99671ce5d1cb9664c5f8636329436d/library/core/src/result.rs:1089:23
[INFO] [stdout]   20:     0x55837be2d504 - main::all_chars::hca8dd8ad947eabb3
[INFO] [stdout]                                at /opt/rustwide/workdir/tests/main.rs:70:5
[INFO] [stdout]   21:     0x55837be2cec7 - main::all_chars::{{closure}}::h526e785cc74faf80
[INFO] [stdout]                                at /opt/rustwide/workdir/tests/main.rs:41:16
[INFO] [stdout]   22:     0x55837be2dec5 - core::ops::function::FnOnce::call_once::h02c3791006e45f7c
[INFO] [stdout]                                at /rustc/1b7dd2252b99671ce5d1cb9664c5f8636329436d/library/core/src/ops/function.rs:250:5
[INFO] [stdout]   23:     0x55837be66abf - core::ops::function::FnOnce::call_once::ha6a70e79f7481a7e
[INFO] [stdout]                                at /rustc/1b7dd2252b99671ce5d1cb9664c5f8636329436d/library/core/src/ops/function.rs:250:5
[INFO] [stdout]   24:     0x55837be66abf - test::__rust_begin_short_backtrace::hce33033019b61e69
[INFO] [stdout]                                at /rustc/1b7dd2252b99671ce5d1cb9664c5f8636329436d/library/test/src/lib.rs:655:18
[INFO] [stdout]   25:     0x55837be342ac - test::run_test::{{closure}}::h858d3528838ae3e5
[INFO] [stdout]                                at /rustc/1b7dd2252b99671ce5d1cb9664c5f8636329436d/library/test/src/lib.rs:646:30
[INFO] [stdout]   26:     0x55837be342ac - core::ops::function::FnOnce::call_once{{vtable.shim}}::he8ac2b00f01ae79e
[INFO] [stdout]                                at /rustc/1b7dd2252b99671ce5d1cb9664c5f8636329436d/library/core/src/ops/function.rs:250:5
[INFO] [stdout]   27:     0x55837be65b96 - <alloc::boxed::Box<F,A> as core::ops::function::FnOnce<Args>>::call_once::h8093d25b522725ef
[INFO] [stdout]                                at /rustc/1b7dd2252b99671ce5d1cb9664c5f8636329436d/library/alloc/src/boxed.rs:1973:9
[INFO] [stdout]   28:     0x55837be65b96 - <core::panic::unwind_safe::AssertUnwindSafe<F> as core::ops::function::FnOnce<()>>::call_once::h5c334c204e4a3913
[INFO] [stdout]                                at /rustc/1b7dd2252b99671ce5d1cb9664c5f8636329436d/library/core/src/panic/unwind_safe.rs:271:9
[INFO] [stdout]   29:     0x55837be65b96 - std::panicking::try::do_call::ha8b740c7b9478074
[INFO] [stdout]                                at /rustc/1b7dd2252b99671ce5d1cb9664c5f8636329436d/library/std/src/panicking.rs:485:40
[INFO] [stdout]   30:     0x55837be65b96 - std::panicking::try::h5d34f63d0e41b64e
[INFO] [stdout]                                at /rustc/1b7dd2252b99671ce5d1cb9664c5f8636329436d/library/std/src/panicking.rs:449:19
[INFO] [stdout]   31:     0x55837be65b96 - std::panic::catch_unwind::hcfbb511e1aa7fc67
[INFO] [stdout]                                at /rustc/1b7dd2252b99671ce5d1cb9664c5f8636329436d/library/std/src/panic.rs:140:14
[INFO] [stdout]   32:     0x55837be65b96 - test::run_test_in_process::h9abda90f802eaf21
[INFO] [stdout]                                at /rustc/1b7dd2252b99671ce5d1cb9664c5f8636329436d/library/test/src/lib.rs:678:27
[INFO] [stdout]   33:     0x55837be65b96 - test::run_test::run_test_inner::{{closure}}::h0f058de91f6c6edf
[INFO] [stdout]                                at /rustc/1b7dd2252b99671ce5d1cb9664c5f8636329436d/library/test/src/lib.rs:572:39
[INFO] [stdout]   34:     0x55837be2eab5 - test::run_test::run_test_inner::{{closure}}::h5ca48a4c59c6c1fb
[INFO] [stdout]                                at /rustc/1b7dd2252b99671ce5d1cb9664c5f8636329436d/library/test/src/lib.rs:599:37
[INFO] [stdout]   35:     0x55837be2eab5 - std::sys_common::backtrace::__rust_begin_short_backtrace::h32bd51e1495d4a33
[INFO] [stdout]                                at /rustc/1b7dd2252b99671ce5d1cb9664c5f8636329436d/library/std/src/sys_common/backtrace.rs:134:18
[INFO] [stdout]   36:     0x55837be33ff1 - std::thread::Builder::spawn_unchecked_::{{closure}}::{{closure}}::hc086fae9b128b2db
[INFO] [stdout]                                at /rustc/1b7dd2252b99671ce5d1cb9664c5f8636329436d/library/std/src/thread/mod.rs:526:17
[INFO] [stdout]   37:     0x55837be33ff1 - <core::panic::unwind_safe::AssertUnwindSafe<F> as core::ops::function::FnOnce<()>>::call_once::hb66571888d270d43
[INFO] [stdout]                                at /rustc/1b7dd2252b99671ce5d1cb9664c5f8636329436d/library/core/src/panic/unwind_safe.rs:271:9
[INFO] [stdout]   38:     0x55837be33ff1 - std::panicking::try::do_call::h4fa2ef4f6e51fecf
[INFO] [stdout]                                at /rustc/1b7dd2252b99671ce5d1cb9664c5f8636329436d/library/std/src/panicking.rs:485:40
[INFO] [stdout]   39:     0x55837be33ff1 - std::panicking::try::h1e9e22b8584489b5
[INFO] [stdout]                                at /rustc/1b7dd2252b99671ce5d1cb9664c5f8636329436d/library/std/src/panicking.rs:449:19
[INFO] [stdout]   40:     0x55837be33ff1 - std::panic::catch_unwind::h44698a3de0e0769e
[INFO] [stdout]                                at /rustc/1b7dd2252b99671ce5d1cb9664c5f8636329436d/library/std/src/panic.rs:140:14
[INFO] [stdout]   41:     0x55837be33ff1 - std::thread::Builder::spawn_unchecked_::{{closure}}::h50153abde3fe239e
[INFO] [stdout]                                at /rustc/1b7dd2252b99671ce5d1cb9664c5f8636329436d/library/std/src/thread/mod.rs:525:30
[INFO] [stdout]   42:     0x55837be33ff1 - core::ops::function::FnOnce::call_once{{vtable.shim}}::hbe5bbf6f38394364
[INFO] [stdout]                                at /rustc/1b7dd2252b99671ce5d1cb9664c5f8636329436d/library/core/src/ops/function.rs:250:5
[INFO] [stdout]   43:     0x55837c16e1a5 - <alloc::boxed::Box<F,A> as core::ops::function::FnOnce<Args>>::call_once::h0d83cb2920a49046
[INFO] [stdout]                                at /rustc/1b7dd2252b99671ce5d1cb9664c5f8636329436d/library/alloc/src/boxed.rs:1973:9
[INFO] [stdout]   44:     0x55837c16e1a5 - <alloc::boxed::Box<F,A> as core::ops::function::FnOnce<Args>>::call_once::hbe0a008aa7d9ef59
[INFO] [stdout]                                at /rustc/1b7dd2252b99671ce5d1cb9664c5f8636329436d/library/alloc/src/boxed.rs:1973:9
[INFO] [stdout]   45:     0x55837c16e1a5 - std::sys::unix::thread::Thread::new::thread_start::h3a466996bdf6b1f9
[INFO] [stdout]                                at /rustc/1b7dd2252b99671ce5d1cb9664c5f8636329436d/library/std/src/sys/unix/thread.rs:108:17
[INFO] [stdout]   46:     0x7f4e97d23b43 - <unknown>
[INFO] [stdout]   47:     0x7f4e97db4bb4 - __clone
[INFO] [stdout]   48:                0x0 - <unknown>
[INFO] [stdout] 
[INFO] [stdout] 
[INFO] [stdout] failures:
[INFO] [stdout]     all_chars
[INFO] [stdout]     main_test
[INFO] [stdout] 
[INFO] [stdout] test result: FAILED. 1 passed; 2 failed; 0 ignored; 0 measured; 0 filtered out; finished in 9.69s
[INFO] [stdout] 
[INFO] [stderr] error: test failed, to rerun pass `--test main`
[INFO] running `Command { std: "docker" "inspect" "0fe8ccdf5936a89ee2613935220333608163e438bd12f10dec57472ba126ece1", kill_on_drop: false }`
[INFO] running `Command { std: "docker" "rm" "-f" "0fe8ccdf5936a89ee2613935220333608163e438bd12f10dec57472ba126ece1", kill_on_drop: false }`
[INFO] [stdout] 0fe8ccdf5936a89ee2613935220333608163e438bd12f10dec57472ba126ece1
