[INFO] cloning repository https://github.com/OriginCode/arcmugbot
[INFO] running `Command { std: "git" "-c" "credential.helper=" "-c" "credential.helper=/workspace/cargo-home/bin/git-credential-null" "clone" "--bare" "https://github.com/OriginCode/arcmugbot" "/workspace/cache/git-repos/https%3A%2F%2Fgithub.com%2FOriginCode%2Farcmugbot", kill_on_drop: false }`
[INFO] [stderr] Cloning into bare repository '/workspace/cache/git-repos/https%3A%2F%2Fgithub.com%2FOriginCode%2Farcmugbot'...
[INFO] running `Command { std: "git" "rev-parse" "HEAD", kill_on_drop: false }`
[INFO] [stdout] 6e97f97728e8182418bd5b8c0ed6b1894880f713
[INFO] testing OriginCode/arcmugbot against beta-2023-04-20 for beta-1.70-1
[INFO] running `Command { std: "git" "clone" "/workspace/cache/git-repos/https%3A%2F%2Fgithub.com%2FOriginCode%2Farcmugbot" "/workspace/builds/worker-2-tc2/source", kill_on_drop: false }`
[INFO] [stderr] Cloning into '/workspace/builds/worker-2-tc2/source'...
[INFO] [stderr] done.
[INFO] validating manifest of git repo https://github.com/OriginCode/arcmugbot on toolchain beta-2023-04-20
[INFO] running `Command { std: CARGO_HOME="/workspace/cargo-home" RUSTUP_HOME="/workspace/rustup-home" "/workspace/cargo-home/bin/cargo" "+beta-2023-04-20" "metadata" "--manifest-path" "Cargo.toml" "--no-deps", kill_on_drop: false }`
[INFO] started tweaking git repo https://github.com/OriginCode/arcmugbot
[INFO] finished tweaking git repo https://github.com/OriginCode/arcmugbot
[INFO] tweaked toml for git repo https://github.com/OriginCode/arcmugbot written to /workspace/builds/worker-2-tc2/source/Cargo.toml
[INFO] crate git repo https://github.com/OriginCode/arcmugbot already has a lockfile, it will not be regenerated
[INFO] running `Command { std: CARGO_HOME="/workspace/cargo-home" RUSTUP_HOME="/workspace/rustup-home" "/workspace/cargo-home/bin/cargo" "+beta-2023-04-20" "fetch" "--manifest-path" "Cargo.toml", kill_on_drop: false }`
[INFO] [stderr]     Blocking waiting for file lock on package cache
[INFO] [stderr]  Downloading crates ...
[INFO] [stderr]   Downloaded iana-time-zone-haiku v0.1.0
[INFO] [stderr]   Downloaded cxxbridge-flags v1.0.78
[INFO] [stderr]   Downloaded chrono-tz-build v0.0.3
[INFO] [stderr]   Downloaded rc-box v1.2.0
[INFO] [stderr]   Downloaded uuid v1.2.0
[INFO] [stderr]   Downloaded dptree v0.3.0
[INFO] [stderr]   Downloaded cxxbridge-macro v1.0.78
[INFO] [stderr]   Downloaded teloxide-macros v0.7.0
[INFO] [stderr]   Downloaded cxx v1.0.78
[INFO] [stderr]   Downloaded cxx-build v1.0.78
[INFO] [stderr]   Downloaded teloxide v0.11.0
[INFO] [stderr]   Downloaded aquamarine v0.1.12
[INFO] [stderr]   Downloaded chrono-tz v0.6.3
[INFO] [stderr]   Downloaded teloxide-core v0.8.0
[INFO] running `Command { std: "docker" "create" "-v" "/var/lib/crater-agent-workspace/builds/worker-2-tc2/target:/opt/rustwide/target:rw,Z" "-v" "/var/lib/crater-agent-workspace/builds/worker-2-tc2/source:/opt/rustwide/workdir:ro,Z" "-v" "/var/lib/crater-agent-workspace/cargo-home:/opt/rustwide/cargo-home:ro,Z" "-v" "/var/lib/crater-agent-workspace/rustup-home:/opt/rustwide/rustup-home:ro,Z" "-e" "SOURCE_DIR=/opt/rustwide/workdir" "-e" "CARGO_TARGET_DIR=/opt/rustwide/target" "-e" "CARGO_HOME=/opt/rustwide/cargo-home" "-e" "RUSTUP_HOME=/opt/rustwide/rustup-home" "-w" "/opt/rustwide/workdir" "-m" "1610612736" "--user" "0:0" "--network" "none" "ghcr.io/rust-lang/crates-build-env/linux@sha256:5ff2268d62e97bff2cde7d5815dd6ed5b47097566f13b8d0ca110b04b60e07ed" "/opt/rustwide/cargo-home/bin/cargo" "+beta-2023-04-20" "metadata" "--no-deps" "--format-version=1", kill_on_drop: false }`
[INFO] [stdout] 8cf6e43071fa9df43aceaf08866f5fa221c3aa9493337d0dd6e622caeaa98f0d
[INFO] running `Command { std: "docker" "start" "-a" "8cf6e43071fa9df43aceaf08866f5fa221c3aa9493337d0dd6e622caeaa98f0d", kill_on_drop: false }`
[INFO] running `Command { std: "docker" "inspect" "8cf6e43071fa9df43aceaf08866f5fa221c3aa9493337d0dd6e622caeaa98f0d", kill_on_drop: false }`
[INFO] running `Command { std: "docker" "rm" "-f" "8cf6e43071fa9df43aceaf08866f5fa221c3aa9493337d0dd6e622caeaa98f0d", kill_on_drop: false }`
[INFO] [stdout] 8cf6e43071fa9df43aceaf08866f5fa221c3aa9493337d0dd6e622caeaa98f0d
[INFO] running `Command { std: "docker" "create" "-v" "/var/lib/crater-agent-workspace/builds/worker-2-tc2/target:/opt/rustwide/target:rw,Z" "-v" "/var/lib/crater-agent-workspace/builds/worker-2-tc2/source:/opt/rustwide/workdir:ro,Z" "-v" "/var/lib/crater-agent-workspace/cargo-home:/opt/rustwide/cargo-home:ro,Z" "-v" "/var/lib/crater-agent-workspace/rustup-home:/opt/rustwide/rustup-home:ro,Z" "-e" "SOURCE_DIR=/opt/rustwide/workdir" "-e" "CARGO_TARGET_DIR=/opt/rustwide/target" "-e" "CARGO_INCREMENTAL=0" "-e" "RUST_BACKTRACE=full" "-e" "RUSTFLAGS=--cap-lints=warn" "-e" "RUSTDOCFLAGS=--cap-lints=warn" "-e" "CARGO_HOME=/opt/rustwide/cargo-home" "-e" "RUSTUP_HOME=/opt/rustwide/rustup-home" "-w" "/opt/rustwide/workdir" "-m" "1610612736" "--user" "0:0" "--network" "none" "ghcr.io/rust-lang/crates-build-env/linux@sha256:5ff2268d62e97bff2cde7d5815dd6ed5b47097566f13b8d0ca110b04b60e07ed" "/opt/rustwide/cargo-home/bin/cargo" "+beta-2023-04-20" "build" "--frozen" "--message-format=json", kill_on_drop: false }`
[INFO] [stdout] a24505c12a2298f65e0ba970c25284b95e8885f094e19a41e33894144c6e5b44
[INFO] running `Command { std: "docker" "start" "-a" "a24505c12a2298f65e0ba970c25284b95e8885f094e19a41e33894144c6e5b44", kill_on_drop: false }`
[INFO] [stderr]    Compiling proc-macro2 v1.0.46
[INFO] [stderr]    Compiling autocfg v1.1.0
[INFO] [stderr]    Compiling quote v1.0.21
[INFO] [stderr]    Compiling unicode-ident v1.0.5
[INFO] [stderr]    Compiling syn v1.0.102
[INFO] [stderr]    Compiling version_check v0.9.4
[INFO] [stderr]    Compiling libc v0.2.134
[INFO] [stderr]    Compiling cfg-if v1.0.0
[INFO] [stderr]    Compiling memchr v2.5.0
[INFO] [stderr]    Compiling log v0.4.17
[INFO] [stderr]    Compiling pin-project-lite v0.2.9
[INFO] [stderr]    Compiling futures-core v0.3.24
[INFO] [stderr]    Compiling futures-sink v0.3.24
[INFO] [stderr]    Compiling futures-task v0.3.24
[INFO] [stderr]    Compiling fnv v1.0.7
[INFO] [stderr]    Compiling pkg-config v0.3.25
[INFO] [stderr]    Compiling bytes v1.2.1
[INFO] [stderr]    Compiling cc v1.0.73
[INFO] [stderr]    Compiling once_cell v1.15.0
[INFO] [stderr]    Compiling futures-channel v0.3.24
[INFO] [stderr]    Compiling futures-util v0.3.24
[INFO] [stderr]    Compiling itoa v1.0.4
[INFO] [stderr]    Compiling pin-utils v0.1.0
[INFO] [stderr]    Compiling siphasher v0.3.10
[INFO] [stderr]    Compiling futures-io v0.3.24
[INFO] [stderr]    Compiling slab v0.4.7
[INFO] [stderr]    Compiling tokio v1.21.2
[INFO] [stderr]    Compiling uncased v0.9.7
[INFO] [stderr]    Compiling serde_derive v1.0.145
[INFO] [stderr]    Compiling unicase v2.6.0
[INFO] [stderr]    Compiling indexmap v1.9.1
[INFO] [stderr]    Compiling tracing-core v0.1.30
[INFO] [stderr]    Compiling serde v1.0.145
[INFO] [stderr]    Compiling openssl v0.10.42
[INFO] [stderr]    Compiling foreign-types-shared v0.1.1
[INFO] [stderr]    Compiling num-traits v0.2.15
[INFO] [stderr]    Compiling foreign-types v0.3.2
[INFO] [stderr]    Compiling http v0.2.8
[INFO] [stderr]    Compiling tinyvec_macros v0.1.0
[INFO] [stderr]    Compiling hashbrown v0.12.3
[INFO] [stderr]    Compiling httparse v1.8.0
[INFO] [stderr]    Compiling tracing v0.1.37
[INFO] [stderr]    Compiling bitflags v1.3.2
[INFO] [stderr]    Compiling native-tls v0.2.10
[INFO] [stderr]    Compiling rand_core v0.6.4
[INFO] [stderr]    Compiling signal-hook-registry v1.4.0
[INFO] [stderr]    Compiling socket2 v0.4.7
[INFO] [stderr]    Compiling mio v0.8.4
[INFO] [stderr]    Compiling num_cpus v1.13.1
[INFO] [stderr]    Compiling phf_shared v0.11.1
[INFO] [stderr]    Compiling rand v0.8.5
[INFO] [stderr]    Compiling openssl-sys v0.9.76
[INFO] [stderr]    Compiling tinyvec v1.6.0
[INFO] [stderr]    Compiling num-integer v0.1.45
[INFO] [stderr]    Compiling try-lock v0.2.3
[INFO] [stderr]    Compiling percent-encoding v2.2.0
[INFO] [stderr]    Compiling ident_case v1.0.1
[INFO] [stderr]    Compiling openssl-probe v0.1.5
[INFO] [stderr]    Compiling regex-syntax v0.6.27
[INFO] [stderr]    Compiling strsim v0.10.0
[INFO] [stderr]    Compiling form_urlencoded v1.1.0
[INFO] [stderr]    Compiling http-body v0.4.5
[INFO] [stderr]    Compiling want v0.3.0
[INFO] [stderr]    Compiling mime_guess v2.0.4
[INFO] [stderr]    Compiling phf_generator v0.11.1
[INFO] [stderr]    Compiling proc-macro-error-attr v1.0.4
[INFO] [stderr]    Compiling erasable v1.2.1
[INFO] [stderr]    Compiling unicode-bidi v0.3.8
[INFO] [stderr]    Compiling tower-service v0.3.2
[INFO] [stderr]    Compiling serde_json v1.0.85
[INFO] [stderr]    Compiling httpdate v1.0.2
[INFO] [stderr]    Compiling ryu v1.0.11
[INFO] [stderr]    Compiling encoding_rs v0.8.31
[INFO] [stderr]    Compiling phf_codegen v0.11.1
[INFO] [stderr]    Compiling phf v0.11.1
[INFO] [stderr]    Compiling unicode-normalization v0.1.22
[INFO] [stderr]    Compiling time v0.1.44
[INFO] [stderr]    Compiling proc-macro-error v1.0.4
[INFO] [stderr]    Compiling iana-time-zone v0.1.51
[INFO] [stderr]    Compiling scopeguard v1.1.0
[INFO] [stderr]    Compiling mime v0.3.16
[INFO] [stderr]    Compiling thiserror v1.0.37
[INFO] [stderr]    Compiling getrandom v0.2.7
[INFO] [stderr]    Compiling aho-corasick v0.7.19
[INFO] [stderr]    Compiling regex v1.6.0
[INFO] [stderr]    Compiling idna v0.3.0
[INFO] [stderr]    Compiling quick-error v1.2.3
[INFO] [stderr]    Compiling either v1.8.0
[INFO] [stderr]    Compiling convert_case v0.4.0
[INFO] [stderr]    Compiling ipnet v2.5.0
[INFO] [stderr]    Compiling base64 v0.13.0
[INFO] [stderr]    Compiling humantime v1.3.0
[INFO] [stderr]    Compiling itertools v0.9.0
[INFO] [stderr]    Compiling chrono v0.4.22
[INFO] [stderr]    Compiling rc-box v1.2.0
[INFO] [stderr]    Compiling uuid v1.2.0
[INFO] [stderr]    Compiling atty v0.2.14
[INFO] [stderr]    Compiling parse-zoneinfo v0.3.0
[INFO] [stderr]    Compiling termcolor v1.1.3
[INFO] [stderr]    Compiling anyhow v1.0.65
[INFO] [stderr]    Compiling takecell v0.1.1
[INFO] [stderr]    Compiling never v0.1.0
[INFO] [stderr]    Compiling take_mut v0.2.2
[INFO] [stderr]    Compiling heck v0.4.0
[INFO] [stderr]    Compiling lazy_static v1.4.0
[INFO] [stderr]    Compiling chrono-tz-build v0.0.3
[INFO] [stderr]    Compiling chrono-tz v0.6.3
[INFO] [stderr]    Compiling darling_core v0.13.4
[INFO] [stderr]    Compiling env_logger v0.7.1
[INFO] [stderr]    Compiling tokio-macros v1.8.0
[INFO] [stderr]    Compiling futures-macro v0.3.24
[INFO] [stderr]    Compiling openssl-macros v0.1.0
[INFO] [stderr]    Compiling thiserror-impl v1.0.37
[INFO] [stderr]    Compiling pin-project-internal v1.0.12
[INFO] [stderr]    Compiling derive_more v0.99.17
[INFO] [stderr]    Compiling teloxide-macros v0.7.0
[INFO] [stderr]    Compiling aquamarine v0.1.12
[INFO] [stderr]    Compiling pretty_env_logger v0.4.0
[INFO] [stderr]    Compiling darling_macro v0.13.4
[INFO] [stderr]    Compiling pin-project v1.0.12
[INFO] [stderr]    Compiling darling v0.13.4
[INFO] [stderr]    Compiling serde_with_macros v1.5.2
[INFO] [stderr]    Compiling futures-executor v0.3.24
[INFO] [stderr]    Compiling futures v0.3.24
[INFO] [stderr]    Compiling dptree v0.3.0
[INFO] [stderr]    Compiling tokio-util v0.7.4
[INFO] [stderr]    Compiling tokio-native-tls v0.3.0
[INFO] [stderr]    Compiling tokio-stream v0.1.10
[INFO] [stderr]    Compiling h2 v0.3.14
[INFO] [stderr]    Compiling url v2.3.1
[INFO] [stderr]    Compiling serde_urlencoded v0.7.1
[INFO] [stderr]    Compiling hyper v0.14.20
[INFO] [stderr]    Compiling hyper-tls v0.5.0
[INFO] [stderr]    Compiling reqwest v0.11.12
[INFO] [stderr]    Compiling teloxide-core v0.8.0
[INFO] [stderr]    Compiling teloxide v0.11.0
[INFO] [stderr]    Compiling arcmugbot v0.5.1 (/opt/rustwide/workdir)
[INFO] [stderr]     Finished dev [unoptimized + debuginfo] target(s) in 49.10s
[INFO] running `Command { std: "docker" "inspect" "a24505c12a2298f65e0ba970c25284b95e8885f094e19a41e33894144c6e5b44", kill_on_drop: false }`
[INFO] running `Command { std: "docker" "rm" "-f" "a24505c12a2298f65e0ba970c25284b95e8885f094e19a41e33894144c6e5b44", kill_on_drop: false }`
[INFO] [stdout] a24505c12a2298f65e0ba970c25284b95e8885f094e19a41e33894144c6e5b44
[INFO] running `Command { std: "docker" "create" "-v" "/var/lib/crater-agent-workspace/builds/worker-2-tc2/target:/opt/rustwide/target:rw,Z" "-v" "/var/lib/crater-agent-workspace/builds/worker-2-tc2/source:/opt/rustwide/workdir:ro,Z" "-v" "/var/lib/crater-agent-workspace/cargo-home:/opt/rustwide/cargo-home:ro,Z" "-v" "/var/lib/crater-agent-workspace/rustup-home:/opt/rustwide/rustup-home:ro,Z" "-e" "SOURCE_DIR=/opt/rustwide/workdir" "-e" "CARGO_TARGET_DIR=/opt/rustwide/target" "-e" "CARGO_INCREMENTAL=0" "-e" "RUST_BACKTRACE=full" "-e" "RUSTFLAGS=--cap-lints=warn" "-e" "RUSTDOCFLAGS=--cap-lints=warn" "-e" "CARGO_HOME=/opt/rustwide/cargo-home" "-e" "RUSTUP_HOME=/opt/rustwide/rustup-home" "-w" "/opt/rustwide/workdir" "-m" "1610612736" "--user" "0:0" "--network" "none" "ghcr.io/rust-lang/crates-build-env/linux@sha256:5ff2268d62e97bff2cde7d5815dd6ed5b47097566f13b8d0ca110b04b60e07ed" "/opt/rustwide/cargo-home/bin/cargo" "+beta-2023-04-20" "test" "--frozen" "--no-run" "--message-format=json", kill_on_drop: false }`
[INFO] [stdout] 058a846ab4f708a2e90e0f286ac93d9d86bd8653cb4ad801201bd67862bb1770
[INFO] running `Command { std: "docker" "start" "-a" "058a846ab4f708a2e90e0f286ac93d9d86bd8653cb4ad801201bd67862bb1770", kill_on_drop: false }`
[INFO] [stderr]    Compiling arcmugbot v0.5.1 (/opt/rustwide/workdir)
[INFO] [stderr]     Finished test [unoptimized + debuginfo] target(s) in 5.40s
[INFO] running `Command { std: "docker" "inspect" "058a846ab4f708a2e90e0f286ac93d9d86bd8653cb4ad801201bd67862bb1770", kill_on_drop: false }`
[INFO] running `Command { std: "docker" "rm" "-f" "058a846ab4f708a2e90e0f286ac93d9d86bd8653cb4ad801201bd67862bb1770", kill_on_drop: false }`
[INFO] [stdout] 058a846ab4f708a2e90e0f286ac93d9d86bd8653cb4ad801201bd67862bb1770
[INFO] running `Command { std: "docker" "create" "-v" "/var/lib/crater-agent-workspace/builds/worker-2-tc2/target:/opt/rustwide/target:rw,Z" "-v" "/var/lib/crater-agent-workspace/builds/worker-2-tc2/source:/opt/rustwide/workdir:ro,Z" "-v" "/var/lib/crater-agent-workspace/cargo-home:/opt/rustwide/cargo-home:ro,Z" "-v" "/var/lib/crater-agent-workspace/rustup-home:/opt/rustwide/rustup-home:ro,Z" "-e" "SOURCE_DIR=/opt/rustwide/workdir" "-e" "CARGO_TARGET_DIR=/opt/rustwide/target" "-e" "CARGO_INCREMENTAL=0" "-e" "RUST_BACKTRACE=full" "-e" "RUSTFLAGS=--cap-lints=warn" "-e" "RUSTDOCFLAGS=--cap-lints=warn" "-e" "CARGO_HOME=/opt/rustwide/cargo-home" "-e" "RUSTUP_HOME=/opt/rustwide/rustup-home" "-w" "/opt/rustwide/workdir" "-m" "1610612736" "--user" "0:0" "--network" "none" "ghcr.io/rust-lang/crates-build-env/linux@sha256:5ff2268d62e97bff2cde7d5815dd6ed5b47097566f13b8d0ca110b04b60e07ed" "/opt/rustwide/cargo-home/bin/cargo" "+beta-2023-04-20" "test" "--frozen", kill_on_drop: false }`
[INFO] [stdout] 6c873d314af9e48ae3f00d1507696921c226e4ca869cf0f87c77812d65d092c7
[INFO] running `Command { std: "docker" "start" "-a" "6c873d314af9e48ae3f00d1507696921c226e4ca869cf0f87c77812d65d092c7", kill_on_drop: false }`
[INFO] [stderr]     Finished test [unoptimized + debuginfo] target(s) in 0.15s
[INFO] [stderr]      Running unittests src/main.rs (/opt/rustwide/target/debug/deps/arcmugbot-4d9f1de3211b769b)
[INFO] [stdout] 
[INFO] [stdout] running 7 tests
[INFO] [stdout] test arcana::iidx::music::tests::test_get_music ... FAILED
[INFO] [stdout] test arcana::tests::test_get ... FAILED
[INFO] [stdout] test arcana::iidx::profile::tests::test_get_profile_using_id ... FAILED
[INFO] [stdout] test arcana::iidx::chart::tests::test_get_profile ... FAILED
[INFO] [stdout] test arcana::iidx::score_history::tests::test_get_most_recent ... FAILED
[INFO] [stdout] test arcana::iidx::profile::tests::test_get_profile ... FAILED
[INFO] [stdout] test arcana::iidx::music::tests::test_get_music_folder ... FAILED
[INFO] [stdout] 
[INFO] [stdout] failures:
[INFO] [stdout] 
[INFO] [stdout] ---- arcana::iidx::music::tests::test_get_music stdout ----
[INFO] [stdout] thread 'arcana::iidx::music::tests::test_get_music' panicked at 'called `Result::unwrap()` on an `Err` value: error sending request for url (https://arcana.nu/api/v1/iidx/28/music/?_id=G6vGmV2XC2Y): error trying to connect: dns error: failed to lookup address information: Temporary failure in name resolution
[INFO] [stdout] 
[INFO] [stdout] Caused by:
[INFO] [stdout]     0: error trying to connect: dns error: failed to lookup address information: Temporary failure in name resolution
[INFO] [stdout]     1: dns error: failed to lookup address information: Temporary failure in name resolution
[INFO] [stdout]     2: failed to lookup address information: Temporary failure in name resolution', src/arcana/iidx/music.rs:40:61
[INFO] [stdout] stack backtrace:
[INFO] [stdout]    0:     0x5623a1179e8a - std::backtrace_rs::backtrace::libunwind::trace::h2f05d0192276a8f6
[INFO] [stdout]                                at /rustc/1b7dd2252b99671ce5d1cb9664c5f8636329436d/library/std/src/../../backtrace/src/backtrace/libunwind.rs:93:5
[INFO] [stdout]    1:     0x5623a1179e8a - std::backtrace_rs::backtrace::trace_unsynchronized::hedc23dff7a1af150
[INFO] [stdout]                                at /rustc/1b7dd2252b99671ce5d1cb9664c5f8636329436d/library/std/src/../../backtrace/src/backtrace/mod.rs:66:5
[INFO] [stdout]    2:     0x5623a1179e8a - std::sys_common::backtrace::_print_fmt::h17541ef7592f3ce2
[INFO] [stdout]                                at /rustc/1b7dd2252b99671ce5d1cb9664c5f8636329436d/library/std/src/sys_common/backtrace.rs:65:5
[INFO] [stdout]    3:     0x5623a1179e8a - <std::sys_common::backtrace::_print::DisplayBacktrace as core::fmt::Display>::fmt::h20f75df5ab0c0792
[INFO] [stdout]                                at /rustc/1b7dd2252b99671ce5d1cb9664c5f8636329436d/library/std/src/sys_common/backtrace.rs:44:22
[INFO] [stdout]    4:     0x5623a11a160f - core::fmt::write::h78109e6f466b3af6
[INFO] [stdout]                                at /rustc/1b7dd2252b99671ce5d1cb9664c5f8636329436d/library/core/src/fmt/mod.rs:1254:17
[INFO] [stdout]    5:     0x5623a11766c5 - std::io::Write::write_fmt::hd24bfb68a1b35a25
[INFO] [stdout]                                at /rustc/1b7dd2252b99671ce5d1cb9664c5f8636329436d/library/std/src/io/mod.rs:1698:15
[INFO] [stdout]    6:     0x5623a1179c55 - std::sys_common::backtrace::_print::h8dac57a9f8fbf9a5
[INFO] [stdout]                                at /rustc/1b7dd2252b99671ce5d1cb9664c5f8636329436d/library/std/src/sys_common/backtrace.rs:47:5
[INFO] [stdout]    7:     0x5623a1179c55 - std::sys_common::backtrace::print::hf9ecbf41d1aa712f
[INFO] [stdout]                                at /rustc/1b7dd2252b99671ce5d1cb9664c5f8636329436d/library/std/src/sys_common/backtrace.rs:34:9
[INFO] [stdout]    8:     0x5623a117b90e - std::panicking::default_hook::{{closure}}::h04c07acfc84ca028
[INFO] [stdout]                                at /rustc/1b7dd2252b99671ce5d1cb9664c5f8636329436d/library/std/src/panicking.rs:269:22
[INFO] [stdout]    9:     0x5623a117b641 - std::panicking::default_hook::h01f6bb23e1eceb2c
[INFO] [stdout]                                at /rustc/1b7dd2252b99671ce5d1cb9664c5f8636329436d/library/std/src/panicking.rs:285:9
[INFO] [stdout]   10:     0x5623a0d1229b - <alloc::boxed::Box<F,A> as core::ops::function::Fn<Args>>::call::h87fe9f7b2fd49e4c
[INFO] [stdout]                                at /rustc/1b7dd2252b99671ce5d1cb9664c5f8636329436d/library/alloc/src/boxed.rs:1987:9
[INFO] [stdout]   11:     0x5623a0d1229b - test::test_main::{{closure}}::he94d679243a7531b
[INFO] [stdout]                                at /rustc/1b7dd2252b99671ce5d1cb9664c5f8636329436d/library/test/src/lib.rs:134:21
[INFO] [stdout]   12:     0x5623a117bff4 - <alloc::boxed::Box<F,A> as core::ops::function::Fn<Args>>::call::h3f2d6d8b14c4769f
[INFO] [stdout]                                at /rustc/1b7dd2252b99671ce5d1cb9664c5f8636329436d/library/alloc/src/boxed.rs:1987:9
[INFO] [stdout]   13:     0x5623a117bff4 - std::panicking::rust_panic_with_hook::h2bb3722bbaf2f6df
[INFO] [stdout]                                at /rustc/1b7dd2252b99671ce5d1cb9664c5f8636329436d/library/std/src/panicking.rs:695:13
[INFO] [stdout]   14:     0x5623a117bd69 - std::panicking::begin_panic_handler::{{closure}}::h91bc7f36a4be011b
[INFO] [stdout]                                at /rustc/1b7dd2252b99671ce5d1cb9664c5f8636329436d/library/std/src/panicking.rs:582:13
[INFO] [stdout]   15:     0x5623a117a2f6 - std::sys_common::backtrace::__rust_end_short_backtrace::h8b3d3717114f9e59
[INFO] [stdout]                                at /rustc/1b7dd2252b99671ce5d1cb9664c5f8636329436d/library/std/src/sys_common/backtrace.rs:150:18
[INFO] [stdout]   16:     0x5623a117bac2 - rust_begin_unwind
[INFO] [stdout]                                at /rustc/1b7dd2252b99671ce5d1cb9664c5f8636329436d/library/std/src/panicking.rs:578:5
[INFO] [stdout]   17:     0x5623a0c7a443 - core::panicking::panic_fmt::hfd368e3fbdabea26
[INFO] [stdout]                                at /rustc/1b7dd2252b99671ce5d1cb9664c5f8636329436d/library/core/src/panicking.rs:67:14
[INFO] [stdout]   18:     0x5623a0c7a9e3 - core::result::unwrap_failed::he54eb4b2f125b26f
[INFO] [stdout]                                at /rustc/1b7dd2252b99671ce5d1cb9664c5f8636329436d/library/core/src/result.rs:1687:5
[INFO] [stdout]   19:     0x5623a0cd9f72 - core::result::Result<T,E>::unwrap::h07359f7c32d4c611
[INFO] [stdout]                                at /rustc/1b7dd2252b99671ce5d1cb9664c5f8636329436d/library/core/src/result.rs:1089:23
[INFO] [stdout]   20:     0x5623a0cba14b - arcmugbot::arcana::iidx::music::tests::test_get_music::{{closure}}::hfd083daf80679b34
[INFO] [stdout]                                at /opt/rustwide/workdir/src/arcana/iidx/music.rs:40:26
[INFO] [stdout]   21:     0x5623a0cb7c4b - <core::pin::Pin<P> as core::future::future::Future>::poll::h1fbec4418931e7fa
[INFO] [stdout]                                at /rustc/1b7dd2252b99671ce5d1cb9664c5f8636329436d/library/core/src/future/future.rs:125:9
[INFO] [stdout]   22:     0x5623a0c9fcf4 - tokio::runtime::scheduler::current_thread::CoreGuard::block_on::{{closure}}::{{closure}}::{{closure}}::hcd59ca70ca3f2d17
[INFO] [stdout]                                at /opt/rustwide/cargo-home/registry/src/index.crates.io-6f17d22bba15001f/tokio-1.21.2/src/runtime/scheduler/current_thread.rs:525:48
[INFO] [stdout]   23:     0x5623a0ccda30 - tokio::coop::with_budget::{{closure}}::hf1307221aa6038f2
[INFO] [stdout]                                at /opt/rustwide/cargo-home/registry/src/index.crates.io-6f17d22bba15001f/tokio-1.21.2/src/coop.rs:102:9
[INFO] [stdout]   24:     0x5623a0cc9d69 - std::thread::local::LocalKey<T>::try_with::hee5fc2f00cdfe603
[INFO] [stdout]                                at /rustc/1b7dd2252b99671ce5d1cb9664c5f8636329436d/library/std/src/thread/local.rs:252:16
[INFO] [stdout]   25:     0x5623a0cc6c2a - std::thread::local::LocalKey<T>::with::hfb97924e4fbf9dae
[INFO] [stdout]                                at /rustc/1b7dd2252b99671ce5d1cb9664c5f8636329436d/library/std/src/thread/local.rs:228:9
[INFO] [stdout]   26:     0x5623a0c9f8c6 - tokio::coop::with_budget::h112d05aaf8136cd9
[INFO] [stdout]                                at /opt/rustwide/cargo-home/registry/src/index.crates.io-6f17d22bba15001f/tokio-1.21.2/src/coop.rs:95:5
[INFO] [stdout]   27:     0x5623a0c9f8c6 - tokio::coop::budget::hc07e34d9e48bb8a9
[INFO] [stdout]                                at /opt/rustwide/cargo-home/registry/src/index.crates.io-6f17d22bba15001f/tokio-1.21.2/src/coop.rs:72:5
[INFO] [stdout]   28:     0x5623a0c9f8c6 - tokio::runtime::scheduler::current_thread::CoreGuard::block_on::{{closure}}::{{closure}}::hc43ff4e9165d800c
[INFO] [stdout]                                at /opt/rustwide/cargo-home/registry/src/index.crates.io-6f17d22bba15001f/tokio-1.21.2/src/runtime/scheduler/current_thread.rs:525:25
[INFO] [stdout]   29:     0x5623a0c97259 - tokio::runtime::scheduler::current_thread::Context::enter::hff186026d069aec3
[INFO] [stdout]                                at /opt/rustwide/cargo-home/registry/src/index.crates.io-6f17d22bba15001f/tokio-1.21.2/src/runtime/scheduler/current_thread.rs:349:19
[INFO] [stdout]   30:     0x5623a0c9db83 - tokio::runtime::scheduler::current_thread::CoreGuard::block_on::{{closure}}::hedfcfff8cbc7d452
[INFO] [stdout]                                at /opt/rustwide/cargo-home/registry/src/index.crates.io-6f17d22bba15001f/tokio-1.21.2/src/runtime/scheduler/current_thread.rs:524:36
[INFO] [stdout]   31:     0x5623a0c9a05b - tokio::runtime::scheduler::current_thread::CoreGuard::enter::{{closure}}::haf73e69663b491cb
[INFO] [stdout]                                at /opt/rustwide/cargo-home/registry/src/index.crates.io-6f17d22bba15001f/tokio-1.21.2/src/runtime/scheduler/current_thread.rs:595:57
[INFO] [stdout]   32:     0x5623a0cadabd - tokio::macros::scoped_tls::ScopedKey<T>::set::hb14cd553bddc3b01
[INFO] [stdout]                                at /opt/rustwide/cargo-home/registry/src/index.crates.io-6f17d22bba15001f/tokio-1.21.2/src/macros/scoped_tls.rs:61:9
[INFO] [stdout]   33:     0x5623a0c994d6 - tokio::runtime::scheduler::current_thread::CoreGuard::enter::hb061ac3d3b13a55f
[INFO] [stdout]                                at /opt/rustwide/cargo-home/registry/src/index.crates.io-6f17d22bba15001f/tokio-1.21.2/src/runtime/scheduler/current_thread.rs:595:27
[INFO] [stdout]   34:     0x5623a0c9a12c - tokio::runtime::scheduler::current_thread::CoreGuard::block_on::h3d8b31ecb24e5124
[INFO] [stdout]                                at /opt/rustwide/cargo-home/registry/src/index.crates.io-6f17d22bba15001f/tokio-1.21.2/src/runtime/scheduler/current_thread.rs:515:19
[INFO] [stdout]   35:     0x5623a0c92822 - tokio::runtime::scheduler::current_thread::CurrentThread::block_on::h217699ee7db7f29e
[INFO] [stdout]                                at /opt/rustwide/cargo-home/registry/src/index.crates.io-6f17d22bba15001f/tokio-1.21.2/src/runtime/scheduler/current_thread.rs:161:24
[INFO] [stdout]   36:     0x5623a0cb6d71 - tokio::runtime::Runtime::block_on::h61f515b031371224
[INFO] [stdout]                                at /opt/rustwide/cargo-home/registry/src/index.crates.io-6f17d22bba15001f/tokio-1.21.2/src/runtime/mod.rs:490:46
[INFO] [stdout]   37:     0x5623a0cb9e1f - arcmugbot::arcana::iidx::music::tests::test_get_music::h5708bb4d82dcceb9
[INFO] [stdout]                                at /opt/rustwide/workdir/src/arcana/iidx/music.rs:40:9
[INFO] [stdout]   38:     0x5623a0cb9ce7 - arcmugbot::arcana::iidx::music::tests::test_get_music::{{closure}}::hd2028d01489364eb
[INFO] [stdout]                                at /opt/rustwide/workdir/src/arcana/iidx/music.rs:39:31
[INFO] [stdout]   39:     0x5623a0cbb215 - core::ops::function::FnOnce::call_once::h6068449a8bb6f1f8
[INFO] [stdout]                                at /rustc/1b7dd2252b99671ce5d1cb9664c5f8636329436d/library/core/src/ops/function.rs:250:5
[INFO] [stdout]   40:     0x5623a0d1716f - core::ops::function::FnOnce::call_once::ha6a70e79f7481a7e
[INFO] [stdout]                                at /rustc/1b7dd2252b99671ce5d1cb9664c5f8636329436d/library/core/src/ops/function.rs:250:5
[INFO] [stdout]   41:     0x5623a0d1716f - test::__rust_begin_short_backtrace::hce33033019b61e69
[INFO] [stdout]                                at /rustc/1b7dd2252b99671ce5d1cb9664c5f8636329436d/library/test/src/lib.rs:655:18
[INFO] [stdout]   42:     0x5623a0ce495c - test::run_test::{{closure}}::h858d3528838ae3e5
[INFO] [stdout]                                at /rustc/1b7dd2252b99671ce5d1cb9664c5f8636329436d/library/test/src/lib.rs:646:30
[INFO] [stdout]   43:     0x5623a0ce495c - core::ops::function::FnOnce::call_once{{vtable.shim}}::he8ac2b00f01ae79e
[INFO] [stdout]                                at /rustc/1b7dd2252b99671ce5d1cb9664c5f8636329436d/library/core/src/ops/function.rs:250:5
[INFO] [stdout]   44:     0x5623a0d16246 - <alloc::boxed::Box<F,A> as core::ops::function::FnOnce<Args>>::call_once::h8093d25b522725ef
[INFO] [stdout]                                at /rustc/1b7dd2252b99671ce5d1cb9664c5f8636329436d/library/alloc/src/boxed.rs:1973:9
[INFO] [stdout]   45:     0x5623a0d16246 - <core::panic::unwind_safe::AssertUnwindSafe<F> as core::ops::function::FnOnce<()>>::call_once::h5c334c204e4a3913
[INFO] [stdout]                                at /rustc/1b7dd2252b99671ce5d1cb9664c5f8636329436d/library/core/src/panic/unwind_safe.rs:271:9
[INFO] [stdout]   46:     0x5623a0d16246 - std::panicking::try::do_call::ha8b740c7b9478074
[INFO] [stdout]                                at /rustc/1b7dd2252b99671ce5d1cb9664c5f8636329436d/library/std/src/panicking.rs:485:40
[INFO] [stdout]   47:     0x5623a0d16246 - std::panicking::try::h5d34f63d0e41b64e
[INFO] [stdout]                                at /rustc/1b7dd2252b99671ce5d1cb9664c5f8636329436d/library/std/src/panicking.rs:449:19
[INFO] [stdout]   48:     0x5623a0d16246 - std::panic::catch_unwind::hcfbb511e1aa7fc67
[INFO] [stdout]                                at /rustc/1b7dd2252b99671ce5d1cb9664c5f8636329436d/library/std/src/panic.rs:140:14
[INFO] [stdout]   49:     0x5623a0d16246 - test::run_test_in_process::h9abda90f802eaf21
[INFO] [stdout]                                at /rustc/1b7dd2252b99671ce5d1cb9664c5f8636329436d/library/test/src/lib.rs:678:27
[INFO] [stdout]   50:     0x5623a0d16246 - test::run_test::run_test_inner::{{closure}}::h0f058de91f6c6edf
[INFO] [stdout]                                at /rustc/1b7dd2252b99671ce5d1cb9664c5f8636329436d/library/test/src/lib.rs:572:39
[INFO] [stdout]   51:     0x5623a0cdf165 - test::run_test::run_test_inner::{{closure}}::h5ca48a4c59c6c1fb
[INFO] [stdout]                                at /rustc/1b7dd2252b99671ce5d1cb9664c5f8636329436d/library/test/src/lib.rs:599:37
[INFO] [stdout]   52:     0x5623a0cdf165 - std::sys_common::backtrace::__rust_begin_short_backtrace::h32bd51e1495d4a33
[INFO] [stdout]                                at /rustc/1b7dd2252b99671ce5d1cb9664c5f8636329436d/library/std/src/sys_common/backtrace.rs:134:18
[INFO] [stdout]   53:     0x5623a0ce46a1 - std::thread::Builder::spawn_unchecked_::{{closure}}::{{closure}}::hc086fae9b128b2db
[INFO] [stdout]                                at /rustc/1b7dd2252b99671ce5d1cb9664c5f8636329436d/library/std/src/thread/mod.rs:526:17
[INFO] [stdout]   54:     0x5623a0ce46a1 - <core::panic::unwind_safe::AssertUnwindSafe<F> as core::ops::function::FnOnce<()>>::call_once::hb66571888d270d43
[INFO] [stdout]                                at /rustc/1b7dd2252b99671ce5d1cb9664c5f8636329436d/library/core/src/panic/unwind_safe.rs:271:9
[INFO] [stdout]   55:     0x5623a0ce46a1 - std::panicking::try::do_call::h4fa2ef4f6e51fecf
[INFO] [stdout]                                at /rustc/1b7dd2252b99671ce5d1cb9664c5f8636329436d/library/std/src/panicking.rs:485:40
[INFO] [stdout]   56:     0x5623a0ce46a1 - std::panicking::try::h1e9e22b8584489b5
[INFO] [stdout]                                at /rustc/1b7dd2252b99671ce5d1cb9664c5f8636329436d/library/std/src/panicking.rs:449:19
[INFO] [stdout]   57:     0x5623a0ce46a1 - std::panic::catch_unwind::h44698a3de0e0769e
[INFO] [stdout]                                at /rustc/1b7dd2252b99671ce5d1cb9664c5f8636329436d/library/std/src/panic.rs:140:14
[INFO] [stdout]   58:     0x5623a0ce46a1 - std::thread::Builder::spawn_unchecked_::{{closure}}::h50153abde3fe239e
[INFO] [stdout]                                at /rustc/1b7dd2252b99671ce5d1cb9664c5f8636329436d/library/std/src/thread/mod.rs:525:30
[INFO] [stdout]   59:     0x5623a0ce46a1 - core::ops::function::FnOnce::call_once{{vtable.shim}}::hbe5bbf6f38394364
[INFO] [stdout]                                at /rustc/1b7dd2252b99671ce5d1cb9664c5f8636329436d/library/core/src/ops/function.rs:250:5
[INFO] [stdout]   60:     0x5623a11806e5 - <alloc::boxed::Box<F,A> as core::ops::function::FnOnce<Args>>::call_once::h0d83cb2920a49046
[INFO] [stdout]                                at /rustc/1b7dd2252b99671ce5d1cb9664c5f8636329436d/library/alloc/src/boxed.rs:1973:9
[INFO] [stdout]   61:     0x5623a11806e5 - <alloc::boxed::Box<F,A> as core::ops::function::FnOnce<Args>>::call_once::hbe0a008aa7d9ef59
[INFO] [stdout]                                at /rustc/1b7dd2252b99671ce5d1cb9664c5f8636329436d/library/alloc/src/boxed.rs:1973:9
[INFO] [stdout]   62:     0x5623a11806e5 - std::sys::unix::thread::Thread::new::thread_start::h3a466996bdf6b1f9
[INFO] [stdout]                                at /rustc/1b7dd2252b99671ce5d1cb9664c5f8636329436d/library/std/src/sys/unix/thread.rs:108:17
[INFO] [stdout]   63:     0x7f3fdba85b43 - <unknown>
[INFO] [stdout]   64:     0x7f3fdbb16bb4 - __clone
[INFO] [stdout]   65:                0x0 - <unknown>
[INFO] [stdout] 
[INFO] [stdout] ---- arcana::tests::test_get stdout ----
[INFO] [stdout] thread 'arcana::tests::test_get' panicked at 'called `Result::unwrap()` on an `Err` value: reqwest::Error { kind: Request, url: Url { scheme: "https", cannot_be_a_base: false, username: "", password: None, host: Some(Domain("arcana.nu")), port: None, path: "/api/v1/", query: None, fragment: None }, source: hyper::Error(Connect, ConnectError("dns error", Custom { kind: Uncategorized, error: "failed to lookup address information: Temporary failure in name resolution" })) }', src/arcana/mod.rs:26:18
[INFO] [stdout] stack backtrace:
[INFO] [stdout]    0:     0x5623a1179e8a - std::backtrace_rs::backtrace::libunwind::trace::h2f05d0192276a8f6
[INFO] [stdout]                                at /rustc/1b7dd2252b99671ce5d1cb9664c5f8636329436d/library/std/src/../../backtrace/src/backtrace/libunwind.rs:93:5
[INFO] [stdout]    1:     0x5623a1179e8a - std::backtrace_rs::backtrace::trace_unsynchronized::hedc23dff7a1af150
[INFO] [stdout]                                at /rustc/1b7dd2252b99671ce5d1cb9664c5f8636329436d/library/std/src/../../backtrace/src/backtrace/mod.rs:66:5
[INFO] [stdout]    2:     0x5623a1179e8a - std::sys_common::backtrace::_print_fmt::h17541ef7592f3ce2
[INFO] [stdout]                                at /rustc/1b7dd2252b99671ce5d1cb9664c5f8636329436d/library/std/src/sys_common/backtrace.rs:65:5
[INFO] [stdout]    3:     0x5623a1179e8a - <std::sys_common::backtrace::_print::DisplayBacktrace as core::fmt::Display>::fmt::h20f75df5ab0c0792
[INFO] [stdout]                                at /rustc/1b7dd2252b99671ce5d1cb9664c5f8636329436d/library/std/src/sys_common/backtrace.rs:44:22
[INFO] [stdout]    4:     0x5623a11a160f - core::fmt::write::h78109e6f466b3af6
[INFO] [stdout]                                at /rustc/1b7dd2252b99671ce5d1cb9664c5f8636329436d/library/core/src/fmt/mod.rs:1254:17
[INFO] [stdout]    5:     0x5623a11766c5 - std::io::Write::write_fmt::hd24bfb68a1b35a25
[INFO] [stdout]                                at /rustc/1b7dd2252b99671ce5d1cb9664c5f8636329436d/library/std/src/io/mod.rs:1698:15
[INFO] [stdout]    6:     0x5623a1179c55 - std::sys_common::backtrace::_print::h8dac57a9f8fbf9a5
[INFO] [stdout]                                at /rustc/1b7dd2252b99671ce5d1cb9664c5f8636329436d/library/std/src/sys_common/backtrace.rs:47:5
[INFO] [stdout]    7:     0x5623a1179c55 - std::sys_common::backtrace::print::hf9ecbf41d1aa712f
[INFO] [stdout]                                at /rustc/1b7dd2252b99671ce5d1cb9664c5f8636329436d/library/std/src/sys_common/backtrace.rs:34:9
[INFO] [stdout]    8:     0x5623a117b90e - std::panicking::default_hook::{{closure}}::h04c07acfc84ca028
[INFO] [stdout]                                at /rustc/1b7dd2252b99671ce5d1cb9664c5f8636329436d/library/std/src/panicking.rs:269:22
[INFO] [stdout]    9:     0x5623a117b641 - std::panicking::default_hook::h01f6bb23e1eceb2c
[INFO] [stdout]                                at /rustc/1b7dd2252b99671ce5d1cb9664c5f8636329436d/library/std/src/panicking.rs:285:9
[INFO] [stdout]   10:     0x5623a0d1229b - <alloc::boxed::Box<F,A> as core::ops::function::Fn<Args>>::call::h87fe9f7b2fd49e4c
[INFO] [stdout]                                at /rustc/1b7dd2252b99671ce5d1cb9664c5f8636329436d/library/alloc/src/boxed.rs:1987:9
[INFO] [stdout]   11:     0x5623a0d1229b - test::test_main::{{closure}}::he94d679243a7531b
[INFO] [stdout]                                at /rustc/1b7dd2252b99671ce5d1cb9664c5f8636329436d/library/test/src/lib.rs:134:21
[INFO] [stdout]   12:     0x5623a117bff4 - <alloc::boxed::Box<F,A> as core::ops::function::Fn<Args>>::call::h3f2d6d8b14c4769f
[INFO] [stdout]                                at /rustc/1b7dd2252b99671ce5d1cb9664c5f8636329436d/library/alloc/src/boxed.rs:1987:9
[INFO] [stdout]   13:     0x5623a117bff4 - std::panicking::rust_panic_with_hook::h2bb3722bbaf2f6df
[INFO] [stdout]                                at /rustc/1b7dd2252b99671ce5d1cb9664c5f8636329436d/library/std/src/panicking.rs:695:13
[INFO] [stdout]   14:     0x5623a117bd69 - std::panicking::begin_panic_handler::{{closure}}::h91bc7f36a4be011b
[INFO] [stdout]                                at /rustc/1b7dd2252b99671ce5d1cb9664c5f8636329436d/library/std/src/panicking.rs:582:13
[INFO] [stdout]   15:     0x5623a117a2f6 - std::sys_common::backtrace::__rust_end_short_backtrace::h8b3d3717114f9e59
[INFO] [stdout]                                at /rustc/1b7dd2252b99671ce5d1cb9664c5f8636329436d/library/std/src/sys_common/backtrace.rs:150:18
[INFO] [stdout]   16:     0x5623a117bac2 - rust_begin_unwind
[INFO] [stdout]                                at /rustc/1b7dd2252b99671ce5d1cb9664c5f8636329436d/library/std/src/panicking.rs:578:5
[INFO] [stdout]   17:     0x5623a0c7a443 - core::panicking::panic_fmt::hfd368e3fbdabea26
[INFO] [stdout]                                at /rustc/1b7dd2252b99671ce5d1cb9664c5f8636329436d/library/core/src/panicking.rs:67:14
[INFO] [stdout]   18:     0x5623a0c7a9e3 - core::result::unwrap_failed::he54eb4b2f125b26f
[INFO] [stdout]                                at /rustc/1b7dd2252b99671ce5d1cb9664c5f8636329436d/library/core/src/result.rs:1687:5
[INFO] [stdout]   19:     0x5623a0cda36d - core::result::Result<T,E>::unwrap::hab1f59945719a87c
[INFO] [stdout]                                at /rustc/1b7dd2252b99671ce5d1cb9664c5f8636329436d/library/core/src/result.rs:1089:23
[INFO] [stdout]   20:     0x5623a0cd08b6 - arcmugbot::arcana::tests::test_get::{{closure}}::h5e7f5dc3b8ec257f
[INFO] [stdout]                                at /opt/rustwide/workdir/src/arcana/mod.rs:21:13
[INFO] [stdout]   21:     0x5623a0cb7ddb - <core::pin::Pin<P> as core::future::future::Future>::poll::habac9ff559f35a93
[INFO] [stdout]                                at /rustc/1b7dd2252b99671ce5d1cb9664c5f8636329436d/library/core/src/future/future.rs:125:9
[INFO] [stdout]   22:     0x5623a0c9fbf4 - tokio::runtime::scheduler::current_thread::CoreGuard::block_on::{{closure}}::{{closure}}::{{closure}}::h62eb0e1be0237924
[INFO] [stdout]                                at /opt/rustwide/cargo-home/registry/src/index.crates.io-6f17d22bba15001f/tokio-1.21.2/src/runtime/scheduler/current_thread.rs:525:48
[INFO] [stdout]   23:     0x5623a0cccd20 - tokio::coop::with_budget::{{closure}}::h91b2814625885cfd
[INFO] [stdout]                                at /opt/rustwide/cargo-home/registry/src/index.crates.io-6f17d22bba15001f/tokio-1.21.2/src/coop.rs:102:9
[INFO] [stdout]   24:     0x5623a0cc7929 - std::thread::local::LocalKey<T>::try_with::h494c2d303415d4dd
[INFO] [stdout]                                at /rustc/1b7dd2252b99671ce5d1cb9664c5f8636329436d/library/std/src/thread/local.rs:252:16
[INFO] [stdout]   25:     0x5623a0cc686a - std::thread::local::LocalKey<T>::with::h74ea4d2e1e37bc08
[INFO] [stdout]                                at /rustc/1b7dd2252b99671ce5d1cb9664c5f8636329436d/library/std/src/thread/local.rs:228:9
[INFO] [stdout]   26:     0x5623a0c9f266 - tokio::coop::with_budget::h859f8cfafa8ff5b8
[INFO] [stdout]                                at /opt/rustwide/cargo-home/registry/src/index.crates.io-6f17d22bba15001f/tokio-1.21.2/src/coop.rs:95:5
[INFO] [stdout]   27:     0x5623a0c9f266 - tokio::coop::budget::h3408fc5c9fab4008
[INFO] [stdout]                                at /opt/rustwide/cargo-home/registry/src/index.crates.io-6f17d22bba15001f/tokio-1.21.2/src/coop.rs:72:5
[INFO] [stdout]   28:     0x5623a0c9f266 - tokio::runtime::scheduler::current_thread::CoreGuard::block_on::{{closure}}::{{closure}}::h7043ee2f0405344b
[INFO] [stdout]                                at /opt/rustwide/cargo-home/registry/src/index.crates.io-6f17d22bba15001f/tokio-1.21.2/src/runtime/scheduler/current_thread.rs:525:25
[INFO] [stdout]   29:     0x5623a0c96289 - tokio::runtime::scheduler::current_thread::Context::enter::h6ce6051ce029bafc
[INFO] [stdout]                                at /opt/rustwide/cargo-home/registry/src/index.crates.io-6f17d22bba15001f/tokio-1.21.2/src/runtime/scheduler/current_thread.rs:349:19
[INFO] [stdout]   30:     0x5623a0c9a613 - tokio::runtime::scheduler::current_thread::CoreGuard::block_on::{{closure}}::h093c7609f36f1a49
[INFO] [stdout]                                at /opt/rustwide/cargo-home/registry/src/index.crates.io-6f17d22bba15001f/tokio-1.21.2/src/runtime/scheduler/current_thread.rs:524:36
[INFO] [stdout]   31:     0x5623a0c9a01b - tokio::runtime::scheduler::current_thread::CoreGuard::enter::{{closure}}::had3b7e829b22c2d0
[INFO] [stdout]                                at /opt/rustwide/cargo-home/registry/src/index.crates.io-6f17d22bba15001f/tokio-1.21.2/src/runtime/scheduler/current_thread.rs:595:57
[INFO] [stdout]   32:     0x5623a0cad97d - tokio::macros::scoped_tls::ScopedKey<T>::set::hb06eb4fa6a222e4b
[INFO] [stdout]                                at /opt/rustwide/cargo-home/registry/src/index.crates.io-6f17d22bba15001f/tokio-1.21.2/src/macros/scoped_tls.rs:61:9
[INFO] [stdout]   33:     0x5623a0c98cf6 - tokio::runtime::scheduler::current_thread::CoreGuard::enter::h83d76f83832f2fc2
[INFO] [stdout]                                at /opt/rustwide/cargo-home/registry/src/index.crates.io-6f17d22bba15001f/tokio-1.21.2/src/runtime/scheduler/current_thread.rs:595:27
[INFO] [stdout]   34:     0x5623a0c9a18c - tokio::runtime::scheduler::current_thread::CoreGuard::block_on::h701eb61899b938ae
[INFO] [stdout]                                at /opt/rustwide/cargo-home/registry/src/index.crates.io-6f17d22bba15001f/tokio-1.21.2/src/runtime/scheduler/current_thread.rs:515:19
[INFO] [stdout]   35:     0x5623a0c930e2 - tokio::runtime::scheduler::current_thread::CurrentThread::block_on::h47a2bfb536f1273a
[INFO] [stdout]                                at /opt/rustwide/cargo-home/registry/src/index.crates.io-6f17d22bba15001f/tokio-1.21.2/src/runtime/scheduler/current_thread.rs:161:24
[INFO] [stdout]   36:     0x5623a0cb6a51 - tokio::runtime::Runtime::block_on::h396aebbedd71aace
[INFO] [stdout]                                at /opt/rustwide/cargo-home/registry/src/index.crates.io-6f17d22bba15001f/tokio-1.21.2/src/runtime/mod.rs:490:46
[INFO] [stdout]   37:     0x5623a0cd045c - arcmugbot::arcana::tests::test_get::h81518f235a0897c8
[INFO] [stdout]                                at /opt/rustwide/workdir/src/arcana/mod.rs:19:9
[INFO] [stdout]   38:     0x5623a0cd0327 - arcmugbot::arcana::tests::test_get::{{closure}}::h65847c2a526be178
[INFO] [stdout]                                at /opt/rustwide/workdir/src/arcana/mod.rs:18:25
[INFO] [stdout]   39:     0x5623a0cbb475 - core::ops::function::FnOnce::call_once::hf2fa63ceecf97cee
[INFO] [stdout]                                at /rustc/1b7dd2252b99671ce5d1cb9664c5f8636329436d/library/core/src/ops/function.rs:250:5
[INFO] [stdout]   40:     0x5623a0d1716f - core::ops::function::FnOnce::call_once::ha6a70e79f7481a7e
[INFO] [stdout]                                at /rustc/1b7dd2252b99671ce5d1cb9664c5f8636329436d/library/core/src/ops/function.rs:250:5
[INFO] [stdout]   41:     0x5623a0d1716f - test::__rust_begin_short_backtrace::hce33033019b61e69
[INFO] [stdout]                                at /rustc/1b7dd2252b99671ce5d1cb9664c5f8636329436d/library/test/src/lib.rs:655:18
[INFO] [stdout]   42:     0x5623a0ce495c - test::run_test::{{closure}}::h858d3528838ae3e5
[INFO] [stdout]                                at /rustc/1b7dd2252b99671ce5d1cb9664c5f8636329436d/library/test/src/lib.rs:646:30
[INFO] [stdout]   43:     0x5623a0ce495c - core::ops::function::FnOnce::call_once{{vtable.shim}}::he8ac2b00f01ae79e
[INFO] [stdout]                                at /rustc/1b7dd2252b99671ce5d1cb9664c5f8636329436d/library/core/src/ops/function.rs:250:5
[INFO] [stdout]   44:     0x5623a0d16246 - <alloc::boxed::Box<F,A> as core::ops::function::FnOnce<Args>>::call_once::h8093d25b522725ef
[INFO] [stdout]                                at /rustc/1b7dd2252b99671ce5d1cb9664c5f8636329436d/library/alloc/src/boxed.rs:1973:9
[INFO] [stdout]   45:     0x5623a0d16246 - <core::panic::unwind_safe::AssertUnwindSafe<F> as core::ops::function::FnOnce<()>>::call_once::h5c334c204e4a3913
[INFO] [stdout]                                at /rustc/1b7dd2252b99671ce5d1cb9664c5f8636329436d/library/core/src/panic/unwind_safe.rs:271:9
[INFO] [stdout]   46:     0x5623a0d16246 - std::panicking::try::do_call::ha8b740c7b9478074
[INFO] [stdout]                                at /rustc/1b7dd2252b99671ce5d1cb9664c5f8636329436d/library/std/src/panicking.rs:485:40
[INFO] [stdout]   47:     0x5623a0d16246 - std::panicking::try::h5d34f63d0e41b64e
[INFO] [stdout]                                at /rustc/1b7dd2252b99671ce5d1cb9664c5f8636329436d/library/std/src/panicking.rs:449:19
[INFO] [stdout]   48:     0x5623a0d16246 - std::panic::catch_unwind::hcfbb511e1aa7fc67
[INFO] [stdout]                                at /rustc/1b7dd2252b99671ce5d1cb9664c5f8636329436d/library/std/src/panic.rs:140:14
[INFO] [stdout]   49:     0x5623a0d16246 - test::run_test_in_process::h9abda90f802eaf21
[INFO] [stdout]                                at /rustc/1b7dd2252b99671ce5d1cb9664c5f8636329436d/library/test/src/lib.rs:678:27
[INFO] [stdout]   50:     0x5623a0d16246 - test::run_test::run_test_inner::{{closure}}::h0f058de91f6c6edf
[INFO] [stdout]                                at /rustc/1b7dd2252b99671ce5d1cb9664c5f8636329436d/library/test/src/lib.rs:572:39
[INFO] [stdout]   51:     0x5623a0cdf165 - test::run_test::run_test_inner::{{closure}}::h5ca48a4c59c6c1fb
[INFO] [stdout]                                at /rustc/1b7dd2252b99671ce5d1cb9664c5f8636329436d/library/test/src/lib.rs:599:37
[INFO] [stdout]   52:     0x5623a0cdf165 - std::sys_common::backtrace::__rust_begin_short_backtrace::h32bd51e1495d4a33
[INFO] [stdout]                                at /rustc/1b7dd2252b99671ce5d1cb9664c5f8636329436d/library/std/src/sys_common/backtrace.rs:134:18
[INFO] [stdout]   53:     0x5623a0ce46a1 - std::thread::Builder::spawn_unchecked_::{{closure}}::{{closure}}::hc086fae9b128b2db
[INFO] [stdout]                                at /rustc/1b7dd2252b99671ce5d1cb9664c5f8636329436d/library/std/src/thread/mod.rs:526:17
[INFO] [stdout]   54:     0x5623a0ce46a1 - <core::panic::unwind_safe::AssertUnwindSafe<F> as core::ops::function::FnOnce<()>>::call_once::hb66571888d270d43
[INFO] [stdout]                                at /rustc/1b7dd2252b99671ce5d1cb9664c5f8636329436d/library/core/src/panic/unwind_safe.rs:271:9
[INFO] [stdout]   55:     0x5623a0ce46a1 - std::panicking::try::do_call::h4fa2ef4f6e51fecf
[INFO] [stdout]                                at /rustc/1b7dd2252b99671ce5d1cb9664c5f8636329436d/library/std/src/panicking.rs:485:40
[INFO] [stdout]   56:     0x5623a0ce46a1 - std::panicking::try::h1e9e22b8584489b5
[INFO] [stdout]                                at /rustc/1b7dd2252b99671ce5d1cb9664c5f8636329436d/library/std/src/panicking.rs:449:19
[INFO] [stdout]   57:     0x5623a0ce46a1 - std::panic::catch_unwind::h44698a3de0e0769e
[INFO] [stdout]                                at /rustc/1b7dd2252b99671ce5d1cb9664c5f8636329436d/library/std/src/panic.rs:140:14
[INFO] [stdout]   58:     0x5623a0ce46a1 - std::thread::Builder::spawn_unchecked_::{{closure}}::h50153abde3fe239e
[INFO] [stdout]                                at /rustc/1b7dd2252b99671ce5d1cb9664c5f8636329436d/library/std/src/thread/mod.rs:525:30
[INFO] [stdout]   59:     0x5623a0ce46a1 - core::ops::function::FnOnce::call_once{{vtable.shim}}::hbe5bbf6f38394364
[INFO] [stdout]                                at /rustc/1b7dd2252b99671ce5d1cb9664c5f8636329436d/library/core/src/ops/function.rs:250:5
[INFO] [stdout]   60:     0x5623a11806e5 - <alloc::boxed::Box<F,A> as core::ops::function::FnOnce<Args>>::call_once::h0d83cb2920a49046
[INFO] [stdout]                                at /rustc/1b7dd2252b99671ce5d1cb9664c5f8636329436d/library/alloc/src/boxed.rs:1973:9
[INFO] [stdout]   61:     0x5623a11806e5 - <alloc::boxed::Box<F,A> as core::ops::function::FnOnce<Args>>::call_once::hbe0a008aa7d9ef59
[INFO] [stdout]                                at /rustc/1b7dd2252b99671ce5d1cb9664c5f8636329436d/library/alloc/src/boxed.rs:1973:9
[INFO] [stdout]   62:     0x5623a11806e5 - std::sys::unix::thread::Thread::new::thread_start::h3a466996bdf6b1f9
[INFO] [stdout]                                at /rustc/1b7dd2252b99671ce5d1cb9664c5f8636329436d/library/std/src/sys/unix/thread.rs:108:17
[INFO] [stdout]   63:     0x7f3fdba85b43 - <unknown>
[INFO] [stdout]   64:     0x7f3fdbb16bb4 - __clone
[INFO] [stdout]   65:                0x0 - <unknown>
[INFO] [stdout] 
[INFO] [stdout] ---- arcana::iidx::profile::tests::test_get_profile_using_id stdout ----
[INFO] [stdout] thread 'arcana::iidx::profile::tests::test_get_profile_using_id' panicked at 'called `Result::unwrap()` on an `Err` value: error sending request for url (https://arcana.nu/api/v1/iidx/28/profiles/?iidx_id=ORIGIN): error trying to connect: dns error: failed to lookup address information: Temporary failure in name resolution
[INFO] [stdout] 
[INFO] [stdout] Caused by:
[INFO] [stdout]     0: error trying to connect: dns error: failed to lookup address information: Temporary failure in name resolution
[INFO] [stdout]     1: dns error: failed to lookup address information: Temporary failure in name resolution
[INFO] [stdout]     2: failed to lookup address information: Temporary failure in name resolution', src/arcana/iidx/profile.rs:53:67
[INFO] [stdout] stack backtrace:
[INFO] [stdout]    0:     0x5623a1179e8a - std::backtrace_rs::backtrace::libunwind::trace::h2f05d0192276a8f6
[INFO] [stdout]                                at /rustc/1b7dd2252b99671ce5d1cb9664c5f8636329436d/library/std/src/../../backtrace/src/backtrace/libunwind.rs:93:5
[INFO] [stdout]    1:     0x5623a1179e8a - std::backtrace_rs::backtrace::trace_unsynchronized::hedc23dff7a1af150
[INFO] [stdout]                                at /rustc/1b7dd2252b99671ce5d1cb9664c5f8636329436d/library/std/src/../../backtrace/src/backtrace/mod.rs:66:5
[INFO] [stdout]    2:     0x5623a1179e8a - std::sys_common::backtrace::_print_fmt::h17541ef7592f3ce2
[INFO] [stdout]                                at /rustc/1b7dd2252b99671ce5d1cb9664c5f8636329436d/library/std/src/sys_common/backtrace.rs:65:5
[INFO] [stdout]    3:     0x5623a1179e8a - <std::sys_common::backtrace::_print::DisplayBacktrace as core::fmt::Display>::fmt::h20f75df5ab0c0792
[INFO] [stdout]                                at /rustc/1b7dd2252b99671ce5d1cb9664c5f8636329436d/library/std/src/sys_common/backtrace.rs:44:22
[INFO] [stdout]    4:     0x5623a11a160f - core::fmt::write::h78109e6f466b3af6
[INFO] [stdout]                                at /rustc/1b7dd2252b99671ce5d1cb9664c5f8636329436d/library/core/src/fmt/mod.rs:1254:17
[INFO] [stdout]    5:     0x5623a11766c5 - std::io::Write::write_fmt::hd24bfb68a1b35a25
[INFO] [stdout]                                at /rustc/1b7dd2252b99671ce5d1cb9664c5f8636329436d/library/std/src/io/mod.rs:1698:15
[INFO] [stdout]    6:     0x5623a1179c55 - std::sys_common::backtrace::_print::h8dac57a9f8fbf9a5
[INFO] [stdout]                                at /rustc/1b7dd2252b99671ce5d1cb9664c5f8636329436d/library/std/src/sys_common/backtrace.rs:47:5
[INFO] [stdout]    7:     0x5623a1179c55 - std::sys_common::backtrace::print::hf9ecbf41d1aa712f
[INFO] [stdout]                                at /rustc/1b7dd2252b99671ce5d1cb9664c5f8636329436d/library/std/src/sys_common/backtrace.rs:34:9
[INFO] [stdout]    8:     0x5623a117b90e - std::panicking::default_hook::{{closure}}::h04c07acfc84ca028
[INFO] [stdout]                                at /rustc/1b7dd2252b99671ce5d1cb9664c5f8636329436d/library/std/src/panicking.rs:269:22
[INFO] [stdout]    9:     0x5623a117b641 - std::panicking::default_hook::h01f6bb23e1eceb2c
[INFO] [stdout]                                at /rustc/1b7dd2252b99671ce5d1cb9664c5f8636329436d/library/std/src/panicking.rs:285:9
[INFO] [stdout]   10:     0x5623a0d1229b - <alloc::boxed::Box<F,A> as core::ops::function::Fn<Args>>::call::h87fe9f7b2fd49e4c
[INFO] [stdout]                                at /rustc/1b7dd2252b99671ce5d1cb9664c5f8636329436d/library/alloc/src/boxed.rs:1987:9
[INFO] [stdout]   11:     0x5623a0d1229b - test::test_main::{{closure}}::he94d679243a7531b
[INFO] [stdout]                                at /rustc/1b7dd2252b99671ce5d1cb9664c5f8636329436d/library/test/src/lib.rs:134:21
[INFO] [stdout]   12:     0x5623a117bff4 - <alloc::boxed::Box<F,A> as core::ops::function::Fn<Args>>::call::h3f2d6d8b14c4769f
[INFO] [stdout]                                at /rustc/1b7dd2252b99671ce5d1cb9664c5f8636329436d/library/alloc/src/boxed.rs:1987:9
[INFO] [stdout]   13:     0x5623a117bff4 - std::panicking::rust_panic_with_hook::h2bb3722bbaf2f6df
[INFO] [stdout]                                at /rustc/1b7dd2252b99671ce5d1cb9664c5f8636329436d/library/std/src/panicking.rs:695:13
[INFO] [stdout]   14:     0x5623a117bd69 - std::panicking::begin_panic_handler::{{closure}}::h91bc7f36a4be011b
[INFO] [stdout]                                at /rustc/1b7dd2252b99671ce5d1cb9664c5f8636329436d/library/std/src/panicking.rs:582:13
[INFO] [stdout]   15:     0x5623a117a2f6 - std::sys_common::backtrace::__rust_end_short_backtrace::h8b3d3717114f9e59
[INFO] [stdout]                                at /rustc/1b7dd2252b99671ce5d1cb9664c5f8636329436d/library/std/src/sys_common/backtrace.rs:150:18
[INFO] [stdout]   16:     0x5623a117bac2 - rust_begin_unwind
[INFO] [stdout]                                at /rustc/1b7dd2252b99671ce5d1cb9664c5f8636329436d/library/std/src/panicking.rs:578:5
[INFO] [stdout]   17:     0x5623a0c7a443 - core::panicking::panic_fmt::hfd368e3fbdabea26
[INFO] [stdout]                                at /rustc/1b7dd2252b99671ce5d1cb9664c5f8636329436d/library/core/src/panicking.rs:67:14
[INFO] [stdout]   18:     0x5623a0c7a9e3 - core::result::unwrap_failed::he54eb4b2f125b26f
[INFO] [stdout]                                at /rustc/1b7dd2252b99671ce5d1cb9664c5f8636329436d/library/core/src/result.rs:1687:5
[INFO] [stdout]   19:     0x5623a0cda10c - core::result::Result<T,E>::unwrap::h2a21b38beb694f42
[INFO] [stdout]                                at /rustc/1b7dd2252b99671ce5d1cb9664c5f8636329436d/library/core/src/result.rs:1089:23
[INFO] [stdout]   20:     0x5623a0cbafb9 - arcmugbot::arcana::iidx::profile::tests::test_get_profile_using_id::{{closure}}::h710000bc4285f12a
[INFO] [stdout]                                at /opt/rustwide/workdir/src/arcana/iidx/profile.rs:53:26
[INFO] [stdout]   21:     0x5623a0cb7d8b - <core::pin::Pin<P> as core::future::future::Future>::poll::h9c603278846482e6
[INFO] [stdout]                                at /rustc/1b7dd2252b99671ce5d1cb9664c5f8636329436d/library/core/src/future/future.rs:125:9
[INFO] [stdout]   22:     0x5623a0c9fbb4 - tokio::runtime::scheduler::current_thread::CoreGuard::block_on::{{closure}}::{{closure}}::{{closure}}::h31e644dd00c2a73b
[INFO] [stdout]                                at /opt/rustwide/cargo-home/registry/src/index.crates.io-6f17d22bba15001f/tokio-1.21.2/src/runtime/scheduler/current_thread.rs:525:48
[INFO] [stdout]   23:     0x5623a0ccc4d0 - tokio::coop::with_budget::{{closure}}::h39b74ae776e03426
[INFO] [stdout]                                at /opt/rustwide/cargo-home/registry/src/index.crates.io-6f17d22bba15001f/tokio-1.21.2/src/coop.rs:102:9
[INFO] [stdout]   24:     0x5623a0cc74d9 - std::thread::local::LocalKey<T>::try_with::h37335ef12bac4f0e
[INFO] [stdout]                                at /rustc/1b7dd2252b99671ce5d1cb9664c5f8636329436d/library/std/src/thread/local.rs:252:16
[INFO] [stdout]   25:     0x5623a0cc68fa - std::thread::local::LocalKey<T>::with::h829177f51bd9f72e
[INFO] [stdout]                                at /rustc/1b7dd2252b99671ce5d1cb9664c5f8636329436d/library/std/src/thread/local.rs:228:9
[INFO] [stdout]   26:     0x5623a0c9f756 - tokio::coop::with_budget::hc1ab0f81a76d5ba1
[INFO] [stdout]                                at /opt/rustwide/cargo-home/registry/src/index.crates.io-6f17d22bba15001f/tokio-1.21.2/src/coop.rs:95:5
[INFO] [stdout]   27:     0x5623a0c9f756 - tokio::coop::budget::h52110c5d3888b22a
[INFO] [stdout]                                at /opt/rustwide/cargo-home/registry/src/index.crates.io-6f17d22bba15001f/tokio-1.21.2/src/coop.rs:72:5
[INFO] [stdout]   28:     0x5623a0c9f756 - tokio::runtime::scheduler::current_thread::CoreGuard::block_on::{{closure}}::{{closure}}::hb123ca3262ec2e5c
[INFO] [stdout]                                at /opt/rustwide/cargo-home/registry/src/index.crates.io-6f17d22bba15001f/tokio-1.21.2/src/runtime/scheduler/current_thread.rs:525:25
[INFO] [stdout]   29:     0x5623a0c968c9 - tokio::runtime::scheduler::current_thread::Context::enter::h8648ddcc6e5bd6ee
[INFO] [stdout]                                at /opt/rustwide/cargo-home/registry/src/index.crates.io-6f17d22bba15001f/tokio-1.21.2/src/runtime/scheduler/current_thread.rs:349:19
[INFO] [stdout]   30:     0x5623a0c9c623 - tokio::runtime::scheduler::current_thread::CoreGuard::block_on::{{closure}}::h50a1f1f4e543bab4
[INFO] [stdout]                                at /opt/rustwide/cargo-home/registry/src/index.crates.io-6f17d22bba15001f/tokio-1.21.2/src/runtime/scheduler/current_thread.rs:524:36
[INFO] [stdout]   31:     0x5623a0c9a09b - tokio::runtime::scheduler::current_thread::CoreGuard::enter::{{closure}}::hc7cc1e4defed9ab6
[INFO] [stdout]                                at /opt/rustwide/cargo-home/registry/src/index.crates.io-6f17d22bba15001f/tokio-1.21.2/src/runtime/scheduler/current_thread.rs:595:57
[INFO] [stdout]   32:     0x5623a0cadbfd - tokio::macros::scoped_tls::ScopedKey<T>::set::hf885321e3b9bb81e
[INFO] [stdout]                                at /opt/rustwide/cargo-home/registry/src/index.crates.io-6f17d22bba15001f/tokio-1.21.2/src/macros/scoped_tls.rs:61:9
[INFO] [stdout]   33:     0x5623a0c99cb6 - tokio::runtime::scheduler::current_thread::CoreGuard::enter::hf279d066e553a796
[INFO] [stdout]                                at /opt/rustwide/cargo-home/registry/src/index.crates.io-6f17d22bba15001f/tokio-1.21.2/src/runtime/scheduler/current_thread.rs:595:27
[INFO] [stdout]   34:     0x5623a0c9a0cc - tokio::runtime::scheduler::current_thread::CoreGuard::block_on::h1b2d81b1cb853749
[INFO] [stdout]                                at /opt/rustwide/cargo-home/registry/src/index.crates.io-6f17d22bba15001f/tokio-1.21.2/src/runtime/scheduler/current_thread.rs:515:19
[INFO] [stdout]   35:     0x5623a0c93542 - tokio::runtime::scheduler::current_thread::CurrentThread::block_on::h821412dfba13d1b2
[INFO] [stdout]                                at /opt/rustwide/cargo-home/registry/src/index.crates.io-6f17d22bba15001f/tokio-1.21.2/src/runtime/scheduler/current_thread.rs:161:24
[INFO] [stdout]   36:     0x5623a0cb6f01 - tokio::runtime::Runtime::block_on::hc3af8dc02d879cd7
[INFO] [stdout]                                at /opt/rustwide/cargo-home/registry/src/index.crates.io-6f17d22bba15001f/tokio-1.21.2/src/runtime/mod.rs:490:46
[INFO] [stdout]   37:     0x5623a0cbacef - arcmugbot::arcana::iidx::profile::tests::test_get_profile_using_id::h0be66a7d5dbe1b03
[INFO] [stdout]                                at /opt/rustwide/workdir/src/arcana/iidx/profile.rs:53:9
[INFO] [stdout]   38:     0x5623a0cbabb7 - arcmugbot::arcana::iidx::profile::tests::test_get_profile_using_id::{{closure}}::h1696e7d7272b4fce
[INFO] [stdout]                                at /opt/rustwide/workdir/src/arcana/iidx/profile.rs:52:42
[INFO] [stdout]   39:     0x5623a0cbb3f5 - core::ops::function::FnOnce::call_once::he1861763bc103c13
[INFO] [stdout]                                at /rustc/1b7dd2252b99671ce5d1cb9664c5f8636329436d/library/core/src/ops/function.rs:250:5
[INFO] [stdout]   40:     0x5623a0d1716f - core::ops::function::FnOnce::call_once::ha6a70e79f7481a7e
[INFO] [stdout]                                at /rustc/1b7dd2252b99671ce5d1cb9664c5f8636329436d/library/core/src/ops/function.rs:250:5
[INFO] [stdout]   41:     0x5623a0d1716f - test::__rust_begin_short_backtrace::hce33033019b61e69
[INFO] [stdout]                                at /rustc/1b7dd2252b99671ce5d1cb9664c5f8636329436d/library/test/src/lib.rs:655:18
[INFO] [stdout]   42:     0x5623a0ce495c - test::run_test::{{closure}}::h858d3528838ae3e5
[INFO] [stdout]                                at /rustc/1b7dd2252b99671ce5d1cb9664c5f8636329436d/library/test/src/lib.rs:646:30
[INFO] [stdout]   43:     0x5623a0ce495c - core::ops::function::FnOnce::call_once{{vtable.shim}}::he8ac2b00f01ae79e
[INFO] [stdout]                                at /rustc/1b7dd2252b99671ce5d1cb9664c5f8636329436d/library/core/src/ops/function.rs:250:5
[INFO] [stdout]   44:     0x5623a0d16246 - <alloc::boxed::Box<F,A> as core::ops::function::FnOnce<Args>>::call_once::h8093d25b522725ef
[INFO] [stdout]                                at /rustc/1b7dd2252b99671ce5d1cb9664c5f8636329436d/library/alloc/src/boxed.rs:1973:9
[INFO] [stdout]   45:     0x5623a0d16246 - <core::panic::unwind_safe::AssertUnwindSafe<F> as core::ops::function::FnOnce<()>>::call_once::h5c334c204e4a3913
[INFO] [stdout]                                at /rustc/1b7dd2252b99671ce5d1cb9664c5f8636329436d/library/core/src/panic/unwind_safe.rs:271:9
[INFO] [stdout]   46:     0x5623a0d16246 - std::panicking::try::do_call::ha8b740c7b9478074
[INFO] [stdout]                                at /rustc/1b7dd2252b99671ce5d1cb9664c5f8636329436d/library/std/src/panicking.rs:485:40
[INFO] [stdout]   47:     0x5623a0d16246 - std::panicking::try::h5d34f63d0e41b64e
[INFO] [stdout]                                at /rustc/1b7dd2252b99671ce5d1cb9664c5f8636329436d/library/std/src/panicking.rs:449:19
[INFO] [stdout]   48:     0x5623a0d16246 - std::panic::catch_unwind::hcfbb511e1aa7fc67
[INFO] [stdout]                                at /rustc/1b7dd2252b99671ce5d1cb9664c5f8636329436d/library/std/src/panic.rs:140:14
[INFO] [stdout]   49:     0x5623a0d16246 - test::run_test_in_process::h9abda90f802eaf21
[INFO] [stdout]                                at /rustc/1b7dd2252b99671ce5d1cb9664c5f8636329436d/library/test/src/lib.rs:678:27
[INFO] [stdout]   50:     0x5623a0d16246 - test::run_test::run_test_inner::{{closure}}::h0f058de91f6c6edf
[INFO] [stdout]                                at /rustc/1b7dd2252b99671ce5d1cb9664c5f8636329436d/library/test/src/lib.rs:572:39
[INFO] [stdout]   51:     0x5623a0cdf165 - test::run_test::run_test_inner::{{closure}}::h5ca48a4c59c6c1fb
[INFO] [stdout]                                at /rustc/1b7dd2252b99671ce5d1cb9664c5f8636329436d/library/test/src/lib.rs:599:37
[INFO] [stdout]   52:     0x5623a0cdf165 - std::sys_common::backtrace::__rust_begin_short_backtrace::h32bd51e1495d4a33
[INFO] [stdout]                                at /rustc/1b7dd2252b99671ce5d1cb9664c5f8636329436d/library/std/src/sys_common/backtrace.rs:134:18
[INFO] [stdout]   53:     0x5623a0ce46a1 - std::thread::Builder::spawn_unchecked_::{{closure}}::{{closure}}::hc086fae9b128b2db
[INFO] [stdout]                                at /rustc/1b7dd2252b99671ce5d1cb9664c5f8636329436d/library/std/src/thread/mod.rs:526:17
[INFO] [stdout]   54:     0x5623a0ce46a1 - <core::panic::unwind_safe::AssertUnwindSafe<F> as core::ops::function::FnOnce<()>>::call_once::hb66571888d270d43
[INFO] [stdout]                                at /rustc/1b7dd2252b99671ce5d1cb9664c5f8636329436d/library/core/src/panic/unwind_safe.rs:271:9
[INFO] [stdout]   55:     0x5623a0ce46a1 - std::panicking::try::do_call::h4fa2ef4f6e51fecf
[INFO] [stdout]                                at /rustc/1b7dd2252b99671ce5d1cb9664c5f8636329436d/library/std/src/panicking.rs:485:40
[INFO] [stdout]   56:     0x5623a0ce46a1 - std::panicking::try::h1e9e22b8584489b5
[INFO] [stdout]                                at /rustc/1b7dd2252b99671ce5d1cb9664c5f8636329436d/library/std/src/panicking.rs:449:19
[INFO] [stdout]   57:     0x5623a0ce46a1 - std::panic::catch_unwind::h44698a3de0e0769e
[INFO] [stdout]                                at /rustc/1b7dd2252b99671ce5d1cb9664c5f8636329436d/library/std/src/panic.rs:140:14
[INFO] [stdout]   58:     0x5623a0ce46a1 - std::thread::Builder::spawn_unchecked_::{{closure}}::h50153abde3fe239e
[INFO] [stdout]                                at /rustc/1b7dd2252b99671ce5d1cb9664c5f8636329436d/library/std/src/thread/mod.rs:525:30
[INFO] [stdout]   59:     0x5623a0ce46a1 - core::ops::function::FnOnce::call_once{{vtable.shim}}::hbe5bbf6f38394364
[INFO] [stdout]                                at /rustc/1b7dd2252b99671ce5d1cb9664c5f8636329436d/library/core/src/ops/function.rs:250:5
[INFO] [stdout]   60:     0x5623a11806e5 - <alloc::boxed::Box<F,A> as core::ops::function::FnOnce<Args>>::call_once::h0d83cb2920a49046
[INFO] [stdout]                                at /rustc/1b7dd2252b99671ce5d1cb9664c5f8636329436d/library/alloc/src/boxed.rs:1973:9
[INFO] [stdout]   61:     0x5623a11806e5 - <alloc::boxed::Box<F,A> as core::ops::function::FnOnce<Args>>::call_once::hbe0a008aa7d9ef59
[INFO] [stdout]                                at /rustc/1b7dd2252b99671ce5d1cb9664c5f8636329436d/library/alloc/src/boxed.rs:1973:9
[INFO] [stdout]   62:     0x5623a11806e5 - std::sys::unix::thread::Thread::new::thread_start::h3a466996bdf6b1f9
[INFO] [stdout]                                at /rustc/1b7dd2252b99671ce5d1cb9664c5f8636329436d/library/std/src/sys/unix/thread.rs:108:17
[INFO] [stdout]   63:     0x7f3fdba85b43 - <unknown>
[INFO] [stdout]   64:     0x7f3fdbb16bb4 - __clone
[INFO] [stdout]   65:                0x0 - <unknown>
[INFO] [stdout] 
[INFO] [stdout] ---- arcana::iidx::chart::tests::test_get_profile stdout ----
[INFO] [stdout] thread 'arcana::iidx::chart::tests::test_get_profile' panicked at 'called `Result::unwrap()` on an `Err` value: error sending request for url (https://arcana.nu/api/v1/iidx/28/charts/?music_id=G6vGmV2XC2Y): error trying to connect: dns error: failed to lookup address information: Temporary failure in name resolution
[INFO] [stdout] 
[INFO] [stdout] Caused by:
[INFO] [stdout]     0: error trying to connect: dns error: failed to lookup address information: Temporary failure in name resolution
[INFO] [stdout]     1: dns error: failed to lookup address information: Temporary failure in name resolution
[INFO] [stdout]     2: failed to lookup address information: Temporary failure in name resolution', src/arcana/iidx/chart.rs:96:62
[INFO] [stdout] stack backtrace:
[INFO] [stdout]    0:     0x5623a1179e8a - std::backtrace_rs::backtrace::libunwind::trace::h2f05d0192276a8f6
[INFO] [stdout]                                at /rustc/1b7dd2252b99671ce5d1cb9664c5f8636329436d/library/std/src/../../backtrace/src/backtrace/libunwind.rs:93:5
[INFO] [stdout]    1:     0x5623a1179e8a - std::backtrace_rs::backtrace::trace_unsynchronized::hedc23dff7a1af150
[INFO] [stdout]                                at /rustc/1b7dd2252b99671ce5d1cb9664c5f8636329436d/library/std/src/../../backtrace/src/backtrace/mod.rs:66:5
[INFO] [stdout]    2:     0x5623a1179e8a - std::sys_common::backtrace::_print_fmt::h17541ef7592f3ce2
[INFO] [stdout]                                at /rustc/1b7dd2252b99671ce5d1cb9664c5f8636329436d/library/std/src/sys_common/backtrace.rs:65:5
[INFO] [stdout]    3:     0x5623a1179e8a - <std::sys_common::backtrace::_print::DisplayBacktrace as core::fmt::Display>::fmt::h20f75df5ab0c0792
[INFO] [stdout]                                at /rustc/1b7dd2252b99671ce5d1cb9664c5f8636329436d/library/std/src/sys_common/backtrace.rs:44:22
[INFO] [stdout]    4:     0x5623a11a160f - core::fmt::write::h78109e6f466b3af6
[INFO] [stdout]                                at /rustc/1b7dd2252b99671ce5d1cb9664c5f8636329436d/library/core/src/fmt/mod.rs:1254:17
[INFO] [stdout]    5:     0x5623a11766c5 - std::io::Write::write_fmt::hd24bfb68a1b35a25
[INFO] [stdout]                                at /rustc/1b7dd2252b99671ce5d1cb9664c5f8636329436d/library/std/src/io/mod.rs:1698:15
[INFO] [stdout]    6:     0x5623a1179c55 - std::sys_common::backtrace::_print::h8dac57a9f8fbf9a5
[INFO] [stdout]                                at /rustc/1b7dd2252b99671ce5d1cb9664c5f8636329436d/library/std/src/sys_common/backtrace.rs:47:5
[INFO] [stdout]    7:     0x5623a1179c55 - std::sys_common::backtrace::print::hf9ecbf41d1aa712f
[INFO] [stdout]                                at /rustc/1b7dd2252b99671ce5d1cb9664c5f8636329436d/library/std/src/sys_common/backtrace.rs:34:9
[INFO] [stdout]    8:     0x5623a117b90e - std::panicking::default_hook::{{closure}}::h04c07acfc84ca028
[INFO] [stdout]                                at /rustc/1b7dd2252b99671ce5d1cb9664c5f8636329436d/library/std/src/panicking.rs:269:22
[INFO] [stdout]    9:     0x5623a117b641 - std::panicking::default_hook::h01f6bb23e1eceb2c
[INFO] [stdout]                                at /rustc/1b7dd2252b99671ce5d1cb9664c5f8636329436d/library/std/src/panicking.rs:285:9
[INFO] [stdout]   10:     0x5623a0d1229b - <alloc::boxed::Box<F,A> as core::ops::function::Fn<Args>>::call::h87fe9f7b2fd49e4c
[INFO] [stdout]                                at /rustc/1b7dd2252b99671ce5d1cb9664c5f8636329436d/library/alloc/src/boxed.rs:1987:9
[INFO] [stdout]   11:     0x5623a0d1229b - test::test_main::{{closure}}::he94d679243a7531b
[INFO] [stdout]                                at /rustc/1b7dd2252b99671ce5d1cb9664c5f8636329436d/library/test/src/lib.rs:134:21
[INFO] [stdout]   12:     0x5623a117bff4 - <alloc::boxed::Box<F,A> as core::ops::function::Fn<Args>>::call::h3f2d6d8b14c4769f
[INFO] [stdout]                                at /rustc/1b7dd2252b99671ce5d1cb9664c5f8636329436d/library/alloc/src/boxed.rs:1987:9
[INFO] [stdout]   13:     0x5623a117bff4 - std::panicking::rust_panic_with_hook::h2bb3722bbaf2f6df
[INFO] [stdout]                                at /rustc/1b7dd2252b99671ce5d1cb9664c5f8636329436d/library/std/src/panicking.rs:695:13
[INFO] [stdout]   14:     0x5623a117bd69 - std::panicking::begin_panic_handler::{{closure}}::h91bc7f36a4be011b
[INFO] [stdout]                                at /rustc/1b7dd2252b99671ce5d1cb9664c5f8636329436d/library/std/src/panicking.rs:582:13
[INFO] [stdout]   15:     0x5623a117a2f6 - std::sys_common::backtrace::__rust_end_short_backtrace::h8b3d3717114f9e59
[INFO] [stdout]                                at /rustc/1b7dd2252b99671ce5d1cb9664c5f8636329436d/library/std/src/sys_common/backtrace.rs:150:18
[INFO] [stdout]   16:     0x5623a117bac2 - rust_begin_unwind
[INFO] [stdout]                                at /rustc/1b7dd2252b99671ce5d1cb9664c5f8636329436d/library/std/src/panicking.rs:578:5
[INFO] [stdout]   17:     0x5623a0c7a443 - core::panicking::panic_fmt::hfd368e3fbdabea26
[INFO] [stdout]                                at /rustc/1b7dd2252b99671ce5d1cb9664c5f8636329436d/library/core/src/panicking.rs:67:14
[INFO] [stdout]   18:     0x5623a0c7a9e3 - core::result::unwrap_failed::he54eb4b2f125b26f
[INFO] [stdout]                                at /rustc/1b7dd2252b99671ce5d1cb9664c5f8636329436d/library/core/src/result.rs:1687:5
[INFO] [stdout]   19:     0x5623a0cda1dc - core::result::Result<T,E>::unwrap::h555cdbb2766f0344
[INFO] [stdout]                                at /rustc/1b7dd2252b99671ce5d1cb9664c5f8636329436d/library/core/src/result.rs:1089:23
[INFO] [stdout]   20:     0x5623a0cb9c19 - arcmugbot::arcana::iidx::chart::tests::test_get_profile::{{closure}}::h960b90d61cef068d
[INFO] [stdout]                                at /opt/rustwide/workdir/src/arcana/iidx/chart.rs:96:26
[INFO] [stdout]   21:     0x5623a0cb7d3b - <core::pin::Pin<P> as core::future::future::Future>::poll::h86b0cbf19bed34be
[INFO] [stdout]                                at /rustc/1b7dd2252b99671ce5d1cb9664c5f8636329436d/library/core/src/future/future.rs:125:9
[INFO] [stdout]   22:     0x5623a0c9fc34 - tokio::runtime::scheduler::current_thread::CoreGuard::block_on::{{closure}}::{{closure}}::{{closure}}::h90930f3d1024333f
[INFO] [stdout]                                at /opt/rustwide/cargo-home/registry/src/index.crates.io-6f17d22bba15001f/tokio-1.21.2/src/runtime/scheduler/current_thread.rs:525:48
[INFO] [stdout]   23:     0x5623a0ccdb60 - tokio::coop::with_budget::{{closure}}::hfb37e0bd8c6667ef
[INFO] [stdout]                                at /opt/rustwide/cargo-home/registry/src/index.crates.io-6f17d22bba15001f/tokio-1.21.2/src/coop.rs:102:9
[INFO] [stdout]   24:     0x5623a0cc8079 - std::thread::local::LocalKey<T>::try_with::h642bdbcc42b261bc
[INFO] [stdout]                                at /rustc/1b7dd2252b99671ce5d1cb9664c5f8636329436d/library/std/src/thread/local.rs:252:16
[INFO] [stdout]   25:     0x5623a0cc67ca - std::thread::local::LocalKey<T>::with::h606f9f320e85ba6c
[INFO] [stdout]                                at /rustc/1b7dd2252b99671ce5d1cb9664c5f8636329436d/library/std/src/thread/local.rs:228:9
[INFO] [stdout]   26:     0x5623a0c9eef6 - tokio::coop::with_budget::h4ee0be80bc0663e2
[INFO] [stdout]                                at /opt/rustwide/cargo-home/registry/src/index.crates.io-6f17d22bba15001f/tokio-1.21.2/src/coop.rs:95:5
[INFO] [stdout]   27:     0x5623a0c9eef6 - tokio::coop::budget::h85bd012f2b7690f0
[INFO] [stdout]                                at /opt/rustwide/cargo-home/registry/src/index.crates.io-6f17d22bba15001f/tokio-1.21.2/src/coop.rs:72:5
[INFO] [stdout]   28:     0x5623a0c9eef6 - tokio::runtime::scheduler::current_thread::CoreGuard::block_on::{{closure}}::{{closure}}::h07ec9f77af28dbf8
[INFO] [stdout]                                at /opt/rustwide/cargo-home/registry/src/index.crates.io-6f17d22bba15001f/tokio-1.21.2/src/runtime/scheduler/current_thread.rs:525:25
[INFO] [stdout]   29:     0x5623a0c95f39 - tokio::runtime::scheduler::current_thread::Context::enter::h601f789a9efc407f
[INFO] [stdout]                                at /opt/rustwide/cargo-home/registry/src/index.crates.io-6f17d22bba15001f/tokio-1.21.2/src/runtime/scheduler/current_thread.rs:349:19
[INFO] [stdout]   30:     0x5623a0c9b0c3 - tokio::runtime::scheduler::current_thread::CoreGuard::block_on::{{closure}}::h0a04458ba538bea8
[INFO] [stdout]                                at /opt/rustwide/cargo-home/registry/src/index.crates.io-6f17d22bba15001f/tokio-1.21.2/src/runtime/scheduler/current_thread.rs:524:36
[INFO] [stdout]   31:     0x5623a0c99f9b - tokio::runtime::scheduler::current_thread::CoreGuard::enter::{{closure}}::h54846de125c96ea2
[INFO] [stdout]                                at /opt/rustwide/cargo-home/registry/src/index.crates.io-6f17d22bba15001f/tokio-1.21.2/src/runtime/scheduler/current_thread.rs:595:57
[INFO] [stdout]   32:     0x5623a0cad83d - tokio::macros::scoped_tls::ScopedKey<T>::set::h948195f3d0f35702
[INFO] [stdout]                                at /opt/rustwide/cargo-home/registry/src/index.crates.io-6f17d22bba15001f/tokio-1.21.2/src/macros/scoped_tls.rs:61:9
[INFO] [stdout]   33:     0x5623a0c98906 - tokio::runtime::scheduler::current_thread::CoreGuard::enter::h4f9d4c6ecf65f41c
[INFO] [stdout]                                at /opt/rustwide/cargo-home/registry/src/index.crates.io-6f17d22bba15001f/tokio-1.21.2/src/runtime/scheduler/current_thread.rs:595:27
[INFO] [stdout]   34:     0x5623a0c9a30c - tokio::runtime::scheduler::current_thread::CoreGuard::block_on::hf338ed32c1251c6b
[INFO] [stdout]                                at /opt/rustwide/cargo-home/registry/src/index.crates.io-6f17d22bba15001f/tokio-1.21.2/src/runtime/scheduler/current_thread.rs:515:19
[INFO] [stdout]   35:     0x5623a0c93e02 - tokio::runtime::scheduler::current_thread::CurrentThread::block_on::hd1c9bf469eb577ef
[INFO] [stdout]                                at /opt/rustwide/cargo-home/registry/src/index.crates.io-6f17d22bba15001f/tokio-1.21.2/src/runtime/scheduler/current_thread.rs:161:24
[INFO] [stdout]   36:     0x5623a0cb7221 - tokio::runtime::Runtime::block_on::hdb7c4db4901e60a5
[INFO] [stdout]                                at /opt/rustwide/cargo-home/registry/src/index.crates.io-6f17d22bba15001f/tokio-1.21.2/src/runtime/mod.rs:490:46
[INFO] [stdout]   37:     0x5623a0cb994f - arcmugbot::arcana::iidx::chart::tests::test_get_profile::hd755cb97ec03d87e
[INFO] [stdout]                                at /opt/rustwide/workdir/src/arcana/iidx/chart.rs:96:9
[INFO] [stdout]   38:     0x5623a0cb9817 - arcmugbot::arcana::iidx::chart::tests::test_get_profile::{{closure}}::hb34ddd54f87eb9f5
[INFO] [stdout]                                at /opt/rustwide/workdir/src/arcana/iidx/chart.rs:95:33
[INFO] [stdout]   39:     0x5623a0cbb135 - core::ops::function::FnOnce::call_once::h35d4ba917cc46ac3
[INFO] [stdout]                                at /rustc/1b7dd2252b99671ce5d1cb9664c5f8636329436d/library/core/src/ops/function.rs:250:5
[INFO] [stdout]   40:     0x5623a0d1716f - core::ops::function::FnOnce::call_once::ha6a70e79f7481a7e
[INFO] [stdout]                                at /rustc/1b7dd2252b99671ce5d1cb9664c5f8636329436d/library/core/src/ops/function.rs:250:5
[INFO] [stdout]   41:     0x5623a0d1716f - test::__rust_begin_short_backtrace::hce33033019b61e69
[INFO] [stdout]                                at /rustc/1b7dd2252b99671ce5d1cb9664c5f8636329436d/library/test/src/lib.rs:655:18
[INFO] [stdout]   42:     0x5623a0ce495c - test::run_test::{{closure}}::h858d3528838ae3e5
[INFO] [stdout]                                at /rustc/1b7dd2252b99671ce5d1cb9664c5f8636329436d/library/test/src/lib.rs:646:30
[INFO] [stdout]   43:     0x5623a0ce495c - core::ops::function::FnOnce::call_once{{vtable.shim}}::he8ac2b00f01ae79e
[INFO] [stdout]                                at /rustc/1b7dd2252b99671ce5d1cb9664c5f8636329436d/library/core/src/ops/function.rs:250:5
[INFO] [stdout]   44:     0x5623a0d16246 - <alloc::boxed::Box<F,A> as core::ops::function::FnOnce<Args>>::call_once::h8093d25b522725ef
[INFO] [stdout]                                at /rustc/1b7dd2252b99671ce5d1cb9664c5f8636329436d/library/alloc/src/boxed.rs:1973:9
[INFO] [stdout]   45:     0x5623a0d16246 - <core::panic::unwind_safe::AssertUnwindSafe<F> as core::ops::function::FnOnce<()>>::call_once::h5c334c204e4a3913
[INFO] [stdout]                                at /rustc/1b7dd2252b99671ce5d1cb9664c5f8636329436d/library/core/src/panic/unwind_safe.rs:271:9
[INFO] [stdout]   46:     0x5623a0d16246 - std::panicking::try::do_call::ha8b740c7b9478074
[INFO] [stdout]                                at /rustc/1b7dd2252b99671ce5d1cb9664c5f8636329436d/library/std/src/panicking.rs:485:40
[INFO] [stdout]   47:     0x5623a0d16246 - std::panicking::try::h5d34f63d0e41b64e
[INFO] [stdout]                                at /rustc/1b7dd2252b99671ce5d1cb9664c5f8636329436d/library/std/src/panicking.rs:449:19
[INFO] [stdout]   48:     0x5623a0d16246 - std::panic::catch_unwind::hcfbb511e1aa7fc67
[INFO] [stdout]                                at /rustc/1b7dd2252b99671ce5d1cb9664c5f8636329436d/library/std/src/panic.rs:140:14
[INFO] [stdout]   49:     0x5623a0d16246 - test::run_test_in_process::h9abda90f802eaf21
[INFO] [stdout]                                at /rustc/1b7dd2252b99671ce5d1cb9664c5f8636329436d/library/test/src/lib.rs:678:27
[INFO] [stdout]   50:     0x5623a0d16246 - test::run_test::run_test_inner::{{closure}}::h0f058de91f6c6edf
[INFO] [stdout]                                at /rustc/1b7dd2252b99671ce5d1cb9664c5f8636329436d/library/test/src/lib.rs:572:39
[INFO] [stdout]   51:     0x5623a0cdf165 - test::run_test::run_test_inner::{{closure}}::h5ca48a4c59c6c1fb
[INFO] [stdout]                                at /rustc/1b7dd2252b99671ce5d1cb9664c5f8636329436d/library/test/src/lib.rs:599:37
[INFO] [stdout]   52:     0x5623a0cdf165 - std::sys_common::backtrace::__rust_begin_short_backtrace::h32bd51e1495d4a33
[INFO] [stdout]                                at /rustc/1b7dd2252b99671ce5d1cb9664c5f8636329436d/library/std/src/sys_common/backtrace.rs:134:18
[INFO] [stdout]   53:     0x5623a0ce46a1 - std::thread::Builder::spawn_unchecked_::{{closure}}::{{closure}}::hc086fae9b128b2db
[INFO] [stdout]                                at /rustc/1b7dd2252b99671ce5d1cb9664c5f8636329436d/library/std/src/thread/mod.rs:526:17
[INFO] [stdout]   54:     0x5623a0ce46a1 - <core::panic::unwind_safe::AssertUnwindSafe<F> as core::ops::function::FnOnce<()>>::call_once::hb66571888d270d43
[INFO] [stdout]                                at /rustc/1b7dd2252b99671ce5d1cb9664c5f8636329436d/library/core/src/panic/unwind_safe.rs:271:9
[INFO] [stdout]   55:     0x5623a0ce46a1 - std::panicking::try::do_call::h4fa2ef4f6e51fecf
[INFO] [stdout]                                at /rustc/1b7dd2252b99671ce5d1cb9664c5f8636329436d/library/std/src/panicking.rs:485:40
[INFO] [stdout]   56:     0x5623a0ce46a1 - std::panicking::try::h1e9e22b8584489b5
[INFO] [stdout]                                at /rustc/1b7dd2252b99671ce5d1cb9664c5f8636329436d/library/std/src/panicking.rs:449:19
[INFO] [stdout]   57:     0x5623a0ce46a1 - std::panic::catch_unwind::h44698a3de0e0769e
[INFO] [stdout]                                at /rustc/1b7dd2252b99671ce5d1cb9664c5f8636329436d/library/std/src/panic.rs:140:14
[INFO] [stdout]   58:     0x5623a0ce46a1 - std::thread::Builder::spawn_unchecked_::{{closure}}::h50153abde3fe239e
[INFO] [stdout]                                at /rustc/1b7dd2252b99671ce5d1cb9664c5f8636329436d/library/std/src/thread/mod.rs:525:30
[INFO] [stdout]   59:     0x5623a0ce46a1 - core::ops::function::FnOnce::call_once{{vtable.shim}}::hbe5bbf6f38394364
[INFO] [stdout]                                at /rustc/1b7dd2252b99671ce5d1cb9664c5f8636329436d/library/core/src/ops/function.rs:250:5
[INFO] [stdout]   60:     0x5623a11806e5 - <alloc::boxed::Box<F,A> as core::ops::function::FnOnce<Args>>::call_once::h0d83cb2920a49046
[INFO] [stdout]                                at /rustc/1b7dd2252b99671ce5d1cb9664c5f8636329436d/library/alloc/src/boxed.rs:1973:9
[INFO] [stdout]   61:     0x5623a11806e5 - <alloc::boxed::Box<F,A> as core::ops::function::FnOnce<Args>>::call_once::hbe0a008aa7d9ef59
[INFO] [stdout]                                at /rustc/1b7dd2252b99671ce5d1cb9664c5f8636329436d/library/alloc/src/boxed.rs:1973:9
[INFO] [stdout]   62:     0x5623a11806e5 - std::sys::unix::thread::Thread::new::thread_start::h3a466996bdf6b1f9
[INFO] [stdout]                                at /rustc/1b7dd2252b99671ce5d1cb9664c5f8636329436d/library/std/src/sys/unix/thread.rs:108:17
[INFO] [stdout]   63:     0x7f3fdba85b43 - <unknown>
[INFO] [stdout]   64:     0x7f3fdbb16bb4 - __clone
[INFO] [stdout]   65:                0x0 - <unknown>
[INFO] [stdout] 
[INFO] [stdout] ---- arcana::iidx::score_history::tests::test_get_most_recent stdout ----
[INFO] [stdout] thread 'arcana::iidx::score_history::tests::test_get_most_recent' panicked at 'called `Result::unwrap()` on an `Err` value: error sending request for url (https://arcana.nu/api/v1/iidx/28/score_history/?profile_id=C3PttzgAx6F): error trying to connect: dns error: failed to lookup address information: Temporary failure in name resolution
[INFO] [stdout] 
[INFO] [stdout] Caused by:
[INFO] [stdout]     0: error trying to connect: dns error: failed to lookup address information: Temporary failure in name resolution
[INFO] [stdout]     1: dns error: failed to lookup address information: Temporary failure in name resolution
[INFO] [stdout]     2: failed to lookup address information: Temporary failure in name resolution', src/arcana/iidx/score_history.rs:91:67
[INFO] [stdout] stack backtrace:
[INFO] [stdout]    0:     0x5623a1179e8a - std::backtrace_rs::backtrace::libunwind::trace::h2f05d0192276a8f6
[INFO] [stdout]                                at /rustc/1b7dd2252b99671ce5d1cb9664c5f8636329436d/library/std/src/../../backtrace/src/backtrace/libunwind.rs:93:5
[INFO] [stdout]    1:     0x5623a1179e8a - std::backtrace_rs::backtrace::trace_unsynchronized::hedc23dff7a1af150
[INFO] [stdout]                                at /rustc/1b7dd2252b99671ce5d1cb9664c5f8636329436d/library/std/src/../../backtrace/src/backtrace/mod.rs:66:5
[INFO] [stdout]    2:     0x5623a1179e8a - std::sys_common::backtrace::_print_fmt::h17541ef7592f3ce2
[INFO] [stdout]                                at /rustc/1b7dd2252b99671ce5d1cb9664c5f8636329436d/library/std/src/sys_common/backtrace.rs:65:5
[INFO] [stdout]    3:     0x5623a1179e8a - <std::sys_common::backtrace::_print::DisplayBacktrace as core::fmt::Display>::fmt::h20f75df5ab0c0792
[INFO] [stdout]                                at /rustc/1b7dd2252b99671ce5d1cb9664c5f8636329436d/library/std/src/sys_common/backtrace.rs:44:22
[INFO] [stdout]    4:     0x5623a11a160f - core::fmt::write::h78109e6f466b3af6
[INFO] [stdout]                                at /rustc/1b7dd2252b99671ce5d1cb9664c5f8636329436d/library/core/src/fmt/mod.rs:1254:17
[INFO] [stdout]    5:     0x5623a11766c5 - std::io::Write::write_fmt::hd24bfb68a1b35a25
[INFO] [stdout]                                at /rustc/1b7dd2252b99671ce5d1cb9664c5f8636329436d/library/std/src/io/mod.rs:1698:15
[INFO] [stdout]    6:     0x5623a1179c55 - std::sys_common::backtrace::_print::h8dac57a9f8fbf9a5
[INFO] [stdout]                                at /rustc/1b7dd2252b99671ce5d1cb9664c5f8636329436d/library/std/src/sys_common/backtrace.rs:47:5
[INFO] [stdout]    7:     0x5623a1179c55 - std::sys_common::backtrace::print::hf9ecbf41d1aa712f
[INFO] [stdout]                                at /rustc/1b7dd2252b99671ce5d1cb9664c5f8636329436d/library/std/src/sys_common/backtrace.rs:34:9
[INFO] [stdout]    8:     0x5623a117b90e - std::panicking::default_hook::{{closure}}::h04c07acfc84ca028
[INFO] [stdout]                                at /rustc/1b7dd2252b99671ce5d1cb9664c5f8636329436d/library/std/src/panicking.rs:269:22
[INFO] [stdout]    9:     0x5623a117b641 - std::panicking::default_hook::h01f6bb23e1eceb2c
[INFO] [stdout]                                at /rustc/1b7dd2252b99671ce5d1cb9664c5f8636329436d/library/std/src/panicking.rs:285:9
[INFO] [stdout]   10:     0x5623a0d1229b - <alloc::boxed::Box<F,A> as core::ops::function::Fn<Args>>::call::h87fe9f7b2fd49e4c
[INFO] [stdout]                                at /rustc/1b7dd2252b99671ce5d1cb9664c5f8636329436d/library/alloc/src/boxed.rs:1987:9
[INFO] [stdout]   11:     0x5623a0d1229b - test::test_main::{{closure}}::he94d679243a7531b
[INFO] [stdout]                                at /rustc/1b7dd2252b99671ce5d1cb9664c5f8636329436d/library/test/src/lib.rs:134:21
[INFO] [stdout]   12:     0x5623a117bff4 - <alloc::boxed::Box<F,A> as core::ops::function::Fn<Args>>::call::h3f2d6d8b14c4769f
[INFO] [stdout]                                at /rustc/1b7dd2252b99671ce5d1cb9664c5f8636329436d/library/alloc/src/boxed.rs:1987:9
[INFO] [stdout]   13:     0x5623a117bff4 - std::panicking::rust_panic_with_hook::h2bb3722bbaf2f6df
[INFO] [stdout]                                at /rustc/1b7dd2252b99671ce5d1cb9664c5f8636329436d/library/std/src/panicking.rs:695:13
[INFO] [stdout]   14:     0x5623a117bd69 - std::panicking::begin_panic_handler::{{closure}}::h91bc7f36a4be011b
[INFO] [stdout]                                at /rustc/1b7dd2252b99671ce5d1cb9664c5f8636329436d/library/std/src/panicking.rs:582:13
[INFO] [stdout]   15:     0x5623a117a2f6 - std::sys_common::backtrace::__rust_end_short_backtrace::h8b3d3717114f9e59
[INFO] [stdout]                                at /rustc/1b7dd2252b99671ce5d1cb9664c5f8636329436d/library/std/src/sys_common/backtrace.rs:150:18
[INFO] [stdout]   16:     0x5623a117bac2 - rust_begin_unwind
[INFO] [stdout]                                at /rustc/1b7dd2252b99671ce5d1cb9664c5f8636329436d/library/std/src/panicking.rs:578:5
[INFO] [stdout]   17:     0x5623a0c7a443 - core::panicking::panic_fmt::hfd368e3fbdabea26
[INFO] [stdout]                                at /rustc/1b7dd2252b99671ce5d1cb9664c5f8636329436d/library/core/src/panicking.rs:67:14
[INFO] [stdout]   18:     0x5623a0c7a9e3 - core::result::unwrap_failed::he54eb4b2f125b26f
[INFO] [stdout]                                at /rustc/1b7dd2252b99671ce5d1cb9664c5f8636329436d/library/core/src/result.rs:1687:5
[INFO] [stdout]   19:     0x5623a0cda4ec - core::result::Result<T,E>::unwrap::hcb72b3c88c0c180e
[INFO] [stdout]                                at /rustc/1b7dd2252b99671ce5d1cb9664c5f8636329436d/library/core/src/result.rs:1089:23
[INFO] [stdout]   20:     0x5623a0cb21e8 - arcmugbot::arcana::iidx::score_history::tests::test_get_most_recent::{{closure}}::h930187a3acb0d67a
[INFO] [stdout]                                at /opt/rustwide/workdir/src/arcana/iidx/score_history.rs:91:26
[INFO] [stdout]   21:     0x5623a0cb7e2b - <core::pin::Pin<P> as core::future::future::Future>::poll::hd9db861c9bab7923
[INFO] [stdout]                                at /rustc/1b7dd2252b99671ce5d1cb9664c5f8636329436d/library/core/src/future/future.rs:125:9
[INFO] [stdout]   22:     0x5623a0c9fc74 - tokio::runtime::scheduler::current_thread::CoreGuard::block_on::{{closure}}::{{closure}}::{{closure}}::h9902dc4ae9538551
[INFO] [stdout]                                at /opt/rustwide/cargo-home/registry/src/index.crates.io-6f17d22bba15001f/tokio-1.21.2/src/runtime/scheduler/current_thread.rs:525:48
[INFO] [stdout]   23:     0x5623a0ccc600 - tokio::coop::with_budget::{{closure}}::h49922c026dd8ddf0
[INFO] [stdout]                                at /opt/rustwide/cargo-home/registry/src/index.crates.io-6f17d22bba15001f/tokio-1.21.2/src/coop.rs:102:9
[INFO] [stdout]   24:     0x5623a0cc7f09 - std::thread::local::LocalKey<T>::try_with::h63dbd0f89d14c167
[INFO] [stdout]                                at /rustc/1b7dd2252b99671ce5d1cb9664c5f8636329436d/library/std/src/thread/local.rs:252:16
[INFO] [stdout]   25:     0x5623a0cc692a - std::thread::local::LocalKey<T>::with::h84d704e4fc4e904b
[INFO] [stdout]                                at /rustc/1b7dd2252b99671ce5d1cb9664c5f8636329436d/library/std/src/thread/local.rs:228:9
[INFO] [stdout]   26:     0x5623a0c9f646 - tokio::coop::with_budget::h68d64d3e9a5a938d
[INFO] [stdout]                                at /opt/rustwide/cargo-home/registry/src/index.crates.io-6f17d22bba15001f/tokio-1.21.2/src/coop.rs:95:5
[INFO] [stdout]   27:     0x5623a0c9f646 - tokio::coop::budget::ha51367b34f0c9189
[INFO] [stdout]                                at /opt/rustwide/cargo-home/registry/src/index.crates.io-6f17d22bba15001f/tokio-1.21.2/src/coop.rs:72:5
[INFO] [stdout]   28:     0x5623a0c9f646 - tokio::runtime::scheduler::current_thread::CoreGuard::block_on::{{closure}}::{{closure}}::h9dc070bf1c5f5e55
[INFO] [stdout]                                at /opt/rustwide/cargo-home/registry/src/index.crates.io-6f17d22bba15001f/tokio-1.21.2/src/runtime/scheduler/current_thread.rs:525:25
[INFO] [stdout]   29:     0x5623a0c96f09 - tokio::runtime::scheduler::current_thread::Context::enter::hdbd14bef84d831cb
[INFO] [stdout]                                at /opt/rustwide/cargo-home/registry/src/index.crates.io-6f17d22bba15001f/tokio-1.21.2/src/runtime/scheduler/current_thread.rs:349:19
[INFO] [stdout]   30:     0x5623a0c9bb73 - tokio::runtime::scheduler::current_thread::CoreGuard::block_on::{{closure}}::h119030f270bb4cd1
[INFO] [stdout]                                at /opt/rustwide/cargo-home/registry/src/index.crates.io-6f17d22bba15001f/tokio-1.21.2/src/runtime/scheduler/current_thread.rs:524:36
[INFO] [stdout]   31:     0x5623a0c99f1b - tokio::runtime::scheduler::current_thread::CoreGuard::enter::{{closure}}::h39f1c8c24b0ac48b
[INFO] [stdout]                                at /opt/rustwide/cargo-home/registry/src/index.crates.io-6f17d22bba15001f/tokio-1.21.2/src/runtime/scheduler/current_thread.rs:595:57
[INFO] [stdout]   32:     0x5623a0cad6fd - tokio::macros::scoped_tls::ScopedKey<T>::set::h6bff597c3c4a064d
[INFO] [stdout]                                at /opt/rustwide/cargo-home/registry/src/index.crates.io-6f17d22bba15001f/tokio-1.21.2/src/macros/scoped_tls.rs:61:9
[INFO] [stdout]   33:     0x5623a0c990e6 - tokio::runtime::scheduler::current_thread::CoreGuard::enter::h90124d69eb48652b
[INFO] [stdout]                                at /opt/rustwide/cargo-home/registry/src/index.crates.io-6f17d22bba15001f/tokio-1.21.2/src/runtime/scheduler/current_thread.rs:595:27
[INFO] [stdout]   34:     0x5623a0c9a1ec - tokio::runtime::scheduler::current_thread::CoreGuard::block_on::h9e2eea1b8fed518b
[INFO] [stdout]                                at /opt/rustwide/cargo-home/registry/src/index.crates.io-6f17d22bba15001f/tokio-1.21.2/src/runtime/scheduler/current_thread.rs:515:19
[INFO] [stdout]   35:     0x5623a0c92c82 - tokio::runtime::scheduler::current_thread::CurrentThread::block_on::h2ce38307657b008a
[INFO] [stdout]                                at /opt/rustwide/cargo-home/registry/src/index.crates.io-6f17d22bba15001f/tokio-1.21.2/src/runtime/scheduler/current_thread.rs:161:24
[INFO] [stdout]   36:     0x5623a0cb73b1 - tokio::runtime::Runtime::block_on::hde97194c1c07035e
[INFO] [stdout]                                at /opt/rustwide/cargo-home/registry/src/index.crates.io-6f17d22bba15001f/tokio-1.21.2/src/runtime/mod.rs:490:46
[INFO] [stdout]   37:     0x5623a0cb1f0f - arcmugbot::arcana::iidx::score_history::tests::test_get_most_recent::hf15e373b13a717c2
[INFO] [stdout]                                at /opt/rustwide/workdir/src/arcana/iidx/score_history.rs:91:9
[INFO] [stdout]   38:     0x5623a0cb1dd7 - arcmugbot::arcana::iidx::score_history::tests::test_get_most_recent::{{closure}}::h5fa4e879daa50e47
[INFO] [stdout]                                at /opt/rustwide/workdir/src/arcana/iidx/score_history.rs:90:37
[INFO] [stdout]   39:     0x5623a0cbb195 - core::ops::function::FnOnce::call_once::h3d56f313b2e23eb0
[INFO] [stdout]                                at /rustc/1b7dd2252b99671ce5d1cb9664c5f8636329436d/library/core/src/ops/function.rs:250:5
[INFO] [stdout]   40:     0x5623a0d1716f - core::ops::function::FnOnce::call_once::ha6a70e79f7481a7e
[INFO] [stdout]                                at /rustc/1b7dd2252b99671ce5d1cb9664c5f8636329436d/library/core/src/ops/function.rs:250:5
[INFO] [stdout]   41:     0x5623a0d1716f - test::__rust_begin_short_backtrace::hce33033019b61e69
[INFO] [stdout]                                at /rustc/1b7dd2252b99671ce5d1cb9664c5f8636329436d/library/test/src/lib.rs:655:18
[INFO] [stdout]   42:     0x5623a0ce495c - test::run_test::{{closure}}::h858d3528838ae3e5
[INFO] [stdout]                                at /rustc/1b7dd2252b99671ce5d1cb9664c5f8636329436d/library/test/src/lib.rs:646:30
[INFO] [stdout]   43:     0x5623a0ce495c - core::ops::function::FnOnce::call_once{{vtable.shim}}::he8ac2b00f01ae79e
[INFO] [stdout]                                at /rustc/1b7dd2252b99671ce5d1cb9664c5f8636329436d/library/core/src/ops/function.rs:250:5
[INFO] [stdout]   44:     0x5623a0d16246 - <alloc::boxed::Box<F,A> as core::ops::function::FnOnce<Args>>::call_once::h8093d25b522725ef
[INFO] [stdout]                                at /rustc/1b7dd2252b99671ce5d1cb9664c5f8636329436d/library/alloc/src/boxed.rs:1973:9
[INFO] [stdout]   45:     0x5623a0d16246 - <core::panic::unwind_safe::AssertUnwindSafe<F> as core::ops::function::FnOnce<()>>::call_once::h5c334c204e4a3913
[INFO] [stdout]                                at /rustc/1b7dd2252b99671ce5d1cb9664c5f8636329436d/library/core/src/panic/unwind_safe.rs:271:9
[INFO] [stdout]   46:     0x5623a0d16246 - std::panicking::try::do_call::ha8b740c7b9478074
[INFO] [stdout]                                at /rustc/1b7dd2252b99671ce5d1cb9664c5f8636329436d/library/std/src/panicking.rs:485:40
[INFO] [stdout]   47:     0x5623a0d16246 - std::panicking::try::h5d34f63d0e41b64e
[INFO] [stdout]                                at /rustc/1b7dd2252b99671ce5d1cb9664c5f8636329436d/library/std/src/panicking.rs:449:19
[INFO] [stdout]   48:     0x5623a0d16246 - std::panic::catch_unwind::hcfbb511e1aa7fc67
[INFO] [stdout]                                at /rustc/1b7dd2252b99671ce5d1cb9664c5f8636329436d/library/std/src/panic.rs:140:14
[INFO] [stdout]   49:     0x5623a0d16246 - test::run_test_in_process::h9abda90f802eaf21
[INFO] [stdout]                                at /rustc/1b7dd2252b99671ce5d1cb9664c5f8636329436d/library/test/src/lib.rs:678:27
[INFO] [stdout]   50:     0x5623a0d16246 - test::run_test::run_test_inner::{{closure}}::h0f058de91f6c6edf
[INFO] [stdout]                                at /rustc/1b7dd2252b99671ce5d1cb9664c5f8636329436d/library/test/src/lib.rs:572:39
[INFO] [stdout]   51:     0x5623a0cdf165 - test::run_test::run_test_inner::{{closure}}::h5ca48a4c59c6c1fb
[INFO] [stdout]                                at /rustc/1b7dd2252b99671ce5d1cb9664c5f8636329436d/library/test/src/lib.rs:599:37
[INFO] [stdout]   52:     0x5623a0cdf165 - std::sys_common::backtrace::__rust_begin_short_backtrace::h32bd51e1495d4a33
[INFO] [stdout]                                at /rustc/1b7dd2252b99671ce5d1cb9664c5f8636329436d/library/std/src/sys_common/backtrace.rs:134:18
[INFO] [stdout]   53:     0x5623a0ce46a1 - std::thread::Builder::spawn_unchecked_::{{closure}}::{{closure}}::hc086fae9b128b2db
[INFO] [stdout]                                at /rustc/1b7dd2252b99671ce5d1cb9664c5f8636329436d/library/std/src/thread/mod.rs:526:17
[INFO] [stdout]   54:     0x5623a0ce46a1 - <core::panic::unwind_safe::AssertUnwindSafe<F> as core::ops::function::FnOnce<()>>::call_once::hb66571888d270d43
[INFO] [stdout]                                at /rustc/1b7dd2252b99671ce5d1cb9664c5f8636329436d/library/core/src/panic/unwind_safe.rs:271:9
[INFO] [stdout]   55:     0x5623a0ce46a1 - std::panicking::try::do_call::h4fa2ef4f6e51fecf
[INFO] [stdout]                                at /rustc/1b7dd2252b99671ce5d1cb9664c5f8636329436d/library/std/src/panicking.rs:485:40
[INFO] [stdout]   56:     0x5623a0ce46a1 - std::panicking::try::h1e9e22b8584489b5
[INFO] [stdout]                                at /rustc/1b7dd2252b99671ce5d1cb9664c5f8636329436d/library/std/src/panicking.rs:449:19
[INFO] [stdout]   57:     0x5623a0ce46a1 - std::panic::catch_unwind::h44698a3de0e0769e
[INFO] [stdout]                                at /rustc/1b7dd2252b99671ce5d1cb9664c5f8636329436d/library/std/src/panic.rs:140:14
[INFO] [stdout]   58:     0x5623a0ce46a1 - std::thread::Builder::spawn_unchecked_::{{closure}}::h50153abde3fe239e
[INFO] [stdout]                                at /rustc/1b7dd2252b99671ce5d1cb9664c5f8636329436d/library/std/src/thread/mod.rs:525:30
[INFO] [stdout]   59:     0x5623a0ce46a1 - core::ops::function::FnOnce::call_once{{vtable.shim}}::hbe5bbf6f38394364
[INFO] [stdout]                                at /rustc/1b7dd2252b99671ce5d1cb9664c5f8636329436d/library/core/src/ops/function.rs:250:5
[INFO] [stdout]   60:     0x5623a11806e5 - <alloc::boxed::Box<F,A> as core::ops::function::FnOnce<Args>>::call_once::h0d83cb2920a49046
[INFO] [stdout]                                at /rustc/1b7dd2252b99671ce5d1cb9664c5f8636329436d/library/alloc/src/boxed.rs:1973:9
[INFO] [stdout]   61:     0x5623a11806e5 - <alloc::boxed::Box<F,A> as core::ops::function::FnOnce<Args>>::call_once::hbe0a008aa7d9ef59
[INFO] [stdout]                                at /rustc/1b7dd2252b99671ce5d1cb9664c5f8636329436d/library/alloc/src/boxed.rs:1973:9
[INFO] [stdout]   62:     0x5623a11806e5 - std::sys::unix::thread::Thread::new::thread_start::h3a466996bdf6b1f9
[INFO] [stdout]                                at /rustc/1b7dd2252b99671ce5d1cb9664c5f8636329436d/library/std/src/sys/unix/thread.rs:108:17
[INFO] [stdout]   63:     0x7f3fdba85b43 - <unknown>
[INFO] [stdout]   64:     0x7f3fdbb16bb4 - __clone
[INFO] [stdout]   65:                0x0 - <unknown>
[INFO] [stdout] 
[INFO] [stdout] ---- arcana::iidx::profile::tests::test_get_profile stdout ----
[INFO] [stdout] thread 'arcana::iidx::profile::tests::test_get_profile' panicked at 'called `Result::unwrap()` on an `Err` value: error sending request for url (https://arcana.nu/api/v1/iidx/28/profiles/?dj_name=1015-0869): error trying to connect: dns error: failed to lookup address information: Temporary failure in name resolution
[INFO] [stdout] 
[INFO] [stdout] Caused by:
[INFO] [stdout]     0: error trying to connect: dns error: failed to lookup address information: Temporary failure in name resolution
[INFO] [stdout]     1: dns error: failed to lookup address information: Temporary failure in name resolution
[INFO] [stdout]     2: failed to lookup address information: Temporary failure in name resolution', src/arcana/iidx/profile.rs:47:61
[INFO] [stdout] stack backtrace:
[INFO] [stdout]    0:     0x5623a1179e8a - std::backtrace_rs::backtrace::libunwind::trace::h2f05d0192276a8f6
[INFO] [stdout]                                at /rustc/1b7dd2252b99671ce5d1cb9664c5f8636329436d/library/std/src/../../backtrace/src/backtrace/libunwind.rs:93:5
[INFO] [stdout]    1:     0x5623a1179e8a - std::backtrace_rs::backtrace::trace_unsynchronized::hedc23dff7a1af150
[INFO] [stdout]                                at /rustc/1b7dd2252b99671ce5d1cb9664c5f8636329436d/library/std/src/../../backtrace/src/backtrace/mod.rs:66:5
[INFO] [stdout]    2:     0x5623a1179e8a - std::sys_common::backtrace::_print_fmt::h17541ef7592f3ce2
[INFO] [stdout]                                at /rustc/1b7dd2252b99671ce5d1cb9664c5f8636329436d/library/std/src/sys_common/backtrace.rs:65:5
[INFO] [stdout]    3:     0x5623a1179e8a - <std::sys_common::backtrace::_print::DisplayBacktrace as core::fmt::Display>::fmt::h20f75df5ab0c0792
[INFO] [stdout]                                at /rustc/1b7dd2252b99671ce5d1cb9664c5f8636329436d/library/std/src/sys_common/backtrace.rs:44:22
[INFO] [stdout]    4:     0x5623a11a160f - core::fmt::write::h78109e6f466b3af6
[INFO] [stdout]                                at /rustc/1b7dd2252b99671ce5d1cb9664c5f8636329436d/library/core/src/fmt/mod.rs:1254:17
[INFO] [stdout]    5:     0x5623a11766c5 - std::io::Write::write_fmt::hd24bfb68a1b35a25
[INFO] [stdout]                                at /rustc/1b7dd2252b99671ce5d1cb9664c5f8636329436d/library/std/src/io/mod.rs:1698:15
[INFO] [stdout]    6:     0x5623a1179c55 - std::sys_common::backtrace::_print::h8dac57a9f8fbf9a5
[INFO] [stdout]                                at /rustc/1b7dd2252b99671ce5d1cb9664c5f8636329436d/library/std/src/sys_common/backtrace.rs:47:5
[INFO] [stdout]    7:     0x5623a1179c55 - std::sys_common::backtrace::print::hf9ecbf41d1aa712f
[INFO] [stdout]                                at /rustc/1b7dd2252b99671ce5d1cb9664c5f8636329436d/library/std/src/sys_common/backtrace.rs:34:9
[INFO] [stdout]    8:     0x5623a117b90e - std::panicking::default_hook::{{closure}}::h04c07acfc84ca028
[INFO] [stdout]                                at /rustc/1b7dd2252b99671ce5d1cb9664c5f8636329436d/library/std/src/panicking.rs:269:22
[INFO] [stdout]    9:     0x5623a117b641 - std::panicking::default_hook::h01f6bb23e1eceb2c
[INFO] [stdout]                                at /rustc/1b7dd2252b99671ce5d1cb9664c5f8636329436d/library/std/src/panicking.rs:285:9
[INFO] [stdout]   10:     0x5623a0d1229b - <alloc::boxed::Box<F,A> as core::ops::function::Fn<Args>>::call::h87fe9f7b2fd49e4c
[INFO] [stdout]                                at /rustc/1b7dd2252b99671ce5d1cb9664c5f8636329436d/library/alloc/src/boxed.rs:1987:9
[INFO] [stdout]   11:     0x5623a0d1229b - test::test_main::{{closure}}::he94d679243a7531b
[INFO] [stdout]                                at /rustc/1b7dd2252b99671ce5d1cb9664c5f8636329436d/library/test/src/lib.rs:134:21
[INFO] [stdout]   12:     0x5623a117bff4 - <alloc::boxed::Box<F,A> as core::ops::function::Fn<Args>>::call::h3f2d6d8b14c4769f
[INFO] [stdout]                                at /rustc/1b7dd2252b99671ce5d1cb9664c5f8636329436d/library/alloc/src/boxed.rs:1987:9
[INFO] [stdout]   13:     0x5623a117bff4 - std::panicking::rust_panic_with_hook::h2bb3722bbaf2f6df
[INFO] [stdout]                                at /rustc/1b7dd2252b99671ce5d1cb9664c5f8636329436d/library/std/src/panicking.rs:695:13
[INFO] [stdout]   14:     0x5623a117bd69 - std::panicking::begin_panic_handler::{{closure}}::h91bc7f36a4be011b
[INFO] [stdout]                                at /rustc/1b7dd2252b99671ce5d1cb9664c5f8636329436d/library/std/src/panicking.rs:582:13
[INFO] [stdout]   15:     0x5623a117a2f6 - std::sys_common::backtrace::__rust_end_short_backtrace::h8b3d3717114f9e59
[INFO] [stdout]                                at /rustc/1b7dd2252b99671ce5d1cb9664c5f8636329436d/library/std/src/sys_common/backtrace.rs:150:18
[INFO] [stdout]   16:     0x5623a117bac2 - rust_begin_unwind
[INFO] [stdout]                                at /rustc/1b7dd2252b99671ce5d1cb9664c5f8636329436d/library/std/src/panicking.rs:578:5
[INFO] [stdout]   17:     0x5623a0c7a443 - core::panicking::panic_fmt::hfd368e3fbdabea26
[INFO] [stdout]                                at /rustc/1b7dd2252b99671ce5d1cb9664c5f8636329436d/library/core/src/panicking.rs:67:14
[INFO] [stdout]   18:     0x5623a0c7a9e3 - core::result::unwrap_failed::he54eb4b2f125b26f
[INFO] [stdout]                                at /rustc/1b7dd2252b99671ce5d1cb9664c5f8636329436d/library/core/src/result.rs:1687:5
[INFO] [stdout]   19:     0x5623a0cda10c - core::result::Result<T,E>::unwrap::h2a21b38beb694f42
[INFO] [stdout]                                at /rustc/1b7dd2252b99671ce5d1cb9664c5f8636329436d/library/core/src/result.rs:1089:23
[INFO] [stdout]   20:     0x5623a0cbaae9 - arcmugbot::arcana::iidx::profile::tests::test_get_profile::{{closure}}::he16aa1d3d3a82232
[INFO] [stdout]                                at /opt/rustwide/workdir/src/arcana/iidx/profile.rs:47:26
[INFO] [stdout]   21:     0x5623a0cb7ceb - <core::pin::Pin<P> as core::future::future::Future>::poll::h7209d02e9a380df2
[INFO] [stdout]                                at /rustc/1b7dd2252b99671ce5d1cb9664c5f8636329436d/library/core/src/future/future.rs:125:9
[INFO] [stdout]   22:     0x5623a0c9fb74 - tokio::runtime::scheduler::current_thread::CoreGuard::block_on::{{closure}}::{{closure}}::{{closure}}::h018e9fc4e340a5c5
[INFO] [stdout]                                at /opt/rustwide/cargo-home/registry/src/index.crates.io-6f17d22bba15001f/tokio-1.21.2/src/runtime/scheduler/current_thread.rs:525:48
[INFO] [stdout]   23:     0x5623a0ccc010 - tokio::coop::with_budget::{{closure}}::h31b873da44fb429a
[INFO] [stdout]                                at /opt/rustwide/cargo-home/registry/src/index.crates.io-6f17d22bba15001f/tokio-1.21.2/src/coop.rs:102:9
[INFO] [stdout]   24:     0x5623a0cc8ef9 - std::thread::local::LocalKey<T>::try_with::h9b102c4c6f34d667
[INFO] [stdout]                                at /rustc/1b7dd2252b99671ce5d1cb9664c5f8636329436d/library/std/src/thread/local.rs:252:16
[INFO] [stdout]   25:     0x5623a0cc698a - std::thread::local::LocalKey<T>::with::h9bd765b838994984
[INFO] [stdout]                                at /rustc/1b7dd2252b99671ce5d1cb9664c5f8636329436d/library/std/src/thread/local.rs:228:9
[INFO] [stdout]   26:     0x5623a0c9f076 - tokio::coop::with_budget::he8907062bf5008d6
[INFO] [stdout]                                at /opt/rustwide/cargo-home/registry/src/index.crates.io-6f17d22bba15001f/tokio-1.21.2/src/coop.rs:95:5
[INFO] [stdout]   27:     0x5623a0c9f076 - tokio::coop::budget::h4b680357b275687a
[INFO] [stdout]                                at /opt/rustwide/cargo-home/registry/src/index.crates.io-6f17d22bba15001f/tokio-1.21.2/src/coop.rs:72:5
[INFO] [stdout]   28:     0x5623a0c9f076 - tokio::runtime::scheduler::current_thread::CoreGuard::block_on::{{closure}}::{{closure}}::h180020502b8c18b4
[INFO] [stdout]                                at /opt/rustwide/cargo-home/registry/src/index.crates.io-6f17d22bba15001f/tokio-1.21.2/src/runtime/scheduler/current_thread.rs:525:25
[INFO] [stdout]   29:     0x5623a0c975a9 - tokio::runtime::scheduler::current_thread::Context::enter::hffffba7f325c05a2
[INFO] [stdout]                                at /opt/rustwide/cargo-home/registry/src/index.crates.io-6f17d22bba15001f/tokio-1.21.2/src/runtime/scheduler/current_thread.rs:349:19
[INFO] [stdout]   30:     0x5623a0c9e633 - tokio::runtime::scheduler::current_thread::CoreGuard::block_on::{{closure}}::hfc84372a271548d0
[INFO] [stdout]                                at /opt/rustwide/cargo-home/registry/src/index.crates.io-6f17d22bba15001f/tokio-1.21.2/src/runtime/scheduler/current_thread.rs:524:36
[INFO] [stdout]   31:     0x5623a0c99f5b - tokio::runtime::scheduler::current_thread::CoreGuard::enter::{{closure}}::h5228ed19316aa82f
[INFO] [stdout]                                at /opt/rustwide/cargo-home/registry/src/index.crates.io-6f17d22bba15001f/tokio-1.21.2/src/runtime/scheduler/current_thread.rs:595:57
[INFO] [stdout]   32:     0x5623a0cad5bd - tokio::macros::scoped_tls::ScopedKey<T>::set::h428d3b34dbff75a8
[INFO] [stdout]                                at /opt/rustwide/cargo-home/registry/src/index.crates.io-6f17d22bba15001f/tokio-1.21.2/src/macros/scoped_tls.rs:61:9
[INFO] [stdout]   33:     0x5623a0c98516 - tokio::runtime::scheduler::current_thread::CoreGuard::enter::h12fc8a33de3ac607
[INFO] [stdout]                                at /opt/rustwide/cargo-home/registry/src/index.crates.io-6f17d22bba15001f/tokio-1.21.2/src/runtime/scheduler/current_thread.rs:595:27
[INFO] [stdout]   34:     0x5623a0c9a2ac - tokio::runtime::scheduler::current_thread::CoreGuard::block_on::he4cf49e875189b18
[INFO] [stdout]                                at /opt/rustwide/cargo-home/registry/src/index.crates.io-6f17d22bba15001f/tokio-1.21.2/src/runtime/scheduler/current_thread.rs:515:19
[INFO] [stdout]   35:     0x5623a0c94262 - tokio::runtime::scheduler::current_thread::CurrentThread::block_on::hf2eb30d13fa46fc9
[INFO] [stdout]                                at /opt/rustwide/cargo-home/registry/src/index.crates.io-6f17d22bba15001f/tokio-1.21.2/src/runtime/scheduler/current_thread.rs:161:24
[INFO] [stdout]   36:     0x5623a0cb6be1 - tokio::runtime::Runtime::block_on::h3ffc0101ca7cc767
[INFO] [stdout]                                at /opt/rustwide/cargo-home/registry/src/index.crates.io-6f17d22bba15001f/tokio-1.21.2/src/runtime/mod.rs:490:46
[INFO] [stdout]   37:     0x5623a0cba81f - arcmugbot::arcana::iidx::profile::tests::test_get_profile::he85539e7e58f3ec5
[INFO] [stdout]                                at /opt/rustwide/workdir/src/arcana/iidx/profile.rs:47:9
[INFO] [stdout]   38:     0x5623a0cba6e7 - arcmugbot::arcana::iidx::profile::tests::test_get_profile::{{closure}}::h980619d3f0e32eb3
[INFO] [stdout]                                at /opt/rustwide/workdir/src/arcana/iidx/profile.rs:46:33
[INFO] [stdout]   39:     0x5623a0cbb435 - core::ops::function::FnOnce::call_once::hee7a4e31d94e44e4
[INFO] [stdout]                                at /rustc/1b7dd2252b99671ce5d1cb9664c5f8636329436d/library/core/src/ops/function.rs:250:5
[INFO] [stdout]   40:     0x5623a0d1716f - core::ops::function::FnOnce::call_once::ha6a70e79f7481a7e
[INFO] [stdout]                                at /rustc/1b7dd2252b99671ce5d1cb9664c5f8636329436d/library/core/src/ops/function.rs:250:5
[INFO] [stdout]   41:     0x5623a0d1716f - test::__rust_begin_short_backtrace::hce33033019b61e69
[INFO] [stdout]                                at /rustc/1b7dd2252b99671ce5d1cb9664c5f8636329436d/library/test/src/lib.rs:655:18
[INFO] [stdout]   42:     0x5623a0ce495c - test::run_test::{{closure}}::h858d3528838ae3e5
[INFO] [stdout]                                at /rustc/1b7dd2252b99671ce5d1cb9664c5f8636329436d/library/test/src/lib.rs:646:30
[INFO] [stdout]   43:     0x5623a0ce495c - core::ops::function::FnOnce::call_once{{vtable.shim}}::he8ac2b00f01ae79e
[INFO] [stdout]                                at /rustc/1b7dd2252b99671ce5d1cb9664c5f8636329436d/library/core/src/ops/function.rs:250:5
[INFO] [stdout]   44:     0x5623a0d16246 - <alloc::boxed::Box<F,A> as core::ops::function::FnOnce<Args>>::call_once::h8093d25b522725ef
[INFO] [stdout]                                at /rustc/1b7dd2252b99671ce5d1cb9664c5f8636329436d/library/alloc/src/boxed.rs:1973:9
[INFO] [stdout]   45:     0x5623a0d16246 - <core::panic::unwind_safe::AssertUnwindSafe<F> as core::ops::function::FnOnce<()>>::call_once::h5c334c204e4a3913
[INFO] [stdout]                                at /rustc/1b7dd2252b99671ce5d1cb9664c5f8636329436d/library/core/src/panic/unwind_safe.rs:271:9
[INFO] [stdout]   46:     0x5623a0d16246 - std::panicking::try::do_call::ha8b740c7b9478074
[INFO] [stdout]                                at /rustc/1b7dd2252b99671ce5d1cb9664c5f8636329436d/library/std/src/panicking.rs:485:40
[INFO] [stdout]   47:     0x5623a0d16246 - std::panicking::try::h5d34f63d0e41b64e
[INFO] [stdout]                                at /rustc/1b7dd2252b99671ce5d1cb9664c5f8636329436d/library/std/src/panicking.rs:449:19
[INFO] [stdout]   48:     0x5623a0d16246 - std::panic::catch_unwind::hcfbb511e1aa7fc67
[INFO] [stdout]                                at /rustc/1b7dd2252b99671ce5d1cb9664c5f8636329436d/library/std/src/panic.rs:140:14
[INFO] [stdout]   49:     0x5623a0d16246 - test::run_test_in_process::h9abda90f802eaf21
[INFO] [stdout]                                at /rustc/1b7dd2252b99671ce5d1cb9664c5f8636329436d/library/test/src/lib.rs:678:27
[INFO] [stdout]   50:     0x5623a0d16246 - test::run_test::run_test_inner::{{closure}}::h0f058de91f6c6edf
[INFO] [stdout]                                at /rustc/1b7dd2252b99671ce5d1cb9664c5f8636329436d/library/test/src/lib.rs:572:39
[INFO] [stdout]   51:     0x5623a0cdf165 - test::run_test::run_test_inner::{{closure}}::h5ca48a4c59c6c1fb
[INFO] [stdout]                                at /rustc/1b7dd2252b99671ce5d1cb9664c5f8636329436d/library/test/src/lib.rs:599:37
[INFO] [stdout]   52:     0x5623a0cdf165 - std::sys_common::backtrace::__rust_begin_short_backtrace::h32bd51e1495d4a33
[INFO] [stdout]                                at /rustc/1b7dd2252b99671ce5d1cb9664c5f8636329436d/library/std/src/sys_common/backtrace.rs:134:18
[INFO] [stdout]   53:     0x5623a0ce46a1 - std::thread::Builder::spawn_unchecked_::{{closure}}::{{closure}}::hc086fae9b128b2db
[INFO] [stdout]                                at /rustc/1b7dd2252b99671ce5d1cb9664c5f8636329436d/library/std/src/thread/mod.rs:526:17
[INFO] [stdout]   54:     0x5623a0ce46a1 - <core::panic::unwind_safe::AssertUnwindSafe<F> as core::ops::function::FnOnce<()>>::call_once::hb66571888d270d43
[INFO] [stdout]                                at /rustc/1b7dd2252b99671ce5d1cb9664c5f8636329436d/library/core/src/panic/unwind_safe.rs:271:9
[INFO] [stdout]   55:     0x5623a0ce46a1 - std::panicking::try::do_call::h4fa2ef4f6e51fecf
[INFO] [stdout]                                at /rustc/1b7dd2252b99671ce5d1cb9664c5f8636329436d/library/std/src/panicking.rs:485:40
[INFO] [stdout]   56:     0x5623a0ce46a1 - std::panicking::try::h1e9e22b8584489b5
[INFO] [stdout]                                at /rustc/1b7dd2252b99671ce5d1cb9664c5f8636329436d/library/std/src/panicking.rs:449:19
[INFO] [stdout]   57:     0x5623a0ce46a1 - std::panic::catch_unwind::h44698a3de0e0769e
[INFO] [stdout]                                at /rustc/1b7dd2252b99671ce5d1cb9664c5f8636329436d/library/std/src/panic.rs:140:14
[INFO] [stdout]   58:     0x5623a0ce46a1 - std::thread::Builder::spawn_unchecked_::{{closure}}::h50153abde3fe239e
[INFO] [stdout]                                at /rustc/1b7dd2252b99671ce5d1cb9664c5f8636329436d/library/std/src/thread/mod.rs:525:30
[INFO] [stdout]   59:     0x5623a0ce46a1 - core::ops::function::FnOnce::call_once{{vtable.shim}}::hbe5bbf6f38394364
[INFO] [stdout]                                at /rustc/1b7dd2252b99671ce5d1cb9664c5f8636329436d/library/core/src/ops/function.rs:250:5
[INFO] [stdout]   60:     0x5623a11806e5 - <alloc::boxed::Box<F,A> as core::ops::function::FnOnce<Args>>::call_once::h0d83cb2920a49046
[INFO] [stdout]                                at /rustc/1b7dd2252b99671ce5d1cb9664c5f8636329436d/library/alloc/src/boxed.rs:1973:9
[INFO] [stdout]   61:     0x5623a11806e5 - <alloc::boxed::Box<F,A> as core::ops::function::FnOnce<Args>>::call_once::hbe0a008aa7d9ef59
[INFO] [stdout]                                at /rustc/1b7dd2252b99671ce5d1cb9664c5f8636329436d/library/alloc/src/boxed.rs:1973:9
[INFO] [stdout]   62:     0x5623a11806e5 - std::sys::unix::thread::Thread::new::thread_start::h3a466996bdf6b1f9
[INFO] [stdout]                                at /rustc/1b7dd2252b99671ce5d1cb9664c5f8636329436d/library/std/src/sys/unix/thread.rs:108:17
[INFO] [stdout]   63:     0x7f3fdba85b43 - <unknown>
[INFO] [stdout]   64:     0x7f3fdbb16bb4 - __clone
[INFO] [stdout]   65:                0x0 - <unknown>
[INFO] [stdout] 
[INFO] [stdout] ---- arcana::iidx::music::tests::test_get_music_folder stdout ----
[INFO] [stdout] thread 'arcana::iidx::music::tests::test_get_music_folder' panicked at 'called `Result::unwrap()` on an `Err` value: error sending request for url (https://arcana.nu/api/v1/iidx/28/music/?folder=1): error trying to connect: dns error: failed to lookup address information: Temporary failure in name resolution
[INFO] [stdout] 
[INFO] [stdout] Caused by:
[INFO] [stdout]     0: error trying to connect: dns error: failed to lookup address information: Temporary failure in name resolution
[INFO] [stdout]     1: dns error: failed to lookup address information: Temporary failure in name resolution
[INFO] [stdout]     2: failed to lookup address information: Temporary failure in name resolution', src/arcana/iidx/music.rs:45:56
[INFO] [stdout] stack backtrace:
[INFO] [stdout]    0:     0x5623a1179e8a - std::backtrace_rs::backtrace::libunwind::trace::h2f05d0192276a8f6
[INFO] [stdout]                                at /rustc/1b7dd2252b99671ce5d1cb9664c5f8636329436d/library/std/src/../../backtrace/src/backtrace/libunwind.rs:93:5
[INFO] [stdout]    1:     0x5623a1179e8a - std::backtrace_rs::backtrace::trace_unsynchronized::hedc23dff7a1af150
[INFO] [stdout]                                at /rustc/1b7dd2252b99671ce5d1cb9664c5f8636329436d/library/std/src/../../backtrace/src/backtrace/mod.rs:66:5
[INFO] [stdout]    2:     0x5623a1179e8a - std::sys_common::backtrace::_print_fmt::h17541ef7592f3ce2
[INFO] [stdout]                                at /rustc/1b7dd2252b99671ce5d1cb9664c5f8636329436d/library/std/src/sys_common/backtrace.rs:65:5
[INFO] [stdout]    3:     0x5623a1179e8a - <std::sys_common::backtrace::_print::DisplayBacktrace as core::fmt::Display>::fmt::h20f75df5ab0c0792
[INFO] [stdout]                                at /rustc/1b7dd2252b99671ce5d1cb9664c5f8636329436d/library/std/src/sys_common/backtrace.rs:44:22
[INFO] [stdout]    4:     0x5623a11a160f - core::fmt::write::h78109e6f466b3af6
[INFO] [stdout]                                at /rustc/1b7dd2252b99671ce5d1cb9664c5f8636329436d/library/core/src/fmt/mod.rs:1254:17
[INFO] [stdout]    5:     0x5623a11766c5 - std::io::Write::write_fmt::hd24bfb68a1b35a25
[INFO] [stdout]                                at /rustc/1b7dd2252b99671ce5d1cb9664c5f8636329436d/library/std/src/io/mod.rs:1698:15
[INFO] [stdout]    6:     0x5623a1179c55 - std::sys_common::backtrace::_print::h8dac57a9f8fbf9a5
[INFO] [stdout]                                at /rustc/1b7dd2252b99671ce5d1cb9664c5f8636329436d/library/std/src/sys_common/backtrace.rs:47:5
[INFO] [stdout]    7:     0x5623a1179c55 - std::sys_common::backtrace::print::hf9ecbf41d1aa712f
[INFO] [stdout]                                at /rustc/1b7dd2252b99671ce5d1cb9664c5f8636329436d/library/std/src/sys_common/backtrace.rs:34:9
[INFO] [stdout]    8:     0x5623a117b90e - std::panicking::default_hook::{{closure}}::h04c07acfc84ca028
[INFO] [stdout]                                at /rustc/1b7dd2252b99671ce5d1cb9664c5f8636329436d/library/std/src/panicking.rs:269:22
[INFO] [stdout]    9:     0x5623a117b641 - std::panicking::default_hook::h01f6bb23e1eceb2c
[INFO] [stdout]                                at /rustc/1b7dd2252b99671ce5d1cb9664c5f8636329436d/library/std/src/panicking.rs:285:9
[INFO] [stdout]   10:     0x5623a0d1229b - <alloc::boxed::Box<F,A> as core::ops::function::Fn<Args>>::call::h87fe9f7b2fd49e4c
[INFO] [stdout]                                at /rustc/1b7dd2252b99671ce5d1cb9664c5f8636329436d/library/alloc/src/boxed.rs:1987:9
[INFO] [stdout]   11:     0x5623a0d1229b - test::test_main::{{closure}}::he94d679243a7531b
[INFO] [stdout]                                at /rustc/1b7dd2252b99671ce5d1cb9664c5f8636329436d/library/test/src/lib.rs:134:21
[INFO] [stdout]   12:     0x5623a117bff4 - <alloc::boxed::Box<F,A> as core::ops::function::Fn<Args>>::call::h3f2d6d8b14c4769f
[INFO] [stdout]                                at /rustc/1b7dd2252b99671ce5d1cb9664c5f8636329436d/library/alloc/src/boxed.rs:1987:9
[INFO] [stdout]   13:     0x5623a117bff4 - std::panicking::rust_panic_with_hook::h2bb3722bbaf2f6df
[INFO] [stdout]                                at /rustc/1b7dd2252b99671ce5d1cb9664c5f8636329436d/library/std/src/panicking.rs:695:13
[INFO] [stdout]   14:     0x5623a117bd69 - std::panicking::begin_panic_handler::{{closure}}::h91bc7f36a4be011b
[INFO] [stdout]                                at /rustc/1b7dd2252b99671ce5d1cb9664c5f8636329436d/library/std/src/panicking.rs:582:13
[INFO] [stdout]   15:     0x5623a117a2f6 - std::sys_common::backtrace::__rust_end_short_backtrace::h8b3d3717114f9e59
[INFO] [stdout]                                at /rustc/1b7dd2252b99671ce5d1cb9664c5f8636329436d/library/std/src/sys_common/backtrace.rs:150:18
[INFO] [stdout]   16:     0x5623a117bac2 - rust_begin_unwind
[INFO] [stdout]                                at /rustc/1b7dd2252b99671ce5d1cb9664c5f8636329436d/library/std/src/panicking.rs:578:5
[INFO] [stdout]   17:     0x5623a0c7a443 - core::panicking::panic_fmt::hfd368e3fbdabea26
[INFO] [stdout]                                at /rustc/1b7dd2252b99671ce5d1cb9664c5f8636329436d/library/core/src/panicking.rs:67:14
[INFO] [stdout]   18:     0x5623a0c7a9e3 - core::result::unwrap_failed::he54eb4b2f125b26f
[INFO] [stdout]                                at /rustc/1b7dd2252b99671ce5d1cb9664c5f8636329436d/library/core/src/result.rs:1687:5
[INFO] [stdout]   19:     0x5623a0cda03c - core::result::Result<T,E>::unwrap::h09732f3487eb7664
[INFO] [stdout]                                at /rustc/1b7dd2252b99671ce5d1cb9664c5f8636329436d/library/core/src/result.rs:1089:23
[INFO] [stdout]   20:     0x5623a0cba612 - arcmugbot::arcana::iidx::music::tests::test_get_music_folder::{{closure}}::h872b3ff19209820b
[INFO] [stdout]                                at /opt/rustwide/workdir/src/arcana/iidx/music.rs:45:26
[INFO] [stdout]   21:     0x5623a0cb7c9b - <core::pin::Pin<P> as core::future::future::Future>::poll::h252449d371a97f13
[INFO] [stdout]                                at /rustc/1b7dd2252b99671ce5d1cb9664c5f8636329436d/library/core/src/future/future.rs:125:9
[INFO] [stdout]   22:     0x5623a0c9fcb4 - tokio::runtime::scheduler::current_thread::CoreGuard::block_on::{{closure}}::{{closure}}::{{closure}}::h9b5850b9810b0f42
[INFO] [stdout]                                at /opt/rustwide/cargo-home/registry/src/index.crates.io-6f17d22bba15001f/tokio-1.21.2/src/runtime/scheduler/current_thread.rs:525:48
[INFO] [stdout]   23:     0x5623a0ccd0b0 - tokio::coop::with_budget::{{closure}}::ha0f366df65f4fd58
[INFO] [stdout]                                at /opt/rustwide/cargo-home/registry/src/index.crates.io-6f17d22bba15001f/tokio-1.21.2/src/coop.rs:102:9
[INFO] [stdout]   24:     0x5623a0cc9a89 - std::thread::local::LocalKey<T>::try_with::hde4c438f7334a759
[INFO] [stdout]                                at /rustc/1b7dd2252b99671ce5d1cb9664c5f8636329436d/library/std/src/thread/local.rs:252:16
[INFO] [stdout]   25:     0x5623a0cc655a - std::thread::local::LocalKey<T>::with::h0efea973628153ee
[INFO] [stdout]                                at /rustc/1b7dd2252b99671ce5d1cb9664c5f8636329436d/library/std/src/thread/local.rs:228:9
[INFO] [stdout]   26:     0x5623a0c9fb06 - tokio::coop::with_budget::h01efdf35a0dbd59f
[INFO] [stdout]                                at /opt/rustwide/cargo-home/registry/src/index.crates.io-6f17d22bba15001f/tokio-1.21.2/src/coop.rs:95:5
[INFO] [stdout]   27:     0x5623a0c9fb06 - tokio::coop::budget::h0c1e958f277be947
[INFO] [stdout]                                at /opt/rustwide/cargo-home/registry/src/index.crates.io-6f17d22bba15001f/tokio-1.21.2/src/coop.rs:72:5
[INFO] [stdout]   28:     0x5623a0c9fb06 - tokio::runtime::scheduler::current_thread::CoreGuard::block_on::{{closure}}::{{closure}}::hf5679681df709deb
[INFO] [stdout]                                at /opt/rustwide/cargo-home/registry/src/index.crates.io-6f17d22bba15001f/tokio-1.21.2/src/runtime/scheduler/current_thread.rs:525:25
[INFO] [stdout]   29:     0x5623a0c95319 - tokio::runtime::scheduler::current_thread::Context::enter::h2cfc66804e9c3f2e
[INFO] [stdout]                                at /opt/rustwide/cargo-home/registry/src/index.crates.io-6f17d22bba15001f/tokio-1.21.2/src/runtime/scheduler/current_thread.rs:349:19
[INFO] [stdout]   30:     0x5623a0c9d0d3 - tokio::runtime::scheduler::current_thread::CoreGuard::block_on::{{closure}}::ha19b6842310cdfd3
[INFO] [stdout]                                at /opt/rustwide/cargo-home/registry/src/index.crates.io-6f17d22bba15001f/tokio-1.21.2/src/runtime/scheduler/current_thread.rs:524:36
[INFO] [stdout]   31:     0x5623a0c99fdb - tokio::runtime::scheduler::current_thread::CoreGuard::enter::{{closure}}::h7fec3cfca6bb4cba
[INFO] [stdout]                                at /opt/rustwide/cargo-home/registry/src/index.crates.io-6f17d22bba15001f/tokio-1.21.2/src/runtime/scheduler/current_thread.rs:595:57
[INFO] [stdout]   32:     0x5623a0cad47d - tokio::macros::scoped_tls::ScopedKey<T>::set::h01d0be371e2563d6
[INFO] [stdout]                                at /opt/rustwide/cargo-home/registry/src/index.crates.io-6f17d22bba15001f/tokio-1.21.2/src/macros/scoped_tls.rs:61:9
[INFO] [stdout]   33:     0x5623a0c998c6 - tokio::runtime::scheduler::current_thread::CoreGuard::enter::hc22cca46dd7ec24d
[INFO] [stdout]                                at /opt/rustwide/cargo-home/registry/src/index.crates.io-6f17d22bba15001f/tokio-1.21.2/src/runtime/scheduler/current_thread.rs:595:27
[INFO] [stdout]   34:     0x5623a0c9a24c - tokio::runtime::scheduler::current_thread::CoreGuard::block_on::hbbe51a18f1c762d0
[INFO] [stdout]                                at /opt/rustwide/cargo-home/registry/src/index.crates.io-6f17d22bba15001f/tokio-1.21.2/src/runtime/scheduler/current_thread.rs:515:19
[INFO] [stdout]   35:     0x5623a0c939a2 - tokio::runtime::scheduler::current_thread::CurrentThread::block_on::ha6c0a53b85c61f79
[INFO] [stdout]                                at /opt/rustwide/cargo-home/registry/src/index.crates.io-6f17d22bba15001f/tokio-1.21.2/src/runtime/scheduler/current_thread.rs:161:24
[INFO] [stdout]   36:     0x5623a0cb7091 - tokio::runtime::Runtime::block_on::hd7629538c6959831
[INFO] [stdout]                                at /opt/rustwide/cargo-home/registry/src/index.crates.io-6f17d22bba15001f/tokio-1.21.2/src/runtime/mod.rs:490:46
[INFO] [stdout]   37:     0x5623a0cba34f - arcmugbot::arcana::iidx::music::tests::test_get_music_folder::hc0ff6aabf369343f
[INFO] [stdout]                                at /opt/rustwide/workdir/src/arcana/iidx/music.rs:45:9
[INFO] [stdout]   38:     0x5623a0cba217 - arcmugbot::arcana::iidx::music::tests::test_get_music_folder::{{closure}}::h3febed310df79c08
[INFO] [stdout]                                at /opt/rustwide/workdir/src/arcana/iidx/music.rs:44:38
[INFO] [stdout]   39:     0x5623a0cbb395 - core::ops::function::FnOnce::call_once::hd5376e4eea70f65e
[INFO] [stdout]                                at /rustc/1b7dd2252b99671ce5d1cb9664c5f8636329436d/library/core/src/ops/function.rs:250:5
[INFO] [stdout]   40:     0x5623a0d1716f - core::ops::function::FnOnce::call_once::ha6a70e79f7481a7e
[INFO] [stdout]                                at /rustc/1b7dd2252b99671ce5d1cb9664c5f8636329436d/library/core/src/ops/function.rs:250:5
[INFO] [stdout]   41:     0x5623a0d1716f - test::__rust_begin_short_backtrace::hce33033019b61e69
[INFO] [stdout]                                at /rustc/1b7dd2252b99671ce5d1cb9664c5f8636329436d/library/test/src/lib.rs:655:18
[INFO] [stdout]   42:     0x5623a0ce495c - test::run_test::{{closure}}::h858d3528838ae3e5
[INFO] [stdout]                                at /rustc/1b7dd2252b99671ce5d1cb9664c5f8636329436d/library/test/src/lib.rs:646:30
[INFO] [stdout]   43:     0x5623a0ce495c - core::ops::function::FnOnce::call_once{{vtable.shim}}::he8ac2b00f01ae79e
[INFO] [stdout]                                at /rustc/1b7dd2252b99671ce5d1cb9664c5f8636329436d/library/core/src/ops/function.rs:250:5
[INFO] [stdout]   44:     0x5623a0d16246 - <alloc::boxed::Box<F,A> as core::ops::function::FnOnce<Args>>::call_once::h8093d25b522725ef
[INFO] [stdout]                                at /rustc/1b7dd2252b99671ce5d1cb9664c5f8636329436d/library/alloc/src/boxed.rs:1973:9
[INFO] [stdout]   45:     0x5623a0d16246 - <core::panic::unwind_safe::AssertUnwindSafe<F> as core::ops::function::FnOnce<()>>::call_once::h5c334c204e4a3913
[INFO] [stdout]                                at /rustc/1b7dd2252b99671ce5d1cb9664c5f8636329436d/library/core/src/panic/unwind_safe.rs:271:9
[INFO] [stdout]   46:     0x5623a0d16246 - std::panicking::try::do_call::ha8b740c7b9478074
[INFO] [stdout]                                at /rustc/1b7dd2252b99671ce5d1cb9664c5f8636329436d/library/std/src/panicking.rs:485:40
[INFO] [stdout]   47:     0x5623a0d16246 - std::panicking::try::h5d34f63d0e41b64e
[INFO] [stdout]                                at /rustc/1b7dd2252b99671ce5d1cb9664c5f8636329436d/library/std/src/panicking.rs:449:19
[INFO] [stdout]   48:     0x5623a0d16246 - std::panic::catch_unwind::hcfbb511e1aa7fc67
[INFO] [stdout]                                at /rustc/1b7dd2252b99671ce5d1cb9664c5f8636329436d/library/std/src/panic.rs:140:14
[INFO] [stdout]   49:     0x5623a0d16246 - test::run_test_in_process::h9abda90f802eaf21
[INFO] [stdout]                                at /rustc/1b7dd2252b99671ce5d1cb9664c5f8636329436d/library/test/src/lib.rs:678:27
[INFO] [stdout]   50:     0x5623a0d16246 - test::run_test::run_test_inner::{{closure}}::h0f058de91f6c6edf
[INFO] [stdout]                                at /rustc/1b7dd2252b99671ce5d1cb9664c5f8636329436d/library/test/src/lib.rs:572:39
[INFO] [stdout]   51:     0x5623a0cdf165 - test::run_test::run_test_inner::{{closure}}::h5ca48a4c59c6c1fb
[INFO] [stdout]                                at /rustc/1b7dd2252b99671ce5d1cb9664c5f8636329436d/library/test/src/lib.rs:599:37
[INFO] [stdout]   52:     0x5623a0cdf165 - std::sys_common::backtrace::__rust_begin_short_backtrace::h32bd51e1495d4a33
[INFO] [stdout]                                at /rustc/1b7dd2252b99671ce5d1cb9664c5f8636329436d/library/std/src/sys_common/backtrace.rs:134:18
[INFO] [stdout]   53:     0x5623a0ce46a1 - std::thread::Builder::spawn_unchecked_::{{closure}}::{{closure}}::hc086fae9b128b2db
[INFO] [stdout]                                at /rustc/1b7dd2252b99671ce5d1cb9664c5f8636329436d/library/std/src/thread/mod.rs:526:17
[INFO] [stdout]   54:     0x5623a0ce46a1 - <core::panic::unwind_safe::AssertUnwindSafe<F> as core::ops::function::FnOnce<()>>::call_once::hb66571888d270d43
[INFO] [stdout]                                at /rustc/1b7dd2252b99671ce5d1cb9664c5f8636329436d/library/core/src/panic/unwind_safe.rs:271:9
[INFO] [stdout]   55:     0x5623a0ce46a1 - std::panicking::try::do_call::h4fa2ef4f6e51fecf
[INFO] [stdout]                                at /rustc/1b7dd2252b99671ce5d1cb9664c5f8636329436d/library/std/src/panicking.rs:485:40
[INFO] [stdout]   56:     0x5623a0ce46a1 - std::panicking::try::h1e9e22b8584489b5
[INFO] [stdout]                                at /rustc/1b7dd2252b99671ce5d1cb9664c5f8636329436d/library/std/src/panicking.rs:449:19
[INFO] [stdout]   57:     0x5623a0ce46a1 - std::panic::catch_unwind::h44698a3de0e0769e
[INFO] [stdout]                                at /rustc/1b7dd2252b99671ce5d1cb9664c5f8636329436d/library/std/src/panic.rs:140:14
[INFO] [stdout]   58:     0x5623a0ce46a1 - std::thread::Builder::spawn_unchecked_::{{closure}}::h50153abde3fe239e
[INFO] [stdout]                                at /rustc/1b7dd2252b99671ce5d1cb9664c5f8636329436d/library/std/src/thread/mod.rs:525:30
[INFO] [stdout]   59:     0x5623a0ce46a1 - core::ops::function::FnOnce::call_once{{vtable.shim}}::hbe5bbf6f38394364
[INFO] [stdout]                                at /rustc/1b7dd2252b99671ce5d1cb9664c5f8636329436d/library/core/src/ops/function.rs:250:5
[INFO] [stdout]   60:     0x5623a11806e5 - <alloc::boxed::Box<F,A> as core::ops::function::FnOnce<Args>>::call_once::h0d83cb2920a49046
[INFO] [stdout]                                at /rustc/1b7dd2252b99671ce5d1cb9664c5f8636329436d/library/alloc/src/boxed.rs:1973:9
[INFO] [stdout]   61:     0x5623a11806e5 - <alloc::boxed::Box<F,A> as core::ops::function::FnOnce<Args>>::call_once::hbe0a008aa7d9ef59
[INFO] [stdout]                                at /rustc/1b7dd2252b99671ce5d1cb9664c5f8636329436d/library/alloc/src/boxed.rs:1973:9
[INFO] [stdout]   62:     0x5623a11806e5 - std::sys::unix::thread::Thread::new::thread_start::h3a466996bdf6b1f9
[INFO] [stdout]                                at /rustc/1b7dd2252b99671ce5d1cb9664c5f8636329436d/library/std/src/sys/unix/thread.rs:108:17
[INFO] [stdout]   63:     0x7f3fdba85b43 - <unknown>
[INFO] [stdout]   64:     0x7f3fdbb16bb4 - __clone
[INFO] [stdout]   65:                0x0 - <unknown>
[INFO] [stdout] 
[INFO] [stdout] 
[INFO] [stdout] failures:
[INFO] [stdout]     arcana::iidx::chart::tests::test_get_profile
[INFO] [stdout]     arcana::iidx::music::tests::test_get_music
[INFO] [stdout]     arcana::iidx::music::tests::test_get_music_folder
[INFO] [stdout]     arcana::iidx::profile::tests::test_get_profile
[INFO] [stdout]     arcana::iidx::profile::tests::test_get_profile_using_id
[INFO] [stdout]     arcana::iidx::score_history::tests::test_get_most_recent
[INFO] [stdout]     arcana::tests::test_get
[INFO] [stdout] 
[INFO] [stdout] test result: FAILED. 0 passed; 7 failed; 0 ignored; 0 measured; 0 filtered out; finished in 0.91s
[INFO] [stdout] 
[INFO] [stderr] error: test failed, to rerun pass `--bin arcmugbot`
[INFO] running `Command { std: "docker" "inspect" "6c873d314af9e48ae3f00d1507696921c226e4ca869cf0f87c77812d65d092c7", kill_on_drop: false }`
[INFO] running `Command { std: "docker" "rm" "-f" "6c873d314af9e48ae3f00d1507696921c226e4ca869cf0f87c77812d65d092c7", kill_on_drop: false }`
[INFO] [stdout] 6c873d314af9e48ae3f00d1507696921c226e4ca869cf0f87c77812d65d092c7
