[INFO] cloning repository https://github.com/OLUWAMUYIWA/nes
[INFO] running `Command { std: "git" "-c" "credential.helper=" "-c" "credential.helper=/workspace/cargo-home/bin/git-credential-null" "clone" "--bare" "https://github.com/OLUWAMUYIWA/nes" "/workspace/cache/git-repos/https%3A%2F%2Fgithub.com%2FOLUWAMUYIWA%2Fnes", kill_on_drop: false }`
[INFO] [stderr] Cloning into bare repository '/workspace/cache/git-repos/https%3A%2F%2Fgithub.com%2FOLUWAMUYIWA%2Fnes'...
[INFO] running `Command { std: "git" "rev-parse" "HEAD", kill_on_drop: false }`
[INFO] [stdout] 3ea9898c422ebdf76a97571fdfa2678219efb10f
[INFO] testing OLUWAMUYIWA/nes against beta-2023-04-20 for beta-1.70-1
[INFO] running `Command { std: "git" "clone" "/workspace/cache/git-repos/https%3A%2F%2Fgithub.com%2FOLUWAMUYIWA%2Fnes" "/workspace/builds/worker-6-tc2/source", kill_on_drop: false }`
[INFO] [stderr] Cloning into '/workspace/builds/worker-6-tc2/source'...
[INFO] [stderr] done.
[INFO] validating manifest of git repo https://github.com/OLUWAMUYIWA/nes on toolchain beta-2023-04-20
[INFO] running `Command { std: CARGO_HOME="/workspace/cargo-home" RUSTUP_HOME="/workspace/rustup-home" "/workspace/cargo-home/bin/cargo" "+beta-2023-04-20" "metadata" "--manifest-path" "Cargo.toml" "--no-deps", kill_on_drop: false }`
[INFO] started tweaking git repo https://github.com/OLUWAMUYIWA/nes
[INFO] finished tweaking git repo https://github.com/OLUWAMUYIWA/nes
[INFO] tweaked toml for git repo https://github.com/OLUWAMUYIWA/nes written to /workspace/builds/worker-6-tc2/source/Cargo.toml
[INFO] crate git repo https://github.com/OLUWAMUYIWA/nes already has a lockfile, it will not be regenerated
[INFO] running `Command { std: CARGO_HOME="/workspace/cargo-home" RUSTUP_HOME="/workspace/rustup-home" "/workspace/cargo-home/bin/cargo" "+beta-2023-04-20" "fetch" "--manifest-path" "Cargo.toml", kill_on_drop: false }`
[INFO] [stderr]     Updating crates.io index
[INFO] [stderr]  Downloading crates ...
[INFO] [stderr]   Downloaded cursive v0.19.0
[INFO] [stderr]   Downloaded cursive_core v0.3.4
[INFO] [stderr]   Downloaded parameterized-macro v1.0.0
[INFO] [stderr]   Downloaded parameterized v1.0.0
[INFO] running `Command { std: "docker" "create" "-v" "/var/lib/crater-agent-workspace/builds/worker-6-tc2/target:/opt/rustwide/target:rw,Z" "-v" "/var/lib/crater-agent-workspace/builds/worker-6-tc2/source:/opt/rustwide/workdir:ro,Z" "-v" "/var/lib/crater-agent-workspace/cargo-home:/opt/rustwide/cargo-home:ro,Z" "-v" "/var/lib/crater-agent-workspace/rustup-home:/opt/rustwide/rustup-home:ro,Z" "-e" "SOURCE_DIR=/opt/rustwide/workdir" "-e" "CARGO_TARGET_DIR=/opt/rustwide/target" "-e" "CARGO_HOME=/opt/rustwide/cargo-home" "-e" "RUSTUP_HOME=/opt/rustwide/rustup-home" "-w" "/opt/rustwide/workdir" "-m" "1610612736" "--user" "0:0" "--network" "none" "ghcr.io/rust-lang/crates-build-env/linux@sha256:5ff2268d62e97bff2cde7d5815dd6ed5b47097566f13b8d0ca110b04b60e07ed" "/opt/rustwide/cargo-home/bin/cargo" "+beta-2023-04-20" "metadata" "--no-deps" "--format-version=1", kill_on_drop: false }`
[INFO] [stdout] 71c99dd0f09c394ce4deff3706ff69381c123aec0f2460ce9cc850844fe7f23f
[INFO] running `Command { std: "docker" "start" "-a" "71c99dd0f09c394ce4deff3706ff69381c123aec0f2460ce9cc850844fe7f23f", kill_on_drop: false }`
[INFO] running `Command { std: "docker" "inspect" "71c99dd0f09c394ce4deff3706ff69381c123aec0f2460ce9cc850844fe7f23f", kill_on_drop: false }`
[INFO] running `Command { std: "docker" "rm" "-f" "71c99dd0f09c394ce4deff3706ff69381c123aec0f2460ce9cc850844fe7f23f", kill_on_drop: false }`
[INFO] [stdout] 71c99dd0f09c394ce4deff3706ff69381c123aec0f2460ce9cc850844fe7f23f
[INFO] running `Command { std: "docker" "create" "-v" "/var/lib/crater-agent-workspace/builds/worker-6-tc2/target:/opt/rustwide/target:rw,Z" "-v" "/var/lib/crater-agent-workspace/builds/worker-6-tc2/source:/opt/rustwide/workdir:ro,Z" "-v" "/var/lib/crater-agent-workspace/cargo-home:/opt/rustwide/cargo-home:ro,Z" "-v" "/var/lib/crater-agent-workspace/rustup-home:/opt/rustwide/rustup-home:ro,Z" "-e" "SOURCE_DIR=/opt/rustwide/workdir" "-e" "CARGO_TARGET_DIR=/opt/rustwide/target" "-e" "CARGO_INCREMENTAL=0" "-e" "RUST_BACKTRACE=full" "-e" "RUSTFLAGS=--cap-lints=warn" "-e" "RUSTDOCFLAGS=--cap-lints=warn" "-e" "CARGO_HOME=/opt/rustwide/cargo-home" "-e" "RUSTUP_HOME=/opt/rustwide/rustup-home" "-w" "/opt/rustwide/workdir" "-m" "1610612736" "--user" "0:0" "--network" "none" "ghcr.io/rust-lang/crates-build-env/linux@sha256:5ff2268d62e97bff2cde7d5815dd6ed5b47097566f13b8d0ca110b04b60e07ed" "/opt/rustwide/cargo-home/bin/cargo" "+beta-2023-04-20" "build" "--frozen" "--message-format=json", kill_on_drop: false }`
[INFO] [stdout] dda084a8d10588070273832318db1cb9cb17471ad80211eeaf376be9317bef93
[INFO] running `Command { std: "docker" "start" "-a" "dda084a8d10588070273832318db1cb9cb17471ad80211eeaf376be9317bef93", kill_on_drop: false }`
[INFO] [stderr]    Compiling autocfg v1.1.0
[INFO] [stderr]    Compiling proc-macro2 v1.0.43
[INFO] [stderr]    Compiling unicode-ident v1.0.3
[INFO] [stderr]    Compiling quote v1.0.21
[INFO] [stderr]    Compiling syn v1.0.99
[INFO] [stderr]    Compiling libc v0.2.127
[INFO] [stderr]    Compiling ident_case v1.0.1
[INFO] [stderr]    Compiling fnv v1.0.7
[INFO] [stderr]    Compiling crossbeam-utils v0.8.11
[INFO] [stderr]    Compiling version_check v0.9.4
[INFO] [stderr]    Compiling once_cell v1.13.0
[INFO] [stderr]    Compiling cc v1.0.73
[INFO] [stderr]    Compiling pkg-config v0.3.25
[INFO] [stderr]    Compiling log v0.4.17
[INFO] [stderr]    Compiling num_threads v0.1.6
[INFO] [stderr]    Compiling itoa v1.0.3
[INFO] [stderr]    Compiling stable_deref_trait v1.2.0
[INFO] [stderr]    Compiling signal-hook v0.3.14
[INFO] [stderr]    Compiling hashbrown v0.9.1
[INFO] [stderr]    Compiling unicode-segmentation v1.9.0
[INFO] [stderr]    Compiling owning_ref v0.4.1
[INFO] [stderr]    Compiling xi-unicode v0.3.0
[INFO] [stderr]    Compiling unicode-width v0.1.9
[INFO] [stderr]    Compiling maplit v1.0.2
[INFO] [stderr]    Compiling bitflags v1.3.2
[INFO] [stderr]    Compiling ahash v0.7.6
[INFO] [stderr]    Compiling num-traits v0.2.15
[INFO] [stderr]    Compiling num-integer v0.1.45
[INFO] [stderr]    Compiling num-iter v0.1.43
[INFO] [stderr]    Compiling num-rational v0.4.1
[INFO] [stderr]    Compiling indexmap v1.6.2
[INFO] [stderr]    Compiling crossbeam-channel v0.5.6
[INFO] [stderr]    Compiling ncurses v5.101.0
[INFO] [stderr]    Compiling getrandom v0.2.7
[INFO] [stderr]    Compiling signal-hook-registry v1.4.0
[INFO] [stderr]    Compiling time v0.3.12
[INFO] [stderr]    Compiling term_size v0.3.2
[INFO] [stderr]    Compiling num-complex v0.4.2
[INFO] [stderr]    Compiling num v0.4.0
[INFO] [stderr]    Compiling darling_core v0.13.4
[INFO] [stderr]    Compiling enum-map-derive v0.10.0
[INFO] [stderr]    Compiling parameterized-macro v1.0.0
[INFO] [stderr]    Compiling enum-map v2.4.1
[INFO] [stderr]    Compiling parameterized v1.0.0
[INFO] [stderr]    Compiling darling_macro v0.13.4
[INFO] [stderr]    Compiling darling v0.13.4
[INFO] [stderr]    Compiling enumset_derive v0.6.0
[INFO] [stderr]    Compiling enumset v1.0.11
[INFO] [stderr]    Compiling cursive_core v0.3.4
[INFO] [stderr]    Compiling cursive v0.19.0
[INFO] [stderr]    Compiling nes v0.1.0 (/opt/rustwide/workdir)
[INFO] [stdout] warning: unnecessary parentheses around index expression
[INFO] [stdout]   --> src/bus.rs:78:16
[INFO] [stdout]    |
[INFO] [stdout] 78 |         self.x[((addr - 0xFFFA) as usize)] = v; // offset into the 6-bye array
[INFO] [stdout]    |                ^                        ^
[INFO] [stdout]    |
[INFO] [stdout]    = note: `#[warn(unused_parens)]` on by default
[INFO] [stdout] help: remove these parentheses
[INFO] [stdout]    |
[INFO] [stdout] 78 -         self.x[((addr - 0xFFFA) as usize)] = v; // offset into the 6-bye array
[INFO] [stdout] 78 +         self.x[(addr - 0xFFFA) as usize] = v; // offset into the 6-bye array
[INFO] [stdout]    |
[INFO] [stdout] 
[INFO] [stdout] 
[INFO] [stdout] warning: unnecessary parentheses around index expression
[INFO] [stdout]   --> src/bus.rs:82:16
[INFO] [stdout]    |
[INFO] [stdout] 82 |         self.x[((addr - 0xFFFA) as usize)]
[INFO] [stdout]    |                ^                        ^
[INFO] [stdout]    |
[INFO] [stdout] help: remove these parentheses
[INFO] [stdout]    |
[INFO] [stdout] 82 -         self.x[((addr - 0xFFFA) as usize)]
[INFO] [stdout] 82 +         self.x[(addr - 0xFFFA) as usize]
[INFO] [stdout]    |
[INFO] [stdout] 
[INFO] [stdout] 
[INFO] [stdout] warning: unused macro definition: `impl_addr_modes`
[INFO] [stdout]   --> src/macros.rs:39:14
[INFO] [stdout]    |
[INFO] [stdout] 39 | macro_rules! impl_addr_modes {
[INFO] [stdout]    |              ^^^^^^^^^^^^^^^
[INFO] [stdout]    |
[INFO] [stdout]    = note: `#[warn(unused_macros)]` on by default
[INFO] [stdout] 
[INFO] [stdout] 
[INFO] [stdout] warning: unreachable expression
[INFO] [stdout]    --> src/six502/six502.rs:142:9
[INFO] [stdout]     |
[INFO] [stdout] 142 |         op.curr_op = todo!();
[INFO] [stdout]     |         ^^^^^^^^^^^^^-------
[INFO] [stdout]     |         |            |
[INFO] [stdout]     |         |            any code following this expression is unreachable
[INFO] [stdout]     |         unreachable expression
[INFO] [stdout]     |
[INFO] [stdout]     = note: `#[warn(unreachable_code)]` on by default
[INFO] [stdout] 
[INFO] [stdout] 
[INFO] [stdout] warning: unused variable: `v`
[INFO] [stdout]    --> src/bus.rs:118:27
[INFO] [stdout]     |
[INFO] [stdout] 118 |     pub fn set(&mut self, v: u8) {
[INFO] [stdout]     |                           ^ help: if this is intentional, prefix it with an underscore: `_v`
[INFO] [stdout]     |
[INFO] [stdout]     = note: `#[warn(unused_variables)]` on by default
[INFO] [stdout] 
[INFO] [stdout] 
[INFO] [stdout] warning: variable `num_cy` is assigned to, but never used
[INFO] [stdout]    --> src/six502/opcodes.rs:501:17
[INFO] [stdout]     |
[INFO] [stdout] 501 |         let mut num_cy = 0;
[INFO] [stdout]     |                 ^^^^^^
[INFO] [stdout]     |
[INFO] [stdout]     = note: consider using `_num_cy` instead
[INFO] [stdout] 
[INFO] [stdout] 
[INFO] [stdout] warning: value assigned to `num_cy` is never read
[INFO] [stdout]    --> src/six502/opcodes.rs:512:13
[INFO] [stdout]     |
[INFO] [stdout] 512 |             num_cy += 1;
[INFO] [stdout]     |             ^^^^^^
[INFO] [stdout]     |
[INFO] [stdout]     = help: maybe it is overwritten before being read?
[INFO] [stdout]     = note: `#[warn(unused_assignments)]` on by default
[INFO] [stdout] 
[INFO] [stdout] 
[INFO] [stdout] warning: variable `addr` is assigned to, but never used
[INFO] [stdout]   --> src/six502/six502.rs:87:17
[INFO] [stdout]    |
[INFO] [stdout] 87 |         let mut addr = self.pc;
[INFO] [stdout]    |                 ^^^^
[INFO] [stdout]    |
[INFO] [stdout]    = note: consider using `_addr` instead
[INFO] [stdout] 
[INFO] [stdout] 
[INFO] [stdout] warning: value assigned to `addr` is never read
[INFO] [stdout]   --> src/six502/six502.rs:96:9
[INFO] [stdout]    |
[INFO] [stdout] 96 |         addr = self.pc;
[INFO] [stdout]    |         ^^^^
[INFO] [stdout]    |
[INFO] [stdout]    = help: maybe it is overwritten before being read?
[INFO] [stdout] 
[INFO] [stdout] 
[INFO] [stdout] warning: unused variable: `addr`
[INFO] [stdout]   --> src/six502/util.rs:60:13
[INFO] [stdout]    |
[INFO] [stdout] 60 |         let addr = STACK_OFFSET + self.s as u16;
[INFO] [stdout]    |             ^^^^ help: if this is intentional, prefix it with an underscore: `_addr`
[INFO] [stdout] 
[INFO] [stdout] 
[INFO] [stdout] warning: unused variable: `addr`
[INFO] [stdout]   --> src/six502/util.rs:68:13
[INFO] [stdout]    |
[INFO] [stdout] 68 |         let addr = STACK_OFFSET + self.s as u16 + 1;
[INFO] [stdout]    |             ^^^^ help: if this is intentional, prefix it with an underscore: `_addr`
[INFO] [stdout] 
[INFO] [stdout] 
[INFO] [stdout] warning: constant `AddrTable` should have an upper case name
[INFO] [stdout]    --> src/six502/addressing.rs:342:22
[INFO] [stdout]     |
[INFO] [stdout] 342 |     pub(crate) const AddrTable: [AddressingMode; 256] = [
[INFO] [stdout]     |                      ^^^^^^^^^ help: convert the identifier to upper case: `ADDR_TABLE`
[INFO] [stdout]     |
[INFO] [stdout]     = note: `#[warn(non_upper_case_globals)]` on by default
[INFO] [stdout] 
[INFO] [stdout] 
[INFO] [stdout] warning: 12 warnings emitted
[INFO] [stdout] 
[INFO] [stdout] 
[INFO] [stderr]     Finished dev [unoptimized + debuginfo] target(s) in 10.83s
[INFO] running `Command { std: "docker" "inspect" "dda084a8d10588070273832318db1cb9cb17471ad80211eeaf376be9317bef93", kill_on_drop: false }`
[INFO] running `Command { std: "docker" "rm" "-f" "dda084a8d10588070273832318db1cb9cb17471ad80211eeaf376be9317bef93", kill_on_drop: false }`
[INFO] [stdout] dda084a8d10588070273832318db1cb9cb17471ad80211eeaf376be9317bef93
[INFO] running `Command { std: "docker" "create" "-v" "/var/lib/crater-agent-workspace/builds/worker-6-tc2/target:/opt/rustwide/target:rw,Z" "-v" "/var/lib/crater-agent-workspace/builds/worker-6-tc2/source:/opt/rustwide/workdir:ro,Z" "-v" "/var/lib/crater-agent-workspace/cargo-home:/opt/rustwide/cargo-home:ro,Z" "-v" "/var/lib/crater-agent-workspace/rustup-home:/opt/rustwide/rustup-home:ro,Z" "-e" "SOURCE_DIR=/opt/rustwide/workdir" "-e" "CARGO_TARGET_DIR=/opt/rustwide/target" "-e" "CARGO_INCREMENTAL=0" "-e" "RUST_BACKTRACE=full" "-e" "RUSTFLAGS=--cap-lints=warn" "-e" "RUSTDOCFLAGS=--cap-lints=warn" "-e" "CARGO_HOME=/opt/rustwide/cargo-home" "-e" "RUSTUP_HOME=/opt/rustwide/rustup-home" "-w" "/opt/rustwide/workdir" "-m" "1610612736" "--user" "0:0" "--network" "none" "ghcr.io/rust-lang/crates-build-env/linux@sha256:5ff2268d62e97bff2cde7d5815dd6ed5b47097566f13b8d0ca110b04b60e07ed" "/opt/rustwide/cargo-home/bin/cargo" "+beta-2023-04-20" "test" "--frozen" "--no-run" "--message-format=json", kill_on_drop: false }`
[INFO] [stdout] 4d5d781ad27a250d1e7636f32c5afbd53f32c60d559a22d03162368610842f81
[INFO] running `Command { std: "docker" "start" "-a" "4d5d781ad27a250d1e7636f32c5afbd53f32c60d559a22d03162368610842f81", kill_on_drop: false }`
[INFO] [stdout] warning: unnecessary parentheses around index expression
[INFO] [stdout]   --> src/bus.rs:78:16
[INFO] [stdout]    |
[INFO] [stdout] 78 |         self.x[((addr - 0xFFFA) as usize)] = v; // offset into the 6-bye array
[INFO] [stdout]    |                ^                        ^
[INFO] [stdout]    |
[INFO] [stdout]    = note: `#[warn(unused_parens)]` on by default
[INFO] [stdout] help: remove these parentheses
[INFO] [stdout]    |
[INFO] [stdout] 78 -         self.x[((addr - 0xFFFA) as usize)] = v; // offset into the 6-bye array
[INFO] [stdout] 78 +         self.x[(addr - 0xFFFA) as usize] = v; // offset into the 6-bye array
[INFO] [stdout]    |
[INFO] [stdout] 
[INFO] [stdout] 
[INFO] [stdout] warning: unnecessary parentheses around index expression
[INFO] [stdout]   --> src/bus.rs:82:16
[INFO] [stdout]    |
[INFO] [stdout] 82 |         self.x[((addr - 0xFFFA) as usize)]
[INFO] [stdout]    |                ^                        ^
[INFO] [stdout]    |
[INFO] [stdout] help: remove these parentheses
[INFO] [stdout]    |
[INFO] [stdout] 82 -         self.x[((addr - 0xFFFA) as usize)]
[INFO] [stdout] 82 +         self.x[(addr - 0xFFFA) as usize]
[INFO] [stdout]    |
[INFO] [stdout] 
[INFO] [stdout] 
[INFO] [stdout] warning: unused macro definition: `impl_addr_modes`
[INFO] [stdout]   --> src/macros.rs:39:14
[INFO] [stdout]    |
[INFO] [stdout] 39 | macro_rules! impl_addr_modes {
[INFO] [stdout]    |              ^^^^^^^^^^^^^^^
[INFO] [stdout]    |
[INFO] [stdout]    = note: `#[warn(unused_macros)]` on by default
[INFO] [stdout] 
[INFO] [stdout] 
[INFO] [stdout] warning: unreachable expression
[INFO] [stdout]    --> src/six502/six502.rs:142:9
[INFO] [stdout]     |
[INFO] [stdout] 142 |         op.curr_op = todo!();
[INFO] [stdout]     |         ^^^^^^^^^^^^^-------
[INFO] [stdout]     |         |            |
[INFO] [stdout]     |         |            any code following this expression is unreachable
[INFO] [stdout]     |         unreachable expression
[INFO] [stdout]     |
[INFO] [stdout]     = note: `#[warn(unreachable_code)]` on by default
[INFO] [stdout] 
[INFO] [stdout] 
[INFO] [stdout] warning: unused variable: `v`
[INFO] [stdout]    --> src/bus.rs:118:27
[INFO] [stdout]     |
[INFO] [stdout] 118 |     pub fn set(&mut self, v: u8) {
[INFO] [stdout]     |                           ^ help: if this is intentional, prefix it with an underscore: `_v`
[INFO] [stdout]     |
[INFO] [stdout]     = note: `#[warn(unused_variables)]` on by default
[INFO] [stdout] 
[INFO] [stdout] 
[INFO] [stdout] warning: variable `num_cy` is assigned to, but never used
[INFO] [stdout]    --> src/six502/opcodes.rs:501:17
[INFO] [stdout]     |
[INFO] [stdout] 501 |         let mut num_cy = 0;
[INFO] [stdout]     |                 ^^^^^^
[INFO] [stdout]     |
[INFO] [stdout]     = note: consider using `_num_cy` instead
[INFO] [stdout] 
[INFO] [stdout] 
[INFO] [stdout] warning: value assigned to `num_cy` is never read
[INFO] [stdout]    --> src/six502/opcodes.rs:512:13
[INFO] [stdout]     |
[INFO] [stdout] 512 |             num_cy += 1;
[INFO] [stdout]     |             ^^^^^^
[INFO] [stdout]     |
[INFO] [stdout]     = help: maybe it is overwritten before being read?
[INFO] [stdout]     = note: `#[warn(unused_assignments)]` on by default
[INFO] [stdout] 
[INFO] [stdout] 
[INFO] [stdout] warning: variable `addr` is assigned to, but never used
[INFO] [stdout]   --> src/six502/six502.rs:87:17
[INFO] [stdout]    |
[INFO] [stdout] 87 |         let mut addr = self.pc;
[INFO] [stdout]    |                 ^^^^
[INFO] [stdout]    |
[INFO] [stdout]    = note: consider using `_addr` instead
[INFO] [stdout] 
[INFO] [stdout] 
[INFO] [stdout] warning: value assigned to `addr` is never read
[INFO] [stdout]   --> src/six502/six502.rs:96:9
[INFO] [stdout]    |
[INFO] [stdout] 96 |         addr = self.pc;
[INFO] [stdout]    |         ^^^^
[INFO] [stdout]    |
[INFO] [stdout]    = help: maybe it is overwritten before being read?
[INFO] [stdout] 
[INFO] [stdout] 
[INFO] [stdout] warning: unused variable: `addr`
[INFO] [stdout]   --> src/six502/util.rs:60:13
[INFO] [stdout]    |
[INFO] [stdout] 60 |         let addr = STACK_OFFSET + self.s as u16;
[INFO] [stdout]    |             ^^^^ help: if this is intentional, prefix it with an underscore: `_addr`
[INFO] [stdout] 
[INFO] [stdout] 
[INFO] [stdout] warning: unused variable: `addr`
[INFO] [stdout]   --> src/six502/util.rs:68:13
[INFO] [stdout]    |
[INFO] [stdout] 68 |         let addr = STACK_OFFSET + self.s as u16 + 1;
[INFO] [stdout]    |             ^^^^ help: if this is intentional, prefix it with an underscore: `_addr`
[INFO] [stdout] 
[INFO] [stdout] 
[INFO] [stdout] warning: constant `AddrTable` should have an upper case name
[INFO] [stdout]    --> src/six502/addressing.rs:342:22
[INFO] [stdout]     |
[INFO] [stdout] 342 |     pub(crate) const AddrTable: [AddressingMode; 256] = [
[INFO] [stdout]     |                      ^^^^^^^^^ help: convert the identifier to upper case: `ADDR_TABLE`
[INFO] [stdout]     |
[INFO] [stdout]     = note: `#[warn(non_upper_case_globals)]` on by default
[INFO] [stdout] 
[INFO] [stdout] 
[INFO] [stderr]    Compiling nes v0.1.0 (/opt/rustwide/workdir)
[INFO] [stdout] warning: 12 warnings emitted
[INFO] [stdout] 
[INFO] [stdout] 
[INFO] [stdout] warning: unnecessary parentheses around index expression
[INFO] [stdout]   --> src/bus.rs:78:16
[INFO] [stdout]    |
[INFO] [stdout] 78 |         self.x[((addr - 0xFFFA) as usize)] = v; // offset into the 6-bye array
[INFO] [stdout]    |                ^                        ^
[INFO] [stdout]    |
[INFO] [stdout]    = note: `#[warn(unused_parens)]` on by default
[INFO] [stdout] help: remove these parentheses
[INFO] [stdout]    |
[INFO] [stdout] 78 -         self.x[((addr - 0xFFFA) as usize)] = v; // offset into the 6-bye array
[INFO] [stdout] 78 +         self.x[(addr - 0xFFFA) as usize] = v; // offset into the 6-bye array
[INFO] [stdout]    |
[INFO] [stdout] 
[INFO] [stdout] 
[INFO] [stdout] warning: unnecessary parentheses around index expression
[INFO] [stdout]   --> src/bus.rs:82:16
[INFO] [stdout]    |
[INFO] [stdout] 82 |         self.x[((addr - 0xFFFA) as usize)]
[INFO] [stdout]    |                ^                        ^
[INFO] [stdout]    |
[INFO] [stdout] help: remove these parentheses
[INFO] [stdout]    |
[INFO] [stdout] 82 -         self.x[((addr - 0xFFFA) as usize)]
[INFO] [stdout] 82 +         self.x[(addr - 0xFFFA) as usize]
[INFO] [stdout]    |
[INFO] [stdout] 
[INFO] [stdout] 
[INFO] [stdout] warning: unused macro definition: `impl_addr_modes`
[INFO] [stdout]   --> src/macros.rs:39:14
[INFO] [stdout]    |
[INFO] [stdout] 39 | macro_rules! impl_addr_modes {
[INFO] [stdout]    |              ^^^^^^^^^^^^^^^
[INFO] [stdout]    |
[INFO] [stdout]    = note: `#[warn(unused_macros)]` on by default
[INFO] [stdout] 
[INFO] [stdout] 
[INFO] [stdout] warning: unreachable expression
[INFO] [stdout]    --> src/six502/six502.rs:142:9
[INFO] [stdout]     |
[INFO] [stdout] 142 |         op.curr_op = todo!();
[INFO] [stdout]     |         ^^^^^^^^^^^^^-------
[INFO] [stdout]     |         |            |
[INFO] [stdout]     |         |            any code following this expression is unreachable
[INFO] [stdout]     |         unreachable expression
[INFO] [stdout]     |
[INFO] [stdout]     = note: `#[warn(unreachable_code)]` on by default
[INFO] [stdout] 
[INFO] [stdout] 
[INFO] [stdout] warning: unused variable: `v`
[INFO] [stdout]    --> src/bus.rs:118:27
[INFO] [stdout]     |
[INFO] [stdout] 118 |     pub fn set(&mut self, v: u8) {
[INFO] [stdout]     |                           ^ help: if this is intentional, prefix it with an underscore: `_v`
[INFO] [stdout]     |
[INFO] [stdout]     = note: `#[warn(unused_variables)]` on by default
[INFO] [stdout] 
[INFO] [stdout] 
[INFO] [stdout] warning: variable `num_cy` is assigned to, but never used
[INFO] [stdout]    --> src/six502/opcodes.rs:501:17
[INFO] [stdout]     |
[INFO] [stdout] 501 |         let mut num_cy = 0;
[INFO] [stdout]     |                 ^^^^^^
[INFO] [stdout]     |
[INFO] [stdout]     = note: consider using `_num_cy` instead
[INFO] [stdout] 
[INFO] [stdout] 
[INFO] [stdout] warning: value assigned to `num_cy` is never read
[INFO] [stdout]    --> src/six502/opcodes.rs:512:13
[INFO] [stdout]     |
[INFO] [stdout] 512 |             num_cy += 1;
[INFO] [stdout]     |             ^^^^^^
[INFO] [stdout]     |
[INFO] [stdout]     = help: maybe it is overwritten before being read?
[INFO] [stdout]     = note: `#[warn(unused_assignments)]` on by default
[INFO] [stdout] 
[INFO] [stdout] 
[INFO] [stdout] warning: variable `addr` is assigned to, but never used
[INFO] [stdout]   --> src/six502/six502.rs:87:17
[INFO] [stdout]    |
[INFO] [stdout] 87 |         let mut addr = self.pc;
[INFO] [stdout]    |                 ^^^^
[INFO] [stdout]    |
[INFO] [stdout]    = note: consider using `_addr` instead
[INFO] [stdout] 
[INFO] [stdout] 
[INFO] [stdout] warning: value assigned to `addr` is never read
[INFO] [stdout]   --> src/six502/six502.rs:96:9
[INFO] [stdout]    |
[INFO] [stdout] 96 |         addr = self.pc;
[INFO] [stdout]    |         ^^^^
[INFO] [stdout]    |
[INFO] [stdout]    = help: maybe it is overwritten before being read?
[INFO] [stdout] 
[INFO] [stdout] 
[INFO] [stdout] warning: unused variable: `addr`
[INFO] [stdout]   --> src/six502/util.rs:60:13
[INFO] [stdout]    |
[INFO] [stdout] 60 |         let addr = STACK_OFFSET + self.s as u16;
[INFO] [stdout]    |             ^^^^ help: if this is intentional, prefix it with an underscore: `_addr`
[INFO] [stdout] 
[INFO] [stdout] 
[INFO] [stdout] warning: unused variable: `addr`
[INFO] [stdout]   --> src/six502/util.rs:68:13
[INFO] [stdout]    |
[INFO] [stdout] 68 |         let addr = STACK_OFFSET + self.s as u16 + 1;
[INFO] [stdout]    |             ^^^^ help: if this is intentional, prefix it with an underscore: `_addr`
[INFO] [stdout] 
[INFO] [stdout] 
[INFO] [stdout] warning: constant `AddrTable` should have an upper case name
[INFO] [stdout]    --> src/six502/addressing.rs:342:22
[INFO] [stdout]     |
[INFO] [stdout] 342 |     pub(crate) const AddrTable: [AddressingMode; 256] = [
[INFO] [stdout]     |                      ^^^^^^^^^ help: convert the identifier to upper case: `ADDR_TABLE`
[INFO] [stdout]     |
[INFO] [stdout]     = note: `#[warn(non_upper_case_globals)]` on by default
[INFO] [stdout] 
[INFO] [stdout] 
[INFO] [stdout] warning: 12 warnings emitted
[INFO] [stdout] 
[INFO] [stdout] 
[INFO] [stderr]     Finished test [unoptimized + debuginfo] target(s) in 0.36s
[INFO] running `Command { std: "docker" "inspect" "4d5d781ad27a250d1e7636f32c5afbd53f32c60d559a22d03162368610842f81", kill_on_drop: false }`
[INFO] running `Command { std: "docker" "rm" "-f" "4d5d781ad27a250d1e7636f32c5afbd53f32c60d559a22d03162368610842f81", kill_on_drop: false }`
[INFO] [stdout] 4d5d781ad27a250d1e7636f32c5afbd53f32c60d559a22d03162368610842f81
[INFO] running `Command { std: "docker" "create" "-v" "/var/lib/crater-agent-workspace/builds/worker-6-tc2/target:/opt/rustwide/target:rw,Z" "-v" "/var/lib/crater-agent-workspace/builds/worker-6-tc2/source:/opt/rustwide/workdir:ro,Z" "-v" "/var/lib/crater-agent-workspace/cargo-home:/opt/rustwide/cargo-home:ro,Z" "-v" "/var/lib/crater-agent-workspace/rustup-home:/opt/rustwide/rustup-home:ro,Z" "-e" "SOURCE_DIR=/opt/rustwide/workdir" "-e" "CARGO_TARGET_DIR=/opt/rustwide/target" "-e" "CARGO_INCREMENTAL=0" "-e" "RUST_BACKTRACE=full" "-e" "RUSTFLAGS=--cap-lints=warn" "-e" "RUSTDOCFLAGS=--cap-lints=warn" "-e" "CARGO_HOME=/opt/rustwide/cargo-home" "-e" "RUSTUP_HOME=/opt/rustwide/rustup-home" "-w" "/opt/rustwide/workdir" "-m" "1610612736" "--user" "0:0" "--network" "none" "ghcr.io/rust-lang/crates-build-env/linux@sha256:5ff2268d62e97bff2cde7d5815dd6ed5b47097566f13b8d0ca110b04b60e07ed" "/opt/rustwide/cargo-home/bin/cargo" "+beta-2023-04-20" "test" "--frozen", kill_on_drop: false }`
[INFO] [stdout] 8c88c8b36f2595c3127f65c1cc209532b32198c2af4533a0ec7e553f908c06c2
[INFO] running `Command { std: "docker" "start" "-a" "8c88c8b36f2595c3127f65c1cc209532b32198c2af4533a0ec7e553f908c06c2", kill_on_drop: false }`
[INFO] [stderr] warning: unnecessary parentheses around index expression
[INFO] [stderr]   --> src/bus.rs:78:16
[INFO] [stderr]    |
[INFO] [stderr] 78 |         self.x[((addr - 0xFFFA) as usize)] = v; // offset into the 6-bye array
[INFO] [stderr]    |                ^                        ^
[INFO] [stderr]    |
[INFO] [stderr]    = note: `#[warn(unused_parens)]` on by default
[INFO] [stderr] help: remove these parentheses
[INFO] [stderr]    |
[INFO] [stderr] 78 -         self.x[((addr - 0xFFFA) as usize)] = v; // offset into the 6-bye array
[INFO] [stderr] 78 +         self.x[(addr - 0xFFFA) as usize] = v; // offset into the 6-bye array
[INFO] [stderr]    |
[INFO] [stderr] 
[INFO] [stderr] warning: unnecessary parentheses around index expression
[INFO] [stderr]   --> src/bus.rs:82:16
[INFO] [stderr]    |
[INFO] [stderr] 82 |         self.x[((addr - 0xFFFA) as usize)]
[INFO] [stderr]    |                ^                        ^
[INFO] [stderr]    |
[INFO] [stderr] help: remove these parentheses
[INFO] [stderr]    |
[INFO] [stderr] 82 -         self.x[((addr - 0xFFFA) as usize)]
[INFO] [stderr] 82 +         self.x[(addr - 0xFFFA) as usize]
[INFO] [stderr]    |
[INFO] [stderr] 
[INFO] [stderr] warning: unused macro definition: `impl_addr_modes`
[INFO] [stderr]   --> src/macros.rs:39:14
[INFO] [stderr]    |
[INFO] [stderr] 39 | macro_rules! impl_addr_modes {
[INFO] [stderr]    |              ^^^^^^^^^^^^^^^
[INFO] [stderr]    |
[INFO] [stderr]    = note: `#[warn(unused_macros)]` on by default
[INFO] [stderr] 
[INFO] [stderr] warning: unreachable expression
[INFO] [stderr]    --> src/six502/six502.rs:142:9
[INFO] [stderr]     |
[INFO] [stderr] 142 |         op.curr_op = todo!();
[INFO] [stderr]     |         ^^^^^^^^^^^^^-------
[INFO] [stderr]     |         |            |
[INFO] [stderr]     |         |            any code following this expression is unreachable
[INFO] [stderr]     |         unreachable expression
[INFO] [stderr]     |
[INFO] [stderr]     = note: `#[warn(unreachable_code)]` on by default
[INFO] [stderr] 
[INFO] [stderr] warning: unused variable: `v`
[INFO] [stderr]    --> src/bus.rs:118:27
[INFO] [stderr]     |
[INFO] [stderr] 118 |     pub fn set(&mut self, v: u8) {
[INFO] [stderr]     |                           ^ help: if this is intentional, prefix it with an underscore: `_v`
[INFO] [stderr]     |
[INFO] [stderr]     = note: `#[warn(unused_variables)]` on by default
[INFO] [stderr] 
[INFO] [stderr] warning: variable `num_cy` is assigned to, but never used
[INFO] [stderr]    --> src/six502/opcodes.rs:501:17
[INFO] [stderr]     |
[INFO] [stderr] 501 |         let mut num_cy = 0;
[INFO] [stderr]     |                 ^^^^^^
[INFO] [stderr]     |
[INFO] [stderr]     = note: consider using `_num_cy` instead
[INFO] [stderr] 
[INFO] [stderr] warning: value assigned to `num_cy` is never read
[INFO] [stderr]    --> src/six502/opcodes.rs:512:13
[INFO] [stderr]     |
[INFO] [stderr] 512 |             num_cy += 1;
[INFO] [stderr]     |             ^^^^^^
[INFO] [stderr]     |
[INFO] [stderr]     = help: maybe it is overwritten before being read?
[INFO] [stderr]     = note: `#[warn(unused_assignments)]` on by default
[INFO] [stderr] 
[INFO] [stderr] warning: variable `addr` is assigned to, but never used
[INFO] [stderr]   --> src/six502/six502.rs:87:17
[INFO] [stderr]    |
[INFO] [stderr] 87 |         let mut addr = self.pc;
[INFO] [stderr]    |                 ^^^^
[INFO] [stderr]    |
[INFO] [stderr]    = note: consider using `_addr` instead
[INFO] [stderr] 
[INFO] [stderr] warning: value assigned to `addr` is never read
[INFO] [stderr]   --> src/six502/six502.rs:96:9
[INFO] [stderr]    |
[INFO] [stderr] 96 |         addr = self.pc;
[INFO] [stderr]    |         ^^^^
[INFO] [stderr]    |
[INFO] [stderr]    = help: maybe it is overwritten before being read?
[INFO] [stderr] 
[INFO] [stderr] warning: unused variable: `addr`
[INFO] [stderr]   --> src/six502/util.rs:60:13
[INFO] [stderr]    |
[INFO] [stderr] 60 |         let addr = STACK_OFFSET + self.s as u16;
[INFO] [stderr]    |             ^^^^ help: if this is intentional, prefix it with an underscore: `_addr`
[INFO] [stderr] 
[INFO] [stderr] warning: unused variable: `addr`
[INFO] [stderr]   --> src/six502/util.rs:68:13
[INFO] [stderr]    |
[INFO] [stderr] 68 |         let addr = STACK_OFFSET + self.s as u16 + 1;
[INFO] [stderr]    |             ^^^^ help: if this is intentional, prefix it with an underscore: `_addr`
[INFO] [stderr] 
[INFO] [stderr] warning: constant `AddrTable` should have an upper case name
[INFO] [stderr]    --> src/six502/addressing.rs:342:22
[INFO] [stderr]     |
[INFO] [stderr] 342 |     pub(crate) const AddrTable: [AddressingMode; 256] = [
[INFO] [stderr]     |                      ^^^^^^^^^ help: convert the identifier to upper case: `ADDR_TABLE`
[INFO] [stderr]     |
[INFO] [stderr]     = note: `#[warn(non_upper_case_globals)]` on by default
[INFO] [stderr] 
[INFO] [stderr] warning: `nes` (lib) generated 12 warnings (run `cargo fix --lib -p nes` to apply 5 suggestions)
[INFO] [stderr] warning: `nes` (lib test) generated 12 warnings (12 duplicates)
[INFO] [stderr]     Finished test [unoptimized + debuginfo] target(s) in 0.03s
[INFO] [stderr]      Running unittests src/lib.rs (/opt/rustwide/target/debug/deps/nes-11a6758e484ecef2)
[INFO] [stdout] 
[INFO] [stdout] running 3 tests
[INFO] [stdout] test six502::opcodes::tests::test_adc::case_0 ... ok
[INFO] [stdout] test six502::opcodes::tests::test_adc::case_1 ... ok
[INFO] [stdout] test six502::opcodes::tests::test_adc::case_2 ... ok
[INFO] [stdout] 
[INFO] [stdout] test result: ok. 3 passed; 0 failed; 0 ignored; 0 measured; 0 filtered out; finished in 0.00s
[INFO] [stdout] 
[INFO] [stderr]      Running unittests src/main.rs (/opt/rustwide/target/debug/deps/nes-4c027e478d1964cd)
[INFO] [stdout] 
[INFO] [stdout] running 0 tests
[INFO] [stdout] 
[INFO] [stdout] test result: ok. 0 passed; 0 failed; 0 ignored; 0 measured; 0 filtered out; finished in 0.00s
[INFO] [stdout] 
[INFO] [stderr]    Doc-tests nes
[INFO] [stderr] warning: unnecessary parentheses around index expression
[INFO] [stderr]   --> /opt/rustwide/workdir/src/bus.rs:78:16
[INFO] [stderr]    |
[INFO] [stderr] 78 |         self.x[((addr - 0xFFFA) as usize)] = v; // offset into the 6-bye array
[INFO] [stderr]    |                ^                        ^
[INFO] [stderr]    |
[INFO] [stderr]    = note: `#[warn(unused_parens)]` on by default
[INFO] [stderr] help: remove these parentheses
[INFO] [stderr]    |
[INFO] [stderr] 78 -         self.x[((addr - 0xFFFA) as usize)] = v; // offset into the 6-bye array
[INFO] [stderr] 78 +         self.x[(addr - 0xFFFA) as usize] = v; // offset into the 6-bye array
[INFO] [stderr]    |
[INFO] [stderr] 
[INFO] [stderr] warning: unnecessary parentheses around index expression
[INFO] [stderr]   --> /opt/rustwide/workdir/src/bus.rs:82:16
[INFO] [stderr]    |
[INFO] [stderr] 82 |         self.x[((addr - 0xFFFA) as usize)]
[INFO] [stderr]    |                ^                        ^
[INFO] [stderr]    |
[INFO] [stderr] help: remove these parentheses
[INFO] [stderr]    |
[INFO] [stderr] 82 -         self.x[((addr - 0xFFFA) as usize)]
[INFO] [stderr] 82 +         self.x[(addr - 0xFFFA) as usize]
[INFO] [stderr]    |
[INFO] [stderr] 
[INFO] [stderr] warning: 2 warnings emitted
[INFO] [stderr] 
[INFO] [stdout] 
[INFO] [stdout] running 4 tests
[INFO] [stdout] test src/six502/opcodes.rs - six502::opcodes::Six502::sbc (line 259) ... FAILED
[INFO] [stdout] test src/six502/opcodes.rs - six502::opcodes::Six502::adc (line 220) ... FAILED
[INFO] [stdout] test src/six502/util.rs - six502::util::check_overflow (line 151) ... FAILED
[INFO] [stdout] test src/six502/util.rs - six502::util::check_overflow (line 150) ... FAILED
[INFO] [stdout] 
[INFO] [stdout] failures:
[INFO] [stdout] 
[INFO] [stdout] ---- src/six502/opcodes.rs - six502::opcodes::Six502::sbc (line 259) stdout ----
[INFO] [stdout] error: expected one of `.`, `;`, `?`, `}`, or an operator, found `0000`
[INFO] [stdout]  --> src/six502/opcodes.rs:260:10
[INFO] [stdout]   |
[INFO] [stdout] 3 | M = 3    0000   0011
[INFO] [stdout]   |          ^^^^ expected one of `.`, `;`, `?`, `}`, or an operator
[INFO] [stdout] 
[INFO] [stdout] error: aborting due to previous error
[INFO] [stdout] 
[INFO] [stdout] Couldn't compile the test.
[INFO] [stdout] ---- src/six502/opcodes.rs - six502::opcodes::Six502::adc (line 220) stdout ----
[INFO] [stdout] error: expected one of `.`, `;`, `?`, `}`, or an operator, found `1101`
[INFO] [stdout]  --> src/six502/opcodes.rs:221:8
[INFO] [stdout]   |
[INFO] [stdout] 3 | 0000   1101     13 = (A)*
[INFO] [stdout]   |        ^^^^ expected one of `.`, `;`, `?`, `}`, or an operator
[INFO] [stdout] 
[INFO] [stdout] error: aborting due to previous error
[INFO] [stdout] 
[INFO] [stdout] Couldn't compile the test.
[INFO] [stdout] ---- src/six502/util.rs - six502::util::check_overflow (line 151) stdout ----
[INFO] [stdout] error: expected one of `.`, `;`, `?`, `else`, `}`, or an operator, found `=>`
[INFO] [stdout]  --> src/six502/util.rs:152:20
[INFO] [stdout]   |
[INFO] [stdout] 3 | 1000 + 1000 = 0000 => overflow flag is turned on.
[INFO] [stdout]   |                    ^^ expected one of `.`, `;`, `?`, `else`, `}`, or an operator
[INFO] [stdout] 
[INFO] [stdout] error: aborting due to previous error
[INFO] [stdout] 
[INFO] [stdout] Couldn't compile the test.
[INFO] [stdout] ---- src/six502/util.rs - six502::util::check_overflow (line 150) stdout ----
[INFO] [stdout] error: expected one of `.`, `;`, `?`, `else`, `}`, or an operator, found `=>`
[INFO] [stdout]  --> src/six502/util.rs:151:20
[INFO] [stdout]   |
[INFO] [stdout] 3 | 0100 + 0100 = 1000 => overflow flag is turned on.
[INFO] [stdout]   |                    ^^ expected one of `.`, `;`, `?`, `else`, `}`, or an operator
[INFO] [stdout] 
[INFO] [stdout] error: aborting due to previous error
[INFO] [stdout] 
[INFO] [stdout] Couldn't compile the test.
[INFO] [stdout] 
[INFO] [stdout] failures:
[INFO] [stdout]     src/six502/opcodes.rs - six502::opcodes::Six502::adc (line 220)
[INFO] [stdout]     src/six502/opcodes.rs - six502::opcodes::Six502::sbc (line 259)
[INFO] [stdout]     src/six502/util.rs - six502::util::check_overflow (line 150)
[INFO] [stdout]     src/six502/util.rs - six502::util::check_overflow (line 151)
[INFO] [stdout] 
[INFO] [stdout] test result: FAILED. 0 passed; 4 failed; 0 ignored; 0 measured; 0 filtered out; finished in 0.03s
[INFO] [stdout] 
[INFO] [stderr] error: doctest failed, to rerun pass `--doc`
[INFO] running `Command { std: "docker" "inspect" "8c88c8b36f2595c3127f65c1cc209532b32198c2af4533a0ec7e553f908c06c2", kill_on_drop: false }`
[INFO] running `Command { std: "docker" "rm" "-f" "8c88c8b36f2595c3127f65c1cc209532b32198c2af4533a0ec7e553f908c06c2", kill_on_drop: false }`
[INFO] [stdout] 8c88c8b36f2595c3127f65c1cc209532b32198c2af4533a0ec7e553f908c06c2
