[INFO] cloning repository https://github.com/MordecaiMalignatus/install-agent
[INFO] running `Command { std: "git" "-c" "credential.helper=" "-c" "credential.helper=/workspace/cargo-home/bin/git-credential-null" "clone" "--bare" "https://github.com/MordecaiMalignatus/install-agent" "/workspace/cache/git-repos/https%3A%2F%2Fgithub.com%2FMordecaiMalignatus%2Finstall-agent", kill_on_drop: false }`
[INFO] [stderr] Cloning into bare repository '/workspace/cache/git-repos/https%3A%2F%2Fgithub.com%2FMordecaiMalignatus%2Finstall-agent'...
[INFO] running `Command { std: "git" "rev-parse" "HEAD", kill_on_drop: false }`
[INFO] [stdout] 6d7b49658d53097f2c02771dd0317b2b87f02c1a
[INFO] testing MordecaiMalignatus/install-agent against 1.69.0 for beta-1.70-1
[INFO] running `Command { std: "git" "clone" "/workspace/cache/git-repos/https%3A%2F%2Fgithub.com%2FMordecaiMalignatus%2Finstall-agent" "/workspace/builds/worker-6-tc1/source", kill_on_drop: false }`
[INFO] [stderr] Cloning into '/workspace/builds/worker-6-tc1/source'...
[INFO] [stderr] done.
[INFO] validating manifest of git repo https://github.com/MordecaiMalignatus/install-agent on toolchain 1.69.0
[INFO] running `Command { std: CARGO_HOME="/workspace/cargo-home" RUSTUP_HOME="/workspace/rustup-home" "/workspace/cargo-home/bin/cargo" "+1.69.0" "metadata" "--manifest-path" "Cargo.toml" "--no-deps", kill_on_drop: false }`
[INFO] started tweaking git repo https://github.com/MordecaiMalignatus/install-agent
[INFO] finished tweaking git repo https://github.com/MordecaiMalignatus/install-agent
[INFO] tweaked toml for git repo https://github.com/MordecaiMalignatus/install-agent written to /workspace/builds/worker-6-tc1/source/Cargo.toml
[INFO] crate git repo https://github.com/MordecaiMalignatus/install-agent already has a lockfile, it will not be regenerated
[INFO] running `Command { std: CARGO_HOME="/workspace/cargo-home" RUSTUP_HOME="/workspace/rustup-home" "/workspace/cargo-home/bin/cargo" "+1.69.0" "fetch" "--manifest-path" "Cargo.toml", kill_on_drop: false }`
[INFO] [stderr]  Downloading crates ...
[INFO] [stderr]   Downloaded clap v3.1.0
[INFO] [stderr]   Downloaded anyhow v1.0.54
[INFO] running `Command { std: "docker" "create" "-v" "/var/lib/crater-agent-workspace/builds/worker-6-tc1/target:/opt/rustwide/target:rw,Z" "-v" "/var/lib/crater-agent-workspace/builds/worker-6-tc1/source:/opt/rustwide/workdir:ro,Z" "-v" "/var/lib/crater-agent-workspace/cargo-home:/opt/rustwide/cargo-home:ro,Z" "-v" "/var/lib/crater-agent-workspace/rustup-home:/opt/rustwide/rustup-home:ro,Z" "-e" "SOURCE_DIR=/opt/rustwide/workdir" "-e" "CARGO_TARGET_DIR=/opt/rustwide/target" "-e" "CARGO_HOME=/opt/rustwide/cargo-home" "-e" "RUSTUP_HOME=/opt/rustwide/rustup-home" "-w" "/opt/rustwide/workdir" "-m" "1610612736" "--user" "0:0" "--network" "none" "ghcr.io/rust-lang/crates-build-env/linux@sha256:5ff2268d62e97bff2cde7d5815dd6ed5b47097566f13b8d0ca110b04b60e07ed" "/opt/rustwide/cargo-home/bin/cargo" "+1.69.0" "metadata" "--no-deps" "--format-version=1", kill_on_drop: false }`
[INFO] [stdout] e3593098f581475537f29aa614a64835b185c609aeffeff29b1f43b927b2543f
[INFO] running `Command { std: "docker" "start" "-a" "e3593098f581475537f29aa614a64835b185c609aeffeff29b1f43b927b2543f", kill_on_drop: false }`
[INFO] running `Command { std: "docker" "inspect" "e3593098f581475537f29aa614a64835b185c609aeffeff29b1f43b927b2543f", kill_on_drop: false }`
[INFO] running `Command { std: "docker" "rm" "-f" "e3593098f581475537f29aa614a64835b185c609aeffeff29b1f43b927b2543f", kill_on_drop: false }`
[INFO] [stdout] e3593098f581475537f29aa614a64835b185c609aeffeff29b1f43b927b2543f
[INFO] running `Command { std: "docker" "create" "-v" "/var/lib/crater-agent-workspace/builds/worker-6-tc1/target:/opt/rustwide/target:rw,Z" "-v" "/var/lib/crater-agent-workspace/builds/worker-6-tc1/source:/opt/rustwide/workdir:ro,Z" "-v" "/var/lib/crater-agent-workspace/cargo-home:/opt/rustwide/cargo-home:ro,Z" "-v" "/var/lib/crater-agent-workspace/rustup-home:/opt/rustwide/rustup-home:ro,Z" "-e" "SOURCE_DIR=/opt/rustwide/workdir" "-e" "CARGO_TARGET_DIR=/opt/rustwide/target" "-e" "CARGO_INCREMENTAL=0" "-e" "RUST_BACKTRACE=full" "-e" "RUSTFLAGS=--cap-lints=warn" "-e" "RUSTDOCFLAGS=--cap-lints=warn" "-e" "CARGO_HOME=/opt/rustwide/cargo-home" "-e" "RUSTUP_HOME=/opt/rustwide/rustup-home" "-w" "/opt/rustwide/workdir" "-m" "1610612736" "--user" "0:0" "--network" "none" "ghcr.io/rust-lang/crates-build-env/linux@sha256:5ff2268d62e97bff2cde7d5815dd6ed5b47097566f13b8d0ca110b04b60e07ed" "/opt/rustwide/cargo-home/bin/cargo" "+1.69.0" "build" "--frozen" "--message-format=json", kill_on_drop: false }`
[INFO] [stdout] c2c18e892f99aeea6cae7b517f2cbc4927512cb2abf617857c9e111f672e3929
[INFO] running `Command { std: "docker" "start" "-a" "c2c18e892f99aeea6cae7b517f2cbc4927512cb2abf617857c9e111f672e3929", kill_on_drop: false }`
[INFO] [stderr]    Compiling memchr v2.4.1
[INFO] [stderr]    Compiling libc v0.2.119
[INFO] [stderr]    Compiling autocfg v1.1.0
[INFO] [stderr]    Compiling hashbrown v0.11.2
[INFO] [stderr]    Compiling anyhow v1.0.54
[INFO] [stderr]    Compiling textwrap v0.14.2
[INFO] [stderr]    Compiling strsim v0.10.0
[INFO] [stderr]    Compiling termcolor v1.1.2
[INFO] [stderr]    Compiling bitflags v1.3.2
[INFO] [stderr]    Compiling indexmap v1.8.0
[INFO] [stderr]    Compiling os_str_bytes v6.0.0
[INFO] [stderr]    Compiling atty v0.2.14
[INFO] [stderr]    Compiling clap v3.1.0
[INFO] [stderr]    Compiling install-agent v0.1.0 (/opt/rustwide/workdir)
[INFO] [stdout] warning: unused variable: `args`
[INFO] [stdout]   --> src/plists.rs:12:22
[INFO] [stdout]    |
[INFO] [stdout] 12 |     pub fn from_args(args: &clap::ArgMatches) -> Result<Agent> {
[INFO] [stdout]    |                      ^^^^ help: if this is intentional, prefix it with an underscore: `_args`
[INFO] [stdout]    |
[INFO] [stdout]    = note: `#[warn(unused_variables)]` on by default
[INFO] [stdout] 
[INFO] [stdout] 
[INFO] [stdout] warning: unused variable: `agentspec`
[INFO] [stdout]   --> src/plists.rs:40:23
[INFO] [stdout]    |
[INFO] [stdout] 40 |     pub fn from_agent(agentspec: &Agent) -> Result<PList> {
[INFO] [stdout]    |                       ^^^^^^^^^ help: if this is intentional, prefix it with an underscore: `_agentspec`
[INFO] [stdout] 
[INFO] [stdout] 
[INFO] [stdout] warning: unused variable: `matches`
[INFO] [stdout]   --> src/main.rs:53:20
[INFO] [stdout]    |
[INFO] [stdout] 53 | fn cmd_list_agents(matches: &ArgMatches) -> Result<()> {
[INFO] [stdout]    |                    ^^^^^^^ help: if this is intentional, prefix it with an underscore: `_matches`
[INFO] [stdout] 
[INFO] [stdout] 
[INFO] [stdout] warning: unused variable: `file`
[INFO] [stdout]   --> src/main.rs:57:18
[INFO] [stdout]    |
[INFO] [stdout] 57 | fn launch_editor(file: &Path) -> Result<()> {
[INFO] [stdout]    |                  ^^^^ help: if this is intentional, prefix it with an underscore: `_file`
[INFO] [stdout] 
[INFO] [stdout] 
[INFO] [stdout] warning: function `cmd_install_agent` is never used
[INFO] [stdout]   --> src/main.rs:40:4
[INFO] [stdout]    |
[INFO] [stdout] 40 | fn cmd_install_agent(args: &clap::ArgMatches) -> Result<()> {
[INFO] [stdout]    |    ^^^^^^^^^^^^^^^^^
[INFO] [stdout]    |
[INFO] [stdout]    = note: `#[warn(dead_code)]` on by default
[INFO] [stdout] 
[INFO] [stdout] 
[INFO] [stdout] warning: function `write_agent` is never used
[INFO] [stdout]   --> src/main.rs:49:4
[INFO] [stdout]    |
[INFO] [stdout] 49 | fn write_agent(filename: PathBuf, content: PList) -> Result<()> {
[INFO] [stdout]    |    ^^^^^^^^^^^
[INFO] [stdout] 
[INFO] [stdout] 
[INFO] [stdout] warning: function `launch_editor` is never used
[INFO] [stdout]   --> src/main.rs:57:4
[INFO] [stdout]    |
[INFO] [stdout] 57 | fn launch_editor(file: &Path) -> Result<()> {
[INFO] [stdout]    |    ^^^^^^^^^^^^^
[INFO] [stdout] 
[INFO] [stdout] 
[INFO] [stdout] warning: struct `Agent` is never constructed
[INFO] [stdout]  --> src/plists.rs:5:12
[INFO] [stdout]   |
[INFO] [stdout] 5 | pub struct Agent {
[INFO] [stdout]   |            ^^^^^
[INFO] [stdout] 
[INFO] [stdout] 
[INFO] [stdout] warning: enum `AgentCommand` is never used
[INFO] [stdout]   --> src/plists.rs:17:10
[INFO] [stdout]    |
[INFO] [stdout] 17 | pub enum AgentCommand {
[INFO] [stdout]    |          ^^^^^^^^^^^^
[INFO] [stdout] 
[INFO] [stdout] 
[INFO] [stdout] warning: enum `LaunchType` is never used
[INFO] [stdout]   --> src/plists.rs:22:10
[INFO] [stdout]    |
[INFO] [stdout] 22 | pub enum LaunchType {
[INFO] [stdout]    |          ^^^^^^^^^^
[INFO] [stdout] 
[INFO] [stdout] 
[INFO] [stdout] warning: struct `Interval` is never constructed
[INFO] [stdout]   --> src/plists.rs:28:12
[INFO] [stdout]    |
[INFO] [stdout] 28 | pub struct Interval {
[INFO] [stdout]    |            ^^^^^^^^
[INFO] [stdout] 
[INFO] [stdout] 
[INFO] [stdout] warning: associated function `from_args` is never used
[INFO] [stdout]   --> src/plists.rs:12:12
[INFO] [stdout]    |
[INFO] [stdout] 12 |     pub fn from_args(args: &clap::ArgMatches) -> Result<Agent> {
[INFO] [stdout]    |            ^^^^^^^^^
[INFO] [stdout] 
[INFO] [stdout] 
[INFO] [stdout] warning: associated function `from_agent` is never used
[INFO] [stdout]   --> src/plists.rs:40:12
[INFO] [stdout]    |
[INFO] [stdout] 40 |     pub fn from_agent(agentspec: &Agent) -> Result<PList> {
[INFO] [stdout]    |            ^^^^^^^^^^
[INFO] [stdout] 
[INFO] [stdout] 
[INFO] [stdout] warning: 13 warnings emitted
[INFO] [stdout] 
[INFO] [stdout] 
[INFO] [stderr]     Finished dev [unoptimized + debuginfo] target(s) in 4.39s
[INFO] running `Command { std: "docker" "inspect" "c2c18e892f99aeea6cae7b517f2cbc4927512cb2abf617857c9e111f672e3929", kill_on_drop: false }`
[INFO] running `Command { std: "docker" "rm" "-f" "c2c18e892f99aeea6cae7b517f2cbc4927512cb2abf617857c9e111f672e3929", kill_on_drop: false }`
[INFO] [stdout] c2c18e892f99aeea6cae7b517f2cbc4927512cb2abf617857c9e111f672e3929
[INFO] running `Command { std: "docker" "create" "-v" "/var/lib/crater-agent-workspace/builds/worker-6-tc1/target:/opt/rustwide/target:rw,Z" "-v" "/var/lib/crater-agent-workspace/builds/worker-6-tc1/source:/opt/rustwide/workdir:ro,Z" "-v" "/var/lib/crater-agent-workspace/cargo-home:/opt/rustwide/cargo-home:ro,Z" "-v" "/var/lib/crater-agent-workspace/rustup-home:/opt/rustwide/rustup-home:ro,Z" "-e" "SOURCE_DIR=/opt/rustwide/workdir" "-e" "CARGO_TARGET_DIR=/opt/rustwide/target" "-e" "CARGO_INCREMENTAL=0" "-e" "RUST_BACKTRACE=full" "-e" "RUSTFLAGS=--cap-lints=warn" "-e" "RUSTDOCFLAGS=--cap-lints=warn" "-e" "CARGO_HOME=/opt/rustwide/cargo-home" "-e" "RUSTUP_HOME=/opt/rustwide/rustup-home" "-w" "/opt/rustwide/workdir" "-m" "1610612736" "--user" "0:0" "--network" "none" "ghcr.io/rust-lang/crates-build-env/linux@sha256:5ff2268d62e97bff2cde7d5815dd6ed5b47097566f13b8d0ca110b04b60e07ed" "/opt/rustwide/cargo-home/bin/cargo" "+1.69.0" "test" "--frozen" "--no-run" "--message-format=json", kill_on_drop: false }`
[INFO] [stdout] aed5c2bf251a4a724df855ccdfa2eb6c4b7fb3cd725c0a0e827f62712fa9a544
[INFO] running `Command { std: "docker" "start" "-a" "aed5c2bf251a4a724df855ccdfa2eb6c4b7fb3cd725c0a0e827f62712fa9a544", kill_on_drop: false }`
[INFO] [stderr]    Compiling install-agent v0.1.0 (/opt/rustwide/workdir)
[INFO] [stdout] warning: unused variable: `args`
[INFO] [stdout]   --> src/plists.rs:12:22
[INFO] [stdout]    |
[INFO] [stdout] 12 |     pub fn from_args(args: &clap::ArgMatches) -> Result<Agent> {
[INFO] [stdout]    |                      ^^^^ help: if this is intentional, prefix it with an underscore: `_args`
[INFO] [stdout]    |
[INFO] [stdout]    = note: `#[warn(unused_variables)]` on by default
[INFO] [stdout] 
[INFO] [stdout] 
[INFO] [stdout] warning: unused variable: `agentspec`
[INFO] [stdout]   --> src/plists.rs:40:23
[INFO] [stdout]    |
[INFO] [stdout] 40 |     pub fn from_agent(agentspec: &Agent) -> Result<PList> {
[INFO] [stdout]    |                       ^^^^^^^^^ help: if this is intentional, prefix it with an underscore: `_agentspec`
[INFO] [stdout] 
[INFO] [stdout] 
[INFO] [stdout] warning: unused variable: `matches`
[INFO] [stdout]   --> src/main.rs:53:20
[INFO] [stdout]    |
[INFO] [stdout] 53 | fn cmd_list_agents(matches: &ArgMatches) -> Result<()> {
[INFO] [stdout]    |                    ^^^^^^^ help: if this is intentional, prefix it with an underscore: `_matches`
[INFO] [stdout] 
[INFO] [stdout] 
[INFO] [stdout] warning: unused variable: `file`
[INFO] [stdout]   --> src/main.rs:57:18
[INFO] [stdout]    |
[INFO] [stdout] 57 | fn launch_editor(file: &Path) -> Result<()> {
[INFO] [stdout]    |                  ^^^^ help: if this is intentional, prefix it with an underscore: `_file`
[INFO] [stdout] 
[INFO] [stdout] 
[INFO] [stdout] warning: function `cmd_install_agent` is never used
[INFO] [stdout]   --> src/main.rs:40:4
[INFO] [stdout]    |
[INFO] [stdout] 40 | fn cmd_install_agent(args: &clap::ArgMatches) -> Result<()> {
[INFO] [stdout]    |    ^^^^^^^^^^^^^^^^^
[INFO] [stdout]    |
[INFO] [stdout]    = note: `#[warn(dead_code)]` on by default
[INFO] [stdout] 
[INFO] [stdout] 
[INFO] [stdout] warning: function `write_agent` is never used
[INFO] [stdout]   --> src/main.rs:49:4
[INFO] [stdout]    |
[INFO] [stdout] 49 | fn write_agent(filename: PathBuf, content: PList) -> Result<()> {
[INFO] [stdout]    |    ^^^^^^^^^^^
[INFO] [stdout] 
[INFO] [stdout] 
[INFO] [stdout] warning: function `launch_editor` is never used
[INFO] [stdout]   --> src/main.rs:57:4
[INFO] [stdout]    |
[INFO] [stdout] 57 | fn launch_editor(file: &Path) -> Result<()> {
[INFO] [stdout]    |    ^^^^^^^^^^^^^
[INFO] [stdout] 
[INFO] [stdout] 
[INFO] [stdout] warning: variant `CommandWithArgs` is never constructed
[INFO] [stdout]   --> src/plists.rs:19:5
[INFO] [stdout]    |
[INFO] [stdout] 17 | pub enum AgentCommand {
[INFO] [stdout]    |          ------------ variant in this enum
[INFO] [stdout] 18 |     SimpleCommand { path: PathBuf },
[INFO] [stdout] 19 |     CommandWithArgs { path: PathBuf, args: Vec<String> },
[INFO] [stdout]    |     ^^^^^^^^^^^^^^^
[INFO] [stdout] 
[INFO] [stdout] 
[INFO] [stdout] warning: variants `Interval` and `ScheduledIntervals` are never constructed
[INFO] [stdout]   --> src/plists.rs:24:5
[INFO] [stdout]    |
[INFO] [stdout] 22 | pub enum LaunchType {
[INFO] [stdout]    |          ---------- variants in this enum
[INFO] [stdout] 23 |     OnLoad,
[INFO] [stdout] 24 |     Interval { seconds: u32 },
[INFO] [stdout]    |     ^^^^^^^^
[INFO] [stdout] 25 |     ScheduledIntervals { intervals: Vec<Interval> },
[INFO] [stdout]    |     ^^^^^^^^^^^^^^^^^^
[INFO] [stdout] 
[INFO] [stdout] 
[INFO] [stdout] warning: associated function `from_args` is never used
[INFO] [stdout]   --> src/plists.rs:12:12
[INFO] [stdout]    |
[INFO] [stdout] 12 |     pub fn from_args(args: &clap::ArgMatches) -> Result<Agent> {
[INFO] [stdout]    |            ^^^^^^^^^
[INFO] [stdout] 
[INFO] [stdout] 
[INFO] [stdout] warning: 10 warnings emitted
[INFO] [stdout] 
[INFO] [stdout] 
[INFO] [stderr]     Finished test [unoptimized + debuginfo] target(s) in 0.45s
[INFO] running `Command { std: "docker" "inspect" "aed5c2bf251a4a724df855ccdfa2eb6c4b7fb3cd725c0a0e827f62712fa9a544", kill_on_drop: false }`
[INFO] running `Command { std: "docker" "rm" "-f" "aed5c2bf251a4a724df855ccdfa2eb6c4b7fb3cd725c0a0e827f62712fa9a544", kill_on_drop: false }`
[INFO] [stdout] aed5c2bf251a4a724df855ccdfa2eb6c4b7fb3cd725c0a0e827f62712fa9a544
[INFO] running `Command { std: "docker" "create" "-v" "/var/lib/crater-agent-workspace/builds/worker-6-tc1/target:/opt/rustwide/target:rw,Z" "-v" "/var/lib/crater-agent-workspace/builds/worker-6-tc1/source:/opt/rustwide/workdir:ro,Z" "-v" "/var/lib/crater-agent-workspace/cargo-home:/opt/rustwide/cargo-home:ro,Z" "-v" "/var/lib/crater-agent-workspace/rustup-home:/opt/rustwide/rustup-home:ro,Z" "-e" "SOURCE_DIR=/opt/rustwide/workdir" "-e" "CARGO_TARGET_DIR=/opt/rustwide/target" "-e" "CARGO_INCREMENTAL=0" "-e" "RUST_BACKTRACE=full" "-e" "RUSTFLAGS=--cap-lints=warn" "-e" "RUSTDOCFLAGS=--cap-lints=warn" "-e" "CARGO_HOME=/opt/rustwide/cargo-home" "-e" "RUSTUP_HOME=/opt/rustwide/rustup-home" "-w" "/opt/rustwide/workdir" "-m" "1610612736" "--user" "0:0" "--network" "none" "ghcr.io/rust-lang/crates-build-env/linux@sha256:5ff2268d62e97bff2cde7d5815dd6ed5b47097566f13b8d0ca110b04b60e07ed" "/opt/rustwide/cargo-home/bin/cargo" "+1.69.0" "test" "--frozen", kill_on_drop: false }`
[INFO] [stdout] 41d71a18dfec9f581fccd120e3cfc563bcfa01d93c4b29d768596f5c1f7dff91
[INFO] running `Command { std: "docker" "start" "-a" "41d71a18dfec9f581fccd120e3cfc563bcfa01d93c4b29d768596f5c1f7dff91", kill_on_drop: false }`
[INFO] [stderr] warning: unused variable: `args`
[INFO] [stderr]   --> src/plists.rs:12:22
[INFO] [stderr]    |
[INFO] [stderr] 12 |     pub fn from_args(args: &clap::ArgMatches) -> Result<Agent> {
[INFO] [stderr]    |                      ^^^^ help: if this is intentional, prefix it with an underscore: `_args`
[INFO] [stderr]    |
[INFO] [stderr]    = note: `#[warn(unused_variables)]` on by default
[INFO] [stderr] 
[INFO] [stderr] warning: unused variable: `agentspec`
[INFO] [stderr]   --> src/plists.rs:40:23
[INFO] [stderr]    |
[INFO] [stderr] 40 |     pub fn from_agent(agentspec: &Agent) -> Result<PList> {
[INFO] [stderr]    |                       ^^^^^^^^^ help: if this is intentional, prefix it with an underscore: `_agentspec`
[INFO] [stderr] 
[INFO] [stderr] warning: unused variable: `matches`
[INFO] [stderr]   --> src/main.rs:53:20
[INFO] [stderr]    |
[INFO] [stderr] 53 | fn cmd_list_agents(matches: &ArgMatches) -> Result<()> {
[INFO] [stderr]    |                    ^^^^^^^ help: if this is intentional, prefix it with an underscore: `_matches`
[INFO] [stderr] 
[INFO] [stderr] warning: unused variable: `file`
[INFO] [stderr]   --> src/main.rs:57:18
[INFO] [stderr]    |
[INFO] [stderr] 57 | fn launch_editor(file: &Path) -> Result<()> {
[INFO] [stderr]    |                  ^^^^ help: if this is intentional, prefix it with an underscore: `_file`
[INFO] [stderr] 
[INFO] [stderr] warning: function `cmd_install_agent` is never used
[INFO] [stderr]   --> src/main.rs:40:4
[INFO] [stderr]    |
[INFO] [stderr] 40 | fn cmd_install_agent(args: &clap::ArgMatches) -> Result<()> {
[INFO] [stderr]    |    ^^^^^^^^^^^^^^^^^
[INFO] [stderr]    |
[INFO] [stderr]    = note: `#[warn(dead_code)]` on by default
[INFO] [stderr] 
[INFO] [stderr] warning: function `write_agent` is never used
[INFO] [stderr]   --> src/main.rs:49:4
[INFO] [stderr]    |
[INFO] [stderr] 49 | fn write_agent(filename: PathBuf, content: PList) -> Result<()> {
[INFO] [stderr]    |    ^^^^^^^^^^^
[INFO] [stderr] 
[INFO] [stderr] warning: function `launch_editor` is never used
[INFO] [stderr]   --> src/main.rs:57:4
[INFO] [stderr]    |
[INFO] [stderr] 57 | fn launch_editor(file: &Path) -> Result<()> {
[INFO] [stderr]    |    ^^^^^^^^^^^^^
[INFO] [stderr] 
[INFO] [stderr] warning: variant `CommandWithArgs` is never constructed
[INFO] [stderr]   --> src/plists.rs:19:5
[INFO] [stderr]    |
[INFO] [stderr] 17 | pub enum AgentCommand {
[INFO] [stderr]    |          ------------ variant in this enum
[INFO] [stderr] 18 |     SimpleCommand { path: PathBuf },
[INFO] [stderr] 19 |     CommandWithArgs { path: PathBuf, args: Vec<String> },
[INFO] [stderr]    |     ^^^^^^^^^^^^^^^
[INFO] [stderr] 
[INFO] [stderr] warning: variants `Interval` and `ScheduledIntervals` are never constructed
[INFO] [stderr]   --> src/plists.rs:24:5
[INFO] [stderr]    |
[INFO] [stderr] 22 | pub enum LaunchType {
[INFO] [stderr]    |          ---------- variants in this enum
[INFO] [stderr] 23 |     OnLoad,
[INFO] [stderr] 24 |     Interval { seconds: u32 },
[INFO] [stderr]    |     ^^^^^^^^
[INFO] [stderr] 25 |     ScheduledIntervals { intervals: Vec<Interval> },
[INFO] [stderr]    |     ^^^^^^^^^^^^^^^^^^
[INFO] [stderr] 
[INFO] [stderr] warning: associated function `from_args` is never used
[INFO] [stderr]   --> src/plists.rs:12:12
[INFO] [stderr]    |
[INFO] [stderr] 12 |     pub fn from_args(args: &clap::ArgMatches) -> Result<Agent> {
[INFO] [stderr]    |            ^^^^^^^^^
[INFO] [stderr] 
[INFO] [stderr] warning: `install-agent` (bin "install-agent" test) generated 10 warnings (run `cargo fix --bin "install-agent" --tests` to apply 4 suggestions)
[INFO] [stderr]     Finished test [unoptimized + debuginfo] target(s) in 0.01s
[INFO] [stderr]      Running unittests src/main.rs (/opt/rustwide/target/debug/deps/install_agent-f471b00cfcb20de5)
[INFO] [stdout] 
[INFO] [stdout] running 1 test
[INFO] [stdout] test plists::test::test_simple_plist ... FAILED
[INFO] [stdout] 
[INFO] [stdout] failures:
[INFO] [stdout] 
[INFO] [stdout] ---- plists::test::test_simple_plist stdout ----
[INFO] [stdout] thread 'plists::test::test_simple_plist' panicked at 'not yet implemented', src/plists.rs:41:9
[INFO] [stdout] stack backtrace:
[INFO] [stdout]    0:     0x55b903d4f9ca - std::backtrace_rs::backtrace::libunwind::trace::ha9053a9a07ca49cb
[INFO] [stdout]                                at /rustc/84c898d65adf2f39a5a98507f1fe0ce10a2b8dbc/library/std/src/../../backtrace/src/backtrace/libunwind.rs:93:5
[INFO] [stdout]    1:     0x55b903d4f9ca - std::backtrace_rs::backtrace::trace_unsynchronized::h9c2852a457ad564e
[INFO] [stdout]                                at /rustc/84c898d65adf2f39a5a98507f1fe0ce10a2b8dbc/library/std/src/../../backtrace/src/backtrace/mod.rs:66:5
[INFO] [stdout]    2:     0x55b903d4f9ca - std::sys_common::backtrace::_print_fmt::h457936fbfaa0070f
[INFO] [stdout]                                at /rustc/84c898d65adf2f39a5a98507f1fe0ce10a2b8dbc/library/std/src/sys_common/backtrace.rs:65:5
[INFO] [stdout]    3:     0x55b903d4f9ca - <std::sys_common::backtrace::_print::DisplayBacktrace as core::fmt::Display>::fmt::h5779d7bf7f70cb0c
[INFO] [stdout]                                at /rustc/84c898d65adf2f39a5a98507f1fe0ce10a2b8dbc/library/std/src/sys_common/backtrace.rs:44:22
[INFO] [stdout]    4:     0x55b903d7305e - core::fmt::write::h5a4baaff1bcd3eb5
[INFO] [stdout]                                at /rustc/84c898d65adf2f39a5a98507f1fe0ce10a2b8dbc/library/core/src/fmt/mod.rs:1232:17
[INFO] [stdout]    5:     0x55b903d4ce45 - std::io::Write::write_fmt::h478f79c628ef31d1
[INFO] [stdout]                                at /rustc/84c898d65adf2f39a5a98507f1fe0ce10a2b8dbc/library/std/src/io/mod.rs:1684:15
[INFO] [stdout]    6:     0x55b903d4f795 - std::sys_common::backtrace::_print::h5fcdc36060f177e8
[INFO] [stdout]                                at /rustc/84c898d65adf2f39a5a98507f1fe0ce10a2b8dbc/library/std/src/sys_common/backtrace.rs:47:5
[INFO] [stdout]    7:     0x55b903d4f795 - std::sys_common::backtrace::print::h54ca9458b876c8bf
[INFO] [stdout]                                at /rustc/84c898d65adf2f39a5a98507f1fe0ce10a2b8dbc/library/std/src/sys_common/backtrace.rs:34:9
[INFO] [stdout]    8:     0x55b903d5155f - std::panicking::default_hook::{{closure}}::hbe471161c7664ed6
[INFO] [stdout]                                at /rustc/84c898d65adf2f39a5a98507f1fe0ce10a2b8dbc/library/std/src/panicking.rs:271:22
[INFO] [stdout]    9:     0x55b903d5121f - std::panicking::default_hook::ha3500da57aa4ac4f
[INFO] [stdout]                                at /rustc/84c898d65adf2f39a5a98507f1fe0ce10a2b8dbc/library/std/src/panicking.rs:287:9
[INFO] [stdout]   10:     0x55b903d1f517 - <alloc::boxed::Box<F,A> as core::ops::function::Fn<Args>>::call::hdf1b89dd137ece34
[INFO] [stdout]                                at /rustc/84c898d65adf2f39a5a98507f1fe0ce10a2b8dbc/library/alloc/src/boxed.rs:2001:9
[INFO] [stdout]   11:     0x55b903d1f517 - test::test_main::{{closure}}::h9081a79f20e75698
[INFO] [stdout]                                at /rustc/84c898d65adf2f39a5a98507f1fe0ce10a2b8dbc/library/test/src/lib.rs:135:21
[INFO] [stdout]   12:     0x55b903d51c8d - <alloc::boxed::Box<F,A> as core::ops::function::Fn<Args>>::call::h6507bddc3eebb4a5
[INFO] [stdout]                                at /rustc/84c898d65adf2f39a5a98507f1fe0ce10a2b8dbc/library/alloc/src/boxed.rs:2001:9
[INFO] [stdout]   13:     0x55b903d51c8d - std::panicking::rust_panic_with_hook::h50c09d000dc561d2
[INFO] [stdout]                                at /rustc/84c898d65adf2f39a5a98507f1fe0ce10a2b8dbc/library/std/src/panicking.rs:696:13
[INFO] [stdout]   14:     0x55b903d519c2 - std::panicking::begin_panic_handler::{{closure}}::h9e2b2176e00e0d9c
[INFO] [stdout]                                at /rustc/84c898d65adf2f39a5a98507f1fe0ce10a2b8dbc/library/std/src/panicking.rs:581:13
[INFO] [stdout]   15:     0x55b903d4fe36 - std::sys_common::backtrace::__rust_end_short_backtrace::h5739b8e512c09d02
[INFO] [stdout]                                at /rustc/84c898d65adf2f39a5a98507f1fe0ce10a2b8dbc/library/std/src/sys_common/backtrace.rs:150:18
[INFO] [stdout]   16:     0x55b903d51712 - rust_begin_unwind
[INFO] [stdout]                                at /rustc/84c898d65adf2f39a5a98507f1fe0ce10a2b8dbc/library/std/src/panicking.rs:579:5
[INFO] [stdout]   17:     0x55b903ceeb83 - core::panicking::panic_fmt::hf33a1475b4dc5c3e
[INFO] [stdout]                                at /rustc/84c898d65adf2f39a5a98507f1fe0ce10a2b8dbc/library/core/src/panicking.rs:64:14
[INFO] [stdout]   18:     0x55b903ceec1d - core::panicking::panic::h9533b2fee90b999e
[INFO] [stdout]                                at /rustc/84c898d65adf2f39a5a98507f1fe0ce10a2b8dbc/library/core/src/panicking.rs:114:5
[INFO] [stdout]   19:     0x55b903cef7f1 - install_agent::plists::PList::from_agent::h7dcb2b99933467df
[INFO] [stdout]                                at /opt/rustwide/workdir/src/plists.rs:41:9
[INFO] [stdout]   20:     0x55b903ceffbd - install_agent::plists::test::test_simple_plist::hd31e8b0826a72a40
[INFO] [stdout]                                at /opt/rustwide/workdir/src/plists.rs:74:13
[INFO] [stdout]   21:     0x55b903cefe37 - install_agent::plists::test::test_simple_plist::{{closure}}::h988470876636ced3
[INFO] [stdout]                                at /opt/rustwide/workdir/src/plists.rs:51:29
[INFO] [stdout]   22:     0x55b903cefbd5 - core::ops::function::FnOnce::call_once::h93f8e0b9b12d7e4f
[INFO] [stdout]                                at /rustc/84c898d65adf2f39a5a98507f1fe0ce10a2b8dbc/library/core/src/ops/function.rs:250:5
[INFO] [stdout]   23:     0x55b903d248ff - core::ops::function::FnOnce::call_once::h7d969581be7d0075
[INFO] [stdout]                                at /rustc/84c898d65adf2f39a5a98507f1fe0ce10a2b8dbc/library/core/src/ops/function.rs:250:5
[INFO] [stdout]   24:     0x55b903d248ff - test::__rust_begin_short_backtrace::hca25a52684e56655
[INFO] [stdout]                                at /rustc/84c898d65adf2f39a5a98507f1fe0ce10a2b8dbc/library/test/src/lib.rs:656:18
[INFO] [stdout]   25:     0x55b903cf5f1c - test::run_test::{{closure}}::ha8ac744c4af1a4bb
[INFO] [stdout]                                at /rustc/84c898d65adf2f39a5a98507f1fe0ce10a2b8dbc/library/test/src/lib.rs:647:30
[INFO] [stdout]   26:     0x55b903cf5f1c - core::ops::function::FnOnce::call_once{{vtable.shim}}::h7b411a9ed45bdecf
[INFO] [stdout]                                at /rustc/84c898d65adf2f39a5a98507f1fe0ce10a2b8dbc/library/core/src/ops/function.rs:250:5
[INFO] [stdout]   27:     0x55b903d238c6 - <alloc::boxed::Box<F,A> as core::ops::function::FnOnce<Args>>::call_once::hd05328869a8ed200
[INFO] [stdout]                                at /rustc/84c898d65adf2f39a5a98507f1fe0ce10a2b8dbc/library/alloc/src/boxed.rs:1987:9
[INFO] [stdout]   28:     0x55b903d238c6 - <core::panic::unwind_safe::AssertUnwindSafe<F> as core::ops::function::FnOnce<()>>::call_once::h0c601ce20bd5b2be
[INFO] [stdout]                                at /rustc/84c898d65adf2f39a5a98507f1fe0ce10a2b8dbc/library/core/src/panic/unwind_safe.rs:271:9
[INFO] [stdout]   29:     0x55b903d238c6 - std::panicking::try::do_call::ha4be5c164fe30854
[INFO] [stdout]                                at /rustc/84c898d65adf2f39a5a98507f1fe0ce10a2b8dbc/library/std/src/panicking.rs:487:40
[INFO] [stdout]   30:     0x55b903d238c6 - std::panicking::try::h604546f3609af05f
[INFO] [stdout]                                at /rustc/84c898d65adf2f39a5a98507f1fe0ce10a2b8dbc/library/std/src/panicking.rs:451:19
[INFO] [stdout]   31:     0x55b903d238c6 - std::panic::catch_unwind::h5bfa8afe44c9c2f9
[INFO] [stdout]                                at /rustc/84c898d65adf2f39a5a98507f1fe0ce10a2b8dbc/library/std/src/panic.rs:140:14
[INFO] [stdout]   32:     0x55b903d238c6 - test::run_test_in_process::hd50dee55dd63e6aa
[INFO] [stdout]                                at /rustc/84c898d65adf2f39a5a98507f1fe0ce10a2b8dbc/library/test/src/lib.rs:679:27
[INFO] [stdout]   33:     0x55b903d238c6 - test::run_test::run_test_inner::{{closure}}::h4aa0f433aa85cea8
[INFO] [stdout]                                at /rustc/84c898d65adf2f39a5a98507f1fe0ce10a2b8dbc/library/test/src/lib.rs:573:39
[INFO] [stdout]   34:     0x55b903cf0591 - test::run_test::run_test_inner::{{closure}}::had56431adf24b4d6
[INFO] [stdout]                                at /rustc/84c898d65adf2f39a5a98507f1fe0ce10a2b8dbc/library/test/src/lib.rs:600:37
[INFO] [stdout]   35:     0x55b903cf0591 - std::sys_common::backtrace::__rust_begin_short_backtrace::ha8d9890e0c73bf13
[INFO] [stdout]                                at /rustc/84c898d65adf2f39a5a98507f1fe0ce10a2b8dbc/library/std/src/sys_common/backtrace.rs:134:18
[INFO] [stdout]   36:     0x55b903cf5fab - std::thread::Builder::spawn_unchecked_::{{closure}}::{{closure}}::h251832bcb4a95327
[INFO] [stdout]                                at /rustc/84c898d65adf2f39a5a98507f1fe0ce10a2b8dbc/library/std/src/thread/mod.rs:560:17
[INFO] [stdout]   37:     0x55b903cf5fab - <core::panic::unwind_safe::AssertUnwindSafe<F> as core::ops::function::FnOnce<()>>::call_once::h8fdff598fa414831
[INFO] [stdout]                                at /rustc/84c898d65adf2f39a5a98507f1fe0ce10a2b8dbc/library/core/src/panic/unwind_safe.rs:271:9
[INFO] [stdout]   38:     0x55b903cf5fab - std::panicking::try::do_call::h455dd2f7764a950f
[INFO] [stdout]                                at /rustc/84c898d65adf2f39a5a98507f1fe0ce10a2b8dbc/library/std/src/panicking.rs:487:40
[INFO] [stdout]   39:     0x55b903cf5fab - std::panicking::try::had6f23b7b73ae72a
[INFO] [stdout]                                at /rustc/84c898d65adf2f39a5a98507f1fe0ce10a2b8dbc/library/std/src/panicking.rs:451:19
[INFO] [stdout]   40:     0x55b903cf5fab - std::panic::catch_unwind::ha6a5ca3915b4dad0
[INFO] [stdout]                                at /rustc/84c898d65adf2f39a5a98507f1fe0ce10a2b8dbc/library/std/src/panic.rs:140:14
[INFO] [stdout]   41:     0x55b903cf5fab - std::thread::Builder::spawn_unchecked_::{{closure}}::h883b72ef75da6231
[INFO] [stdout]                                at /rustc/84c898d65adf2f39a5a98507f1fe0ce10a2b8dbc/library/std/src/thread/mod.rs:559:30
[INFO] [stdout]   42:     0x55b903cf5fab - core::ops::function::FnOnce::call_once{{vtable.shim}}::hb7dff73dc8bd2ccb
[INFO] [stdout]                                at /rustc/84c898d65adf2f39a5a98507f1fe0ce10a2b8dbc/library/core/src/ops/function.rs:250:5
[INFO] [stdout]   43:     0x55b903d55ff3 - <alloc::boxed::Box<F,A> as core::ops::function::FnOnce<Args>>::call_once::h39990b24eedef2ab
[INFO] [stdout]                                at /rustc/84c898d65adf2f39a5a98507f1fe0ce10a2b8dbc/library/alloc/src/boxed.rs:1987:9
[INFO] [stdout]   44:     0x55b903d55ff3 - <alloc::boxed::Box<F,A> as core::ops::function::FnOnce<Args>>::call_once::h01a027258444143b
[INFO] [stdout]                                at /rustc/84c898d65adf2f39a5a98507f1fe0ce10a2b8dbc/library/alloc/src/boxed.rs:1987:9
[INFO] [stdout]   45:     0x55b903d55ff3 - std::sys::unix::thread::Thread::new::thread_start::ha4f1cdd9c25884ba
[INFO] [stdout]                                at /rustc/84c898d65adf2f39a5a98507f1fe0ce10a2b8dbc/library/std/src/sys/unix/thread.rs:108:17
[INFO] [stdout]   46:     0x7f1041ea9b43 - <unknown>
[INFO] [stdout]   47:     0x7f1041f3abb4 - __clone
[INFO] [stdout]   48:                0x0 - <unknown>
[INFO] [stdout] 
[INFO] [stdout] 
[INFO] [stdout] failures:
[INFO] [stdout]     plists::test::test_simple_plist
[INFO] [stdout] 
[INFO] [stdout] test result: FAILED. 0 passed; 1 failed; 0 ignored; 0 measured; 0 filtered out; finished in 0.01s
[INFO] [stdout] 
[INFO] [stderr] error: test failed, to rerun pass `--bin install-agent`
[INFO] running `Command { std: "docker" "inspect" "41d71a18dfec9f581fccd120e3cfc563bcfa01d93c4b29d768596f5c1f7dff91", kill_on_drop: false }`
[INFO] running `Command { std: "docker" "rm" "-f" "41d71a18dfec9f581fccd120e3cfc563bcfa01d93c4b29d768596f5c1f7dff91", kill_on_drop: false }`
[INFO] [stdout] 41d71a18dfec9f581fccd120e3cfc563bcfa01d93c4b29d768596f5c1f7dff91
