[INFO] cloning repository https://github.com/Michael-F-Bryan/iec
[INFO] running `Command { std: "git" "-c" "credential.helper=" "-c" "credential.helper=/workspace/cargo-home/bin/git-credential-null" "clone" "--bare" "https://github.com/Michael-F-Bryan/iec" "/workspace/cache/git-repos/https%3A%2F%2Fgithub.com%2FMichael-F-Bryan%2Fiec", kill_on_drop: false }`
[INFO] [stderr] Cloning into bare repository '/workspace/cache/git-repos/https%3A%2F%2Fgithub.com%2FMichael-F-Bryan%2Fiec'...
[INFO] running `Command { std: "git" "rev-parse" "HEAD", kill_on_drop: false }`
[INFO] [stdout] a8c4106cb116776f70f5fda6b7c30d98909a60b8
[INFO] testing Michael-F-Bryan/iec against beta-2023-04-20 for beta-1.70-1
[INFO] running `Command { std: "git" "clone" "/workspace/cache/git-repos/https%3A%2F%2Fgithub.com%2FMichael-F-Bryan%2Fiec" "/workspace/builds/worker-2-tc2/source", kill_on_drop: false }`
[INFO] [stderr] Cloning into '/workspace/builds/worker-2-tc2/source'...
[INFO] [stderr] done.
[INFO] validating manifest of git repo https://github.com/Michael-F-Bryan/iec on toolchain beta-2023-04-20
[INFO] running `Command { std: CARGO_HOME="/workspace/cargo-home" RUSTUP_HOME="/workspace/rustup-home" "/workspace/cargo-home/bin/cargo" "+beta-2023-04-20" "metadata" "--manifest-path" "Cargo.toml" "--no-deps", kill_on_drop: false }`
[INFO] started tweaking git repo https://github.com/Michael-F-Bryan/iec
[INFO] finished tweaking git repo https://github.com/Michael-F-Bryan/iec
[INFO] tweaked toml for git repo https://github.com/Michael-F-Bryan/iec written to /workspace/builds/worker-2-tc2/source/Cargo.toml
[INFO] crate git repo https://github.com/Michael-F-Bryan/iec already has a lockfile, it will not be regenerated
[INFO] running `Command { std: CARGO_HOME="/workspace/cargo-home" RUSTUP_HOME="/workspace/rustup-home" "/workspace/cargo-home/bin/cargo" "+beta-2023-04-20" "fetch" "--manifest-path" "Cargo.toml", kill_on_drop: false }`
[INFO] [stderr]     Updating crates.io index
[INFO] [stderr]  Downloading crates ...
[INFO] [stderr]   Downloaded isatty v0.1.9
[INFO] [stderr]   Downloaded ctor v0.1.7
[INFO] [stderr]   Downloaded heapsize_derive v0.1.4
[INFO] [stderr]   Downloaded codespan-reporting v0.2.1
[INFO] [stderr]   Downloaded typename_derive v0.1.1
[INFO] [stderr]   Downloaded synstructure v0.5.2
[INFO] [stderr]   Downloaded cc v1.0.32
[INFO] [stderr]   Downloaded sum_type v0.1.1
[INFO] [stderr]   Downloaded either v1.5.1
[INFO] [stderr]   Downloaded codespan v0.2.1
[INFO] [stderr]   Downloaded typename v0.1.0
[INFO] [stderr]   Downloaded backtrace v0.3.14
[INFO] [stderr]   Downloaded aho-corasick v0.7.1
[INFO] [stderr]   Downloaded serde_derive v1.0.89
[INFO] [stderr]   Downloaded syn v0.15.29
[INFO] [stderr]   Downloaded slog-term v2.4.0
[INFO] [stderr]   Downloaded regex v1.1.3
[INFO] [stderr]   Downloaded libc v0.2.51
[INFO] running `Command { std: "docker" "create" "-v" "/var/lib/crater-agent-workspace/builds/worker-2-tc2/target:/opt/rustwide/target:rw,Z" "-v" "/var/lib/crater-agent-workspace/builds/worker-2-tc2/source:/opt/rustwide/workdir:ro,Z" "-v" "/var/lib/crater-agent-workspace/cargo-home:/opt/rustwide/cargo-home:ro,Z" "-v" "/var/lib/crater-agent-workspace/rustup-home:/opt/rustwide/rustup-home:ro,Z" "-e" "SOURCE_DIR=/opt/rustwide/workdir" "-e" "CARGO_TARGET_DIR=/opt/rustwide/target" "-e" "CARGO_HOME=/opt/rustwide/cargo-home" "-e" "RUSTUP_HOME=/opt/rustwide/rustup-home" "-w" "/opt/rustwide/workdir" "-m" "1610612736" "--user" "0:0" "--network" "none" "ghcr.io/rust-lang/crates-build-env/linux@sha256:5ff2268d62e97bff2cde7d5815dd6ed5b47097566f13b8d0ca110b04b60e07ed" "/opt/rustwide/cargo-home/bin/cargo" "+beta-2023-04-20" "metadata" "--no-deps" "--format-version=1", kill_on_drop: false }`
[INFO] [stdout] dc83a660047cf94cc557ae73e2e107c097fde1a70040febd865d022d0a6c3019
[INFO] running `Command { std: "docker" "start" "-a" "dc83a660047cf94cc557ae73e2e107c097fde1a70040febd865d022d0a6c3019", kill_on_drop: false }`
[INFO] running `Command { std: "docker" "inspect" "dc83a660047cf94cc557ae73e2e107c097fde1a70040febd865d022d0a6c3019", kill_on_drop: false }`
[INFO] running `Command { std: "docker" "rm" "-f" "dc83a660047cf94cc557ae73e2e107c097fde1a70040febd865d022d0a6c3019", kill_on_drop: false }`
[INFO] [stdout] dc83a660047cf94cc557ae73e2e107c097fde1a70040febd865d022d0a6c3019
[INFO] running `Command { std: "docker" "create" "-v" "/var/lib/crater-agent-workspace/builds/worker-2-tc2/target:/opt/rustwide/target:rw,Z" "-v" "/var/lib/crater-agent-workspace/builds/worker-2-tc2/source:/opt/rustwide/workdir:ro,Z" "-v" "/var/lib/crater-agent-workspace/cargo-home:/opt/rustwide/cargo-home:ro,Z" "-v" "/var/lib/crater-agent-workspace/rustup-home:/opt/rustwide/rustup-home:ro,Z" "-e" "SOURCE_DIR=/opt/rustwide/workdir" "-e" "CARGO_TARGET_DIR=/opt/rustwide/target" "-e" "CARGO_INCREMENTAL=0" "-e" "RUST_BACKTRACE=full" "-e" "RUSTFLAGS=--cap-lints=warn" "-e" "RUSTDOCFLAGS=--cap-lints=warn" "-e" "CARGO_HOME=/opt/rustwide/cargo-home" "-e" "RUSTUP_HOME=/opt/rustwide/rustup-home" "-w" "/opt/rustwide/workdir" "-m" "1610612736" "--user" "0:0" "--network" "none" "ghcr.io/rust-lang/crates-build-env/linux@sha256:5ff2268d62e97bff2cde7d5815dd6ed5b47097566f13b8d0ca110b04b60e07ed" "/opt/rustwide/cargo-home/bin/cargo" "+beta-2023-04-20" "build" "--frozen" "--message-format=json", kill_on_drop: false }`
[INFO] [stdout] 6fddaa94b9ab89e0722a728c802c5ff082f4d686bd330a05396f1fe4458248ff
[INFO] running `Command { std: "docker" "start" "-a" "6fddaa94b9ab89e0722a728c802c5ff082f4d686bd330a05396f1fe4458248ff", kill_on_drop: false }`
[INFO] [stderr]    Compiling libc v0.2.51
[INFO] [stderr]    Compiling autocfg v0.1.2
[INFO] [stderr]    Compiling proc-macro2 v0.4.27
[INFO] [stderr]    Compiling unicode-xid v0.1.0
[INFO] [stderr]    Compiling rand_core v0.4.0
[INFO] [stderr]    Compiling syn v0.15.29
[INFO] [stderr]    Compiling cfg-if v0.1.7
[INFO] [stderr]    Compiling serde v1.0.89
[INFO] [stderr]    Compiling lazy_static v1.3.0
[INFO] [stderr]    Compiling siphasher v0.2.3
[INFO] [stderr]    Compiling typenum v1.10.0
[INFO] [stderr]    Compiling byteorder v1.3.1
[INFO] [stderr]    Compiling unicode-xid v0.0.4
[INFO] [stderr]    Compiling memchr v2.2.0
[INFO] [stderr]    Compiling string_cache_shared v0.3.0
[INFO] [stderr]    Compiling cc v1.0.32
[INFO] [stderr]    Compiling thread_local v0.3.6
[INFO] [stderr]    Compiling quote v0.3.15
[INFO] [stderr]    Compiling strsim v0.7.0
[INFO] [stderr]    Compiling regex v1.1.3
[INFO] [stderr]    Compiling rand_core v0.3.1
[INFO] [stderr]    Compiling rand_jitter v0.1.3
[INFO] [stderr]    Compiling rand_xorshift v0.1.1
[INFO] [stderr]    Compiling rand_isaac v0.1.1
[INFO] [stderr]    Compiling rand_chacha v0.1.1
[INFO] [stderr]    Compiling rand_pcg v0.1.2
[INFO] [stderr]    Compiling rand v0.6.5
[INFO] [stderr]    Compiling rand_hc v0.1.0
[INFO] [stderr]    Compiling phf_shared v0.7.24
[INFO] [stderr]    Compiling synom v0.11.3
[INFO] [stderr]    Compiling byte-tools v0.3.1
[INFO] [stderr]    Compiling ucd-util v0.1.3
[INFO] [stderr]    Compiling either v1.5.1
[INFO] [stderr]    Compiling syn v0.11.11
[INFO] [stderr]    Compiling itertools v0.8.0
[INFO] [stderr]    Compiling block-padding v0.1.3
[INFO] [stderr]    Compiling backtrace v0.3.14
[INFO] [stderr]    Compiling rand_os v0.1.3
[INFO] [stderr]    Compiling atty v0.2.11
[INFO] [stderr]    Compiling regex-syntax v0.6.6
[INFO] [stderr]    Compiling aho-corasick v0.7.1
[INFO] [stderr]    Compiling failure_derive v0.1.5
[INFO] [stderr]    Compiling utf8-ranges v1.0.2
[INFO] [stderr]    Compiling log v0.4.6
[INFO] [stderr]    Compiling quote v0.6.11
[INFO] [stderr]    Compiling bit-vec v0.5.1
[INFO] [stderr]    Compiling backtrace-sys v0.1.28
[INFO] [stderr]    Compiling generic-array v0.12.0
[INFO] [stderr]    Compiling precomputed-hash v0.1.1
[INFO] [stderr]    Compiling rustc-demangle v0.1.13
[INFO] [stderr]    Compiling opaque-debug v0.2.2
[INFO] [stderr]    Compiling ordermap v0.3.5
[INFO] [stderr]    Compiling new_debug_unreachable v1.0.3
[INFO] [stderr]    Compiling fake-simd v0.1.2
[INFO] [stderr]    Compiling heapsize v0.4.2
[INFO] [stderr]    Compiling term v0.4.6
[INFO] [stderr]    Compiling fixedbitset v0.1.9
[INFO] [stderr]    Compiling block-buffer v0.7.0
[INFO] [stderr]    Compiling digest v0.8.0
[INFO] [stderr]    Compiling bit-set v0.5.1
[INFO] [stderr]    Compiling ena v0.11.0
[INFO] [stderr]    Compiling lalrpop-util v0.16.3
[INFO] [stderr]    Compiling slog v2.4.1
[INFO] [stderr]    Compiling synstructure v0.5.2
[INFO] [stderr]    Compiling sha2 v0.8.0
[INFO] [stderr]    Compiling num-traits v0.2.6
[INFO] [stderr]    Compiling diff v0.1.11
[INFO] [stderr]    Compiling petgraph v0.4.13
[INFO] [stderr]    Compiling num-integer v0.1.39
[INFO] [stderr]    Compiling unicode-width v0.1.5
[INFO] [stderr]    Compiling ascii-canvas v1.0.0
[INFO] [stderr]    Compiling unicode-segmentation v1.2.1
[INFO] [stderr]    Compiling phf_generator v0.7.24
[INFO] [stderr]    Compiling textwrap v0.10.0
[INFO] [stderr]    Compiling time v0.1.42
[INFO] [stderr]    Compiling string_cache_codegen v0.4.2
[INFO] [stderr]    Compiling heck v0.3.1
[INFO] [stderr]    Compiling dirs v1.0.5
[INFO] [stderr]    Compiling termcolor v1.0.4
[INFO] [stderr]    Compiling sum_type v0.1.1
[INFO] [stderr]    Compiling bitflags v1.0.4
[INFO] [stderr]    Compiling vec_map v0.8.1
[INFO] [stderr]    Compiling term v0.5.2
[INFO] [stderr]    Compiling heapsize_derive v0.1.4
[INFO] [stderr]    Compiling typename_derive v0.1.1
[INFO] [stderr]    Compiling isatty v0.1.9
[INFO] [stderr]    Compiling take_mut v0.2.2
[INFO] [stderr]    Compiling clap v2.32.0
[INFO] [stderr]    Compiling slog-async v2.3.0
[INFO] [stderr]    Compiling string_cache v0.7.3
[INFO] [stderr]    Compiling typename v0.1.0
[INFO] [stderr]    Compiling chrono v0.4.6
[INFO] [stderr]    Compiling slog-term v2.4.0
[INFO] [stderr]    Compiling synstructure v0.10.1
[INFO] [stderr]    Compiling serde_derive v1.0.89
[INFO] [stderr]    Compiling structopt-derive v0.2.15
[INFO] [stderr]    Compiling slog_derive v0.1.1
[INFO] [stderr]    Compiling failure v0.1.5
[INFO] [stderr]    Compiling structopt v0.2.15
[INFO] [stderr]    Compiling docopt v1.0.2
[INFO] [stderr]    Compiling codespan v0.2.1
[INFO] [stderr]    Compiling codespan-reporting v0.2.1
[INFO] [stderr]    Compiling lalrpop v0.16.3
[INFO] [stderr]    Compiling iec_syntax v0.1.0 (/opt/rustwide/workdir/syntax)
[INFO] [stdout] warning: unnecessary parentheses around block return value
[INFO] [stdout]      --> /opt/rustwide/target/debug/build/iec_syntax-e7efc445ed7a5c0c/out/grammar.rs:64164:5
[INFO] [stdout]       |
[INFO] [stdout] 64164 |     (__0)
[INFO] [stdout]       |     ^   ^
[INFO] [stdout]       |
[INFO] [stdout]       = note: `#[warn(unused_parens)]` on by default
[INFO] [stdout] help: remove these parentheses
[INFO] [stdout]       |
[INFO] [stdout] 64164 -     (__0)
[INFO] [stdout] 64164 +     __0
[INFO] [stdout]       |
[INFO] [stdout] 
[INFO] [stdout] 
[INFO] [stdout] warning: unnecessary parentheses around block return value
[INFO] [stdout]      --> /opt/rustwide/target/debug/build/iec_syntax-e7efc445ed7a5c0c/out/grammar.rs:64175:5
[INFO] [stdout]       |
[INFO] [stdout] 64175 |     (__0)
[INFO] [stdout]       |     ^   ^
[INFO] [stdout]       |
[INFO] [stdout] help: remove these parentheses
[INFO] [stdout]       |
[INFO] [stdout] 64175 -     (__0)
[INFO] [stdout] 64175 +     __0
[INFO] [stdout]       |
[INFO] [stdout] 
[INFO] [stdout] 
[INFO] [stdout] warning: unnecessary parentheses around block return value
[INFO] [stdout]      --> /opt/rustwide/target/debug/build/iec_syntax-e7efc445ed7a5c0c/out/grammar.rs:64186:5
[INFO] [stdout]       |
[INFO] [stdout] 64186 |     (__0)
[INFO] [stdout]       |     ^   ^
[INFO] [stdout]       |
[INFO] [stdout] help: remove these parentheses
[INFO] [stdout]       |
[INFO] [stdout] 64186 -     (__0)
[INFO] [stdout] 64186 +     __0
[INFO] [stdout]       |
[INFO] [stdout] 
[INFO] [stdout] 
[INFO] [stdout] warning: unnecessary parentheses around block return value
[INFO] [stdout]      --> /opt/rustwide/target/debug/build/iec_syntax-e7efc445ed7a5c0c/out/grammar.rs:64197:5
[INFO] [stdout]       |
[INFO] [stdout] 64197 |     (__0)
[INFO] [stdout]       |     ^   ^
[INFO] [stdout]       |
[INFO] [stdout] help: remove these parentheses
[INFO] [stdout]       |
[INFO] [stdout] 64197 -     (__0)
[INFO] [stdout] 64197 +     __0
[INFO] [stdout]       |
[INFO] [stdout] 
[INFO] [stdout] 
[INFO] [stdout] warning: unnecessary parentheses around block return value
[INFO] [stdout]      --> /opt/rustwide/target/debug/build/iec_syntax-e7efc445ed7a5c0c/out/grammar.rs:64208:5
[INFO] [stdout]       |
[INFO] [stdout] 64208 |     (__0)
[INFO] [stdout]       |     ^   ^
[INFO] [stdout]       |
[INFO] [stdout] help: remove these parentheses
[INFO] [stdout]       |
[INFO] [stdout] 64208 -     (__0)
[INFO] [stdout] 64208 +     __0
[INFO] [stdout]       |
[INFO] [stdout] 
[INFO] [stdout] 
[INFO] [stdout] warning: unnecessary parentheses around block return value
[INFO] [stdout]      --> /opt/rustwide/target/debug/build/iec_syntax-e7efc445ed7a5c0c/out/grammar.rs:64219:5
[INFO] [stdout]       |
[INFO] [stdout] 64219 |     (__0)
[INFO] [stdout]       |     ^   ^
[INFO] [stdout]       |
[INFO] [stdout] help: remove these parentheses
[INFO] [stdout]       |
[INFO] [stdout] 64219 -     (__0)
[INFO] [stdout] 64219 +     __0
[INFO] [stdout]       |
[INFO] [stdout] 
[INFO] [stdout] 
[INFO] [stdout] warning: unnecessary parentheses around block return value
[INFO] [stdout]      --> /opt/rustwide/target/debug/build/iec_syntax-e7efc445ed7a5c0c/out/grammar.rs:64230:5
[INFO] [stdout]       |
[INFO] [stdout] 64230 |     (__0)
[INFO] [stdout]       |     ^   ^
[INFO] [stdout]       |
[INFO] [stdout] help: remove these parentheses
[INFO] [stdout]       |
[INFO] [stdout] 64230 -     (__0)
[INFO] [stdout] 64230 +     __0
[INFO] [stdout]       |
[INFO] [stdout] 
[INFO] [stdout] 
[INFO] [stdout] warning: unnecessary parentheses around block return value
[INFO] [stdout]      --> /opt/rustwide/target/debug/build/iec_syntax-e7efc445ed7a5c0c/out/grammar.rs:64241:5
[INFO] [stdout]       |
[INFO] [stdout] 64241 |     (__0)
[INFO] [stdout]       |     ^   ^
[INFO] [stdout]       |
[INFO] [stdout] help: remove these parentheses
[INFO] [stdout]       |
[INFO] [stdout] 64241 -     (__0)
[INFO] [stdout] 64241 +     __0
[INFO] [stdout]       |
[INFO] [stdout] 
[INFO] [stdout] 
[INFO] [stdout] warning: unnecessary parentheses around block return value
[INFO] [stdout]      --> /opt/rustwide/target/debug/build/iec_syntax-e7efc445ed7a5c0c/out/grammar.rs:64252:5
[INFO] [stdout]       |
[INFO] [stdout] 64252 |     (__0)
[INFO] [stdout]       |     ^   ^
[INFO] [stdout]       |
[INFO] [stdout] help: remove these parentheses
[INFO] [stdout]       |
[INFO] [stdout] 64252 -     (__0)
[INFO] [stdout] 64252 +     __0
[INFO] [stdout]       |
[INFO] [stdout] 
[INFO] [stdout] 
[INFO] [stdout] warning: unnecessary parentheses around block return value
[INFO] [stdout]      --> /opt/rustwide/target/debug/build/iec_syntax-e7efc445ed7a5c0c/out/grammar.rs:64263:5
[INFO] [stdout]       |
[INFO] [stdout] 64263 |     (__0)
[INFO] [stdout]       |     ^   ^
[INFO] [stdout]       |
[INFO] [stdout] help: remove these parentheses
[INFO] [stdout]       |
[INFO] [stdout] 64263 -     (__0)
[INFO] [stdout] 64263 +     __0
[INFO] [stdout]       |
[INFO] [stdout] 
[INFO] [stdout] 
[INFO] [stdout] warning: unnecessary parentheses around block return value
[INFO] [stdout]      --> /opt/rustwide/target/debug/build/iec_syntax-e7efc445ed7a5c0c/out/grammar.rs:64274:5
[INFO] [stdout]       |
[INFO] [stdout] 64274 |     (__0)
[INFO] [stdout]       |     ^   ^
[INFO] [stdout]       |
[INFO] [stdout] help: remove these parentheses
[INFO] [stdout]       |
[INFO] [stdout] 64274 -     (__0)
[INFO] [stdout] 64274 +     __0
[INFO] [stdout]       |
[INFO] [stdout] 
[INFO] [stdout] 
[INFO] [stdout] warning: unnecessary parentheses around block return value
[INFO] [stdout]      --> /opt/rustwide/target/debug/build/iec_syntax-e7efc445ed7a5c0c/out/grammar.rs:64285:5
[INFO] [stdout]       |
[INFO] [stdout] 64285 |     (__0)
[INFO] [stdout]       |     ^   ^
[INFO] [stdout]       |
[INFO] [stdout] help: remove these parentheses
[INFO] [stdout]       |
[INFO] [stdout] 64285 -     (__0)
[INFO] [stdout] 64285 +     __0
[INFO] [stdout]       |
[INFO] [stdout] 
[INFO] [stdout] 
[INFO] [stdout] warning: unnecessary parentheses around block return value
[INFO] [stdout]      --> /opt/rustwide/target/debug/build/iec_syntax-e7efc445ed7a5c0c/out/grammar.rs:65150:5
[INFO] [stdout]       |
[INFO] [stdout] 65150 |     (__0)
[INFO] [stdout]       |     ^   ^
[INFO] [stdout]       |
[INFO] [stdout] help: remove these parentheses
[INFO] [stdout]       |
[INFO] [stdout] 65150 -     (__0)
[INFO] [stdout] 65150 +     __0
[INFO] [stdout]       |
[INFO] [stdout] 
[INFO] [stdout] 
[INFO] [stdout] warning: unnecessary parentheses around block return value
[INFO] [stdout]      --> /opt/rustwide/target/debug/build/iec_syntax-e7efc445ed7a5c0c/out/grammar.rs:65285:5
[INFO] [stdout]       |
[INFO] [stdout] 65285 |     (__0)
[INFO] [stdout]       |     ^   ^
[INFO] [stdout]       |
[INFO] [stdout] help: remove these parentheses
[INFO] [stdout]       |
[INFO] [stdout] 65285 -     (__0)
[INFO] [stdout] 65285 +     __0
[INFO] [stdout]       |
[INFO] [stdout] 
[INFO] [stdout] 
[INFO] [stdout] warning: unnecessary parentheses around block return value
[INFO] [stdout]      --> /opt/rustwide/target/debug/build/iec_syntax-e7efc445ed7a5c0c/out/grammar.rs:65343:5
[INFO] [stdout]       |
[INFO] [stdout] 65343 |     (__0)
[INFO] [stdout]       |     ^   ^
[INFO] [stdout]       |
[INFO] [stdout] help: remove these parentheses
[INFO] [stdout]       |
[INFO] [stdout] 65343 -     (__0)
[INFO] [stdout] 65343 +     __0
[INFO] [stdout]       |
[INFO] [stdout] 
[INFO] [stdout] 
[INFO] [stdout] warning: unnecessary parentheses around block return value
[INFO] [stdout]      --> /opt/rustwide/target/debug/build/iec_syntax-e7efc445ed7a5c0c/out/grammar.rs:65397:5
[INFO] [stdout]       |
[INFO] [stdout] 65397 |     (__0)
[INFO] [stdout]       |     ^   ^
[INFO] [stdout]       |
[INFO] [stdout] help: remove these parentheses
[INFO] [stdout]       |
[INFO] [stdout] 65397 -     (__0)
[INFO] [stdout] 65397 +     __0
[INFO] [stdout]       |
[INFO] [stdout] 
[INFO] [stdout] 
[INFO] [stdout] warning: unnecessary parentheses around block return value
[INFO] [stdout]      --> /opt/rustwide/target/debug/build/iec_syntax-e7efc445ed7a5c0c/out/grammar.rs:65640:5
[INFO] [stdout]       |
[INFO] [stdout] 65640 |     (__0)
[INFO] [stdout]       |     ^   ^
[INFO] [stdout]       |
[INFO] [stdout] help: remove these parentheses
[INFO] [stdout]       |
[INFO] [stdout] 65640 -     (__0)
[INFO] [stdout] 65640 +     __0
[INFO] [stdout]       |
[INFO] [stdout] 
[INFO] [stdout] 
[INFO] [stderr]    Compiling iec v0.1.0 (/opt/rustwide/workdir/iec)
[INFO] [stdout] warning: trait objects without an explicit `dyn` are deprecated
[INFO] [stdout]    --> iec/src/ecs.rs:100:32
[INFO] [stdout]     |
[INFO] [stdout] 100 |     items: HashMap<TypeId, Box<Any>>,
[INFO] [stdout]     |                                ^^^
[INFO] [stdout]     |
[INFO] [stdout]     = warning: this is accepted in the current edition (Rust 2018) but is a hard error in Rust 2021!
[INFO] [stdout]     = note: for more information, see <https://doc.rust-lang.org/nightly/edition-guide/rust-2021/warnings-promoted-to-error.html>
[INFO] [stdout]     = note: `#[warn(bare_trait_objects)]` on by default
[INFO] [stdout] help: use `dyn`
[INFO] [stdout]     |
[INFO] [stdout] 100 |     items: HashMap<TypeId, Box<dyn Any>>,
[INFO] [stdout]     |                                +++
[INFO] [stdout] 
[INFO] [stdout] 
[INFO] [stdout] warning: trait objects without an explicit `dyn` are deprecated
[INFO] [stdout]    --> iec/src/ecs.rs:101:37
[INFO] [stdout]     |
[INFO] [stdout] 101 |     singletons: HashMap<TypeId, Box<Any>>,
[INFO] [stdout]     |                                     ^^^
[INFO] [stdout]     |
[INFO] [stdout]     = warning: this is accepted in the current edition (Rust 2018) but is a hard error in Rust 2021!
[INFO] [stdout]     = note: for more information, see <https://doc.rust-lang.org/nightly/edition-guide/rust-2021/warnings-promoted-to-error.html>
[INFO] [stdout] help: use `dyn`
[INFO] [stdout]     |
[INFO] [stdout] 101 |     singletons: HashMap<TypeId, Box<dyn Any>>,
[INFO] [stdout]     |                                     +++
[INFO] [stdout] 
[INFO] [stdout] 
[INFO] [stdout] warning: trait objects without an explicit `dyn` are deprecated
[INFO] [stdout]    --> iec/src/ecs.rs:272:37
[INFO] [stdout]     |
[INFO] [stdout] 272 |     container: &HashMap<TypeId, Box<Any>>,
[INFO] [stdout]     |                                     ^^^
[INFO] [stdout]     |
[INFO] [stdout]     = warning: this is accepted in the current edition (Rust 2018) but is a hard error in Rust 2021!
[INFO] [stdout]     = note: for more information, see <https://doc.rust-lang.org/nightly/edition-guide/rust-2021/warnings-promoted-to-error.html>
[INFO] [stdout] help: use `dyn`
[INFO] [stdout]     |
[INFO] [stdout] 272 |     container: &HashMap<TypeId, Box<dyn Any>>,
[INFO] [stdout]     |                                     +++
[INFO] [stdout] 
[INFO] [stdout] 
[INFO] [stdout] warning: trait objects without an explicit `dyn` are deprecated
[INFO] [stdout]    --> iec/src/ecs.rs:123:59
[INFO] [stdout]     |
[INFO] [stdout] 123 |         self.items.insert(type_id, boxed_container as Box<Any>);
[INFO] [stdout]     |                                                           ^^^
[INFO] [stdout]     |
[INFO] [stdout]     = warning: this is accepted in the current edition (Rust 2018) but is a hard error in Rust 2021!
[INFO] [stdout]     = note: for more information, see <https://doc.rust-lang.org/nightly/edition-guide/rust-2021/warnings-promoted-to-error.html>
[INFO] [stdout] help: use `dyn`
[INFO] [stdout]     |
[INFO] [stdout] 123 |         self.items.insert(type_id, boxed_container as Box<dyn Any>);
[INFO] [stdout]     |                                                           +++
[INFO] [stdout] 
[INFO] [stdout] 
[INFO] [stdout] warning: trait objects without an explicit `dyn` are deprecated
[INFO] [stdout]    --> iec/src/ecs.rs:277:26
[INFO] [stdout]     |
[INFO] [stdout] 277 |         * (size_of::<Box<Any>>() + size_of::<TypeId>() + size_of::<usize>());
[INFO] [stdout]     |                          ^^^
[INFO] [stdout]     |
[INFO] [stdout]     = warning: this is accepted in the current edition (Rust 2018) but is a hard error in Rust 2021!
[INFO] [stdout]     = note: for more information, see <https://doc.rust-lang.org/nightly/edition-guide/rust-2021/warnings-promoted-to-error.html>
[INFO] [stdout] help: use `dyn`
[INFO] [stdout]     |
[INFO] [stdout] 277 |         * (size_of::<Box<dyn Any>>() + size_of::<TypeId>() + size_of::<usize>());
[INFO] [stdout]     |                          +++
[INFO] [stdout] 
[INFO] [stdout] 
[INFO] [stdout] warning: unused variable: `programs`
[INFO] [stdout]   --> iec/src/passes/basic_blocks.rs:25:18
[INFO] [stdout]    |
[INFO] [stdout] 25 |         let (mut programs, variables, symbols, types, instructions, blocks) =
[INFO] [stdout]    |                  ^^^^^^^^ help: if this is intentional, prefix it with an underscore: `_programs`
[INFO] [stdout]    |
[INFO] [stdout]    = note: `#[warn(unused_variables)]` on by default
[INFO] [stdout] 
[INFO] [stdout] 
[INFO] [stdout] warning: unused variable: `instructions`
[INFO] [stdout]   --> iec/src/passes/basic_blocks.rs:25:55
[INFO] [stdout]    |
[INFO] [stdout] 25 |         let (mut programs, variables, symbols, types, instructions, blocks) =
[INFO] [stdout]    |                                                       ^^^^^^^^^^^^ help: if this is intentional, prefix it with an underscore: `_instructions`
[INFO] [stdout] 
[INFO] [stdout] 
[INFO] [stdout] warning: unused variable: `blocks`
[INFO] [stdout]   --> iec/src/passes/basic_blocks.rs:25:69
[INFO] [stdout]    |
[INFO] [stdout] 25 |         let (mut programs, variables, symbols, types, instructions, blocks) =
[INFO] [stdout]    |                                                                     ^^^^^^ help: if this is intentional, prefix it with an underscore: `_blocks`
[INFO] [stdout] 
[INFO] [stdout] 
[INFO] [stdout] warning: unused variable: `entry_block`
[INFO] [stdout]   --> iec/src/passes/basic_blocks.rs:37:17
[INFO] [stdout]    |
[INFO] [stdout] 37 |             let entry_block = to_basic_blocks(
[INFO] [stdout]    |                 ^^^^^^^^^^^ help: if this is intentional, prefix it with an underscore: `_entry_block`
[INFO] [stdout] 
[INFO] [stdout] 
[INFO] [stdout] warning: unused variable: `parent`
[INFO] [stdout]   --> iec/src/passes/basic_blocks.rs:49:5
[INFO] [stdout]    |
[INFO] [stdout] 49 |     parent: Symbol,
[INFO] [stdout]    |     ^^^^^^ help: if this is intentional, prefix it with an underscore: `_parent`
[INFO] [stdout] 
[INFO] [stdout] 
[INFO] [stdout] warning: unused variable: `body`
[INFO] [stdout]   --> iec/src/passes/basic_blocks.rs:50:5
[INFO] [stdout]    |
[INFO] [stdout] 50 |     body: &[iec_syntax::Statement],
[INFO] [stdout]    |     ^^^^ help: if this is intentional, prefix it with an underscore: `_body`
[INFO] [stdout] 
[INFO] [stdout] 
[INFO] [stdout] warning: unused variable: `variables`
[INFO] [stdout]   --> iec/src/passes/basic_blocks.rs:51:5
[INFO] [stdout]    |
[INFO] [stdout] 51 |     variables: &Container<Variable>,
[INFO] [stdout]    |     ^^^^^^^^^ help: if this is intentional, prefix it with an underscore: `_variables`
[INFO] [stdout] 
[INFO] [stdout] 
[INFO] [stdout] warning: unused variable: `types`
[INFO] [stdout]   --> iec/src/passes/basic_blocks.rs:52:5
[INFO] [stdout]    |
[INFO] [stdout] 52 |     types: &Container<Type>,
[INFO] [stdout]    |     ^^^^^ help: if this is intentional, prefix it with an underscore: `_types`
[INFO] [stdout] 
[INFO] [stdout] 
[INFO] [stdout] warning: unused variable: `diags`
[INFO] [stdout]   --> iec/src/passes/basic_blocks.rs:53:5
[INFO] [stdout]    |
[INFO] [stdout] 53 |     diags: &mut Diagnostics,
[INFO] [stdout]    |     ^^^^^ help: if this is intentional, prefix it with an underscore: `_diags`
[INFO] [stdout] 
[INFO] [stdout] 
[INFO] [stdout] warning: variable does not need to be mutable
[INFO] [stdout]   --> iec/src/passes/basic_blocks.rs:25:14
[INFO] [stdout]    |
[INFO] [stdout] 25 |         let (mut programs, variables, symbols, types, instructions, blocks) =
[INFO] [stdout]    |              ----^^^^^^^^
[INFO] [stdout]    |              |
[INFO] [stdout]    |              help: remove this `mut`
[INFO] [stdout]    |
[INFO] [stdout]    = note: `#[warn(unused_mut)]` on by default
[INFO] [stdout] 
[INFO] [stdout] 
[INFO] [stdout] warning: field `component_type_id` is never read
[INFO] [stdout]    --> iec/src/ecs.rs:378:5
[INFO] [stdout]     |
[INFO] [stdout] 372 | struct ContainerVtable {
[INFO] [stdout]     |        --------------- field in this struct
[INFO] [stdout] ...
[INFO] [stdout] 378 |     component_type_id: TypeId,
[INFO] [stdout]     |     ^^^^^^^^^^^^^^^^^
[INFO] [stdout]     |
[INFO] [stdout]     = note: `ContainerVtable` has a derived impl for the trait `Clone`, but this is intentionally ignored during dead code analysis
[INFO] [stdout]     = note: `#[warn(dead_code)]` on by default
[INFO] [stdout] 
[INFO] [stdout] 
[INFO] [stdout] warning: 16 warnings emitted
[INFO] [stdout] 
[INFO] [stdout] 
[INFO] [stdout] warning: 17 warnings emitted
[INFO] [stdout] 
[INFO] [stdout] 
[INFO] [stderr]    Compiling iec_runner v0.1.0 (/opt/rustwide/workdir/runner)
[INFO] [stderr]     Finished dev [unoptimized + debuginfo] target(s) in 36.19s
[INFO] [stderr] warning: the following packages contain code that will be rejected by a future version of Rust: lalrpop v0.16.3
[INFO] [stderr] note: to see what the problems were, use the option `--future-incompat-report`, or run `cargo report future-incompatibilities --id 1`
[INFO] running `Command { std: "docker" "inspect" "6fddaa94b9ab89e0722a728c802c5ff082f4d686bd330a05396f1fe4458248ff", kill_on_drop: false }`
[INFO] running `Command { std: "docker" "rm" "-f" "6fddaa94b9ab89e0722a728c802c5ff082f4d686bd330a05396f1fe4458248ff", kill_on_drop: false }`
[INFO] [stdout] 6fddaa94b9ab89e0722a728c802c5ff082f4d686bd330a05396f1fe4458248ff
[INFO] running `Command { std: "docker" "create" "-v" "/var/lib/crater-agent-workspace/builds/worker-2-tc2/target:/opt/rustwide/target:rw,Z" "-v" "/var/lib/crater-agent-workspace/builds/worker-2-tc2/source:/opt/rustwide/workdir:ro,Z" "-v" "/var/lib/crater-agent-workspace/cargo-home:/opt/rustwide/cargo-home:ro,Z" "-v" "/var/lib/crater-agent-workspace/rustup-home:/opt/rustwide/rustup-home:ro,Z" "-e" "SOURCE_DIR=/opt/rustwide/workdir" "-e" "CARGO_TARGET_DIR=/opt/rustwide/target" "-e" "CARGO_INCREMENTAL=0" "-e" "RUST_BACKTRACE=full" "-e" "RUSTFLAGS=--cap-lints=warn" "-e" "RUSTDOCFLAGS=--cap-lints=warn" "-e" "CARGO_HOME=/opt/rustwide/cargo-home" "-e" "RUSTUP_HOME=/opt/rustwide/rustup-home" "-w" "/opt/rustwide/workdir" "-m" "1610612736" "--user" "0:0" "--network" "none" "ghcr.io/rust-lang/crates-build-env/linux@sha256:5ff2268d62e97bff2cde7d5815dd6ed5b47097566f13b8d0ca110b04b60e07ed" "/opt/rustwide/cargo-home/bin/cargo" "+beta-2023-04-20" "test" "--frozen" "--no-run" "--message-format=json", kill_on_drop: false }`
[INFO] [stdout] c838e57768781fad4fb0dca3d2a948797702d90502ba469f5088797526222396
[INFO] running `Command { std: "docker" "start" "-a" "c838e57768781fad4fb0dca3d2a948797702d90502ba469f5088797526222396", kill_on_drop: false }`
[INFO] [stderr]    Compiling ryu v0.2.7
[INFO] [stderr]    Compiling itoa v0.4.3
[INFO] [stderr]    Compiling difference v2.0.0
[INFO] [stdout] warning: unnecessary parentheses around block return value
[INFO] [stdout]      --> /opt/rustwide/target/debug/build/iec_syntax-e7efc445ed7a5c0c/out/grammar.rs:64164:5
[INFO] [stdout]       |
[INFO] [stdout] 64164 |     (__0)
[INFO] [stdout]       |     ^   ^
[INFO] [stdout]       |
[INFO] [stdout]       = note: `#[warn(unused_parens)]` on by default
[INFO] [stdout] help: remove these parentheses
[INFO] [stdout]       |
[INFO] [stdout] 64164 -     (__0)
[INFO] [stdout] 64164 +     __0
[INFO] [stdout]       |
[INFO] [stdout] 
[INFO] [stdout] 
[INFO] [stdout] warning: unnecessary parentheses around block return value
[INFO] [stdout]      --> /opt/rustwide/target/debug/build/iec_syntax-e7efc445ed7a5c0c/out/grammar.rs:64175:5
[INFO] [stdout]       |
[INFO] [stdout] 64175 |     (__0)
[INFO] [stdout]       |     ^   ^
[INFO] [stdout]       |
[INFO] [stdout] help: remove these parentheses
[INFO] [stdout]       |
[INFO] [stdout] 64175 -     (__0)
[INFO] [stdout] 64175 +     __0
[INFO] [stdout]       |
[INFO] [stdout] 
[INFO] [stdout] 
[INFO] [stdout] warning: unnecessary parentheses around block return value
[INFO] [stdout]      --> /opt/rustwide/target/debug/build/iec_syntax-e7efc445ed7a5c0c/out/grammar.rs:64186:5
[INFO] [stdout]       |
[INFO] [stdout] 64186 |     (__0)
[INFO] [stdout]       |     ^   ^
[INFO] [stdout]       |
[INFO] [stdout] help: remove these parentheses
[INFO] [stdout]       |
[INFO] [stdout] 64186 -     (__0)
[INFO] [stdout] 64186 +     __0
[INFO] [stdout]       |
[INFO] [stdout] 
[INFO] [stdout] 
[INFO] [stdout] warning: unnecessary parentheses around block return value
[INFO] [stdout]      --> /opt/rustwide/target/debug/build/iec_syntax-e7efc445ed7a5c0c/out/grammar.rs:64197:5
[INFO] [stdout]       |
[INFO] [stdout] 64197 |     (__0)
[INFO] [stdout]       |     ^   ^
[INFO] [stdout]       |
[INFO] [stdout] help: remove these parentheses
[INFO] [stdout]       |
[INFO] [stdout] 64197 -     (__0)
[INFO] [stdout] 64197 +     __0
[INFO] [stdout]       |
[INFO] [stdout] 
[INFO] [stdout] 
[INFO] [stdout] warning: unnecessary parentheses around block return value
[INFO] [stdout]      --> /opt/rustwide/target/debug/build/iec_syntax-e7efc445ed7a5c0c/out/grammar.rs:64208:5
[INFO] [stdout]       |
[INFO] [stdout] 64208 |     (__0)
[INFO] [stdout]       |     ^   ^
[INFO] [stdout]       |
[INFO] [stdout] help: remove these parentheses
[INFO] [stdout]       |
[INFO] [stdout] 64208 -     (__0)
[INFO] [stdout] 64208 +     __0
[INFO] [stdout]       |
[INFO] [stdout] 
[INFO] [stdout] 
[INFO] [stdout] warning: unnecessary parentheses around block return value
[INFO] [stdout]      --> /opt/rustwide/target/debug/build/iec_syntax-e7efc445ed7a5c0c/out/grammar.rs:64219:5
[INFO] [stdout]       |
[INFO] [stdout] 64219 |     (__0)
[INFO] [stdout]       |     ^   ^
[INFO] [stdout]       |
[INFO] [stdout] help: remove these parentheses
[INFO] [stdout]       |
[INFO] [stdout] 64219 -     (__0)
[INFO] [stdout] 64219 +     __0
[INFO] [stdout]       |
[INFO] [stdout] 
[INFO] [stdout] 
[INFO] [stdout] warning: unnecessary parentheses around block return value
[INFO] [stdout]      --> /opt/rustwide/target/debug/build/iec_syntax-e7efc445ed7a5c0c/out/grammar.rs:64230:5
[INFO] [stdout]       |
[INFO] [stdout] 64230 |     (__0)
[INFO] [stdout]       |     ^   ^
[INFO] [stdout]       |
[INFO] [stdout] help: remove these parentheses
[INFO] [stdout]       |
[INFO] [stdout] 64230 -     (__0)
[INFO] [stdout] 64230 +     __0
[INFO] [stdout]       |
[INFO] [stdout] 
[INFO] [stdout] 
[INFO] [stdout] warning: unnecessary parentheses around block return value
[INFO] [stdout]      --> /opt/rustwide/target/debug/build/iec_syntax-e7efc445ed7a5c0c/out/grammar.rs:64241:5
[INFO] [stdout]       |
[INFO] [stdout] 64241 |     (__0)
[INFO] [stdout]       |     ^   ^
[INFO] [stdout]       |
[INFO] [stdout] help: remove these parentheses
[INFO] [stdout]       |
[INFO] [stdout] 64241 -     (__0)
[INFO] [stdout] 64241 +     __0
[INFO] [stdout]       |
[INFO] [stdout] 
[INFO] [stdout] 
[INFO] [stdout] warning: unnecessary parentheses around block return value
[INFO] [stdout]      --> /opt/rustwide/target/debug/build/iec_syntax-e7efc445ed7a5c0c/out/grammar.rs:64252:5
[INFO] [stdout]       |
[INFO] [stdout] 64252 |     (__0)
[INFO] [stdout]       |     ^   ^
[INFO] [stdout]       |
[INFO] [stdout] help: remove these parentheses
[INFO] [stdout]       |
[INFO] [stdout] 64252 -     (__0)
[INFO] [stdout] 64252 +     __0
[INFO] [stdout]       |
[INFO] [stdout] 
[INFO] [stdout] 
[INFO] [stdout] warning: unnecessary parentheses around block return value
[INFO] [stdout]      --> /opt/rustwide/target/debug/build/iec_syntax-e7efc445ed7a5c0c/out/grammar.rs:64263:5
[INFO] [stdout]       |
[INFO] [stdout] 64263 |     (__0)
[INFO] [stdout]       |     ^   ^
[INFO] [stdout]       |
[INFO] [stdout] help: remove these parentheses
[INFO] [stdout]       |
[INFO] [stdout] 64263 -     (__0)
[INFO] [stdout] 64263 +     __0
[INFO] [stdout]       |
[INFO] [stdout] 
[INFO] [stdout] 
[INFO] [stdout] warning: unnecessary parentheses around block return value
[INFO] [stdout]      --> /opt/rustwide/target/debug/build/iec_syntax-e7efc445ed7a5c0c/out/grammar.rs:64274:5
[INFO] [stdout]       |
[INFO] [stdout] 64274 |     (__0)
[INFO] [stdout]       |     ^   ^
[INFO] [stdout]       |
[INFO] [stdout] help: remove these parentheses
[INFO] [stdout]       |
[INFO] [stdout] 64274 -     (__0)
[INFO] [stdout] 64274 +     __0
[INFO] [stdout]       |
[INFO] [stdout] 
[INFO] [stdout] 
[INFO] [stdout] warning: unnecessary parentheses around block return value
[INFO] [stdout]      --> /opt/rustwide/target/debug/build/iec_syntax-e7efc445ed7a5c0c/out/grammar.rs:64285:5
[INFO] [stdout]       |
[INFO] [stdout] 64285 |     (__0)
[INFO] [stdout]       |     ^   ^
[INFO] [stdout]       |
[INFO] [stdout] help: remove these parentheses
[INFO] [stdout]       |
[INFO] [stdout] 64285 -     (__0)
[INFO] [stdout] 64285 +     __0
[INFO] [stdout]       |
[INFO] [stdout] 
[INFO] [stdout] 
[INFO] [stdout] warning: unnecessary parentheses around block return value
[INFO] [stdout]      --> /opt/rustwide/target/debug/build/iec_syntax-e7efc445ed7a5c0c/out/grammar.rs:65150:5
[INFO] [stdout]       |
[INFO] [stdout] 65150 |     (__0)
[INFO] [stdout]       |     ^   ^
[INFO] [stdout]       |
[INFO] [stdout] help: remove these parentheses
[INFO] [stdout]       |
[INFO] [stdout] 65150 -     (__0)
[INFO] [stdout] 65150 +     __0
[INFO] [stdout]       |
[INFO] [stdout] 
[INFO] [stdout] 
[INFO] [stdout] warning: unnecessary parentheses around block return value
[INFO] [stdout]      --> /opt/rustwide/target/debug/build/iec_syntax-e7efc445ed7a5c0c/out/grammar.rs:65285:5
[INFO] [stdout]       |
[INFO] [stdout] 65285 |     (__0)
[INFO] [stdout]       |     ^   ^
[INFO] [stdout]       |
[INFO] [stdout] help: remove these parentheses
[INFO] [stdout]       |
[INFO] [stdout] 65285 -     (__0)
[INFO] [stdout] 65285 +     __0
[INFO] [stdout]       |
[INFO] [stdout] 
[INFO] [stdout] 
[INFO] [stdout] warning: unnecessary parentheses around block return value
[INFO] [stdout]      --> /opt/rustwide/target/debug/build/iec_syntax-e7efc445ed7a5c0c/out/grammar.rs:65343:5
[INFO] [stdout]       |
[INFO] [stdout] 65343 |     (__0)
[INFO] [stdout]       |     ^   ^
[INFO] [stdout]       |
[INFO] [stdout] help: remove these parentheses
[INFO] [stdout]       |
[INFO] [stdout] 65343 -     (__0)
[INFO] [stdout] 65343 +     __0
[INFO] [stdout]       |
[INFO] [stdout] 
[INFO] [stdout] 
[INFO] [stdout] warning: unnecessary parentheses around block return value
[INFO] [stdout]      --> /opt/rustwide/target/debug/build/iec_syntax-e7efc445ed7a5c0c/out/grammar.rs:65397:5
[INFO] [stdout]       |
[INFO] [stdout] 65397 |     (__0)
[INFO] [stdout]       |     ^   ^
[INFO] [stdout]       |
[INFO] [stdout] help: remove these parentheses
[INFO] [stdout]       |
[INFO] [stdout] 65397 -     (__0)
[INFO] [stdout] 65397 +     __0
[INFO] [stdout]       |
[INFO] [stdout] 
[INFO] [stdout] 
[INFO] [stdout] warning: unnecessary parentheses around block return value
[INFO] [stdout]      --> /opt/rustwide/target/debug/build/iec_syntax-e7efc445ed7a5c0c/out/grammar.rs:65640:5
[INFO] [stdout]       |
[INFO] [stdout] 65640 |     (__0)
[INFO] [stdout]       |     ^   ^
[INFO] [stdout]       |
[INFO] [stdout] help: remove these parentheses
[INFO] [stdout]       |
[INFO] [stdout] 65640 -     (__0)
[INFO] [stdout] 65640 +     __0
[INFO] [stdout]       |
[INFO] [stdout] 
[INFO] [stdout] 
[INFO] [stdout] warning: 17 warnings emitted
[INFO] [stdout] 
[INFO] [stdout] 
[INFO] [stdout] warning: trait objects without an explicit `dyn` are deprecated
[INFO] [stdout]    --> iec/src/ecs.rs:100:32
[INFO] [stdout]     |
[INFO] [stdout] 100 |     items: HashMap<TypeId, Box<Any>>,
[INFO] [stdout]     |                                ^^^
[INFO] [stdout]     |
[INFO] [stdout]     = warning: this is accepted in the current edition (Rust 2018) but is a hard error in Rust 2021!
[INFO] [stdout]     = note: for more information, see <https://doc.rust-lang.org/nightly/edition-guide/rust-2021/warnings-promoted-to-error.html>
[INFO] [stdout]     = note: `#[warn(bare_trait_objects)]` on by default
[INFO] [stdout] help: use `dyn`
[INFO] [stdout]     |
[INFO] [stdout] 100 |     items: HashMap<TypeId, Box<dyn Any>>,
[INFO] [stdout]     |                                +++
[INFO] [stdout] 
[INFO] [stdout] 
[INFO] [stdout] warning: trait objects without an explicit `dyn` are deprecated
[INFO] [stdout]    --> iec/src/ecs.rs:101:37
[INFO] [stdout]     |
[INFO] [stdout] 101 |     singletons: HashMap<TypeId, Box<Any>>,
[INFO] [stdout]     |                                     ^^^
[INFO] [stdout]     |
[INFO] [stdout]     = warning: this is accepted in the current edition (Rust 2018) but is a hard error in Rust 2021!
[INFO] [stdout]     = note: for more information, see <https://doc.rust-lang.org/nightly/edition-guide/rust-2021/warnings-promoted-to-error.html>
[INFO] [stdout] help: use `dyn`
[INFO] [stdout]     |
[INFO] [stdout] 101 |     singletons: HashMap<TypeId, Box<dyn Any>>,
[INFO] [stdout]     |                                     +++
[INFO] [stdout] 
[INFO] [stdout] 
[INFO] [stdout] warning: trait objects without an explicit `dyn` are deprecated
[INFO] [stdout]    --> iec/src/ecs.rs:272:37
[INFO] [stdout]     |
[INFO] [stdout] 272 |     container: &HashMap<TypeId, Box<Any>>,
[INFO] [stdout]     |                                     ^^^
[INFO] [stdout]     |
[INFO] [stdout]     = warning: this is accepted in the current edition (Rust 2018) but is a hard error in Rust 2021!
[INFO] [stdout]     = note: for more information, see <https://doc.rust-lang.org/nightly/edition-guide/rust-2021/warnings-promoted-to-error.html>
[INFO] [stdout] help: use `dyn`
[INFO] [stdout]     |
[INFO] [stdout] 272 |     container: &HashMap<TypeId, Box<dyn Any>>,
[INFO] [stdout]     |                                     +++
[INFO] [stdout] 
[INFO] [stdout] 
[INFO] [stdout] warning: trait objects without an explicit `dyn` are deprecated
[INFO] [stdout]    --> iec/src/ecs.rs:123:59
[INFO] [stdout]     |
[INFO] [stdout] 123 |         self.items.insert(type_id, boxed_container as Box<Any>);
[INFO] [stdout]     |                                                           ^^^
[INFO] [stdout]     |
[INFO] [stdout]     = warning: this is accepted in the current edition (Rust 2018) but is a hard error in Rust 2021!
[INFO] [stdout]     = note: for more information, see <https://doc.rust-lang.org/nightly/edition-guide/rust-2021/warnings-promoted-to-error.html>
[INFO] [stdout] help: use `dyn`
[INFO] [stdout]     |
[INFO] [stdout] 123 |         self.items.insert(type_id, boxed_container as Box<dyn Any>);
[INFO] [stdout]     |                                                           +++
[INFO] [stdout] 
[INFO] [stdout] 
[INFO] [stdout] warning: trait objects without an explicit `dyn` are deprecated
[INFO] [stdout]    --> iec/src/ecs.rs:277:26
[INFO] [stdout]     |
[INFO] [stdout] 277 |         * (size_of::<Box<Any>>() + size_of::<TypeId>() + size_of::<usize>());
[INFO] [stdout]     |                          ^^^
[INFO] [stdout]     |
[INFO] [stdout]     = warning: this is accepted in the current edition (Rust 2018) but is a hard error in Rust 2021!
[INFO] [stdout]     = note: for more information, see <https://doc.rust-lang.org/nightly/edition-guide/rust-2021/warnings-promoted-to-error.html>
[INFO] [stdout] help: use `dyn`
[INFO] [stdout]     |
[INFO] [stdout] 277 |         * (size_of::<Box<dyn Any>>() + size_of::<TypeId>() + size_of::<usize>());
[INFO] [stdout]     |                          +++
[INFO] [stdout] 
[INFO] [stdout] 
[INFO] [stdout] warning: unused variable: `programs`
[INFO] [stdout]   --> iec/src/passes/basic_blocks.rs:25:18
[INFO] [stdout]    |
[INFO] [stdout] 25 |         let (mut programs, variables, symbols, types, instructions, blocks) =
[INFO] [stdout]    |                  ^^^^^^^^ help: if this is intentional, prefix it with an underscore: `_programs`
[INFO] [stdout]    |
[INFO] [stdout]    = note: `#[warn(unused_variables)]` on by default
[INFO] [stdout] 
[INFO] [stdout] 
[INFO] [stdout] warning: unused variable: `instructions`
[INFO] [stdout]   --> iec/src/passes/basic_blocks.rs:25:55
[INFO] [stdout]    |
[INFO] [stdout] 25 |         let (mut programs, variables, symbols, types, instructions, blocks) =
[INFO] [stdout]    |                                                       ^^^^^^^^^^^^ help: if this is intentional, prefix it with an underscore: `_instructions`
[INFO] [stdout] 
[INFO] [stdout] 
[INFO] [stdout] warning: unused variable: `blocks`
[INFO] [stdout]   --> iec/src/passes/basic_blocks.rs:25:69
[INFO] [stdout]    |
[INFO] [stdout] 25 |         let (mut programs, variables, symbols, types, instructions, blocks) =
[INFO] [stdout]    |                                                                     ^^^^^^ help: if this is intentional, prefix it with an underscore: `_blocks`
[INFO] [stdout] 
[INFO] [stdout] 
[INFO] [stdout] warning: unused variable: `entry_block`
[INFO] [stdout]   --> iec/src/passes/basic_blocks.rs:37:17
[INFO] [stdout]    |
[INFO] [stdout] 37 |             let entry_block = to_basic_blocks(
[INFO] [stdout]    |                 ^^^^^^^^^^^ help: if this is intentional, prefix it with an underscore: `_entry_block`
[INFO] [stdout] 
[INFO] [stdout] 
[INFO] [stdout] warning: unused variable: `parent`
[INFO] [stdout]   --> iec/src/passes/basic_blocks.rs:49:5
[INFO] [stdout]    |
[INFO] [stdout] 49 |     parent: Symbol,
[INFO] [stdout]    |     ^^^^^^ help: if this is intentional, prefix it with an underscore: `_parent`
[INFO] [stdout] 
[INFO] [stdout] 
[INFO] [stdout] warning: unused variable: `body`
[INFO] [stdout]   --> iec/src/passes/basic_blocks.rs:50:5
[INFO] [stdout]    |
[INFO] [stdout] 50 |     body: &[iec_syntax::Statement],
[INFO] [stdout]    |     ^^^^ help: if this is intentional, prefix it with an underscore: `_body`
[INFO] [stdout] 
[INFO] [stdout] 
[INFO] [stdout] warning: unused variable: `variables`
[INFO] [stdout]   --> iec/src/passes/basic_blocks.rs:51:5
[INFO] [stdout]    |
[INFO] [stdout] 51 |     variables: &Container<Variable>,
[INFO] [stdout]    |     ^^^^^^^^^ help: if this is intentional, prefix it with an underscore: `_variables`
[INFO] [stdout] 
[INFO] [stdout] 
[INFO] [stdout] warning: unused variable: `types`
[INFO] [stdout]   --> iec/src/passes/basic_blocks.rs:52:5
[INFO] [stdout]    |
[INFO] [stdout] 52 |     types: &Container<Type>,
[INFO] [stdout]    |     ^^^^^ help: if this is intentional, prefix it with an underscore: `_types`
[INFO] [stdout] 
[INFO] [stdout] 
[INFO] [stdout] warning: unused variable: `diags`
[INFO] [stdout]   --> iec/src/passes/basic_blocks.rs:53:5
[INFO] [stdout]    |
[INFO] [stdout] 53 |     diags: &mut Diagnostics,
[INFO] [stdout]    |     ^^^^^ help: if this is intentional, prefix it with an underscore: `_diags`
[INFO] [stdout] 
[INFO] [stdout] 
[INFO] [stdout] warning: variable does not need to be mutable
[INFO] [stdout]   --> iec/src/passes/basic_blocks.rs:25:14
[INFO] [stdout]    |
[INFO] [stdout] 25 |         let (mut programs, variables, symbols, types, instructions, blocks) =
[INFO] [stdout]    |              ----^^^^^^^^
[INFO] [stdout]    |              |
[INFO] [stdout]    |              help: remove this `mut`
[INFO] [stdout]    |
[INFO] [stdout]    = note: `#[warn(unused_mut)]` on by default
[INFO] [stdout] 
[INFO] [stdout] 
[INFO] [stdout] warning: field `component_type_id` is never read
[INFO] [stdout]    --> iec/src/ecs.rs:378:5
[INFO] [stdout]     |
[INFO] [stdout] 372 | struct ContainerVtable {
[INFO] [stdout]     |        --------------- field in this struct
[INFO] [stdout] ...
[INFO] [stdout] 378 |     component_type_id: TypeId,
[INFO] [stdout]     |     ^^^^^^^^^^^^^^^^^
[INFO] [stdout]     |
[INFO] [stdout]     = note: `ContainerVtable` has a derived impl for the trait `Clone`, but this is intentionally ignored during dead code analysis
[INFO] [stdout]     = note: `#[warn(dead_code)]` on by default
[INFO] [stdout] 
[INFO] [stdout] 
[INFO] [stderr]    Compiling iec v0.1.0 (/opt/rustwide/workdir/iec)
[INFO] [stdout] warning: 16 warnings emitted
[INFO] [stdout] 
[INFO] [stdout] 
[INFO] [stderr]    Compiling iec_runner v0.1.0 (/opt/rustwide/workdir/runner)
[INFO] [stdout] warning: trait objects without an explicit `dyn` are deprecated
[INFO] [stdout]    --> iec/src/ecs.rs:100:32
[INFO] [stdout]     |
[INFO] [stdout] 100 |     items: HashMap<TypeId, Box<Any>>,
[INFO] [stdout]     |                                ^^^
[INFO] [stdout]     |
[INFO] [stdout]     = warning: this is accepted in the current edition (Rust 2018) but is a hard error in Rust 2021!
[INFO] [stdout]     = note: for more information, see <https://doc.rust-lang.org/nightly/edition-guide/rust-2021/warnings-promoted-to-error.html>
[INFO] [stdout]     = note: `#[warn(bare_trait_objects)]` on by default
[INFO] [stdout] help: use `dyn`
[INFO] [stdout]     |
[INFO] [stdout] 100 |     items: HashMap<TypeId, Box<dyn Any>>,
[INFO] [stdout]     |                                +++
[INFO] [stdout] 
[INFO] [stdout] 
[INFO] [stdout] warning: trait objects without an explicit `dyn` are deprecated
[INFO] [stdout]    --> iec/src/ecs.rs:101:37
[INFO] [stdout]     |
[INFO] [stdout] 101 |     singletons: HashMap<TypeId, Box<Any>>,
[INFO] [stdout]     |                                     ^^^
[INFO] [stdout]     |
[INFO] [stdout]     = warning: this is accepted in the current edition (Rust 2018) but is a hard error in Rust 2021!
[INFO] [stdout]     = note: for more information, see <https://doc.rust-lang.org/nightly/edition-guide/rust-2021/warnings-promoted-to-error.html>
[INFO] [stdout] help: use `dyn`
[INFO] [stdout]     |
[INFO] [stdout] 101 |     singletons: HashMap<TypeId, Box<dyn Any>>,
[INFO] [stdout]     |                                     +++
[INFO] [stdout] 
[INFO] [stdout] 
[INFO] [stdout] warning: trait objects without an explicit `dyn` are deprecated
[INFO] [stdout]    --> iec/src/ecs.rs:272:37
[INFO] [stdout]     |
[INFO] [stdout] 272 |     container: &HashMap<TypeId, Box<Any>>,
[INFO] [stdout]     |                                     ^^^
[INFO] [stdout]     |
[INFO] [stdout]     = warning: this is accepted in the current edition (Rust 2018) but is a hard error in Rust 2021!
[INFO] [stdout]     = note: for more information, see <https://doc.rust-lang.org/nightly/edition-guide/rust-2021/warnings-promoted-to-error.html>
[INFO] [stdout] help: use `dyn`
[INFO] [stdout]     |
[INFO] [stdout] 272 |     container: &HashMap<TypeId, Box<dyn Any>>,
[INFO] [stdout]     |                                     +++
[INFO] [stdout] 
[INFO] [stdout] 
[INFO] [stderr]    Compiling pretty_assertions v0.6.1
[INFO] [stdout] warning: trait objects without an explicit `dyn` are deprecated
[INFO] [stdout]    --> iec/src/ecs.rs:123:59
[INFO] [stdout]     |
[INFO] [stdout] 123 |         self.items.insert(type_id, boxed_container as Box<Any>);
[INFO] [stdout]     |                                                           ^^^
[INFO] [stdout]     |
[INFO] [stdout]     = warning: this is accepted in the current edition (Rust 2018) but is a hard error in Rust 2021!
[INFO] [stdout]     = note: for more information, see <https://doc.rust-lang.org/nightly/edition-guide/rust-2021/warnings-promoted-to-error.html>
[INFO] [stdout] help: use `dyn`
[INFO] [stdout]     |
[INFO] [stdout] 123 |         self.items.insert(type_id, boxed_container as Box<dyn Any>);
[INFO] [stdout]     |                                                           +++
[INFO] [stdout] 
[INFO] [stdout] 
[INFO] [stdout] warning: trait objects without an explicit `dyn` are deprecated
[INFO] [stdout]    --> iec/src/ecs.rs:277:26
[INFO] [stdout]     |
[INFO] [stdout] 277 |         * (size_of::<Box<Any>>() + size_of::<TypeId>() + size_of::<usize>());
[INFO] [stdout]     |                          ^^^
[INFO] [stdout]     |
[INFO] [stdout]     = warning: this is accepted in the current edition (Rust 2018) but is a hard error in Rust 2021!
[INFO] [stdout]     = note: for more information, see <https://doc.rust-lang.org/nightly/edition-guide/rust-2021/warnings-promoted-to-error.html>
[INFO] [stdout] help: use `dyn`
[INFO] [stdout]     |
[INFO] [stdout] 277 |         * (size_of::<Box<dyn Any>>() + size_of::<TypeId>() + size_of::<usize>());
[INFO] [stdout]     |                          +++
[INFO] [stdout] 
[INFO] [stdout] 
[INFO] [stdout] warning: unused variable: `programs`
[INFO] [stdout]   --> iec/src/passes/basic_blocks.rs:25:18
[INFO] [stdout]    |
[INFO] [stdout] 25 |         let (mut programs, variables, symbols, types, instructions, blocks) =
[INFO] [stdout]    |                  ^^^^^^^^ help: if this is intentional, prefix it with an underscore: `_programs`
[INFO] [stdout]    |
[INFO] [stdout]    = note: `#[warn(unused_variables)]` on by default
[INFO] [stdout] 
[INFO] [stdout] 
[INFO] [stdout] warning: unused variable: `instructions`
[INFO] [stdout]   --> iec/src/passes/basic_blocks.rs:25:55
[INFO] [stdout]    |
[INFO] [stdout] 25 |         let (mut programs, variables, symbols, types, instructions, blocks) =
[INFO] [stdout]    |                                                       ^^^^^^^^^^^^ help: if this is intentional, prefix it with an underscore: `_instructions`
[INFO] [stdout] 
[INFO] [stdout] 
[INFO] [stdout] warning: unused variable: `blocks`
[INFO] [stdout]   --> iec/src/passes/basic_blocks.rs:25:69
[INFO] [stdout]    |
[INFO] [stdout] 25 |         let (mut programs, variables, symbols, types, instructions, blocks) =
[INFO] [stdout]    |                                                                     ^^^^^^ help: if this is intentional, prefix it with an underscore: `_blocks`
[INFO] [stdout] 
[INFO] [stdout] 
[INFO] [stdout] warning: unused variable: `entry_block`
[INFO] [stdout]   --> iec/src/passes/basic_blocks.rs:37:17
[INFO] [stdout]    |
[INFO] [stdout] 37 |             let entry_block = to_basic_blocks(
[INFO] [stdout]    |                 ^^^^^^^^^^^ help: if this is intentional, prefix it with an underscore: `_entry_block`
[INFO] [stdout] 
[INFO] [stdout] 
[INFO] [stdout] warning: unused variable: `parent`
[INFO] [stdout]   --> iec/src/passes/basic_blocks.rs:49:5
[INFO] [stdout]    |
[INFO] [stdout] 49 |     parent: Symbol,
[INFO] [stdout]    |     ^^^^^^ help: if this is intentional, prefix it with an underscore: `_parent`
[INFO] [stdout] 
[INFO] [stdout] 
[INFO] [stdout] warning: unused variable: `body`
[INFO] [stdout]   --> iec/src/passes/basic_blocks.rs:50:5
[INFO] [stdout]    |
[INFO] [stdout] 50 |     body: &[iec_syntax::Statement],
[INFO] [stdout]    |     ^^^^ help: if this is intentional, prefix it with an underscore: `_body`
[INFO] [stdout] 
[INFO] [stdout] 
[INFO] [stdout] warning: unused variable: `variables`
[INFO] [stdout]   --> iec/src/passes/basic_blocks.rs:51:5
[INFO] [stdout]    |
[INFO] [stdout] 51 |     variables: &Container<Variable>,
[INFO] [stdout]    |     ^^^^^^^^^ help: if this is intentional, prefix it with an underscore: `_variables`
[INFO] [stdout] 
[INFO] [stdout] 
[INFO] [stdout] warning: unused variable: `types`
[INFO] [stdout]   --> iec/src/passes/basic_blocks.rs:52:5
[INFO] [stdout]    |
[INFO] [stdout] 52 |     types: &Container<Type>,
[INFO] [stdout]    |     ^^^^^ help: if this is intentional, prefix it with an underscore: `_types`
[INFO] [stdout] 
[INFO] [stdout] 
[INFO] [stdout] warning: unused variable: `diags`
[INFO] [stdout]   --> iec/src/passes/basic_blocks.rs:53:5
[INFO] [stdout]    |
[INFO] [stdout] 53 |     diags: &mut Diagnostics,
[INFO] [stdout]    |     ^^^^^ help: if this is intentional, prefix it with an underscore: `_diags`
[INFO] [stdout] 
[INFO] [stdout] 
[INFO] [stdout] warning: variable does not need to be mutable
[INFO] [stdout]   --> iec/src/passes/basic_blocks.rs:25:14
[INFO] [stdout]    |
[INFO] [stdout] 25 |         let (mut programs, variables, symbols, types, instructions, blocks) =
[INFO] [stdout]    |              ----^^^^^^^^
[INFO] [stdout]    |              |
[INFO] [stdout]    |              help: remove this `mut`
[INFO] [stdout]    |
[INFO] [stdout]    = note: `#[warn(unused_mut)]` on by default
[INFO] [stdout] 
[INFO] [stdout] 
[INFO] [stderr]    Compiling serde_json v1.0.39
[INFO] [stdout] warning: 15 warnings emitted
[INFO] [stdout] 
[INFO] [stdout] 
[INFO] [stderr]    Compiling iec_syntax v0.1.0 (/opt/rustwide/workdir/syntax)
[INFO] [stdout] warning: unnecessary parentheses around block return value
[INFO] [stdout]      --> /opt/rustwide/target/debug/build/iec_syntax-e7efc445ed7a5c0c/out/grammar.rs:64164:5
[INFO] [stdout]       |
[INFO] [stdout] 64164 |     (__0)
[INFO] [stdout]       |     ^   ^
[INFO] [stdout]       |
[INFO] [stdout]       = note: `#[warn(unused_parens)]` on by default
[INFO] [stdout] help: remove these parentheses
[INFO] [stdout]       |
[INFO] [stdout] 64164 -     (__0)
[INFO] [stdout] 64164 +     __0
[INFO] [stdout]       |
[INFO] [stdout] 
[INFO] [stdout] 
[INFO] [stdout] warning: unnecessary parentheses around block return value
[INFO] [stdout]      --> /opt/rustwide/target/debug/build/iec_syntax-e7efc445ed7a5c0c/out/grammar.rs:64175:5
[INFO] [stdout]       |
[INFO] [stdout] 64175 |     (__0)
[INFO] [stdout]       |     ^   ^
[INFO] [stdout]       |
[INFO] [stdout] help: remove these parentheses
[INFO] [stdout]       |
[INFO] [stdout] 64175 -     (__0)
[INFO] [stdout] 64175 +     __0
[INFO] [stdout]       |
[INFO] [stdout] 
[INFO] [stdout] 
[INFO] [stdout] warning: unnecessary parentheses around block return value
[INFO] [stdout]      --> /opt/rustwide/target/debug/build/iec_syntax-e7efc445ed7a5c0c/out/grammar.rs:64186:5
[INFO] [stdout]       |
[INFO] [stdout] 64186 |     (__0)
[INFO] [stdout]       |     ^   ^
[INFO] [stdout]       |
[INFO] [stdout] help: remove these parentheses
[INFO] [stdout]       |
[INFO] [stdout] 64186 -     (__0)
[INFO] [stdout] 64186 +     __0
[INFO] [stdout]       |
[INFO] [stdout] 
[INFO] [stdout] 
[INFO] [stdout] warning: unnecessary parentheses around block return value
[INFO] [stdout]      --> /opt/rustwide/target/debug/build/iec_syntax-e7efc445ed7a5c0c/out/grammar.rs:64197:5
[INFO] [stdout]       |
[INFO] [stdout] 64197 |     (__0)
[INFO] [stdout]       |     ^   ^
[INFO] [stdout]       |
[INFO] [stdout] help: remove these parentheses
[INFO] [stdout]       |
[INFO] [stdout] 64197 -     (__0)
[INFO] [stdout] 64197 +     __0
[INFO] [stdout]       |
[INFO] [stdout] 
[INFO] [stdout] 
[INFO] [stdout] warning: unnecessary parentheses around block return value
[INFO] [stdout]      --> /opt/rustwide/target/debug/build/iec_syntax-e7efc445ed7a5c0c/out/grammar.rs:64208:5
[INFO] [stdout]       |
[INFO] [stdout] 64208 |     (__0)
[INFO] [stdout]       |     ^   ^
[INFO] [stdout]       |
[INFO] [stdout] help: remove these parentheses
[INFO] [stdout]       |
[INFO] [stdout] 64208 -     (__0)
[INFO] [stdout] 64208 +     __0
[INFO] [stdout]       |
[INFO] [stdout] 
[INFO] [stdout] 
[INFO] [stdout] warning: unnecessary parentheses around block return value
[INFO] [stdout]      --> /opt/rustwide/target/debug/build/iec_syntax-e7efc445ed7a5c0c/out/grammar.rs:64219:5
[INFO] [stdout]       |
[INFO] [stdout] 64219 |     (__0)
[INFO] [stdout]       |     ^   ^
[INFO] [stdout]       |
[INFO] [stdout] help: remove these parentheses
[INFO] [stdout]       |
[INFO] [stdout] 64219 -     (__0)
[INFO] [stdout] 64219 +     __0
[INFO] [stdout]       |
[INFO] [stdout] 
[INFO] [stdout] 
[INFO] [stdout] warning: unnecessary parentheses around block return value
[INFO] [stdout]      --> /opt/rustwide/target/debug/build/iec_syntax-e7efc445ed7a5c0c/out/grammar.rs:64230:5
[INFO] [stdout]       |
[INFO] [stdout] 64230 |     (__0)
[INFO] [stdout]       |     ^   ^
[INFO] [stdout]       |
[INFO] [stdout] help: remove these parentheses
[INFO] [stdout]       |
[INFO] [stdout] 64230 -     (__0)
[INFO] [stdout] 64230 +     __0
[INFO] [stdout]       |
[INFO] [stdout] 
[INFO] [stdout] 
[INFO] [stdout] warning: unnecessary parentheses around block return value
[INFO] [stdout]      --> /opt/rustwide/target/debug/build/iec_syntax-e7efc445ed7a5c0c/out/grammar.rs:64241:5
[INFO] [stdout]       |
[INFO] [stdout] 64241 |     (__0)
[INFO] [stdout]       |     ^   ^
[INFO] [stdout]       |
[INFO] [stdout] help: remove these parentheses
[INFO] [stdout]       |
[INFO] [stdout] 64241 -     (__0)
[INFO] [stdout] 64241 +     __0
[INFO] [stdout]       |
[INFO] [stdout] 
[INFO] [stdout] 
[INFO] [stdout] warning: unnecessary parentheses around block return value
[INFO] [stdout]      --> /opt/rustwide/target/debug/build/iec_syntax-e7efc445ed7a5c0c/out/grammar.rs:64252:5
[INFO] [stdout]       |
[INFO] [stdout] 64252 |     (__0)
[INFO] [stdout]       |     ^   ^
[INFO] [stdout]       |
[INFO] [stdout] help: remove these parentheses
[INFO] [stdout]       |
[INFO] [stdout] 64252 -     (__0)
[INFO] [stdout] 64252 +     __0
[INFO] [stdout]       |
[INFO] [stdout] 
[INFO] [stdout] 
[INFO] [stdout] warning: unnecessary parentheses around block return value
[INFO] [stdout]      --> /opt/rustwide/target/debug/build/iec_syntax-e7efc445ed7a5c0c/out/grammar.rs:64263:5
[INFO] [stdout]       |
[INFO] [stdout] 64263 |     (__0)
[INFO] [stdout]       |     ^   ^
[INFO] [stdout]       |
[INFO] [stdout] help: remove these parentheses
[INFO] [stdout]       |
[INFO] [stdout] 64263 -     (__0)
[INFO] [stdout] 64263 +     __0
[INFO] [stdout]       |
[INFO] [stdout] 
[INFO] [stdout] 
[INFO] [stdout] warning: unnecessary parentheses around block return value
[INFO] [stdout]      --> /opt/rustwide/target/debug/build/iec_syntax-e7efc445ed7a5c0c/out/grammar.rs:64274:5
[INFO] [stdout]       |
[INFO] [stdout] 64274 |     (__0)
[INFO] [stdout]       |     ^   ^
[INFO] [stdout]       |
[INFO] [stdout] help: remove these parentheses
[INFO] [stdout]       |
[INFO] [stdout] 64274 -     (__0)
[INFO] [stdout] 64274 +     __0
[INFO] [stdout]       |
[INFO] [stdout] 
[INFO] [stdout] 
[INFO] [stdout] warning: unnecessary parentheses around block return value
[INFO] [stdout]      --> /opt/rustwide/target/debug/build/iec_syntax-e7efc445ed7a5c0c/out/grammar.rs:64285:5
[INFO] [stdout]       |
[INFO] [stdout] 64285 |     (__0)
[INFO] [stdout]       |     ^   ^
[INFO] [stdout]       |
[INFO] [stdout] help: remove these parentheses
[INFO] [stdout]       |
[INFO] [stdout] 64285 -     (__0)
[INFO] [stdout] 64285 +     __0
[INFO] [stdout]       |
[INFO] [stdout] 
[INFO] [stdout] 
[INFO] [stdout] warning: unnecessary parentheses around block return value
[INFO] [stdout]      --> /opt/rustwide/target/debug/build/iec_syntax-e7efc445ed7a5c0c/out/grammar.rs:65150:5
[INFO] [stdout]       |
[INFO] [stdout] 65150 |     (__0)
[INFO] [stdout]       |     ^   ^
[INFO] [stdout]       |
[INFO] [stdout] help: remove these parentheses
[INFO] [stdout]       |
[INFO] [stdout] 65150 -     (__0)
[INFO] [stdout] 65150 +     __0
[INFO] [stdout]       |
[INFO] [stdout] 
[INFO] [stdout] 
[INFO] [stdout] warning: unnecessary parentheses around block return value
[INFO] [stdout]      --> /opt/rustwide/target/debug/build/iec_syntax-e7efc445ed7a5c0c/out/grammar.rs:65285:5
[INFO] [stdout]       |
[INFO] [stdout] 65285 |     (__0)
[INFO] [stdout]       |     ^   ^
[INFO] [stdout]       |
[INFO] [stdout] help: remove these parentheses
[INFO] [stdout]       |
[INFO] [stdout] 65285 -     (__0)
[INFO] [stdout] 65285 +     __0
[INFO] [stdout]       |
[INFO] [stdout] 
[INFO] [stdout] 
[INFO] [stdout] warning: unnecessary parentheses around block return value
[INFO] [stdout]      --> /opt/rustwide/target/debug/build/iec_syntax-e7efc445ed7a5c0c/out/grammar.rs:65343:5
[INFO] [stdout]       |
[INFO] [stdout] 65343 |     (__0)
[INFO] [stdout]       |     ^   ^
[INFO] [stdout]       |
[INFO] [stdout] help: remove these parentheses
[INFO] [stdout]       |
[INFO] [stdout] 65343 -     (__0)
[INFO] [stdout] 65343 +     __0
[INFO] [stdout]       |
[INFO] [stdout] 
[INFO] [stdout] 
[INFO] [stdout] warning: unnecessary parentheses around block return value
[INFO] [stdout]      --> /opt/rustwide/target/debug/build/iec_syntax-e7efc445ed7a5c0c/out/grammar.rs:65397:5
[INFO] [stdout]       |
[INFO] [stdout] 65397 |     (__0)
[INFO] [stdout]       |     ^   ^
[INFO] [stdout]       |
[INFO] [stdout] help: remove these parentheses
[INFO] [stdout]       |
[INFO] [stdout] 65397 -     (__0)
[INFO] [stdout] 65397 +     __0
[INFO] [stdout]       |
[INFO] [stdout] 
[INFO] [stdout] 
[INFO] [stdout] warning: unnecessary parentheses around block return value
[INFO] [stdout]      --> /opt/rustwide/target/debug/build/iec_syntax-e7efc445ed7a5c0c/out/grammar.rs:65640:5
[INFO] [stdout]       |
[INFO] [stdout] 65640 |     (__0)
[INFO] [stdout]       |     ^   ^
[INFO] [stdout]       |
[INFO] [stdout] help: remove these parentheses
[INFO] [stdout]       |
[INFO] [stdout] 65640 -     (__0)
[INFO] [stdout] 65640 +     __0
[INFO] [stdout]       |
[INFO] [stdout] 
[INFO] [stdout] 
[INFO] [stdout] warning: 17 warnings emitted
[INFO] [stdout] 
[INFO] [stdout] 
[INFO] [stderr]     Finished test [unoptimized + debuginfo] target(s) in 7.20s
[INFO] [stderr] warning: the following packages contain code that will be rejected by a future version of Rust: lalrpop v0.16.3
[INFO] [stderr] note: to see what the problems were, use the option `--future-incompat-report`, or run `cargo report future-incompatibilities --id 1`
[INFO] running `Command { std: "docker" "inspect" "c838e57768781fad4fb0dca3d2a948797702d90502ba469f5088797526222396", kill_on_drop: false }`
[INFO] running `Command { std: "docker" "rm" "-f" "c838e57768781fad4fb0dca3d2a948797702d90502ba469f5088797526222396", kill_on_drop: false }`
[INFO] [stdout] c838e57768781fad4fb0dca3d2a948797702d90502ba469f5088797526222396
[INFO] running `Command { std: "docker" "create" "-v" "/var/lib/crater-agent-workspace/builds/worker-2-tc2/target:/opt/rustwide/target:rw,Z" "-v" "/var/lib/crater-agent-workspace/builds/worker-2-tc2/source:/opt/rustwide/workdir:ro,Z" "-v" "/var/lib/crater-agent-workspace/cargo-home:/opt/rustwide/cargo-home:ro,Z" "-v" "/var/lib/crater-agent-workspace/rustup-home:/opt/rustwide/rustup-home:ro,Z" "-e" "SOURCE_DIR=/opt/rustwide/workdir" "-e" "CARGO_TARGET_DIR=/opt/rustwide/target" "-e" "CARGO_INCREMENTAL=0" "-e" "RUST_BACKTRACE=full" "-e" "RUSTFLAGS=--cap-lints=warn" "-e" "RUSTDOCFLAGS=--cap-lints=warn" "-e" "CARGO_HOME=/opt/rustwide/cargo-home" "-e" "RUSTUP_HOME=/opt/rustwide/rustup-home" "-w" "/opt/rustwide/workdir" "-m" "1610612736" "--user" "0:0" "--network" "none" "ghcr.io/rust-lang/crates-build-env/linux@sha256:5ff2268d62e97bff2cde7d5815dd6ed5b47097566f13b8d0ca110b04b60e07ed" "/opt/rustwide/cargo-home/bin/cargo" "+beta-2023-04-20" "test" "--frozen", kill_on_drop: false }`
[INFO] [stdout] 13d4b3ca61c3e23d57f92c950bf79303d8722356e291c92f9d808b5344a956d1
[INFO] running `Command { std: "docker" "start" "-a" "13d4b3ca61c3e23d57f92c950bf79303d8722356e291c92f9d808b5344a956d1", kill_on_drop: false }`
[INFO] [stderr] warning: unnecessary parentheses around block return value
[INFO] [stderr]      --> /opt/rustwide/target/debug/build/iec_syntax-e7efc445ed7a5c0c/out/grammar.rs:64164:5
[INFO] [stderr]       |
[INFO] [stderr] 64164 |     (__0)
[INFO] [stderr]       |     ^   ^
[INFO] [stderr]       |
[INFO] [stderr]       = note: `#[warn(unused_parens)]` on by default
[INFO] [stderr] help: remove these parentheses
[INFO] [stderr]       |
[INFO] [stderr] 64164 -     (__0)
[INFO] [stderr] 64164 +     __0
[INFO] [stderr]       |
[INFO] [stderr] 
[INFO] [stderr] warning: unnecessary parentheses around block return value
[INFO] [stderr]      --> /opt/rustwide/target/debug/build/iec_syntax-e7efc445ed7a5c0c/out/grammar.rs:64175:5
[INFO] [stderr]       |
[INFO] [stderr] 64175 |     (__0)
[INFO] [stderr]       |     ^   ^
[INFO] [stderr]       |
[INFO] [stderr] help: remove these parentheses
[INFO] [stderr]       |
[INFO] [stderr] 64175 -     (__0)
[INFO] [stderr] 64175 +     __0
[INFO] [stderr]       |
[INFO] [stderr] 
[INFO] [stderr] warning: unnecessary parentheses around block return value
[INFO] [stderr]      --> /opt/rustwide/target/debug/build/iec_syntax-e7efc445ed7a5c0c/out/grammar.rs:64186:5
[INFO] [stderr]       |
[INFO] [stderr] 64186 |     (__0)
[INFO] [stderr]       |     ^   ^
[INFO] [stderr]       |
[INFO] [stderr] help: remove these parentheses
[INFO] [stderr]       |
[INFO] [stderr] 64186 -     (__0)
[INFO] [stderr] 64186 +     __0
[INFO] [stderr]       |
[INFO] [stderr] 
[INFO] [stderr] warning: unnecessary parentheses around block return value
[INFO] [stderr]      --> /opt/rustwide/target/debug/build/iec_syntax-e7efc445ed7a5c0c/out/grammar.rs:64197:5
[INFO] [stderr]       |
[INFO] [stderr] 64197 |     (__0)
[INFO] [stderr]       |     ^   ^
[INFO] [stderr]       |
[INFO] [stderr] help: remove these parentheses
[INFO] [stderr]       |
[INFO] [stderr] 64197 -     (__0)
[INFO] [stderr] 64197 +     __0
[INFO] [stderr]       |
[INFO] [stderr] 
[INFO] [stderr] warning: unnecessary parentheses around block return value
[INFO] [stderr]      --> /opt/rustwide/target/debug/build/iec_syntax-e7efc445ed7a5c0c/out/grammar.rs:64208:5
[INFO] [stderr]       |
[INFO] [stderr] 64208 |     (__0)
[INFO] [stderr]       |     ^   ^
[INFO] [stderr]       |
[INFO] [stderr] help: remove these parentheses
[INFO] [stderr]       |
[INFO] [stderr] 64208 -     (__0)
[INFO] [stderr] 64208 +     __0
[INFO] [stderr]       |
[INFO] [stderr] 
[INFO] [stderr] warning: unnecessary parentheses around block return value
[INFO] [stderr]      --> /opt/rustwide/target/debug/build/iec_syntax-e7efc445ed7a5c0c/out/grammar.rs:64219:5
[INFO] [stderr]       |
[INFO] [stderr] 64219 |     (__0)
[INFO] [stderr]       |     ^   ^
[INFO] [stderr]       |
[INFO] [stderr] help: remove these parentheses
[INFO] [stderr]       |
[INFO] [stderr] 64219 -     (__0)
[INFO] [stderr] 64219 +     __0
[INFO] [stderr]       |
[INFO] [stderr] 
[INFO] [stderr] warning: unnecessary parentheses around block return value
[INFO] [stderr]      --> /opt/rustwide/target/debug/build/iec_syntax-e7efc445ed7a5c0c/out/grammar.rs:64230:5
[INFO] [stderr]       |
[INFO] [stderr] 64230 |     (__0)
[INFO] [stderr]       |     ^   ^
[INFO] [stderr]       |
[INFO] [stderr] help: remove these parentheses
[INFO] [stderr]       |
[INFO] [stderr] 64230 -     (__0)
[INFO] [stderr] 64230 +     __0
[INFO] [stderr]       |
[INFO] [stderr] 
[INFO] [stderr] warning: unnecessary parentheses around block return value
[INFO] [stderr]      --> /opt/rustwide/target/debug/build/iec_syntax-e7efc445ed7a5c0c/out/grammar.rs:64241:5
[INFO] [stderr]       |
[INFO] [stderr] 64241 |     (__0)
[INFO] [stderr]       |     ^   ^
[INFO] [stderr]       |
[INFO] [stderr] help: remove these parentheses
[INFO] [stderr]       |
[INFO] [stderr] 64241 -     (__0)
[INFO] [stderr] 64241 +     __0
[INFO] [stderr]       |
[INFO] [stderr] 
[INFO] [stderr] warning: unnecessary parentheses around block return value
[INFO] [stderr]      --> /opt/rustwide/target/debug/build/iec_syntax-e7efc445ed7a5c0c/out/grammar.rs:64252:5
[INFO] [stderr]       |
[INFO] [stderr] 64252 |     (__0)
[INFO] [stderr]       |     ^   ^
[INFO] [stderr]       |
[INFO] [stderr] help: remove these parentheses
[INFO] [stderr]       |
[INFO] [stderr] 64252 -     (__0)
[INFO] [stderr] 64252 +     __0
[INFO] [stderr]       |
[INFO] [stderr] 
[INFO] [stderr] warning: unnecessary parentheses around block return value
[INFO] [stderr]      --> /opt/rustwide/target/debug/build/iec_syntax-e7efc445ed7a5c0c/out/grammar.rs:64263:5
[INFO] [stderr]       |
[INFO] [stderr] 64263 |     (__0)
[INFO] [stderr]       |     ^   ^
[INFO] [stderr]       |
[INFO] [stderr] help: remove these parentheses
[INFO] [stderr]       |
[INFO] [stderr] 64263 -     (__0)
[INFO] [stderr] 64263 +     __0
[INFO] [stderr]       |
[INFO] [stderr] 
[INFO] [stderr] warning: unnecessary parentheses around block return value
[INFO] [stderr]      --> /opt/rustwide/target/debug/build/iec_syntax-e7efc445ed7a5c0c/out/grammar.rs:64274:5
[INFO] [stderr]       |
[INFO] [stderr] 64274 |     (__0)
[INFO] [stderr]       |     ^   ^
[INFO] [stderr]       |
[INFO] [stderr] help: remove these parentheses
[INFO] [stderr]       |
[INFO] [stderr] 64274 -     (__0)
[INFO] [stderr] 64274 +     __0
[INFO] [stderr]       |
[INFO] [stderr] 
[INFO] [stderr] warning: unnecessary parentheses around block return value
[INFO] [stderr]      --> /opt/rustwide/target/debug/build/iec_syntax-e7efc445ed7a5c0c/out/grammar.rs:64285:5
[INFO] [stderr]       |
[INFO] [stderr] 64285 |     (__0)
[INFO] [stderr]       |     ^   ^
[INFO] [stderr]       |
[INFO] [stderr] help: remove these parentheses
[INFO] [stderr]       |
[INFO] [stderr] 64285 -     (__0)
[INFO] [stderr] 64285 +     __0
[INFO] [stderr]       |
[INFO] [stderr] 
[INFO] [stderr] warning: unnecessary parentheses around block return value
[INFO] [stderr]      --> /opt/rustwide/target/debug/build/iec_syntax-e7efc445ed7a5c0c/out/grammar.rs:65150:5
[INFO] [stderr]       |
[INFO] [stderr] 65150 |     (__0)
[INFO] [stderr]       |     ^   ^
[INFO] [stderr]       |
[INFO] [stderr] help: remove these parentheses
[INFO] [stderr]       |
[INFO] [stderr] 65150 -     (__0)
[INFO] [stderr] 65150 +     __0
[INFO] [stderr]       |
[INFO] [stderr] 
[INFO] [stderr] warning: unnecessary parentheses around block return value
[INFO] [stderr]      --> /opt/rustwide/target/debug/build/iec_syntax-e7efc445ed7a5c0c/out/grammar.rs:65285:5
[INFO] [stderr]       |
[INFO] [stderr] 65285 |     (__0)
[INFO] [stderr]       |     ^   ^
[INFO] [stderr]       |
[INFO] [stderr] help: remove these parentheses
[INFO] [stderr]       |
[INFO] [stderr] 65285 -     (__0)
[INFO] [stderr] 65285 +     __0
[INFO] [stderr]       |
[INFO] [stderr] 
[INFO] [stderr] warning: unnecessary parentheses around block return value
[INFO] [stderr]      --> /opt/rustwide/target/debug/build/iec_syntax-e7efc445ed7a5c0c/out/grammar.rs:65343:5
[INFO] [stderr]       |
[INFO] [stderr] 65343 |     (__0)
[INFO] [stderr]       |     ^   ^
[INFO] [stderr]       |
[INFO] [stderr] help: remove these parentheses
[INFO] [stderr]       |
[INFO] [stderr] 65343 -     (__0)
[INFO] [stderr] 65343 +     __0
[INFO] [stderr]       |
[INFO] [stderr] 
[INFO] [stderr] warning: unnecessary parentheses around block return value
[INFO] [stderr]      --> /opt/rustwide/target/debug/build/iec_syntax-e7efc445ed7a5c0c/out/grammar.rs:65397:5
[INFO] [stderr]       |
[INFO] [stderr] 65397 |     (__0)
[INFO] [stderr]       |     ^   ^
[INFO] [stderr]       |
[INFO] [stderr] help: remove these parentheses
[INFO] [stderr]       |
[INFO] [stderr] 65397 -     (__0)
[INFO] [stderr] 65397 +     __0
[INFO] [stderr]       |
[INFO] [stderr] 
[INFO] [stderr] warning: unnecessary parentheses around block return value
[INFO] [stderr]      --> /opt/rustwide/target/debug/build/iec_syntax-e7efc445ed7a5c0c/out/grammar.rs:65640:5
[INFO] [stderr]       |
[INFO] [stderr] 65640 |     (__0)
[INFO] [stderr]       |     ^   ^
[INFO] [stderr]       |
[INFO] [stderr] help: remove these parentheses
[INFO] [stderr]       |
[INFO] [stderr] 65640 -     (__0)
[INFO] [stderr] 65640 +     __0
[INFO] [stderr]       |
[INFO] [stderr] 
[INFO] [stderr] warning: `iec_syntax` (lib) generated 17 warnings (run `cargo fix --lib -p iec_syntax` to apply 17 suggestions)
[INFO] [stderr] warning: `iec_syntax` (lib test) generated 17 warnings (17 duplicates)
[INFO] [stderr] warning: trait objects without an explicit `dyn` are deprecated
[INFO] [stderr]    --> iec/src/ecs.rs:100:32
[INFO] [stderr]     |
[INFO] [stderr] 100 |     items: HashMap<TypeId, Box<Any>>,
[INFO] [stderr]     |                                ^^^
[INFO] [stderr]     |
[INFO] [stderr]     = warning: this is accepted in the current edition (Rust 2018) but is a hard error in Rust 2021!
[INFO] [stderr]     = note: for more information, see <https://doc.rust-lang.org/nightly/edition-guide/rust-2021/warnings-promoted-to-error.html>
[INFO] [stderr]     = note: `#[warn(bare_trait_objects)]` on by default
[INFO] [stderr] help: use `dyn`
[INFO] [stderr]     |
[INFO] [stderr] 100 |     items: HashMap<TypeId, Box<dyn Any>>,
[INFO] [stderr]     |                                +++
[INFO] [stderr] 
[INFO] [stderr] warning: trait objects without an explicit `dyn` are deprecated
[INFO] [stderr]    --> iec/src/ecs.rs:101:37
[INFO] [stderr]     |
[INFO] [stderr] 101 |     singletons: HashMap<TypeId, Box<Any>>,
[INFO] [stderr]     |                                     ^^^
[INFO] [stderr]     |
[INFO] [stderr]     = warning: this is accepted in the current edition (Rust 2018) but is a hard error in Rust 2021!
[INFO] [stderr]     = note: for more information, see <https://doc.rust-lang.org/nightly/edition-guide/rust-2021/warnings-promoted-to-error.html>
[INFO] [stderr] help: use `dyn`
[INFO] [stderr]     |
[INFO] [stderr] 101 |     singletons: HashMap<TypeId, Box<dyn Any>>,
[INFO] [stderr]     |                                     +++
[INFO] [stderr] 
[INFO] [stderr] warning: trait objects without an explicit `dyn` are deprecated
[INFO] [stderr]    --> iec/src/ecs.rs:272:37
[INFO] [stderr]     |
[INFO] [stderr] 272 |     container: &HashMap<TypeId, Box<Any>>,
[INFO] [stderr]     |                                     ^^^
[INFO] [stderr]     |
[INFO] [stderr]     = warning: this is accepted in the current edition (Rust 2018) but is a hard error in Rust 2021!
[INFO] [stderr]     = note: for more information, see <https://doc.rust-lang.org/nightly/edition-guide/rust-2021/warnings-promoted-to-error.html>
[INFO] [stderr] help: use `dyn`
[INFO] [stderr]     |
[INFO] [stderr] 272 |     container: &HashMap<TypeId, Box<dyn Any>>,
[INFO] [stderr]     |                                     +++
[INFO] [stderr] 
[INFO] [stderr] warning: trait objects without an explicit `dyn` are deprecated
[INFO] [stderr]    --> iec/src/ecs.rs:123:59
[INFO] [stderr]     |
[INFO] [stderr] 123 |         self.items.insert(type_id, boxed_container as Box<Any>);
[INFO] [stderr]     |                                                           ^^^
[INFO] [stderr]     |
[INFO] [stderr]     = warning: this is accepted in the current edition (Rust 2018) but is a hard error in Rust 2021!
[INFO] [stderr]     = note: for more information, see <https://doc.rust-lang.org/nightly/edition-guide/rust-2021/warnings-promoted-to-error.html>
[INFO] [stderr] help: use `dyn`
[INFO] [stderr]     |
[INFO] [stderr] 123 |         self.items.insert(type_id, boxed_container as Box<dyn Any>);
[INFO] [stderr]     |                                                           +++
[INFO] [stderr] 
[INFO] [stderr] warning: trait objects without an explicit `dyn` are deprecated
[INFO] [stderr]    --> iec/src/ecs.rs:277:26
[INFO] [stderr]     |
[INFO] [stderr] 277 |         * (size_of::<Box<Any>>() + size_of::<TypeId>() + size_of::<usize>());
[INFO] [stderr]     |                          ^^^
[INFO] [stderr]     |
[INFO] [stderr]     = warning: this is accepted in the current edition (Rust 2018) but is a hard error in Rust 2021!
[INFO] [stderr]     = note: for more information, see <https://doc.rust-lang.org/nightly/edition-guide/rust-2021/warnings-promoted-to-error.html>
[INFO] [stderr] help: use `dyn`
[INFO] [stderr]     |
[INFO] [stderr] 277 |         * (size_of::<Box<dyn Any>>() + size_of::<TypeId>() + size_of::<usize>());
[INFO] [stderr]     |                          +++
[INFO] [stderr] 
[INFO] [stderr] warning: unused variable: `programs`
[INFO] [stderr]   --> iec/src/passes/basic_blocks.rs:25:18
[INFO] [stderr]    |
[INFO] [stderr] 25 |         let (mut programs, variables, symbols, types, instructions, blocks) =
[INFO] [stderr]    |                  ^^^^^^^^ help: if this is intentional, prefix it with an underscore: `_programs`
[INFO] [stderr]    |
[INFO] [stderr]    = note: `#[warn(unused_variables)]` on by default
[INFO] [stderr] 
[INFO] [stderr] warning: unused variable: `instructions`
[INFO] [stderr]   --> iec/src/passes/basic_blocks.rs:25:55
[INFO] [stderr]    |
[INFO] [stderr] 25 |         let (mut programs, variables, symbols, types, instructions, blocks) =
[INFO] [stderr]    |                                                       ^^^^^^^^^^^^ help: if this is intentional, prefix it with an underscore: `_instructions`
[INFO] [stderr] 
[INFO] [stderr] warning: unused variable: `blocks`
[INFO] [stderr]   --> iec/src/passes/basic_blocks.rs:25:69
[INFO] [stderr]    |
[INFO] [stderr] 25 |         let (mut programs, variables, symbols, types, instructions, blocks) =
[INFO] [stderr]    |                                                                     ^^^^^^ help: if this is intentional, prefix it with an underscore: `_blocks`
[INFO] [stderr] 
[INFO] [stderr] warning: unused variable: `entry_block`
[INFO] [stderr]   --> iec/src/passes/basic_blocks.rs:37:17
[INFO] [stderr]    |
[INFO] [stderr] 37 |             let entry_block = to_basic_blocks(
[INFO] [stderr]    |                 ^^^^^^^^^^^ help: if this is intentional, prefix it with an underscore: `_entry_block`
[INFO] [stderr] 
[INFO] [stderr] warning: unused variable: `parent`
[INFO] [stderr]   --> iec/src/passes/basic_blocks.rs:49:5
[INFO] [stderr]    |
[INFO] [stderr] 49 |     parent: Symbol,
[INFO] [stderr]    |     ^^^^^^ help: if this is intentional, prefix it with an underscore: `_parent`
[INFO] [stderr] 
[INFO] [stderr] warning: unused variable: `body`
[INFO] [stderr]   --> iec/src/passes/basic_blocks.rs:50:5
[INFO] [stderr]    |
[INFO] [stderr] 50 |     body: &[iec_syntax::Statement],
[INFO] [stderr]    |     ^^^^ help: if this is intentional, prefix it with an underscore: `_body`
[INFO] [stderr] 
[INFO] [stderr] warning: unused variable: `variables`
[INFO] [stderr]   --> iec/src/passes/basic_blocks.rs:51:5
[INFO] [stderr]    |
[INFO] [stderr] 51 |     variables: &Container<Variable>,
[INFO] [stderr]    |     ^^^^^^^^^ help: if this is intentional, prefix it with an underscore: `_variables`
[INFO] [stderr] 
[INFO] [stderr] warning: unused variable: `types`
[INFO] [stderr]   --> iec/src/passes/basic_blocks.rs:52:5
[INFO] [stderr]    |
[INFO] [stderr] 52 |     types: &Container<Type>,
[INFO] [stderr]    |     ^^^^^ help: if this is intentional, prefix it with an underscore: `_types`
[INFO] [stderr] 
[INFO] [stderr] warning: unused variable: `diags`
[INFO] [stderr]   --> iec/src/passes/basic_blocks.rs:53:5
[INFO] [stderr]    |
[INFO] [stderr] 53 |     diags: &mut Diagnostics,
[INFO] [stderr]    |     ^^^^^ help: if this is intentional, prefix it with an underscore: `_diags`
[INFO] [stderr] 
[INFO] [stderr] warning: variable does not need to be mutable
[INFO] [stderr]   --> iec/src/passes/basic_blocks.rs:25:14
[INFO] [stderr]    |
[INFO] [stderr] 25 |         let (mut programs, variables, symbols, types, instructions, blocks) =
[INFO] [stderr]    |              ----^^^^^^^^
[INFO] [stderr]    |              |
[INFO] [stderr]    |              help: remove this `mut`
[INFO] [stderr]    |
[INFO] [stderr]    = note: `#[warn(unused_mut)]` on by default
[INFO] [stderr] 
[INFO] [stderr] warning: field `component_type_id` is never read
[INFO] [stderr]    --> iec/src/ecs.rs:378:5
[INFO] [stderr]     |
[INFO] [stderr] 372 | struct ContainerVtable {
[INFO] [stderr]     |        --------------- field in this struct
[INFO] [stderr] ...
[INFO] [stderr] 378 |     component_type_id: TypeId,
[INFO] [stderr]     |     ^^^^^^^^^^^^^^^^^
[INFO] [stderr]     |
[INFO] [stderr]     = note: `ContainerVtable` has a derived impl for the trait `Clone`, but this is intentionally ignored during dead code analysis
[INFO] [stderr]     = note: `#[warn(dead_code)]` on by default
[INFO] [stderr] 
[INFO] [stderr] warning: `iec` (lib) generated 16 warnings (run `cargo fix --lib -p iec` to apply 15 suggestions)
[INFO] [stderr] warning: `iec` (lib test) generated 15 warnings (15 duplicates)
[INFO] [stderr]     Finished test [unoptimized + debuginfo] target(s) in 0.07s
[INFO] [stderr] warning: the following packages contain code that will be rejected by a future version of Rust: lalrpop v0.16.3
[INFO] [stderr] note: to see what the problems were, use the option `--future-incompat-report`, or run `cargo report future-incompatibilities --id 1`
[INFO] [stderr]      Running unittests src/lib.rs (/opt/rustwide/target/debug/deps/iec-ff1bc07489f26001)
[INFO] [stdout] 
[INFO] [stdout] running 11 tests
[INFO] [stdout] test ecs::tests::generate_valid_vtables ... ok
[INFO] [stdout] test ecs::tests::debug_print_resources ... ok
[INFO] [stdout] test ecs::tests::get_a_component_container ... ok
[INFO] [stdout] test ecs::tests::register_the_random_component ... ok
[INFO] [stdout] test ecs::tests::use_a_singleton_component ... ok
[INFO] [stdout] test passes::symbol_table::tests::identify_function_blocks_and_programs ... ok
[INFO] [stdout] test passes::variable_discovery::tests::discover_some_variables ... ok
[INFO] [stdout] test passes::variable_discovery::tests::duplicate_variable_declarations ... ok
[INFO] [stdout] test passes::variable_discovery::tests::unknown_type ... ok
[INFO] [stdout] test ecs::tests::get_resource_heapsize ... FAILED
[INFO] [stdout] test ecs::tests::you_cant_register_twice - should panic ... ok
[INFO] [stdout] 
[INFO] [stdout] failures:
[INFO] [stdout] 
[INFO] [stdout] ---- ecs::tests::get_resource_heapsize stdout ----
[INFO] [stdout] thread 'ecs::tests::get_resource_heapsize' panicked at 'assertion failed: `(left == right)`
[INFO] [stdout]   left: `96`,
[INFO] [stdout]  right: `928`', iec/src/ecs.rs:694:9
[INFO] [stdout] stack backtrace:
[INFO] [stdout]    0:     0x564f62263a2a - std::backtrace_rs::backtrace::libunwind::trace::h2f05d0192276a8f6
[INFO] [stdout]                                at /rustc/1b7dd2252b99671ce5d1cb9664c5f8636329436d/library/std/src/../../backtrace/src/backtrace/libunwind.rs:93:5
[INFO] [stdout]    1:     0x564f62263a2a - std::backtrace_rs::backtrace::trace_unsynchronized::hedc23dff7a1af150
[INFO] [stdout]                                at /rustc/1b7dd2252b99671ce5d1cb9664c5f8636329436d/library/std/src/../../backtrace/src/backtrace/mod.rs:66:5
[INFO] [stdout]    2:     0x564f62263a2a - std::sys_common::backtrace::_print_fmt::h17541ef7592f3ce2
[INFO] [stdout]                                at /rustc/1b7dd2252b99671ce5d1cb9664c5f8636329436d/library/std/src/sys_common/backtrace.rs:65:5
[INFO] [stdout]    3:     0x564f62263a2a - <std::sys_common::backtrace::_print::DisplayBacktrace as core::fmt::Display>::fmt::h20f75df5ab0c0792
[INFO] [stdout]                                at /rustc/1b7dd2252b99671ce5d1cb9664c5f8636329436d/library/std/src/sys_common/backtrace.rs:44:22
[INFO] [stdout]    4:     0x564f622880ff - core::fmt::write::h78109e6f466b3af6
[INFO] [stdout]                                at /rustc/1b7dd2252b99671ce5d1cb9664c5f8636329436d/library/core/src/fmt/mod.rs:1254:17
[INFO] [stdout]    5:     0x564f62260d75 - std::io::Write::write_fmt::hd24bfb68a1b35a25
[INFO] [stdout]                                at /rustc/1b7dd2252b99671ce5d1cb9664c5f8636329436d/library/std/src/io/mod.rs:1698:15
[INFO] [stdout]    6:     0x564f622637f5 - std::sys_common::backtrace::_print::h8dac57a9f8fbf9a5
[INFO] [stdout]                                at /rustc/1b7dd2252b99671ce5d1cb9664c5f8636329436d/library/std/src/sys_common/backtrace.rs:47:5
[INFO] [stdout]    7:     0x564f622637f5 - std::sys_common::backtrace::print::hf9ecbf41d1aa712f
[INFO] [stdout]                                at /rustc/1b7dd2252b99671ce5d1cb9664c5f8636329436d/library/std/src/sys_common/backtrace.rs:34:9
[INFO] [stdout]    8:     0x564f622654ae - std::panicking::default_hook::{{closure}}::h04c07acfc84ca028
[INFO] [stdout]                                at /rustc/1b7dd2252b99671ce5d1cb9664c5f8636329436d/library/std/src/panicking.rs:269:22
[INFO] [stdout]    9:     0x564f622651e1 - std::panicking::default_hook::h01f6bb23e1eceb2c
[INFO] [stdout]                                at /rustc/1b7dd2252b99671ce5d1cb9664c5f8636329436d/library/std/src/panicking.rs:285:9
[INFO] [stdout]   10:     0x564f62223f5b - <alloc::boxed::Box<F,A> as core::ops::function::Fn<Args>>::call::h87fe9f7b2fd49e4c
[INFO] [stdout]                                at /rustc/1b7dd2252b99671ce5d1cb9664c5f8636329436d/library/alloc/src/boxed.rs:1987:9
[INFO] [stdout]   11:     0x564f62223f5b - test::test_main::{{closure}}::he94d679243a7531b
[INFO] [stdout]                                at /rustc/1b7dd2252b99671ce5d1cb9664c5f8636329436d/library/test/src/lib.rs:134:21
[INFO] [stdout]   12:     0x564f62265b94 - <alloc::boxed::Box<F,A> as core::ops::function::Fn<Args>>::call::h3f2d6d8b14c4769f
[INFO] [stdout]                                at /rustc/1b7dd2252b99671ce5d1cb9664c5f8636329436d/library/alloc/src/boxed.rs:1987:9
[INFO] [stdout]   13:     0x564f62265b94 - std::panicking::rust_panic_with_hook::h2bb3722bbaf2f6df
[INFO] [stdout]                                at /rustc/1b7dd2252b99671ce5d1cb9664c5f8636329436d/library/std/src/panicking.rs:695:13
[INFO] [stdout]   14:     0x564f62265909 - std::panicking::begin_panic_handler::{{closure}}::h91bc7f36a4be011b
[INFO] [stdout]                                at /rustc/1b7dd2252b99671ce5d1cb9664c5f8636329436d/library/std/src/panicking.rs:582:13
[INFO] [stdout]   15:     0x564f62263e96 - std::sys_common::backtrace::__rust_end_short_backtrace::h8b3d3717114f9e59
[INFO] [stdout]                                at /rustc/1b7dd2252b99671ce5d1cb9664c5f8636329436d/library/std/src/sys_common/backtrace.rs:150:18
[INFO] [stdout]   16:     0x564f62265662 - rust_begin_unwind
[INFO] [stdout]                                at /rustc/1b7dd2252b99671ce5d1cb9664c5f8636329436d/library/std/src/panicking.rs:578:5
[INFO] [stdout]   17:     0x564f621c4ba3 - core::panicking::panic_fmt::hfd368e3fbdabea26
[INFO] [stdout]                                at /rustc/1b7dd2252b99671ce5d1cb9664c5f8636329436d/library/core/src/panicking.rs:67:14
[INFO] [stdout]   18:     0x564f621c4f6f - core::panicking::assert_failed_inner::haef49168e1798a91
[INFO] [stdout]   19:     0x564f62235dca - core::panicking::assert_failed::hd00fa7c9d2e542a0
[INFO] [stdout]                                at /rustc/1b7dd2252b99671ce5d1cb9664c5f8636329436d/library/core/src/panicking.rs:228:5
[INFO] [stdout]   20:     0x564f621f05eb - iec::ecs::tests::get_resource_heapsize::he9c6925daa484380
[INFO] [stdout]                                at /opt/rustwide/workdir/iec/src/ecs.rs:694:9
[INFO] [stdout]   21:     0x564f621f04c7 - iec::ecs::tests::get_resource_heapsize::{{closure}}::hf11b4b86f6b1072a
[INFO] [stdout]                                at /opt/rustwide/workdir/iec/src/ecs.rs:689:32
[INFO] [stdout]   22:     0x564f621ed825 - core::ops::function::FnOnce::call_once::h68fc33920ff6478d
[INFO] [stdout]                                at /rustc/1b7dd2252b99671ce5d1cb9664c5f8636329436d/library/core/src/ops/function.rs:250:5
[INFO] [stdout]   23:     0x564f62228e2f - core::ops::function::FnOnce::call_once::ha6a70e79f7481a7e
[INFO] [stdout]                                at /rustc/1b7dd2252b99671ce5d1cb9664c5f8636329436d/library/core/src/ops/function.rs:250:5
[INFO] [stdout]   24:     0x564f62228e2f - test::__rust_begin_short_backtrace::hce33033019b61e69
[INFO] [stdout]                                at /rustc/1b7dd2252b99671ce5d1cb9664c5f8636329436d/library/test/src/lib.rs:655:18
[INFO] [stdout]   25:     0x564f621f661c - test::run_test::{{closure}}::h858d3528838ae3e5
[INFO] [stdout]                                at /rustc/1b7dd2252b99671ce5d1cb9664c5f8636329436d/library/test/src/lib.rs:646:30
[INFO] [stdout]   26:     0x564f621f661c - core::ops::function::FnOnce::call_once{{vtable.shim}}::he8ac2b00f01ae79e
[INFO] [stdout]                                at /rustc/1b7dd2252b99671ce5d1cb9664c5f8636329436d/library/core/src/ops/function.rs:250:5
[INFO] [stdout]   27:     0x564f62227f06 - <alloc::boxed::Box<F,A> as core::ops::function::FnOnce<Args>>::call_once::h8093d25b522725ef
[INFO] [stdout]                                at /rustc/1b7dd2252b99671ce5d1cb9664c5f8636329436d/library/alloc/src/boxed.rs:1973:9
[INFO] [stdout]   28:     0x564f62227f06 - <core::panic::unwind_safe::AssertUnwindSafe<F> as core::ops::function::FnOnce<()>>::call_once::h5c334c204e4a3913
[INFO] [stdout]                                at /rustc/1b7dd2252b99671ce5d1cb9664c5f8636329436d/library/core/src/panic/unwind_safe.rs:271:9
[INFO] [stdout]   29:     0x564f62227f06 - std::panicking::try::do_call::ha8b740c7b9478074
[INFO] [stdout]                                at /rustc/1b7dd2252b99671ce5d1cb9664c5f8636329436d/library/std/src/panicking.rs:485:40
[INFO] [stdout]   30:     0x564f62227f06 - std::panicking::try::h5d34f63d0e41b64e
[INFO] [stdout]                                at /rustc/1b7dd2252b99671ce5d1cb9664c5f8636329436d/library/std/src/panicking.rs:449:19
[INFO] [stdout]   31:     0x564f62227f06 - std::panic::catch_unwind::hcfbb511e1aa7fc67
[INFO] [stdout]                                at /rustc/1b7dd2252b99671ce5d1cb9664c5f8636329436d/library/std/src/panic.rs:140:14
[INFO] [stdout]   32:     0x564f62227f06 - test::run_test_in_process::h9abda90f802eaf21
[INFO] [stdout]                                at /rustc/1b7dd2252b99671ce5d1cb9664c5f8636329436d/library/test/src/lib.rs:678:27
[INFO] [stdout]   33:     0x564f62227f06 - test::run_test::run_test_inner::{{closure}}::h0f058de91f6c6edf
[INFO] [stdout]                                at /rustc/1b7dd2252b99671ce5d1cb9664c5f8636329436d/library/test/src/lib.rs:572:39
[INFO] [stdout]   34:     0x564f621f0e25 - test::run_test::run_test_inner::{{closure}}::h5ca48a4c59c6c1fb
[INFO] [stdout]                                at /rustc/1b7dd2252b99671ce5d1cb9664c5f8636329436d/library/test/src/lib.rs:599:37
[INFO] [stdout]   35:     0x564f621f0e25 - std::sys_common::backtrace::__rust_begin_short_backtrace::h32bd51e1495d4a33
[INFO] [stdout]                                at /rustc/1b7dd2252b99671ce5d1cb9664c5f8636329436d/library/std/src/sys_common/backtrace.rs:134:18
[INFO] [stdout]   36:     0x564f621f6361 - std::thread::Builder::spawn_unchecked_::{{closure}}::{{closure}}::hc086fae9b128b2db
[INFO] [stdout]                                at /rustc/1b7dd2252b99671ce5d1cb9664c5f8636329436d/library/std/src/thread/mod.rs:526:17
[INFO] [stdout]   37:     0x564f621f6361 - <core::panic::unwind_safe::AssertUnwindSafe<F> as core::ops::function::FnOnce<()>>::call_once::hb66571888d270d43
[INFO] [stdout]                                at /rustc/1b7dd2252b99671ce5d1cb9664c5f8636329436d/library/core/src/panic/unwind_safe.rs:271:9
[INFO] [stdout]   38:     0x564f621f6361 - std::panicking::try::do_call::h4fa2ef4f6e51fecf
[INFO] [stdout]                                at /rustc/1b7dd2252b99671ce5d1cb9664c5f8636329436d/library/std/src/panicking.rs:485:40
[INFO] [stdout]   39:     0x564f621f6361 - std::panicking::try::h1e9e22b8584489b5
[INFO] [stdout]                                at /rustc/1b7dd2252b99671ce5d1cb9664c5f8636329436d/library/std/src/panicking.rs:449:19
[INFO] [stdout]   40:     0x564f621f6361 - std::panic::catch_unwind::h44698a3de0e0769e
[INFO] [stdout]                                at /rustc/1b7dd2252b99671ce5d1cb9664c5f8636329436d/library/std/src/panic.rs:140:14
[INFO] [stdout]   41:     0x564f621f6361 - std::thread::Builder::spawn_unchecked_::{{closure}}::h50153abde3fe239e
[INFO] [stdout]                                at /rustc/1b7dd2252b99671ce5d1cb9664c5f8636329436d/library/std/src/thread/mod.rs:525:30
[INFO] [stdout]   42:     0x564f621f6361 - core::ops::function::FnOnce::call_once{{vtable.shim}}::hbe5bbf6f38394364
[INFO] [stdout]                                at /rustc/1b7dd2252b99671ce5d1cb9664c5f8636329436d/library/core/src/ops/function.rs:250:5
[INFO] [stdout]   43:     0x564f6226a065 - <alloc::boxed::Box<F,A> as core::ops::function::FnOnce<Args>>::call_once::h0d83cb2920a49046
[INFO] [stdout]                                at /rustc/1b7dd2252b99671ce5d1cb9664c5f8636329436d/library/alloc/src/boxed.rs:1973:9
[INFO] [stdout]   44:     0x564f6226a065 - <alloc::boxed::Box<F,A> as core::ops::function::FnOnce<Args>>::call_once::hbe0a008aa7d9ef59
[INFO] [stdout]                                at /rustc/1b7dd2252b99671ce5d1cb9664c5f8636329436d/library/alloc/src/boxed.rs:1973:9
[INFO] [stdout]   45:     0x564f6226a065 - std::sys::unix::thread::Thread::new::thread_start::h3a466996bdf6b1f9
[INFO] [stdout]                                at /rustc/1b7dd2252b99671ce5d1cb9664c5f8636329436d/library/std/src/sys/unix/thread.rs:108:17
[INFO] [stdout]   46:     0x7f94218f3b43 - <unknown>
[INFO] [stdout]   47:     0x7f9421984bb4 - __clone
[INFO] [stdout]   48:                0x0 - <unknown>
[INFO] [stdout] 
[INFO] [stdout] 
[INFO] [stdout] failures:
[INFO] [stdout]     ecs::tests::get_resource_heapsize
[INFO] [stdout] 
[INFO] [stdout] test result: FAILED. 10 passed; 1 failed; 0 ignored; 0 measured; 0 filtered out; finished in 0.01s
[INFO] [stdout] 
[INFO] [stderr] error: test failed, to rerun pass `-p iec --lib`
[INFO] running `Command { std: "docker" "inspect" "13d4b3ca61c3e23d57f92c950bf79303d8722356e291c92f9d808b5344a956d1", kill_on_drop: false }`
[INFO] running `Command { std: "docker" "rm" "-f" "13d4b3ca61c3e23d57f92c950bf79303d8722356e291c92f9d808b5344a956d1", kill_on_drop: false }`
[INFO] [stdout] 13d4b3ca61c3e23d57f92c950bf79303d8722356e291c92f9d808b5344a956d1
