[INFO] cloning repository https://github.com/MathiasPius/orca-rs
[INFO] running `Command { std: "git" "-c" "credential.helper=" "-c" "credential.helper=/workspace/cargo-home/bin/git-credential-null" "clone" "--bare" "https://github.com/MathiasPius/orca-rs" "/workspace/cache/git-repos/https%3A%2F%2Fgithub.com%2FMathiasPius%2Forca-rs", kill_on_drop: false }`
[INFO] [stderr] Cloning into bare repository '/workspace/cache/git-repos/https%3A%2F%2Fgithub.com%2FMathiasPius%2Forca-rs'...
[INFO] running `Command { std: "git" "rev-parse" "HEAD", kill_on_drop: false }`
[INFO] [stdout] c79e05c9a33dc87b29732f33be9fa4c4c8fd178f
[INFO] testing MathiasPius/orca-rs against 1.69.0 for beta-1.70-1
[INFO] running `Command { std: "git" "clone" "/workspace/cache/git-repos/https%3A%2F%2Fgithub.com%2FMathiasPius%2Forca-rs" "/workspace/builds/worker-5-tc1/source", kill_on_drop: false }`
[INFO] [stderr] Cloning into '/workspace/builds/worker-5-tc1/source'...
[INFO] [stderr] done.
[INFO] validating manifest of git repo https://github.com/MathiasPius/orca-rs on toolchain 1.69.0
[INFO] running `Command { std: CARGO_HOME="/workspace/cargo-home" RUSTUP_HOME="/workspace/rustup-home" "/workspace/cargo-home/bin/cargo" "+1.69.0" "metadata" "--manifest-path" "Cargo.toml" "--no-deps", kill_on_drop: false }`
[INFO] started tweaking git repo https://github.com/MathiasPius/orca-rs
[INFO] finished tweaking git repo https://github.com/MathiasPius/orca-rs
[INFO] tweaked toml for git repo https://github.com/MathiasPius/orca-rs written to /workspace/builds/worker-5-tc1/source/Cargo.toml
[INFO] crate git repo https://github.com/MathiasPius/orca-rs already has a lockfile, it will not be regenerated
[INFO] running `Command { std: CARGO_HOME="/workspace/cargo-home" RUSTUP_HOME="/workspace/rustup-home" "/workspace/cargo-home/bin/cargo" "+1.69.0" "fetch" "--manifest-path" "Cargo.toml", kill_on_drop: false }`
[INFO] [stderr]     Updating git repository `https://github.com/MathiasPius/structured-packer-logs`
[INFO] [stderr]     Updating git repository `https://github.com/libvirt/libvirt-rust.git`
[INFO] [stderr]  Downloading crates ...
[INFO] [stderr]   Downloaded dependency-graph v0.1.5
[INFO] running `Command { std: "docker" "create" "-v" "/var/lib/crater-agent-workspace/builds/worker-5-tc1/target:/opt/rustwide/target:rw,Z" "-v" "/var/lib/crater-agent-workspace/builds/worker-5-tc1/source:/opt/rustwide/workdir:ro,Z" "-v" "/var/lib/crater-agent-workspace/cargo-home:/opt/rustwide/cargo-home:ro,Z" "-v" "/var/lib/crater-agent-workspace/rustup-home:/opt/rustwide/rustup-home:ro,Z" "-e" "SOURCE_DIR=/opt/rustwide/workdir" "-e" "CARGO_TARGET_DIR=/opt/rustwide/target" "-e" "CARGO_HOME=/opt/rustwide/cargo-home" "-e" "RUSTUP_HOME=/opt/rustwide/rustup-home" "-w" "/opt/rustwide/workdir" "-m" "1610612736" "--user" "0:0" "--network" "none" "ghcr.io/rust-lang/crates-build-env/linux@sha256:5ff2268d62e97bff2cde7d5815dd6ed5b47097566f13b8d0ca110b04b60e07ed" "/opt/rustwide/cargo-home/bin/cargo" "+1.69.0" "metadata" "--no-deps" "--format-version=1", kill_on_drop: false }`
[INFO] [stdout] 8dda79a0ab05357f4094c6a102c6fe1e9b7a561a7b8bdefbb21b9e42d024b702
[INFO] running `Command { std: "docker" "start" "-a" "8dda79a0ab05357f4094c6a102c6fe1e9b7a561a7b8bdefbb21b9e42d024b702", kill_on_drop: false }`
[INFO] running `Command { std: "docker" "inspect" "8dda79a0ab05357f4094c6a102c6fe1e9b7a561a7b8bdefbb21b9e42d024b702", kill_on_drop: false }`
[INFO] running `Command { std: "docker" "rm" "-f" "8dda79a0ab05357f4094c6a102c6fe1e9b7a561a7b8bdefbb21b9e42d024b702", kill_on_drop: false }`
[INFO] [stdout] 8dda79a0ab05357f4094c6a102c6fe1e9b7a561a7b8bdefbb21b9e42d024b702
[INFO] running `Command { std: "docker" "create" "-v" "/var/lib/crater-agent-workspace/builds/worker-5-tc1/target:/opt/rustwide/target:rw,Z" "-v" "/var/lib/crater-agent-workspace/builds/worker-5-tc1/source:/opt/rustwide/workdir:ro,Z" "-v" "/var/lib/crater-agent-workspace/cargo-home:/opt/rustwide/cargo-home:ro,Z" "-v" "/var/lib/crater-agent-workspace/rustup-home:/opt/rustwide/rustup-home:ro,Z" "-e" "SOURCE_DIR=/opt/rustwide/workdir" "-e" "CARGO_TARGET_DIR=/opt/rustwide/target" "-e" "CARGO_INCREMENTAL=0" "-e" "RUST_BACKTRACE=full" "-e" "RUSTFLAGS=--cap-lints=warn" "-e" "RUSTDOCFLAGS=--cap-lints=warn" "-e" "CARGO_HOME=/opt/rustwide/cargo-home" "-e" "RUSTUP_HOME=/opt/rustwide/rustup-home" "-w" "/opt/rustwide/workdir" "-m" "1610612736" "--user" "0:0" "--network" "none" "ghcr.io/rust-lang/crates-build-env/linux@sha256:5ff2268d62e97bff2cde7d5815dd6ed5b47097566f13b8d0ca110b04b60e07ed" "/opt/rustwide/cargo-home/bin/cargo" "+1.69.0" "build" "--frozen" "--message-format=json", kill_on_drop: false }`
[INFO] [stdout] 29b3bb3f229ba47f687ba0021b659310b188642c72410961d6e71ebaef5816f3
[INFO] running `Command { std: "docker" "start" "-a" "29b3bb3f229ba47f687ba0021b659310b188642c72410961d6e71ebaef5816f3", kill_on_drop: false }`
[INFO] [stderr]    Compiling proc-macro2 v1.0.29
[INFO] [stderr]    Compiling unicode-xid v0.2.2
[INFO] [stderr]    Compiling syn v1.0.77
[INFO] [stderr]    Compiling version_check v0.9.3
[INFO] [stderr]    Compiling serde_derive v1.0.130
[INFO] [stderr]    Compiling hashbrown v0.11.2
[INFO] [stderr]    Compiling log v0.4.14
[INFO] [stderr]    Compiling serde v1.0.130
[INFO] [stderr]    Compiling fixedbitset v0.4.0
[INFO] [stderr]    Compiling unicode-segmentation v1.8.0
[INFO] [stderr]    Compiling indexmap v1.7.0
[INFO] [stderr]    Compiling regex-syntax v0.6.25
[INFO] [stderr]    Compiling serde_json v1.0.68
[INFO] [stderr]    Compiling atty v0.2.14
[INFO] [stderr]    Compiling aho-corasick v0.7.18
[INFO] [stderr]    Compiling unicode-width v0.1.9
[INFO] [stderr]    Compiling semver v1.0.4
[INFO] [stderr]    Compiling os_str_bytes v3.1.0
[INFO] [stderr]    Compiling textwrap v0.14.2
[INFO] [stderr]    Compiling itoa v0.4.8
[INFO] [stderr]    Compiling strsim v0.10.0
[INFO] [stderr]    Compiling heck v0.3.3
[INFO] [stderr]    Compiling unindent v0.1.7
[INFO] [stderr]    Compiling proc-macro-error-attr v1.0.4
[INFO] [stderr]    Compiling proc-macro-error v1.0.4
[INFO] [stderr]    Compiling virt v0.2.11 (https://github.com/libvirt/libvirt-rust.git#488aa736)
[INFO] [stderr]    Compiling packer-interop v0.1.0 (/opt/rustwide/workdir/packer-interop)
[INFO] [stderr]    Compiling indoc v1.0.3
[INFO] [stderr]    Compiling petgraph v0.6.0
[INFO] [stderr]    Compiling quote v1.0.9
[INFO] [stderr]    Compiling regex v1.5.4
[INFO] [stderr]    Compiling dependency-graph v0.1.5
[INFO] [stderr]    Compiling dependency-graph v0.1.5 (/opt/rustwide/workdir/dependency-graph)
[INFO] [stderr]    Compiling env_logger v0.7.1
[INFO] [stderr]    Compiling pretty_env_logger v0.4.0
[INFO] [stderr]    Compiling thiserror-impl v1.0.29
[INFO] [stderr]    Compiling clap_derive v3.0.0-beta.4
[INFO] [stderr]    Compiling thiserror v1.0.29
[INFO] [stderr]    Compiling structured-packer-logs v0.1.0 (https://github.com/MathiasPius/structured-packer-logs#84514add)
[INFO] [stderr]    Compiling clap v3.0.0-beta.4
[INFO] [stderr]    Compiling orca-cli v0.1.0 (/opt/rustwide/workdir/orca-cli)
[INFO] [stdout] warning: unused import: `std::path::PathBuf`
[INFO] [stdout]  --> orca-cli/src/build/mod.rs:4:5
[INFO] [stdout]   |
[INFO] [stdout] 4 | use std::path::PathBuf;
[INFO] [stdout]   |     ^^^^^^^^^^^^^^^^^^
[INFO] [stdout]   |
[INFO] [stdout]   = note: `#[warn(unused_imports)]` on by default
[INFO] [stdout] 
[INFO] [stdout] 
[INFO] [stdout] warning: unused variable: `opts`
[INFO] [stdout]   --> orca-cli/src/build/mod.rs:21:34
[INFO] [stdout]    |
[INFO] [stdout] 21 |     pub(crate) fn execute(&self, opts: &Opts) {}
[INFO] [stdout]    |                                  ^^^^ help: if this is intentional, prefix it with an underscore: `_opts`
[INFO] [stdout]    |
[INFO] [stdout]    = note: `#[warn(unused_variables)]` on by default
[INFO] [stdout] 
[INFO] [stdout] 
[INFO] [stdout] warning: unused variable: `name`
[INFO] [stdout]   --> orca-cli/src/cache.rs:52:16
[INFO] [stdout]    |
[INFO] [stdout] 52 |     pub fn get(name: Identifier, version: Version) -> Option<Package> {
[INFO] [stdout]    |                ^^^^ help: if this is intentional, prefix it with an underscore: `_name`
[INFO] [stdout] 
[INFO] [stdout] 
[INFO] [stdout] warning: unused variable: `version`
[INFO] [stdout]   --> orca-cli/src/cache.rs:52:34
[INFO] [stdout]    |
[INFO] [stdout] 52 |     pub fn get(name: Identifier, version: Version) -> Option<Package> {
[INFO] [stdout]    |                                  ^^^^^^^ help: if this is intentional, prefix it with an underscore: `_version`
[INFO] [stdout] 
[INFO] [stdout] 
[INFO] [stdout] warning: unused variable: `name`
[INFO] [stdout]   --> orca-cli/src/cache.rs:56:26
[INFO] [stdout]    |
[INFO] [stdout] 56 |     pub fn list_versions(name: Identifier) -> Vec<Package> {
[INFO] [stdout]    |                          ^^^^ help: if this is intentional, prefix it with an underscore: `_name`
[INFO] [stdout] 
[INFO] [stdout] 
[INFO] [stdout] warning: unused variable: `name`
[INFO] [stdout]   --> orca-cli/src/cache.rs:60:17
[INFO] [stdout]    |
[INFO] [stdout] 60 |     pub fn find(name: Identifier, required_version: VersionReq) -> Option<Package> {
[INFO] [stdout]    |                 ^^^^ help: if this is intentional, prefix it with an underscore: `_name`
[INFO] [stdout] 
[INFO] [stdout] 
[INFO] [stdout] warning: unused variable: `required_version`
[INFO] [stdout]   --> orca-cli/src/cache.rs:60:35
[INFO] [stdout]    |
[INFO] [stdout] 60 |     pub fn find(name: Identifier, required_version: VersionReq) -> Option<Package> {
[INFO] [stdout]    |                                   ^^^^^^^^^^^^^^^^ help: if this is intentional, prefix it with an underscore: `_required_version`
[INFO] [stdout] 
[INFO] [stdout] 
[INFO] [stdout] warning: unused variable: `build`
[INFO] [stdout]   --> orca-cli/src/cache.rs:64:16
[INFO] [stdout]    |
[INFO] [stdout] 64 |     pub fn put(build: Package) {}
[INFO] [stdout]    |                ^^^^^ help: if this is intentional, prefix it with an underscore: `_build`
[INFO] [stdout] 
[INFO] [stdout] 
[INFO] [stdout] warning: variant `UnnamedPackage` is never constructed
[INFO] [stdout]   --> orca-cli/src/cache.rs:18:5
[INFO] [stdout]    |
[INFO] [stdout] 12 | pub enum Error {
[INFO] [stdout]    |          ----- variant in this enum
[INFO] [stdout] ...
[INFO] [stdout] 18 |     UnnamedPackage(PathBuf),
[INFO] [stdout]    |     ^^^^^^^^^^^^^^
[INFO] [stdout]    |
[INFO] [stdout]    = note: `Error` has a derived impl for the trait `Debug`, but this is intentionally ignored during dead code analysis
[INFO] [stdout]    = note: `#[warn(dead_code)]` on by default
[INFO] [stdout] 
[INFO] [stdout] 
[INFO] [stdout] warning: struct `Cache` is never constructed
[INFO] [stdout]   --> orca-cli/src/cache.rs:33:12
[INFO] [stdout]    |
[INFO] [stdout] 33 | pub struct Cache {
[INFO] [stdout]    |            ^^^^^
[INFO] [stdout] 
[INFO] [stdout] 
[INFO] [stdout] warning: function `list_artifacts` is never used
[INFO] [stdout]   --> orca-cli/src/cache.rs:67:4
[INFO] [stdout]    |
[INFO] [stdout] 67 | fn list_artifacts<P: AsRef<Path>>(path: P) -> Result<Vec<Artifact>, Error> {
[INFO] [stdout]    |    ^^^^^^^^^^^^^^
[INFO] [stdout] 
[INFO] [stdout] 
[INFO] [stdout] warning: function `walk` is never used
[INFO] [stdout]   --> orca-cli/src/cache.rs:77:4
[INFO] [stdout]    |
[INFO] [stdout] 77 | fn walk<P: AsRef<Path>>(
[INFO] [stdout]    |    ^^^^
[INFO] [stdout] 
[INFO] [stdout] 
[INFO] [stdout] warning: associated function `new` is never used
[INFO] [stdout]   --> orca-cli/src/cache.rs:38:12
[INFO] [stdout]    |
[INFO] [stdout] 38 |     pub fn new<P: AsRef<Path>>(path: P) -> Result<Self, Error> {
[INFO] [stdout]    |            ^^^
[INFO] [stdout] 
[INFO] [stdout] 
[INFO] [stdout] warning: method `list` is never used
[INFO] [stdout]   --> orca-cli/src/cache.rs:44:12
[INFO] [stdout]    |
[INFO] [stdout] 44 |     pub fn list(&self) -> Result<Vec<Package>, Error> {
[INFO] [stdout]    |            ^^^^
[INFO] [stdout] 
[INFO] [stdout] 
[INFO] [stdout] warning: associated function `get` is never used
[INFO] [stdout]   --> orca-cli/src/cache.rs:52:12
[INFO] [stdout]    |
[INFO] [stdout] 52 |     pub fn get(name: Identifier, version: Version) -> Option<Package> {
[INFO] [stdout]    |            ^^^
[INFO] [stdout] 
[INFO] [stdout] 
[INFO] [stdout] warning: associated function `list_versions` is never used
[INFO] [stdout]   --> orca-cli/src/cache.rs:56:12
[INFO] [stdout]    |
[INFO] [stdout] 56 |     pub fn list_versions(name: Identifier) -> Vec<Package> {
[INFO] [stdout]    |            ^^^^^^^^^^^^^
[INFO] [stdout] 
[INFO] [stdout] 
[INFO] [stdout] warning: associated function `find` is never used
[INFO] [stdout]   --> orca-cli/src/cache.rs:60:12
[INFO] [stdout]    |
[INFO] [stdout] 60 |     pub fn find(name: Identifier, required_version: VersionReq) -> Option<Package> {
[INFO] [stdout]    |            ^^^^
[INFO] [stdout] 
[INFO] [stdout] 
[INFO] [stdout] warning: associated function `put` is never used
[INFO] [stdout]   --> orca-cli/src/cache.rs:64:12
[INFO] [stdout]    |
[INFO] [stdout] 64 |     pub fn put(build: Package) {}
[INFO] [stdout]    |            ^^^
[INFO] [stdout] 
[INFO] [stdout] 
[INFO] [stdout] warning: 18 warnings emitted
[INFO] [stdout] 
[INFO] [stdout] 
[INFO] [stderr]     Finished dev [unoptimized + debuginfo] target(s) in 11.78s
[INFO] running `Command { std: "docker" "inspect" "29b3bb3f229ba47f687ba0021b659310b188642c72410961d6e71ebaef5816f3", kill_on_drop: false }`
[INFO] running `Command { std: "docker" "rm" "-f" "29b3bb3f229ba47f687ba0021b659310b188642c72410961d6e71ebaef5816f3", kill_on_drop: false }`
[INFO] [stdout] 29b3bb3f229ba47f687ba0021b659310b188642c72410961d6e71ebaef5816f3
[INFO] running `Command { std: "docker" "create" "-v" "/var/lib/crater-agent-workspace/builds/worker-5-tc1/target:/opt/rustwide/target:rw,Z" "-v" "/var/lib/crater-agent-workspace/builds/worker-5-tc1/source:/opt/rustwide/workdir:ro,Z" "-v" "/var/lib/crater-agent-workspace/cargo-home:/opt/rustwide/cargo-home:ro,Z" "-v" "/var/lib/crater-agent-workspace/rustup-home:/opt/rustwide/rustup-home:ro,Z" "-e" "SOURCE_DIR=/opt/rustwide/workdir" "-e" "CARGO_TARGET_DIR=/opt/rustwide/target" "-e" "CARGO_INCREMENTAL=0" "-e" "RUST_BACKTRACE=full" "-e" "RUSTFLAGS=--cap-lints=warn" "-e" "RUSTDOCFLAGS=--cap-lints=warn" "-e" "CARGO_HOME=/opt/rustwide/cargo-home" "-e" "RUSTUP_HOME=/opt/rustwide/rustup-home" "-w" "/opt/rustwide/workdir" "-m" "1610612736" "--user" "0:0" "--network" "none" "ghcr.io/rust-lang/crates-build-env/linux@sha256:5ff2268d62e97bff2cde7d5815dd6ed5b47097566f13b8d0ca110b04b60e07ed" "/opt/rustwide/cargo-home/bin/cargo" "+1.69.0" "test" "--frozen" "--no-run" "--message-format=json", kill_on_drop: false }`
[INFO] [stdout] fc2de6a9ec859ed5365c5994d78a104b5dcf90c7f4534a4cf3f86f6121827b95
[INFO] running `Command { std: "docker" "start" "-a" "fc2de6a9ec859ed5365c5994d78a104b5dcf90c7f4534a4cf3f86f6121827b95", kill_on_drop: false }`
[INFO] [stderr]    Compiling packer-interop v0.1.0 (/opt/rustwide/workdir/packer-interop)
[INFO] [stderr]    Compiling orca-cli v0.1.0 (/opt/rustwide/workdir/orca-cli)
[INFO] [stderr]    Compiling dependency-graph v0.1.5 (/opt/rustwide/workdir/dependency-graph)
[INFO] [stdout] warning: unused import: `std::path::PathBuf`
[INFO] [stdout]  --> orca-cli/src/build/mod.rs:4:5
[INFO] [stdout]   |
[INFO] [stdout] 4 | use std::path::PathBuf;
[INFO] [stdout]   |     ^^^^^^^^^^^^^^^^^^
[INFO] [stdout]   |
[INFO] [stdout]   = note: `#[warn(unused_imports)]` on by default
[INFO] [stdout] 
[INFO] [stdout] 
[INFO] [stdout] warning: unused variable: `opts`
[INFO] [stdout]   --> orca-cli/src/build/mod.rs:21:34
[INFO] [stdout]    |
[INFO] [stdout] 21 |     pub(crate) fn execute(&self, opts: &Opts) {}
[INFO] [stdout]    |                                  ^^^^ help: if this is intentional, prefix it with an underscore: `_opts`
[INFO] [stdout]    |
[INFO] [stdout]    = note: `#[warn(unused_variables)]` on by default
[INFO] [stdout] 
[INFO] [stdout] 
[INFO] [stdout] warning: unused variable: `name`
[INFO] [stdout]   --> orca-cli/src/cache.rs:52:16
[INFO] [stdout]    |
[INFO] [stdout] 52 |     pub fn get(name: Identifier, version: Version) -> Option<Package> {
[INFO] [stdout]    |                ^^^^ help: if this is intentional, prefix it with an underscore: `_name`
[INFO] [stdout] 
[INFO] [stdout] 
[INFO] [stdout] warning: unused variable: `version`
[INFO] [stdout]   --> orca-cli/src/cache.rs:52:34
[INFO] [stdout]    |
[INFO] [stdout] 52 |     pub fn get(name: Identifier, version: Version) -> Option<Package> {
[INFO] [stdout]    |                                  ^^^^^^^ help: if this is intentional, prefix it with an underscore: `_version`
[INFO] [stdout] 
[INFO] [stdout] 
[INFO] [stdout] warning: unused variable: `name`
[INFO] [stdout]   --> orca-cli/src/cache.rs:56:26
[INFO] [stdout]    |
[INFO] [stdout] 56 |     pub fn list_versions(name: Identifier) -> Vec<Package> {
[INFO] [stdout]    |                          ^^^^ help: if this is intentional, prefix it with an underscore: `_name`
[INFO] [stdout] 
[INFO] [stdout] 
[INFO] [stdout] warning: unused variable: `name`
[INFO] [stdout]   --> orca-cli/src/cache.rs:60:17
[INFO] [stdout]    |
[INFO] [stdout] 60 |     pub fn find(name: Identifier, required_version: VersionReq) -> Option<Package> {
[INFO] [stdout]    |                 ^^^^ help: if this is intentional, prefix it with an underscore: `_name`
[INFO] [stdout] 
[INFO] [stdout] 
[INFO] [stdout] warning: unused variable: `required_version`
[INFO] [stdout]   --> orca-cli/src/cache.rs:60:35
[INFO] [stdout]    |
[INFO] [stdout] 60 |     pub fn find(name: Identifier, required_version: VersionReq) -> Option<Package> {
[INFO] [stdout]    |                                   ^^^^^^^^^^^^^^^^ help: if this is intentional, prefix it with an underscore: `_required_version`
[INFO] [stdout] 
[INFO] [stdout] 
[INFO] [stdout] warning: unused variable: `build`
[INFO] [stdout]   --> orca-cli/src/cache.rs:64:16
[INFO] [stdout]    |
[INFO] [stdout] 64 |     pub fn put(build: Package) {}
[INFO] [stdout]    |                ^^^^^ help: if this is intentional, prefix it with an underscore: `_build`
[INFO] [stdout] 
[INFO] [stdout] 
[INFO] [stdout] warning: unused return value of `from` that must be used
[INFO] [stdout]    --> dependency-graph/src/lib.rs:202:9
[INFO] [stdout]     |
[INFO] [stdout] 202 |         DependencyGraph::from(&build_test_graph()[..]);
[INFO] [stdout]     |         ^^^^^^^^^^^^^^^^^^^^^^^^^^^^^^^^^^^^^^^^^^^^^^
[INFO] [stdout]     |
[INFO] [stdout]     = note: `#[warn(unused_must_use)]` on by default
[INFO] [stdout] 
[INFO] [stdout] 
[INFO] [stdout] warning: associated function `get` is never used
[INFO] [stdout]   --> orca-cli/src/cache.rs:52:12
[INFO] [stdout]    |
[INFO] [stdout] 52 |     pub fn get(name: Identifier, version: Version) -> Option<Package> {
[INFO] [stdout]    |            ^^^
[INFO] [stdout]    |
[INFO] [stdout]    = note: `#[warn(dead_code)]` on by default
[INFO] [stdout] 
[INFO] [stdout] 
[INFO] [stdout] warning: associated function `list_versions` is never used
[INFO] [stdout]   --> orca-cli/src/cache.rs:56:12
[INFO] [stdout]    |
[INFO] [stdout] 56 |     pub fn list_versions(name: Identifier) -> Vec<Package> {
[INFO] [stdout]    |            ^^^^^^^^^^^^^
[INFO] [stdout] 
[INFO] [stdout] 
[INFO] [stdout] warning: associated function `find` is never used
[INFO] [stdout]   --> orca-cli/src/cache.rs:60:12
[INFO] [stdout]    |
[INFO] [stdout] 60 |     pub fn find(name: Identifier, required_version: VersionReq) -> Option<Package> {
[INFO] [stdout]    |            ^^^^
[INFO] [stdout] 
[INFO] [stdout] 
[INFO] [stdout] warning: associated function `put` is never used
[INFO] [stdout]   --> orca-cli/src/cache.rs:64:12
[INFO] [stdout]    |
[INFO] [stdout] 64 |     pub fn put(build: Package) {}
[INFO] [stdout]    |            ^^^
[INFO] [stdout] 
[INFO] [stdout] 
[INFO] [stdout] warning: 1 warning emitted
[INFO] [stdout] 
[INFO] [stdout] 
[INFO] [stdout] warning: 12 warnings emitted
[INFO] [stdout] 
[INFO] [stdout] 
[INFO] [stderr]     Finished test [unoptimized + debuginfo] target(s) in 0.71s
[INFO] running `Command { std: "docker" "inspect" "fc2de6a9ec859ed5365c5994d78a104b5dcf90c7f4534a4cf3f86f6121827b95", kill_on_drop: false }`
[INFO] running `Command { std: "docker" "rm" "-f" "fc2de6a9ec859ed5365c5994d78a104b5dcf90c7f4534a4cf3f86f6121827b95", kill_on_drop: false }`
[INFO] [stdout] fc2de6a9ec859ed5365c5994d78a104b5dcf90c7f4534a4cf3f86f6121827b95
[INFO] running `Command { std: "docker" "create" "-v" "/var/lib/crater-agent-workspace/builds/worker-5-tc1/target:/opt/rustwide/target:rw,Z" "-v" "/var/lib/crater-agent-workspace/builds/worker-5-tc1/source:/opt/rustwide/workdir:ro,Z" "-v" "/var/lib/crater-agent-workspace/cargo-home:/opt/rustwide/cargo-home:ro,Z" "-v" "/var/lib/crater-agent-workspace/rustup-home:/opt/rustwide/rustup-home:ro,Z" "-e" "SOURCE_DIR=/opt/rustwide/workdir" "-e" "CARGO_TARGET_DIR=/opt/rustwide/target" "-e" "CARGO_INCREMENTAL=0" "-e" "RUST_BACKTRACE=full" "-e" "RUSTFLAGS=--cap-lints=warn" "-e" "RUSTDOCFLAGS=--cap-lints=warn" "-e" "CARGO_HOME=/opt/rustwide/cargo-home" "-e" "RUSTUP_HOME=/opt/rustwide/rustup-home" "-w" "/opt/rustwide/workdir" "-m" "1610612736" "--user" "0:0" "--network" "none" "ghcr.io/rust-lang/crates-build-env/linux@sha256:5ff2268d62e97bff2cde7d5815dd6ed5b47097566f13b8d0ca110b04b60e07ed" "/opt/rustwide/cargo-home/bin/cargo" "+1.69.0" "test" "--frozen", kill_on_drop: false }`
[INFO] [stdout] d31f51ca3d81355588926e9d9d7f4fcdbd5cb670b9e5d811c954b3d6f0111cb4
[INFO] running `Command { std: "docker" "start" "-a" "d31f51ca3d81355588926e9d9d7f4fcdbd5cb670b9e5d811c954b3d6f0111cb4", kill_on_drop: false }`
[INFO] [stderr] warning: unused return value of `from` that must be used
[INFO] [stderr]    --> dependency-graph/src/lib.rs:202:9
[INFO] [stderr]     |
[INFO] [stderr] 202 |         DependencyGraph::from(&build_test_graph()[..]);
[INFO] [stderr]     |         ^^^^^^^^^^^^^^^^^^^^^^^^^^^^^^^^^^^^^^^^^^^^^^
[INFO] [stderr]     |
[INFO] [stderr]     = note: `#[warn(unused_must_use)]` on by default
[INFO] [stderr] 
[INFO] [stderr] warning: `dependency-graph` (lib test) generated 1 warning
[INFO] [stderr] warning: unused import: `std::path::PathBuf`
[INFO] [stderr]  --> orca-cli/src/build/mod.rs:4:5
[INFO] [stderr]   |
[INFO] [stderr] 4 | use std::path::PathBuf;
[INFO] [stderr]   |     ^^^^^^^^^^^^^^^^^^
[INFO] [stderr]   |
[INFO] [stderr]   = note: `#[warn(unused_imports)]` on by default
[INFO] [stderr] 
[INFO] [stderr] warning: unused variable: `opts`
[INFO] [stderr]   --> orca-cli/src/build/mod.rs:21:34
[INFO] [stderr]    |
[INFO] [stderr] 21 |     pub(crate) fn execute(&self, opts: &Opts) {}
[INFO] [stderr]    |                                  ^^^^ help: if this is intentional, prefix it with an underscore: `_opts`
[INFO] [stderr]    |
[INFO] [stderr]    = note: `#[warn(unused_variables)]` on by default
[INFO] [stderr] 
[INFO] [stderr] warning: unused variable: `name`
[INFO] [stderr]   --> orca-cli/src/cache.rs:52:16
[INFO] [stderr]    |
[INFO] [stderr] 52 |     pub fn get(name: Identifier, version: Version) -> Option<Package> {
[INFO] [stderr]    |                ^^^^ help: if this is intentional, prefix it with an underscore: `_name`
[INFO] [stderr] 
[INFO] [stderr] warning: unused variable: `version`
[INFO] [stderr]   --> orca-cli/src/cache.rs:52:34
[INFO] [stderr]    |
[INFO] [stderr] 52 |     pub fn get(name: Identifier, version: Version) -> Option<Package> {
[INFO] [stderr]    |                                  ^^^^^^^ help: if this is intentional, prefix it with an underscore: `_version`
[INFO] [stderr] 
[INFO] [stderr] warning: unused variable: `name`
[INFO] [stderr]   --> orca-cli/src/cache.rs:56:26
[INFO] [stderr]    |
[INFO] [stderr] 56 |     pub fn list_versions(name: Identifier) -> Vec<Package> {
[INFO] [stderr]    |                          ^^^^ help: if this is intentional, prefix it with an underscore: `_name`
[INFO] [stderr] 
[INFO] [stderr] warning: unused variable: `name`
[INFO] [stderr]   --> orca-cli/src/cache.rs:60:17
[INFO] [stderr]    |
[INFO] [stderr] 60 |     pub fn find(name: Identifier, required_version: VersionReq) -> Option<Package> {
[INFO] [stderr]    |                 ^^^^ help: if this is intentional, prefix it with an underscore: `_name`
[INFO] [stderr] 
[INFO] [stderr] warning: unused variable: `required_version`
[INFO] [stderr]   --> orca-cli/src/cache.rs:60:35
[INFO] [stderr]    |
[INFO] [stderr] 60 |     pub fn find(name: Identifier, required_version: VersionReq) -> Option<Package> {
[INFO] [stderr]    |                                   ^^^^^^^^^^^^^^^^ help: if this is intentional, prefix it with an underscore: `_required_version`
[INFO] [stderr] 
[INFO] [stderr] warning: unused variable: `build`
[INFO] [stderr]   --> orca-cli/src/cache.rs:64:16
[INFO] [stderr]    |
[INFO] [stderr] 64 |     pub fn put(build: Package) {}
[INFO] [stderr]    |                ^^^^^ help: if this is intentional, prefix it with an underscore: `_build`
[INFO] [stderr] 
[INFO] [stderr] warning: associated function `get` is never used
[INFO] [stderr]   --> orca-cli/src/cache.rs:52:12
[INFO] [stderr]    |
[INFO] [stderr] 52 |     pub fn get(name: Identifier, version: Version) -> Option<Package> {
[INFO] [stderr]    |            ^^^
[INFO] [stderr]    |
[INFO] [stderr]    = note: `#[warn(dead_code)]` on by default
[INFO] [stderr] 
[INFO] [stderr] warning: associated function `list_versions` is never used
[INFO] [stderr]   --> orca-cli/src/cache.rs:56:12
[INFO] [stderr]    |
[INFO] [stderr] 56 |     pub fn list_versions(name: Identifier) -> Vec<Package> {
[INFO] [stderr]    |            ^^^^^^^^^^^^^
[INFO] [stderr] 
[INFO] [stderr] warning: associated function `find` is never used
[INFO] [stderr]   --> orca-cli/src/cache.rs:60:12
[INFO] [stderr]    |
[INFO] [stderr] 60 |     pub fn find(name: Identifier, required_version: VersionReq) -> Option<Package> {
[INFO] [stderr]    |            ^^^^
[INFO] [stderr] 
[INFO] [stderr] warning: associated function `put` is never used
[INFO] [stderr]   --> orca-cli/src/cache.rs:64:12
[INFO] [stderr]    |
[INFO] [stderr] 64 |     pub fn put(build: Package) {}
[INFO] [stderr]    |            ^^^
[INFO] [stderr] 
[INFO] [stderr] warning: `orca-cli` (bin "orca-cli" test) generated 12 warnings (run `cargo fix --bin "orca-cli" --tests` to apply 8 suggestions)
[INFO] [stderr]     Finished test [unoptimized + debuginfo] target(s) in 0.03s
[INFO] [stderr]      Running unittests src/lib.rs (/opt/rustwide/target/debug/deps/dependency_graph-61b47bf42f5458fd)
[INFO] [stdout] 
[INFO] [stdout] running 4 tests
[INFO] [stdout] test tests::test_generate_dependency_graph ... ok
[INFO] [stdout] test tests::test_dependencies_synchronous ... ok
[INFO] [stdout] test tests::test_internally_resolved ... ok
[INFO] [stdout] test tests::test_unresolved_dependencies ... ok
[INFO] [stdout] 
[INFO] [stdout] test result: ok. 4 passed; 0 failed; 0 ignored; 0 measured; 0 filtered out; finished in 0.00s
[INFO] [stdout] 
[INFO] [stderr]      Running unittests src/main.rs (/opt/rustwide/target/debug/deps/orca_cli-f435feaed4d3ddbf)
[INFO] [stdout] 
[INFO] [stdout] running 1 test
[INFO] [stdout] test cache::tests::test_cache_listing ... FAILED
[INFO] [stdout] 
[INFO] [stdout] failures:
[INFO] [stdout] 
[INFO] [stdout] ---- cache::tests::test_cache_listing stdout ----
[INFO] [stdout] Listing all packages in /opt/rustwide/workdir/orca-cli/.orca/cache
[INFO] [stdout] thread 'cache::tests::test_cache_listing' panicked at 'called `Result::unwrap()` on an `Err` value: IO(Os { code: 2, kind: NotFound, message: "No such file or directory" })', orca-cli/src/cache.rs:120:40
[INFO] [stdout] stack backtrace:
[INFO] [stdout]    0:     0x562620b4c07a - std::backtrace_rs::backtrace::libunwind::trace::ha9053a9a07ca49cb
[INFO] [stdout]                                at /rustc/84c898d65adf2f39a5a98507f1fe0ce10a2b8dbc/library/std/src/../../backtrace/src/backtrace/libunwind.rs:93:5
[INFO] [stdout]    1:     0x562620b4c07a - std::backtrace_rs::backtrace::trace_unsynchronized::h9c2852a457ad564e
[INFO] [stdout]                                at /rustc/84c898d65adf2f39a5a98507f1fe0ce10a2b8dbc/library/std/src/../../backtrace/src/backtrace/mod.rs:66:5
[INFO] [stdout]    2:     0x562620b4c07a - std::sys_common::backtrace::_print_fmt::h457936fbfaa0070f
[INFO] [stdout]                                at /rustc/84c898d65adf2f39a5a98507f1fe0ce10a2b8dbc/library/std/src/sys_common/backtrace.rs:65:5
[INFO] [stdout]    3:     0x562620b4c07a - <std::sys_common::backtrace::_print::DisplayBacktrace as core::fmt::Display>::fmt::h5779d7bf7f70cb0c
[INFO] [stdout]                                at /rustc/84c898d65adf2f39a5a98507f1fe0ce10a2b8dbc/library/std/src/sys_common/backtrace.rs:44:22
[INFO] [stdout]    4:     0x562620b6fb1e - core::fmt::write::h5a4baaff1bcd3eb5
[INFO] [stdout]                                at /rustc/84c898d65adf2f39a5a98507f1fe0ce10a2b8dbc/library/core/src/fmt/mod.rs:1232:17
[INFO] [stdout]    5:     0x562620b49305 - std::io::Write::write_fmt::h478f79c628ef31d1
[INFO] [stdout]                                at /rustc/84c898d65adf2f39a5a98507f1fe0ce10a2b8dbc/library/std/src/io/mod.rs:1684:15
[INFO] [stdout]    6:     0x562620b4be45 - std::sys_common::backtrace::_print::h5fcdc36060f177e8
[INFO] [stdout]                                at /rustc/84c898d65adf2f39a5a98507f1fe0ce10a2b8dbc/library/std/src/sys_common/backtrace.rs:47:5
[INFO] [stdout]    7:     0x562620b4be45 - std::sys_common::backtrace::print::h54ca9458b876c8bf
[INFO] [stdout]                                at /rustc/84c898d65adf2f39a5a98507f1fe0ce10a2b8dbc/library/std/src/sys_common/backtrace.rs:34:9
[INFO] [stdout]    8:     0x562620b4dc0f - std::panicking::default_hook::{{closure}}::hbe471161c7664ed6
[INFO] [stdout]                                at /rustc/84c898d65adf2f39a5a98507f1fe0ce10a2b8dbc/library/std/src/panicking.rs:271:22
[INFO] [stdout]    9:     0x562620b4d8cf - std::panicking::default_hook::ha3500da57aa4ac4f
[INFO] [stdout]                                at /rustc/84c898d65adf2f39a5a98507f1fe0ce10a2b8dbc/library/std/src/panicking.rs:287:9
[INFO] [stdout]   10:     0x562620b15ee7 - <alloc::boxed::Box<F,A> as core::ops::function::Fn<Args>>::call::hdf1b89dd137ece34
[INFO] [stdout]                                at /rustc/84c898d65adf2f39a5a98507f1fe0ce10a2b8dbc/library/alloc/src/boxed.rs:2001:9
[INFO] [stdout]   11:     0x562620b15ee7 - test::test_main::{{closure}}::h9081a79f20e75698
[INFO] [stdout]                                at /rustc/84c898d65adf2f39a5a98507f1fe0ce10a2b8dbc/library/test/src/lib.rs:135:21
[INFO] [stdout]   12:     0x562620b4e33d - <alloc::boxed::Box<F,A> as core::ops::function::Fn<Args>>::call::h6507bddc3eebb4a5
[INFO] [stdout]                                at /rustc/84c898d65adf2f39a5a98507f1fe0ce10a2b8dbc/library/alloc/src/boxed.rs:2001:9
[INFO] [stdout]   13:     0x562620b4e33d - std::panicking::rust_panic_with_hook::h50c09d000dc561d2
[INFO] [stdout]                                at /rustc/84c898d65adf2f39a5a98507f1fe0ce10a2b8dbc/library/std/src/panicking.rs:696:13
[INFO] [stdout]   14:     0x562620b4e0b9 - std::panicking::begin_panic_handler::{{closure}}::h9e2b2176e00e0d9c
[INFO] [stdout]                                at /rustc/84c898d65adf2f39a5a98507f1fe0ce10a2b8dbc/library/std/src/panicking.rs:583:13
[INFO] [stdout]   15:     0x562620b4c4e6 - std::sys_common::backtrace::__rust_end_short_backtrace::h5739b8e512c09d02
[INFO] [stdout]                                at /rustc/84c898d65adf2f39a5a98507f1fe0ce10a2b8dbc/library/std/src/sys_common/backtrace.rs:150:18
[INFO] [stdout]   16:     0x562620b4ddc2 - rust_begin_unwind
[INFO] [stdout]                                at /rustc/84c898d65adf2f39a5a98507f1fe0ce10a2b8dbc/library/std/src/panicking.rs:579:5
[INFO] [stdout]   17:     0x562620ad8c13 - core::panicking::panic_fmt::hf33a1475b4dc5c3e
[INFO] [stdout]                                at /rustc/84c898d65adf2f39a5a98507f1fe0ce10a2b8dbc/library/core/src/panicking.rs:64:14
[INFO] [stdout]   18:     0x562620ad9063 - core::result::unwrap_failed::hdff5465d74574b44
[INFO] [stdout]                                at /rustc/84c898d65adf2f39a5a98507f1fe0ce10a2b8dbc/library/core/src/result.rs:1750:5
[INFO] [stdout]   19:     0x562620ae5931 - core::result::Result<T,E>::unwrap::h68d73e047895d452
[INFO] [stdout]                                at /rustc/84c898d65adf2f39a5a98507f1fe0ce10a2b8dbc/library/core/src/result.rs:1090:23
[INFO] [stdout]   20:     0x562620ae69d2 - orca_cli::cache::tests::test_cache_listing::h5f545319fef22f34
[INFO] [stdout]                                at /opt/rustwide/workdir/orca-cli/src/cache.rs:120:27
[INFO] [stdout]   21:     0x562620ae6927 - orca_cli::cache::tests::test_cache_listing::{{closure}}::hec29544b216601cc
[INFO] [stdout]                                at /opt/rustwide/workdir/orca-cli/src/cache.rs:117:29
[INFO] [stdout]   22:     0x562620ae4595 - core::ops::function::FnOnce::call_once::h4822f33441207bdc
[INFO] [stdout]                                at /rustc/84c898d65adf2f39a5a98507f1fe0ce10a2b8dbc/library/core/src/ops/function.rs:250:5
[INFO] [stdout]   23:     0x562620b1b2cf - core::ops::function::FnOnce::call_once::h7d969581be7d0075
[INFO] [stdout]                                at /rustc/84c898d65adf2f39a5a98507f1fe0ce10a2b8dbc/library/core/src/ops/function.rs:250:5
[INFO] [stdout]   24:     0x562620b1b2cf - test::__rust_begin_short_backtrace::hca25a52684e56655
[INFO] [stdout]                                at /rustc/84c898d65adf2f39a5a98507f1fe0ce10a2b8dbc/library/test/src/lib.rs:656:18
[INFO] [stdout]   25:     0x562620aec8ec - test::run_test::{{closure}}::ha8ac744c4af1a4bb
[INFO] [stdout]                                at /rustc/84c898d65adf2f39a5a98507f1fe0ce10a2b8dbc/library/test/src/lib.rs:647:30
[INFO] [stdout]   26:     0x562620aec8ec - core::ops::function::FnOnce::call_once{{vtable.shim}}::h7b411a9ed45bdecf
[INFO] [stdout]                                at /rustc/84c898d65adf2f39a5a98507f1fe0ce10a2b8dbc/library/core/src/ops/function.rs:250:5
[INFO] [stdout]   27:     0x562620b1a296 - <alloc::boxed::Box<F,A> as core::ops::function::FnOnce<Args>>::call_once::hd05328869a8ed200
[INFO] [stdout]                                at /rustc/84c898d65adf2f39a5a98507f1fe0ce10a2b8dbc/library/alloc/src/boxed.rs:1987:9
[INFO] [stdout]   28:     0x562620b1a296 - <core::panic::unwind_safe::AssertUnwindSafe<F> as core::ops::function::FnOnce<()>>::call_once::h0c601ce20bd5b2be
[INFO] [stdout]                                at /rustc/84c898d65adf2f39a5a98507f1fe0ce10a2b8dbc/library/core/src/panic/unwind_safe.rs:271:9
[INFO] [stdout]   29:     0x562620b1a296 - std::panicking::try::do_call::ha4be5c164fe30854
[INFO] [stdout]                                at /rustc/84c898d65adf2f39a5a98507f1fe0ce10a2b8dbc/library/std/src/panicking.rs:487:40
[INFO] [stdout]   30:     0x562620b1a296 - std::panicking::try::h604546f3609af05f
[INFO] [stdout]                                at /rustc/84c898d65adf2f39a5a98507f1fe0ce10a2b8dbc/library/std/src/panicking.rs:451:19
[INFO] [stdout]   31:     0x562620b1a296 - std::panic::catch_unwind::h5bfa8afe44c9c2f9
[INFO] [stdout]                                at /rustc/84c898d65adf2f39a5a98507f1fe0ce10a2b8dbc/library/std/src/panic.rs:140:14
[INFO] [stdout]   32:     0x562620b1a296 - test::run_test_in_process::hd50dee55dd63e6aa
[INFO] [stdout]                                at /rustc/84c898d65adf2f39a5a98507f1fe0ce10a2b8dbc/library/test/src/lib.rs:679:27
[INFO] [stdout]   33:     0x562620b1a296 - test::run_test::run_test_inner::{{closure}}::h4aa0f433aa85cea8
[INFO] [stdout]                                at /rustc/84c898d65adf2f39a5a98507f1fe0ce10a2b8dbc/library/test/src/lib.rs:573:39
[INFO] [stdout]   34:     0x562620ae6f61 - test::run_test::run_test_inner::{{closure}}::had56431adf24b4d6
[INFO] [stdout]                                at /rustc/84c898d65adf2f39a5a98507f1fe0ce10a2b8dbc/library/test/src/lib.rs:600:37
[INFO] [stdout]   35:     0x562620ae6f61 - std::sys_common::backtrace::__rust_begin_short_backtrace::ha8d9890e0c73bf13
[INFO] [stdout]                                at /rustc/84c898d65adf2f39a5a98507f1fe0ce10a2b8dbc/library/std/src/sys_common/backtrace.rs:134:18
[INFO] [stdout]   36:     0x562620aec97b - std::thread::Builder::spawn_unchecked_::{{closure}}::{{closure}}::h251832bcb4a95327
[INFO] [stdout]                                at /rustc/84c898d65adf2f39a5a98507f1fe0ce10a2b8dbc/library/std/src/thread/mod.rs:560:17
[INFO] [stdout]   37:     0x562620aec97b - <core::panic::unwind_safe::AssertUnwindSafe<F> as core::ops::function::FnOnce<()>>::call_once::h8fdff598fa414831
[INFO] [stdout]                                at /rustc/84c898d65adf2f39a5a98507f1fe0ce10a2b8dbc/library/core/src/panic/unwind_safe.rs:271:9
[INFO] [stdout]   38:     0x562620aec97b - std::panicking::try::do_call::h455dd2f7764a950f
[INFO] [stdout]                                at /rustc/84c898d65adf2f39a5a98507f1fe0ce10a2b8dbc/library/std/src/panicking.rs:487:40
[INFO] [stdout]   39:     0x562620aec97b - std::panicking::try::had6f23b7b73ae72a
[INFO] [stdout]                                at /rustc/84c898d65adf2f39a5a98507f1fe0ce10a2b8dbc/library/std/src/panicking.rs:451:19
[INFO] [stdout]   40:     0x562620aec97b - std::panic::catch_unwind::ha6a5ca3915b4dad0
[INFO] [stdout]                                at /rustc/84c898d65adf2f39a5a98507f1fe0ce10a2b8dbc/library/std/src/panic.rs:140:14
[INFO] [stdout]   41:     0x562620aec97b - std::thread::Builder::spawn_unchecked_::{{closure}}::h883b72ef75da6231
[INFO] [stdout]                                at /rustc/84c898d65adf2f39a5a98507f1fe0ce10a2b8dbc/library/std/src/thread/mod.rs:559:30
[INFO] [stdout]   42:     0x562620aec97b - core::ops::function::FnOnce::call_once{{vtable.shim}}::hb7dff73dc8bd2ccb
[INFO] [stdout]                                at /rustc/84c898d65adf2f39a5a98507f1fe0ce10a2b8dbc/library/core/src/ops/function.rs:250:5
[INFO] [stdout]   43:     0x562620b52a43 - <alloc::boxed::Box<F,A> as core::ops::function::FnOnce<Args>>::call_once::h39990b24eedef2ab
[INFO] [stdout]                                at /rustc/84c898d65adf2f39a5a98507f1fe0ce10a2b8dbc/library/alloc/src/boxed.rs:1987:9
[INFO] [stdout]   44:     0x562620b52a43 - <alloc::boxed::Box<F,A> as core::ops::function::FnOnce<Args>>::call_once::h01a027258444143b
[INFO] [stdout]                                at /rustc/84c898d65adf2f39a5a98507f1fe0ce10a2b8dbc/library/alloc/src/boxed.rs:1987:9
[INFO] [stdout]   45:     0x562620b52a43 - std::sys::unix::thread::Thread::new::thread_start::ha4f1cdd9c25884ba
[INFO] [stdout]                                at /rustc/84c898d65adf2f39a5a98507f1fe0ce10a2b8dbc/library/std/src/sys/unix/thread.rs:108:17
[INFO] [stdout]   46:     0x7f22053d1b43 - <unknown>
[INFO] [stdout]   47:     0x7f2205462bb4 - __clone
[INFO] [stdout]   48:                0x0 - <unknown>
[INFO] [stdout] 
[INFO] [stdout] 
[INFO] [stdout] failures:
[INFO] [stdout]     cache::tests::test_cache_listing
[INFO] [stdout] 
[INFO] [stdout] test result: FAILED. 0 passed; 1 failed; 0 ignored; 0 measured; 0 filtered out; finished in 0.01s
[INFO] [stdout] 
[INFO] [stderr] error: test failed, to rerun pass `-p orca-cli --bin orca-cli`
[INFO] running `Command { std: "docker" "inspect" "d31f51ca3d81355588926e9d9d7f4fcdbd5cb670b9e5d811c954b3d6f0111cb4", kill_on_drop: false }`
[INFO] running `Command { std: "docker" "rm" "-f" "d31f51ca3d81355588926e9d9d7f4fcdbd5cb670b9e5d811c954b3d6f0111cb4", kill_on_drop: false }`
[INFO] [stdout] d31f51ca3d81355588926e9d9d7f4fcdbd5cb670b9e5d811c954b3d6f0111cb4
