[INFO] cloning repository https://github.com/LucianoBestia/dev_bestia_simple_server
[INFO] running `Command { std: "git" "-c" "credential.helper=" "-c" "credential.helper=/workspace/cargo-home/bin/git-credential-null" "clone" "--bare" "https://github.com/LucianoBestia/dev_bestia_simple_server" "/workspace/cache/git-repos/https%3A%2F%2Fgithub.com%2FLucianoBestia%2Fdev_bestia_simple_server", kill_on_drop: false }`
[INFO] [stderr] Cloning into bare repository '/workspace/cache/git-repos/https%3A%2F%2Fgithub.com%2FLucianoBestia%2Fdev_bestia_simple_server'...
[INFO] running `Command { std: "git" "rev-parse" "HEAD", kill_on_drop: false }`
[INFO] [stdout] 1faf341941d72e82a107418f435cbd108034f44a
[INFO] testing LucianoBestia/dev_bestia_simple_server against beta-2023-04-20 for beta-1.70-1
[INFO] running `Command { std: "git" "clone" "/workspace/cache/git-repos/https%3A%2F%2Fgithub.com%2FLucianoBestia%2Fdev_bestia_simple_server" "/workspace/builds/worker-6-tc2/source", kill_on_drop: false }`
[INFO] [stderr] Cloning into '/workspace/builds/worker-6-tc2/source'...
[INFO] [stderr] done.
[INFO] validating manifest of git repo https://github.com/LucianoBestia/dev_bestia_simple_server on toolchain beta-2023-04-20
[INFO] running `Command { std: CARGO_HOME="/workspace/cargo-home" RUSTUP_HOME="/workspace/rustup-home" "/workspace/cargo-home/bin/cargo" "+beta-2023-04-20" "metadata" "--manifest-path" "Cargo.toml" "--no-deps", kill_on_drop: false }`
[INFO] started tweaking git repo https://github.com/LucianoBestia/dev_bestia_simple_server
[INFO] finished tweaking git repo https://github.com/LucianoBestia/dev_bestia_simple_server
[INFO] tweaked toml for git repo https://github.com/LucianoBestia/dev_bestia_simple_server written to /workspace/builds/worker-6-tc2/source/Cargo.toml
[INFO] crate git repo https://github.com/LucianoBestia/dev_bestia_simple_server already has a lockfile, it will not be regenerated
[INFO] running `Command { std: CARGO_HOME="/workspace/cargo-home" RUSTUP_HOME="/workspace/rustup-home" "/workspace/cargo-home/bin/cargo" "+beta-2023-04-20" "fetch" "--manifest-path" "Cargo.toml", kill_on_drop: false }`
[INFO] [stderr]  Downloading crates ...
[INFO] [stderr]   Downloaded time v0.3.2
[INFO] [stderr]   Downloaded time-macros v0.2.2
[INFO] running `Command { std: "docker" "create" "-v" "/var/lib/crater-agent-workspace/builds/worker-6-tc2/target:/opt/rustwide/target:rw,Z" "-v" "/var/lib/crater-agent-workspace/builds/worker-6-tc2/source:/opt/rustwide/workdir:ro,Z" "-v" "/var/lib/crater-agent-workspace/cargo-home:/opt/rustwide/cargo-home:ro,Z" "-v" "/var/lib/crater-agent-workspace/rustup-home:/opt/rustwide/rustup-home:ro,Z" "-e" "SOURCE_DIR=/opt/rustwide/workdir" "-e" "CARGO_TARGET_DIR=/opt/rustwide/target" "-e" "CARGO_HOME=/opt/rustwide/cargo-home" "-e" "RUSTUP_HOME=/opt/rustwide/rustup-home" "-w" "/opt/rustwide/workdir" "-m" "1610612736" "--user" "0:0" "--network" "none" "ghcr.io/rust-lang/crates-build-env/linux@sha256:5ff2268d62e97bff2cde7d5815dd6ed5b47097566f13b8d0ca110b04b60e07ed" "/opt/rustwide/cargo-home/bin/cargo" "+beta-2023-04-20" "metadata" "--no-deps" "--format-version=1", kill_on_drop: false }`
[INFO] [stdout] e5cf94fd895a7a9e3dda683896ddc5d844bff31698471ebe15d54edbc134d294
[INFO] running `Command { std: "docker" "start" "-a" "e5cf94fd895a7a9e3dda683896ddc5d844bff31698471ebe15d54edbc134d294", kill_on_drop: false }`
[INFO] running `Command { std: "docker" "inspect" "e5cf94fd895a7a9e3dda683896ddc5d844bff31698471ebe15d54edbc134d294", kill_on_drop: false }`
[INFO] running `Command { std: "docker" "rm" "-f" "e5cf94fd895a7a9e3dda683896ddc5d844bff31698471ebe15d54edbc134d294", kill_on_drop: false }`
[INFO] [stdout] e5cf94fd895a7a9e3dda683896ddc5d844bff31698471ebe15d54edbc134d294
[INFO] running `Command { std: "docker" "create" "-v" "/var/lib/crater-agent-workspace/builds/worker-6-tc2/target:/opt/rustwide/target:rw,Z" "-v" "/var/lib/crater-agent-workspace/builds/worker-6-tc2/source:/opt/rustwide/workdir:ro,Z" "-v" "/var/lib/crater-agent-workspace/cargo-home:/opt/rustwide/cargo-home:ro,Z" "-v" "/var/lib/crater-agent-workspace/rustup-home:/opt/rustwide/rustup-home:ro,Z" "-e" "SOURCE_DIR=/opt/rustwide/workdir" "-e" "CARGO_TARGET_DIR=/opt/rustwide/target" "-e" "CARGO_INCREMENTAL=0" "-e" "RUST_BACKTRACE=full" "-e" "RUSTFLAGS=--cap-lints=warn" "-e" "RUSTDOCFLAGS=--cap-lints=warn" "-e" "CARGO_HOME=/opt/rustwide/cargo-home" "-e" "RUSTUP_HOME=/opt/rustwide/rustup-home" "-w" "/opt/rustwide/workdir" "-m" "1610612736" "--user" "0:0" "--network" "none" "ghcr.io/rust-lang/crates-build-env/linux@sha256:5ff2268d62e97bff2cde7d5815dd6ed5b47097566f13b8d0ca110b04b60e07ed" "/opt/rustwide/cargo-home/bin/cargo" "+beta-2023-04-20" "build" "--frozen" "--message-format=json", kill_on_drop: false }`
[INFO] [stdout] baf7c5f93eb6a8f31f8c99d1edb84a61dffeae203c076c34ced4be3d22023ef4
[INFO] running `Command { std: "docker" "start" "-a" "baf7c5f93eb6a8f31f8c99d1edb84a61dffeae203c076c34ced4be3d22023ef4", kill_on_drop: false }`
[INFO] [stderr]    Compiling libc v0.2.102
[INFO] [stderr]    Compiling httparse v1.5.1
[INFO] [stderr]    Compiling itoa v0.4.8
[INFO] [stderr]    Compiling bytes v1.1.0
[INFO] [stderr]    Compiling fnv v1.0.7
[INFO] [stderr]    Compiling time-macros v0.2.2
[INFO] [stderr]    Compiling scoped_threadpool v0.1.9
[INFO] [stderr]    Compiling unwrap v1.2.1
[INFO] [stderr]    Compiling http v0.2.4
[INFO] [stderr]    Compiling num_cpus v1.13.0
[INFO] [stderr]    Compiling time v0.3.2
[INFO] [stderr]    Compiling dev_bestia_simple_server v2021.918.1640 (/opt/rustwide/workdir)
[INFO] [stderr]     Finished dev [unoptimized + debuginfo] target(s) in 2.61s
[INFO] running `Command { std: "docker" "inspect" "baf7c5f93eb6a8f31f8c99d1edb84a61dffeae203c076c34ced4be3d22023ef4", kill_on_drop: false }`
[INFO] running `Command { std: "docker" "rm" "-f" "baf7c5f93eb6a8f31f8c99d1edb84a61dffeae203c076c34ced4be3d22023ef4", kill_on_drop: false }`
[INFO] [stdout] baf7c5f93eb6a8f31f8c99d1edb84a61dffeae203c076c34ced4be3d22023ef4
[INFO] running `Command { std: "docker" "create" "-v" "/var/lib/crater-agent-workspace/builds/worker-6-tc2/target:/opt/rustwide/target:rw,Z" "-v" "/var/lib/crater-agent-workspace/builds/worker-6-tc2/source:/opt/rustwide/workdir:ro,Z" "-v" "/var/lib/crater-agent-workspace/cargo-home:/opt/rustwide/cargo-home:ro,Z" "-v" "/var/lib/crater-agent-workspace/rustup-home:/opt/rustwide/rustup-home:ro,Z" "-e" "SOURCE_DIR=/opt/rustwide/workdir" "-e" "CARGO_TARGET_DIR=/opt/rustwide/target" "-e" "CARGO_INCREMENTAL=0" "-e" "RUST_BACKTRACE=full" "-e" "RUSTFLAGS=--cap-lints=warn" "-e" "RUSTDOCFLAGS=--cap-lints=warn" "-e" "CARGO_HOME=/opt/rustwide/cargo-home" "-e" "RUSTUP_HOME=/opt/rustwide/rustup-home" "-w" "/opt/rustwide/workdir" "-m" "1610612736" "--user" "0:0" "--network" "none" "ghcr.io/rust-lang/crates-build-env/linux@sha256:5ff2268d62e97bff2cde7d5815dd6ed5b47097566f13b8d0ca110b04b60e07ed" "/opt/rustwide/cargo-home/bin/cargo" "+beta-2023-04-20" "test" "--frozen" "--no-run" "--message-format=json", kill_on_drop: false }`
[INFO] [stdout] 28588284887ca4a0763ad4f749e0590e5ebd7362ded7a1cec822feb11b9c6645
[INFO] running `Command { std: "docker" "start" "-a" "28588284887ca4a0763ad4f749e0590e5ebd7362ded7a1cec822feb11b9c6645", kill_on_drop: false }`
[INFO] [stderr]    Compiling memchr v2.4.1
[INFO] [stderr]    Compiling regex-syntax v0.6.25
[INFO] [stderr]    Compiling humantime v2.1.0
[INFO] [stderr]    Compiling termcolor v1.1.2
[INFO] [stderr]    Compiling atty v0.2.14
[INFO] [stderr]    Compiling aho-corasick v0.7.18
[INFO] [stderr]    Compiling regex v1.5.4
[INFO] [stderr]    Compiling env_logger v0.9.0
[INFO] [stderr]    Compiling dev_bestia_simple_server v2021.918.1640 (/opt/rustwide/workdir)
[INFO] [stdout] warning: unused borrow that must be used
[INFO] [stdout]    --> src/request.rs:141:25
[INFO] [stdout]     |
[INFO] [stdout] 141 |                         &buf[..min].copy_from_slice(&self.content[..min]);
[INFO] [stdout]     |                         ^^^^^^^^^^^^^^^^^^^^^^^^^^^^^^^^^^^^^^^^^^^^^^^^^ the borrow produces a value
[INFO] [stdout]     |
[INFO] [stdout]     = note: `#[warn(unused_must_use)]` on by default
[INFO] [stdout] help: use `let _ = ...` to ignore the resulting value
[INFO] [stdout]     |
[INFO] [stdout] 141 |                         let _ = &buf[..min].copy_from_slice(&self.content[..min]);
[INFO] [stdout]     |                         +++++++
[INFO] [stdout] 
[INFO] [stdout] 
[INFO] [stdout] warning: unused borrow that must be used
[INFO] [stdout]    --> src/request.rs:146:25
[INFO] [stdout]     |
[INFO] [stdout] 146 |                         &buf[..min].copy_from_slice(&self.content[self.bytes_read..self.bytes_read + min]);
[INFO] [stdout]     |                         ^^^^^^^^^^^^^^^^^^^^^^^^^^^^^^^^^^^^^^^^^^^^^^^^^^^^^^^^^^^^^^^^^^^^^^^^^^^^^^^^^^ the borrow produces a value
[INFO] [stdout]     |
[INFO] [stdout] help: use `let _ = ...` to ignore the resulting value
[INFO] [stdout]     |
[INFO] [stdout] 146 |                         let _ = &buf[..min].copy_from_slice(&self.content[self.bytes_read..self.bytes_read + min]);
[INFO] [stdout]     |                         +++++++
[INFO] [stdout] 
[INFO] [stdout] 
[INFO] [stdout] warning: 2 warnings emitted
[INFO] [stdout] 
[INFO] [stdout] 
[INFO] [stderr]     Finished test [unoptimized + debuginfo] target(s) in 3.85s
[INFO] running `Command { std: "docker" "inspect" "28588284887ca4a0763ad4f749e0590e5ebd7362ded7a1cec822feb11b9c6645", kill_on_drop: false }`
[INFO] running `Command { std: "docker" "rm" "-f" "28588284887ca4a0763ad4f749e0590e5ebd7362ded7a1cec822feb11b9c6645", kill_on_drop: false }`
[INFO] [stdout] 28588284887ca4a0763ad4f749e0590e5ebd7362ded7a1cec822feb11b9c6645
[INFO] running `Command { std: "docker" "create" "-v" "/var/lib/crater-agent-workspace/builds/worker-6-tc2/target:/opt/rustwide/target:rw,Z" "-v" "/var/lib/crater-agent-workspace/builds/worker-6-tc2/source:/opt/rustwide/workdir:ro,Z" "-v" "/var/lib/crater-agent-workspace/cargo-home:/opt/rustwide/cargo-home:ro,Z" "-v" "/var/lib/crater-agent-workspace/rustup-home:/opt/rustwide/rustup-home:ro,Z" "-e" "SOURCE_DIR=/opt/rustwide/workdir" "-e" "CARGO_TARGET_DIR=/opt/rustwide/target" "-e" "CARGO_INCREMENTAL=0" "-e" "RUST_BACKTRACE=full" "-e" "RUSTFLAGS=--cap-lints=warn" "-e" "RUSTDOCFLAGS=--cap-lints=warn" "-e" "CARGO_HOME=/opt/rustwide/cargo-home" "-e" "RUSTUP_HOME=/opt/rustwide/rustup-home" "-w" "/opt/rustwide/workdir" "-m" "1610612736" "--user" "0:0" "--network" "none" "ghcr.io/rust-lang/crates-build-env/linux@sha256:5ff2268d62e97bff2cde7d5815dd6ed5b47097566f13b8d0ca110b04b60e07ed" "/opt/rustwide/cargo-home/bin/cargo" "+beta-2023-04-20" "test" "--frozen", kill_on_drop: false }`
[INFO] [stdout] a806ec670564307a4dbc45cbd9129780872ce899bbb2c46d8120f32745d4bdb4
[INFO] running `Command { std: "docker" "start" "-a" "a806ec670564307a4dbc45cbd9129780872ce899bbb2c46d8120f32745d4bdb4", kill_on_drop: false }`
[INFO] [stderr]     Blocking waiting for file lock on package cache
[INFO] [stderr] warning: unused borrow that must be used
[INFO] [stderr]    --> src/request.rs:141:25
[INFO] [stderr]     |
[INFO] [stderr] 141 |                         &buf[..min].copy_from_slice(&self.content[..min]);
[INFO] [stderr]     |                         ^^^^^^^^^^^^^^^^^^^^^^^^^^^^^^^^^^^^^^^^^^^^^^^^^ the borrow produces a value
[INFO] [stderr]     |
[INFO] [stderr]     = note: `#[warn(unused_must_use)]` on by default
[INFO] [stderr] help: use `let _ = ...` to ignore the resulting value
[INFO] [stderr]     |
[INFO] [stderr] 141 |                         let _ = &buf[..min].copy_from_slice(&self.content[..min]);
[INFO] [stderr]     |                         +++++++
[INFO] [stderr] 
[INFO] [stderr] warning: unused borrow that must be used
[INFO] [stderr]    --> src/request.rs:146:25
[INFO] [stderr]     |
[INFO] [stderr] 146 |                         &buf[..min].copy_from_slice(&self.content[self.bytes_read..self.bytes_read + min]);
[INFO] [stderr]     |                         ^^^^^^^^^^^^^^^^^^^^^^^^^^^^^^^^^^^^^^^^^^^^^^^^^^^^^^^^^^^^^^^^^^^^^^^^^^^^^^^^^^ the borrow produces a value
[INFO] [stderr]     |
[INFO] [stderr] help: use `let _ = ...` to ignore the resulting value
[INFO] [stderr]     |
[INFO] [stderr] 146 |                         let _ = &buf[..min].copy_from_slice(&self.content[self.bytes_read..self.bytes_read + min]);
[INFO] [stderr]     |                         +++++++
[INFO] [stderr] 
[INFO] [stderr] warning: `dev_bestia_simple_server` (lib test) generated 2 warnings
[INFO] [stderr]     Finished test [unoptimized + debuginfo] target(s) in 0.40s
[INFO] [stderr]      Running unittests src/lib.rs (/opt/rustwide/target/debug/deps/dev_bestia_simple_server-3473f19cce70d292)
[INFO] [stdout] 
[INFO] [stdout] running 7 tests
[INFO] [stdout] test parsing::parsing_should::parse_a_request ... ok
[INFO] [stdout] test request::server_should::parse_method_correctly ... ok
[INFO] [stdout] test test_write_response_no_headers ... ok
[INFO] [stdout] test request::server_should::correctly_parse_request ... ok
[INFO] [stdout] test test_write_response ... ok
[INFO] [stdout] test request::server_should::read_request_stream_in_multiple_chunks ... ok
[INFO] [stdout] test request::server_should::honour_request_timeout ... ok
[INFO] [stdout] 
[INFO] [stdout] test result: ok. 7 passed; 0 failed; 0 ignored; 0 measured; 0 filtered out; finished in 0.10s
[INFO] [stdout] 
[INFO] [stderr]      Running tests/simple-server.rs (/opt/rustwide/target/debug/deps/simple_server-4b34a23c603881b3)
[INFO] [stdout] 
[INFO] [stdout] running 2 tests
[INFO] [stdout] test test_error_fallback ... ok
[INFO] [stdout] test test_server_new ... ok
[INFO] [stdout] 
[INFO] [stdout] test result: ok. 2 passed; 0 failed; 0 ignored; 0 measured; 0 filtered out; finished in 0.00s
[INFO] [stdout] 
[INFO] [stderr]    Doc-tests dev_bestia_simple_server
[INFO] [stdout] 
[INFO] [stdout] running 6 tests
[INFO] [stdout] test src/lib.rs - Server::with_timeout (line 151) ... FAILED
[INFO] [stdout] test src/lib.rs - Server::listen (line 206) - compile ... FAILED
[INFO] [stdout] test src/lib.rs - Server::dont_serve_static_files (line 311) - compile ... FAILED
[INFO] [stdout] test src/lib.rs - Server::new (line 114) ... FAILED
[INFO] [stdout] test src/lib.rs - Server::set_static_directory (line 284) - compile ... FAILED
[INFO] [stdout] test src/lib.rs - Server::listen_on_socket (line 238) - compile ... FAILED
[INFO] [stdout] 
[INFO] [stdout] failures:
[INFO] [stdout] 
[INFO] [stdout] ---- src/lib.rs - Server::with_timeout (line 151) stdout ----
[INFO] [stdout] error[E0432]: unresolved import `cargo_crev_reviews`
[INFO] [stdout]  --> src/lib.rs:153:5
[INFO] [stdout]   |
[INFO] [stdout] 3 | use cargo_crev_reviews::Server;
[INFO] [stdout]   |     ^^^^^^^^^^^^^^^^^^ use of undeclared crate or module `cargo_crev_reviews`
[INFO] [stdout] 
[INFO] [stdout] error: aborting due to previous error
[INFO] [stdout] 
[INFO] [stdout] For more information about this error, try `rustc --explain E0432`.
[INFO] [stdout] Couldn't compile the test.
[INFO] [stdout] ---- src/lib.rs - Server::listen (line 206) stdout ----
[INFO] [stdout] error[E0432]: unresolved import `cargo_crev_reviews`
[INFO] [stdout]  --> src/lib.rs:207:5
[INFO] [stdout]   |
[INFO] [stdout] 2 | use cargo_crev_reviews::Server;
[INFO] [stdout]   |     ^^^^^^^^^^^^^^^^^^ use of undeclared crate or module `cargo_crev_reviews`
[INFO] [stdout] 
[INFO] [stdout] error: aborting due to previous error
[INFO] [stdout] 
[INFO] [stdout] For more information about this error, try `rustc --explain E0432`.
[INFO] [stdout] Couldn't compile the test.
[INFO] [stdout] ---- src/lib.rs - Server::dont_serve_static_files (line 311) stdout ----
[INFO] [stdout] error[E0432]: unresolved import `cargo_crev_reviews`
[INFO] [stdout]  --> src/lib.rs:312:5
[INFO] [stdout]   |
[INFO] [stdout] 2 | use cargo_crev_reviews::Server;
[INFO] [stdout]   |     ^^^^^^^^^^^^^^^^^^ use of undeclared crate or module `cargo_crev_reviews`
[INFO] [stdout] 
[INFO] [stdout] error: aborting due to previous error
[INFO] [stdout] 
[INFO] [stdout] For more information about this error, try `rustc --explain E0432`.
[INFO] [stdout] Couldn't compile the test.
[INFO] [stdout] ---- src/lib.rs - Server::new (line 114) stdout ----
[INFO] [stdout] error[E0432]: unresolved import `cargo_crev_reviews`
[INFO] [stdout]  --> src/lib.rs:115:5
[INFO] [stdout]   |
[INFO] [stdout] 2 | use cargo_crev_reviews::Server;
[INFO] [stdout]   |     ^^^^^^^^^^^^^^^^^^ use of undeclared crate or module `cargo_crev_reviews`
[INFO] [stdout] 
[INFO] [stdout] error: aborting due to previous error
[INFO] [stdout] 
[INFO] [stdout] For more information about this error, try `rustc --explain E0432`.
[INFO] [stdout] Couldn't compile the test.
[INFO] [stdout] ---- src/lib.rs - Server::set_static_directory (line 284) stdout ----
[INFO] [stdout] error[E0432]: unresolved import `cargo_crev_reviews`
[INFO] [stdout]  --> src/lib.rs:285:5
[INFO] [stdout]   |
[INFO] [stdout] 2 | use cargo_crev_reviews::Server;
[INFO] [stdout]   |     ^^^^^^^^^^^^^^^^^^ use of undeclared crate or module `cargo_crev_reviews`
[INFO] [stdout] 
[INFO] [stdout] error: aborting due to previous error
[INFO] [stdout] 
[INFO] [stdout] For more information about this error, try `rustc --explain E0432`.
[INFO] [stdout] Couldn't compile the test.
[INFO] [stdout] ---- src/lib.rs - Server::listen_on_socket (line 238) stdout ----
[INFO] [stdout] error[E0432]: unresolved import `cargo_crev_reviews`
[INFO] [stdout]  --> src/lib.rs:239:5
[INFO] [stdout]   |
[INFO] [stdout] 2 | use cargo_crev_reviews::Server;
[INFO] [stdout]   |     ^^^^^^^^^^^^^^^^^^ use of undeclared crate or module `cargo_crev_reviews`
[INFO] [stdout] 
[INFO] [stdout] error: aborting due to previous error
[INFO] [stdout] 
[INFO] [stdout] For more information about this error, try `rustc --explain E0432`.
[INFO] [stdout] Couldn't compile the test.
[INFO] [stdout] 
[INFO] [stdout] failures:
[INFO] [stdout]     src/lib.rs - Server::dont_serve_static_files (line 311)
[INFO] [stdout]     src/lib.rs - Server::listen (line 206)
[INFO] [stdout]     src/lib.rs - Server::listen_on_socket (line 238)
[INFO] [stdout]     src/lib.rs - Server::new (line 114)
[INFO] [stdout]     src/lib.rs - Server::set_static_directory (line 284)
[INFO] [stdout]     src/lib.rs - Server::with_timeout (line 151)
[INFO] [stdout] 
[INFO] [stdout] test result: FAILED. 0 passed; 6 failed; 0 ignored; 0 measured; 0 filtered out; finished in 0.03s
[INFO] [stdout] 
[INFO] [stderr] error: doctest failed, to rerun pass `--doc`
[INFO] running `Command { std: "docker" "inspect" "a806ec670564307a4dbc45cbd9129780872ce899bbb2c46d8120f32745d4bdb4", kill_on_drop: false }`
[INFO] running `Command { std: "docker" "rm" "-f" "a806ec670564307a4dbc45cbd9129780872ce899bbb2c46d8120f32745d4bdb4", kill_on_drop: false }`
[INFO] [stdout] a806ec670564307a4dbc45cbd9129780872ce899bbb2c46d8120f32745d4bdb4
