[INFO] cloning repository https://github.com/LonnonDev/Cinder
[INFO] running `Command { std: "git" "-c" "credential.helper=" "-c" "credential.helper=/workspace/cargo-home/bin/git-credential-null" "clone" "--bare" "https://github.com/LonnonDev/Cinder" "/workspace/cache/git-repos/https%3A%2F%2Fgithub.com%2FLonnonDev%2FCinder", kill_on_drop: false }`
[INFO] [stderr] Cloning into bare repository '/workspace/cache/git-repos/https%3A%2F%2Fgithub.com%2FLonnonDev%2FCinder'...
[INFO] running `Command { std: "git" "rev-parse" "HEAD", kill_on_drop: false }`
[INFO] [stdout] 59e38bfb7142225133bb7a8b6fb22e93fc897d39
[INFO] testing LonnonDev/Cinder against beta-2023-04-20 for beta-1.70-1
[INFO] running `Command { std: "git" "clone" "/workspace/cache/git-repos/https%3A%2F%2Fgithub.com%2FLonnonDev%2FCinder" "/workspace/builds/worker-2-tc2/source", kill_on_drop: false }`
[INFO] [stderr] Cloning into '/workspace/builds/worker-2-tc2/source'...
[INFO] [stderr] done.
[INFO] validating manifest of git repo https://github.com/LonnonDev/Cinder on toolchain beta-2023-04-20
[INFO] running `Command { std: CARGO_HOME="/workspace/cargo-home" RUSTUP_HOME="/workspace/rustup-home" "/workspace/cargo-home/bin/cargo" "+beta-2023-04-20" "metadata" "--manifest-path" "Cargo.toml" "--no-deps", kill_on_drop: false }`
[INFO] started tweaking git repo https://github.com/LonnonDev/Cinder
[INFO] finished tweaking git repo https://github.com/LonnonDev/Cinder
[INFO] tweaked toml for git repo https://github.com/LonnonDev/Cinder written to /workspace/builds/worker-2-tc2/source/Cargo.toml
[INFO] crate git repo https://github.com/LonnonDev/Cinder already has a lockfile, it will not be regenerated
[INFO] running `Command { std: CARGO_HOME="/workspace/cargo-home" RUSTUP_HOME="/workspace/rustup-home" "/workspace/cargo-home/bin/cargo" "+beta-2023-04-20" "fetch" "--manifest-path" "Cargo.toml", kill_on_drop: false }`
[INFO] [stderr]     Updating crates.io index
[INFO] [stderr]  Downloading crates ...
[INFO] [stderr]   Downloaded const-cstr v0.3.0
[INFO] [stderr]   Downloaded mira v0.1.13
[INFO] running `Command { std: "docker" "create" "-v" "/var/lib/crater-agent-workspace/builds/worker-2-tc2/target:/opt/rustwide/target:rw,Z" "-v" "/var/lib/crater-agent-workspace/builds/worker-2-tc2/source:/opt/rustwide/workdir:ro,Z" "-v" "/var/lib/crater-agent-workspace/cargo-home:/opt/rustwide/cargo-home:ro,Z" "-v" "/var/lib/crater-agent-workspace/rustup-home:/opt/rustwide/rustup-home:ro,Z" "-e" "SOURCE_DIR=/opt/rustwide/workdir" "-e" "CARGO_TARGET_DIR=/opt/rustwide/target" "-e" "CARGO_HOME=/opt/rustwide/cargo-home" "-e" "RUSTUP_HOME=/opt/rustwide/rustup-home" "-w" "/opt/rustwide/workdir" "-m" "1610612736" "--user" "0:0" "--network" "none" "ghcr.io/rust-lang/crates-build-env/linux@sha256:5ff2268d62e97bff2cde7d5815dd6ed5b47097566f13b8d0ca110b04b60e07ed" "/opt/rustwide/cargo-home/bin/cargo" "+beta-2023-04-20" "metadata" "--no-deps" "--format-version=1", kill_on_drop: false }`
[INFO] [stdout] 238c63c9e905f24554352cb11b5fd5e91d722c5218010e78a710f426ab872561
[INFO] running `Command { std: "docker" "start" "-a" "238c63c9e905f24554352cb11b5fd5e91d722c5218010e78a710f426ab872561", kill_on_drop: false }`
[INFO] running `Command { std: "docker" "inspect" "238c63c9e905f24554352cb11b5fd5e91d722c5218010e78a710f426ab872561", kill_on_drop: false }`
[INFO] running `Command { std: "docker" "rm" "-f" "238c63c9e905f24554352cb11b5fd5e91d722c5218010e78a710f426ab872561", kill_on_drop: false }`
[INFO] [stdout] 238c63c9e905f24554352cb11b5fd5e91d722c5218010e78a710f426ab872561
[INFO] running `Command { std: "docker" "create" "-v" "/var/lib/crater-agent-workspace/builds/worker-2-tc2/target:/opt/rustwide/target:rw,Z" "-v" "/var/lib/crater-agent-workspace/builds/worker-2-tc2/source:/opt/rustwide/workdir:ro,Z" "-v" "/var/lib/crater-agent-workspace/cargo-home:/opt/rustwide/cargo-home:ro,Z" "-v" "/var/lib/crater-agent-workspace/rustup-home:/opt/rustwide/rustup-home:ro,Z" "-e" "SOURCE_DIR=/opt/rustwide/workdir" "-e" "CARGO_TARGET_DIR=/opt/rustwide/target" "-e" "CARGO_INCREMENTAL=0" "-e" "RUST_BACKTRACE=full" "-e" "RUSTFLAGS=--cap-lints=warn" "-e" "RUSTDOCFLAGS=--cap-lints=warn" "-e" "CARGO_HOME=/opt/rustwide/cargo-home" "-e" "RUSTUP_HOME=/opt/rustwide/rustup-home" "-w" "/opt/rustwide/workdir" "-m" "1610612736" "--user" "0:0" "--network" "none" "ghcr.io/rust-lang/crates-build-env/linux@sha256:5ff2268d62e97bff2cde7d5815dd6ed5b47097566f13b8d0ca110b04b60e07ed" "/opt/rustwide/cargo-home/bin/cargo" "+beta-2023-04-20" "build" "--frozen" "--message-format=json", kill_on_drop: false }`
[INFO] [stdout] 5d01268068db3ab35fe0677c2a147de6784fc395aaa643af5714b665a5dcf751
[INFO] running `Command { std: "docker" "start" "-a" "5d01268068db3ab35fe0677c2a147de6784fc395aaa643af5714b665a5dcf751", kill_on_drop: false }`
[INFO] [stderr]     Blocking waiting for file lock on package cache
[INFO] [stderr]    Compiling proc-macro2 v1.0.36
[INFO] [stderr]    Compiling syn v1.0.86
[INFO] [stderr]    Compiling version-compare v0.1.0
[INFO] [stderr]    Compiling libc v0.2.121
[INFO] [stderr]    Compiling sdl2 v0.35.2
[INFO] [stderr]    Compiling libloading v0.7.3
[INFO] [stderr]    Compiling tracing-core v0.1.28
[INFO] [stderr]    Compiling const-cstr v0.3.0
[INFO] [stderr]    Compiling pin-project-lite v0.2.9
[INFO] [stderr]    Compiling paste v1.0.6
[INFO] [stderr]    Compiling sdl2-sys v0.35.2
[INFO] [stderr]    Compiling quote v1.0.15
[INFO] [stderr]    Compiling thiserror-impl v1.0.30
[INFO] [stderr]    Compiling tracing-attributes v0.1.22
[INFO] [stderr]    Compiling tracing v0.1.35
[INFO] [stderr]    Compiling thiserror v1.0.30
[INFO] [stderr]    Compiling mira v0.1.13
[INFO] [stderr]    Compiling cinder v0.1.0 (/opt/rustwide/workdir)
[INFO] [stdout] warning: unused variable: `application_info`
[INFO] [stdout]   --> src/vk_instancing/vk_create_info/safe.rs:32:21
[INFO] [stdout]    |
[INFO] [stdout] 32 |     pub fn auto_new(application_info: &'a SafeApplicationInfo) -> Self {
[INFO] [stdout]    |                     ^^^^^^^^^^^^^^^^ help: if this is intentional, prefix it with an underscore: `_application_info`
[INFO] [stdout]    |
[INFO] [stdout]    = note: `#[warn(unused_variables)]` on by default
[INFO] [stdout] 
[INFO] [stdout] 
[INFO] [stdout] warning: 1 warning emitted
[INFO] [stdout] 
[INFO] [stdout] 
[INFO] [stderr]     Finished dev [unoptimized + debuginfo] target(s) in 9.85s
[INFO] running `Command { std: "docker" "inspect" "5d01268068db3ab35fe0677c2a147de6784fc395aaa643af5714b665a5dcf751", kill_on_drop: false }`
[INFO] running `Command { std: "docker" "rm" "-f" "5d01268068db3ab35fe0677c2a147de6784fc395aaa643af5714b665a5dcf751", kill_on_drop: false }`
[INFO] [stdout] 5d01268068db3ab35fe0677c2a147de6784fc395aaa643af5714b665a5dcf751
[INFO] running `Command { std: "docker" "create" "-v" "/var/lib/crater-agent-workspace/builds/worker-2-tc2/target:/opt/rustwide/target:rw,Z" "-v" "/var/lib/crater-agent-workspace/builds/worker-2-tc2/source:/opt/rustwide/workdir:ro,Z" "-v" "/var/lib/crater-agent-workspace/cargo-home:/opt/rustwide/cargo-home:ro,Z" "-v" "/var/lib/crater-agent-workspace/rustup-home:/opt/rustwide/rustup-home:ro,Z" "-e" "SOURCE_DIR=/opt/rustwide/workdir" "-e" "CARGO_TARGET_DIR=/opt/rustwide/target" "-e" "CARGO_INCREMENTAL=0" "-e" "RUST_BACKTRACE=full" "-e" "RUSTFLAGS=--cap-lints=warn" "-e" "RUSTDOCFLAGS=--cap-lints=warn" "-e" "CARGO_HOME=/opt/rustwide/cargo-home" "-e" "RUSTUP_HOME=/opt/rustwide/rustup-home" "-w" "/opt/rustwide/workdir" "-m" "1610612736" "--user" "0:0" "--network" "none" "ghcr.io/rust-lang/crates-build-env/linux@sha256:5ff2268d62e97bff2cde7d5815dd6ed5b47097566f13b8d0ca110b04b60e07ed" "/opt/rustwide/cargo-home/bin/cargo" "+beta-2023-04-20" "test" "--frozen" "--no-run" "--message-format=json", kill_on_drop: false }`
[INFO] [stdout] 50c5f1c6f68ccf2c74f90521f79e63123822e877d716d5bb401c6dd15eff190a
[INFO] running `Command { std: "docker" "start" "-a" "50c5f1c6f68ccf2c74f90521f79e63123822e877d716d5bb401c6dd15eff190a", kill_on_drop: false }`
[INFO] [stderr]    Compiling log v0.4.17
[INFO] [stderr]    Compiling regex-syntax v0.6.26
[INFO] [stderr]    Compiling smallvec v1.9.0
[INFO] [stderr]    Compiling tracing-core v0.1.28
[INFO] [stderr]    Compiling sharded-slab v0.1.4
[INFO] [stderr]    Compiling thread_local v1.1.4
[INFO] [stderr]    Compiling tokio-macros v1.8.0
[INFO] [stderr]    Compiling tracing v0.1.35
[INFO] [stderr]    Compiling tracing-log v0.1.3
[INFO] [stderr]    Compiling cinder v0.1.0 (/opt/rustwide/workdir)
[INFO] [stdout] warning: unused variable: `application_info`
[INFO] [stdout]   --> src/vk_instancing/vk_create_info/safe.rs:32:21
[INFO] [stdout]    |
[INFO] [stdout] 32 |     pub fn auto_new(application_info: &'a SafeApplicationInfo) -> Self {
[INFO] [stdout]    |                     ^^^^^^^^^^^^^^^^ help: if this is intentional, prefix it with an underscore: `_application_info`
[INFO] [stdout]    |
[INFO] [stdout]    = note: `#[warn(unused_variables)]` on by default
[INFO] [stdout] 
[INFO] [stdout] 
[INFO] [stderr]    Compiling tokio v1.19.2
[INFO] [stdout] warning: 1 warning emitted
[INFO] [stdout] 
[INFO] [stdout] 
[INFO] [stderr]    Compiling regex-automata v0.1.10
[INFO] [stderr]    Compiling regex v1.5.6
[INFO] [stderr]    Compiling matchers v0.1.0
[INFO] [stderr]    Compiling tracing-subscriber v0.3.14
[INFO] [stdout] warning: unused variable: `application_info`
[INFO] [stdout]   --> src/vk_instancing/vk_create_info/safe.rs:32:21
[INFO] [stdout]    |
[INFO] [stdout] 32 |     pub fn auto_new(application_info: &'a SafeApplicationInfo) -> Self {
[INFO] [stdout]    |                     ^^^^^^^^^^^^^^^^ help: if this is intentional, prefix it with an underscore: `_application_info`
[INFO] [stdout]    |
[INFO] [stdout]    = note: `#[warn(unused_variables)]` on by default
[INFO] [stdout] 
[INFO] [stdout] 
[INFO] [stdout] warning: 1 warning emitted
[INFO] [stdout] 
[INFO] [stdout] 
[INFO] [stderr]     Finished test [unoptimized + debuginfo] target(s) in 5.17s
[INFO] running `Command { std: "docker" "inspect" "50c5f1c6f68ccf2c74f90521f79e63123822e877d716d5bb401c6dd15eff190a", kill_on_drop: false }`
[INFO] running `Command { std: "docker" "rm" "-f" "50c5f1c6f68ccf2c74f90521f79e63123822e877d716d5bb401c6dd15eff190a", kill_on_drop: false }`
[INFO] [stdout] 50c5f1c6f68ccf2c74f90521f79e63123822e877d716d5bb401c6dd15eff190a
[INFO] running `Command { std: "docker" "create" "-v" "/var/lib/crater-agent-workspace/builds/worker-2-tc2/target:/opt/rustwide/target:rw,Z" "-v" "/var/lib/crater-agent-workspace/builds/worker-2-tc2/source:/opt/rustwide/workdir:ro,Z" "-v" "/var/lib/crater-agent-workspace/cargo-home:/opt/rustwide/cargo-home:ro,Z" "-v" "/var/lib/crater-agent-workspace/rustup-home:/opt/rustwide/rustup-home:ro,Z" "-e" "SOURCE_DIR=/opt/rustwide/workdir" "-e" "CARGO_TARGET_DIR=/opt/rustwide/target" "-e" "CARGO_INCREMENTAL=0" "-e" "RUST_BACKTRACE=full" "-e" "RUSTFLAGS=--cap-lints=warn" "-e" "RUSTDOCFLAGS=--cap-lints=warn" "-e" "CARGO_HOME=/opt/rustwide/cargo-home" "-e" "RUSTUP_HOME=/opt/rustwide/rustup-home" "-w" "/opt/rustwide/workdir" "-m" "1610612736" "--user" "0:0" "--network" "none" "ghcr.io/rust-lang/crates-build-env/linux@sha256:5ff2268d62e97bff2cde7d5815dd6ed5b47097566f13b8d0ca110b04b60e07ed" "/opt/rustwide/cargo-home/bin/cargo" "+beta-2023-04-20" "test" "--frozen", kill_on_drop: false }`
[INFO] [stdout] 0a8cb47b0609a0fc6c35fb77124bf5c7f369cebe5a716a22a1f8550f4391c0e3
[INFO] running `Command { std: "docker" "start" "-a" "0a8cb47b0609a0fc6c35fb77124bf5c7f369cebe5a716a22a1f8550f4391c0e3", kill_on_drop: false }`
[INFO] [stderr] warning: unused variable: `application_info`
[INFO] [stderr]   --> src/vk_instancing/vk_create_info/safe.rs:32:21
[INFO] [stderr]    |
[INFO] [stderr] 32 |     pub fn auto_new(application_info: &'a SafeApplicationInfo) -> Self {
[INFO] [stderr]    |                     ^^^^^^^^^^^^^^^^ help: if this is intentional, prefix it with an underscore: `_application_info`
[INFO] [stderr]    |
[INFO] [stderr]    = note: `#[warn(unused_variables)]` on by default
[INFO] [stderr] 
[INFO] [stderr] warning: `cinder` (lib) generated 1 warning (run `cargo fix --lib -p cinder` to apply 1 suggestion)
[INFO] [stderr] warning: `cinder` (lib test) generated 1 warning (1 duplicate)
[INFO] [stderr]     Finished test [unoptimized + debuginfo] target(s) in 0.02s
[INFO] [stderr]      Running unittests src/lib.rs (/opt/rustwide/target/debug/deps/cinder-c5bbbf0bcf3e087e)
[INFO] [stdout] 
[INFO] [stdout] running 1 test
[INFO] [stdout] test structure_type::structure_type_test ... ok
[INFO] [stdout] 
[INFO] [stdout] test result: ok. 1 passed; 0 failed; 0 ignored; 0 measured; 0 filtered out; finished in 0.00s
[INFO] [stdout] 
[INFO] [stderr]      Running tests/logging.rs (/opt/rustwide/target/debug/deps/logging-4cca560be48c38b5)
[INFO] [stdout] 
[INFO] [stdout] running 1 test
[INFO] [stdout] [2m2023-04-30T08:27:37.992602Z[0m [34mDEBUG[0m [2mcinder::vk_instancing::vk_application_info::builder[0m[2m:[0m Creating new `ApplicationInfoBuilder`
[INFO] [stdout] [2m2023-04-30T08:27:37.992645Z[0m [34mDEBUG[0m [2mcinder::vk_instancing::vk_application_info::builder[0m[2m:[0m Building `SafeApplicationInfo`
[INFO] [stdout] [2m2023-04-30T08:27:37.992653Z[0m [34mDEBUG[0m [2mcinder::vk_instancing::vk_application_info::safe[0m[2m:[0m Creating `SafeApplicationInfo` with arguments `Cinder Application`, `Cinder Engine`, `4194304`, `4194304`, `4194304`
[INFO] [stdout] test basic_logging_test ... ok
[INFO] [stdout] 
[INFO] [stdout] test result: ok. 1 passed; 0 failed; 0 ignored; 0 measured; 0 filtered out; finished in 0.00s
[INFO] [stdout] 
[INFO] [stderr]    Doc-tests cinder
[INFO] [stdout] 
[INFO] [stdout] running 8 tests
[INFO] [stdout] test src/vk_instancing/vk_application_info/builder.rs - vk_instancing::vk_application_info::builder::ApplicationInfoBuilder::new (line 27) ... FAILED
[INFO] [stdout] test src/vk_instancing/vk_create_info/safe.rs - vk_instancing::vk_create_info::safe::SafeCreateInfo<'a>::new_from (line 38) ... FAILED
[INFO] [stdout] test src/vk_instancing/vk_create_info/safe.rs - vk_instancing::vk_create_info::safe (line 3) ... FAILED
[INFO] [stdout] test src/vk_instancing/vk_application_info/builder.rs - vk_instancing::vk_application_info::builder (line 3) ... FAILED
[INFO] [stdout] test src/vk_instancing/vk_application_info/safe.rs - vk_instancing::vk_application_info::safe::SafeApplicationInfo::new_strings (line 68) ... ok
[INFO] [stdout] test src/vk_instancing/vk_application_info/safe.rs - vk_instancing::vk_application_info::safe (line 4) ... ok
[INFO] [stdout] test src/vk_instancing/vk_create_info/safe.rs - vk_instancing::vk_create_info::safe::SafeCreateInfo<'a>::auto_new (line 26) ... FAILED
[INFO] [stdout] test src/vk_instancing/vk_application_info/safe.rs - vk_instancing::vk_application_info::safe::SafeApplicationInfo::new (line 33) ... ok
[INFO] [stdout] 
[INFO] [stdout] failures:
[INFO] [stdout] 
[INFO] [stdout] ---- src/vk_instancing/vk_application_info/builder.rs - vk_instancing::vk_application_info::builder::ApplicationInfoBuilder::new (line 27) stdout ----
[INFO] [stdout] error: expected type, found `"Cinder Application"`
[INFO] [stdout]  --> src/vk_instancing/vk_application_info/builder.rs:28:19
[INFO] [stdout]   |
[INFO] [stdout] 3 | application_name: "Cinder Application"
[INFO] [stdout]   |                 - ^^^^^^^^^^^^^^^^^^^^ expected type
[INFO] [stdout]   |                 |
[INFO] [stdout]   |                 tried to parse a type due to this
[INFO] [stdout] 
[INFO] [stdout] error: aborting due to previous error
[INFO] [stdout] 
[INFO] [stdout] Couldn't compile the test.
[INFO] [stdout] ---- src/vk_instancing/vk_create_info/safe.rs - vk_instancing::vk_create_info::safe::SafeCreateInfo<'a>::new_from (line 38) stdout ----
[INFO] [stdout] error[E0061]: this function takes 5 arguments but 1 argument was supplied
[INFO] [stdout]   --> src/vk_instancing/vk_create_info/safe.rs:42:19
[INFO] [stdout]    |
[INFO] [stdout] 7  | let create_info = SafeCreateInfo::new_from(&application_info);
[INFO] [stdout]    |                   ^^^^^^^^^^^^^^^^^^^^^^^^------------------- multiple arguments are missing
[INFO] [stdout]    |
[INFO] [stdout] note: associated function defined here
[INFO] [stdout]   --> /opt/rustwide/workdir/src/vk_instancing/vk_create_info/safe.rs:44:12
[INFO] [stdout]    |
[INFO] [stdout] 44 |     pub fn new_from(
[INFO] [stdout]    |            ^^^^^^^^
[INFO] [stdout] help: provide the arguments
[INFO] [stdout]    |
[INFO] [stdout] 7  | let create_info = SafeCreateInfo::new_from(&application_info, /* u32 */, /* Vec<String> */, /* u32 */, /* Vec<String> */);
[INFO] [stdout]    |                                           ~~~~~~~~~~~~~~~~~~~~~~~~~~~~~~~~~~~~~~~~~~~~~~~~~~~~~~~~~~~~~~~~~~~~~~~~~~~~~~~
[INFO] [stdout] 
[INFO] [stdout] error: aborting due to previous error
[INFO] [stdout] 
[INFO] [stdout] For more information about this error, try `rustc --explain E0061`.
[INFO] [stdout] Couldn't compile the test.
[INFO] [stdout] ---- src/vk_instancing/vk_create_info/safe.rs - vk_instancing::vk_create_info::safe (line 3) stdout ----
[INFO] [stdout] error[E0061]: this function takes 5 arguments but 1 argument was supplied
[INFO] [stdout]   --> src/vk_instancing/vk_create_info/safe.rs:7:19
[INFO] [stdout]    |
[INFO] [stdout] 7  | let create_info = SafeCreateInfo::new_from(&application_info);
[INFO] [stdout]    |                   ^^^^^^^^^^^^^^^^^^^^^^^^------------------- multiple arguments are missing
[INFO] [stdout]    |
[INFO] [stdout] note: associated function defined here
[INFO] [stdout]   --> /opt/rustwide/workdir/src/vk_instancing/vk_create_info/safe.rs:44:12
[INFO] [stdout]    |
[INFO] [stdout] 44 |     pub fn new_from(
[INFO] [stdout]    |            ^^^^^^^^
[INFO] [stdout] help: provide the arguments
[INFO] [stdout]    |
[INFO] [stdout] 7  | let create_info = SafeCreateInfo::new_from(&application_info, /* u32 */, /* Vec<String> */, /* u32 */, /* Vec<String> */);
[INFO] [stdout]    |                                           ~~~~~~~~~~~~~~~~~~~~~~~~~~~~~~~~~~~~~~~~~~~~~~~~~~~~~~~~~~~~~~~~~~~~~~~~~~~~~~~
[INFO] [stdout] 
[INFO] [stdout] error: aborting due to previous error
[INFO] [stdout] 
[INFO] [stdout] For more information about this error, try `rustc --explain E0061`.
[INFO] [stdout] Couldn't compile the test.
[INFO] [stdout] ---- src/vk_instancing/vk_application_info/builder.rs - vk_instancing::vk_application_info::builder (line 3) stdout ----
[INFO] [stdout] error: unexpected token: `}`
[INFO] [stdout]  --> src/vk_instancing/vk_application_info/builder.rs:7:1
[INFO] [stdout]   |
[INFO] [stdout] 7 | } _doctest_main_src_vk_instancing_vk_application_info_builder_rs_3_0() }
[INFO] [stdout]   | ^
[INFO] [stdout] 
[INFO] [stdout] error: expected `;`, found `}`
[INFO] [stdout]  --> src/vk_instancing/vk_application_info/builder.rs:6:54
[INFO] [stdout]   |
[INFO] [stdout] 6 | let application_info = ApplicationInfoBuilder::new().
[INFO] [stdout]   |                                                      ^ help: add `;` here
[INFO] [stdout] 7 | } _doctest_main_src_vk_instancing_vk_application_info_builder_rs_3_0() }
[INFO] [stdout]   | - unexpected token
[INFO] [stdout] 
[INFO] [stdout] error[E0432]: unresolved import `cinder::vk_instance`
[INFO] [stdout]  --> src/vk_instancing/vk_application_info/builder.rs:4:13
[INFO] [stdout]   |
[INFO] [stdout] 4 | use cinder::vk_instance::ApplicationInfoBuilder;
[INFO] [stdout]   |             ^^^^^^^^^^^ could not find `vk_instance` in `cinder`
[INFO] [stdout] 
[INFO] [stdout] error: aborting due to 3 previous errors
[INFO] [stdout] 
[INFO] [stdout] For more information about this error, try `rustc --explain E0432`.
[INFO] [stdout] Couldn't compile the test.
[INFO] [stdout] ---- src/vk_instancing/vk_create_info/safe.rs - vk_instancing::vk_create_info::safe::SafeCreateInfo<'a>::auto_new (line 26) stdout ----
[INFO] [stdout] Test executable failed (exit status: 101).
[INFO] [stdout] 
[INFO] [stdout] stderr:
[INFO] [stdout] thread 'main' panicked at 'not yet implemented', src/vk_instancing/vk_create_info/safe.rs:33:9
[INFO] [stdout] stack backtrace:
[INFO] [stdout]    0:     0x561a31f32aea - std::backtrace_rs::backtrace::libunwind::trace::h2f05d0192276a8f6
[INFO] [stdout]                                at /rustc/1b7dd2252b99671ce5d1cb9664c5f8636329436d/library/std/src/../../backtrace/src/backtrace/libunwind.rs:93:5
[INFO] [stdout]    1:     0x561a31f32aea - std::backtrace_rs::backtrace::trace_unsynchronized::hedc23dff7a1af150
[INFO] [stdout]                                at /rustc/1b7dd2252b99671ce5d1cb9664c5f8636329436d/library/std/src/../../backtrace/src/backtrace/mod.rs:66:5
[INFO] [stdout]    2:     0x561a31f32aea - std::sys_common::backtrace::_print_fmt::h17541ef7592f3ce2
[INFO] [stdout]                                at /rustc/1b7dd2252b99671ce5d1cb9664c5f8636329436d/library/std/src/sys_common/backtrace.rs:65:5
[INFO] [stdout]    3:     0x561a31f32aea - <std::sys_common::backtrace::_print::DisplayBacktrace as core::fmt::Display>::fmt::h20f75df5ab0c0792
[INFO] [stdout]                                at /rustc/1b7dd2252b99671ce5d1cb9664c5f8636329436d/library/std/src/sys_common/backtrace.rs:44:22
[INFO] [stdout]    4:     0x561a31f4cc3f - core::fmt::write::h78109e6f466b3af6
[INFO] [stdout]                                at /rustc/1b7dd2252b99671ce5d1cb9664c5f8636329436d/library/core/src/fmt/mod.rs:1254:17
[INFO] [stdout]    5:     0x561a31f30945 - std::io::Write::write_fmt::hc59e1b02dd273c8a
[INFO] [stdout]                                at /rustc/1b7dd2252b99671ce5d1cb9664c5f8636329436d/library/std/src/io/mod.rs:1698:15
[INFO] [stdout]    6:     0x561a31f328b5 - std::sys_common::backtrace::_print::h8dac57a9f8fbf9a5
[INFO] [stdout]                                at /rustc/1b7dd2252b99671ce5d1cb9664c5f8636329436d/library/std/src/sys_common/backtrace.rs:47:5
[INFO] [stdout]    7:     0x561a31f328b5 - std::sys_common::backtrace::print::hf9ecbf41d1aa712f
[INFO] [stdout]                                at /rustc/1b7dd2252b99671ce5d1cb9664c5f8636329436d/library/std/src/sys_common/backtrace.rs:34:9
[INFO] [stdout]    8:     0x561a31f33e3e - std::panicking::default_hook::{{closure}}::h04c07acfc84ca028
[INFO] [stdout]                                at /rustc/1b7dd2252b99671ce5d1cb9664c5f8636329436d/library/std/src/panicking.rs:269:22
[INFO] [stdout]    9:     0x561a31f33be5 - std::panicking::default_hook::h01f6bb23e1eceb2c
[INFO] [stdout]                                at /rustc/1b7dd2252b99671ce5d1cb9664c5f8636329436d/library/std/src/panicking.rs:288:9
[INFO] [stdout]   10:     0x561a31f3439e - std::panicking::rust_panic_with_hook::h2bb3722bbaf2f6df
[INFO] [stdout]                                at /rustc/1b7dd2252b99671ce5d1cb9664c5f8636329436d/library/std/src/panicking.rs:691:13
[INFO] [stdout]   11:     0x561a31f34252 - std::panicking::begin_panic_handler::{{closure}}::h91bc7f36a4be011b
[INFO] [stdout]                                at /rustc/1b7dd2252b99671ce5d1cb9664c5f8636329436d/library/std/src/panicking.rs:580:13
[INFO] [stdout]   12:     0x561a31f32f56 - std::sys_common::backtrace::__rust_end_short_backtrace::h8b3d3717114f9e59
[INFO] [stdout]                                at /rustc/1b7dd2252b99671ce5d1cb9664c5f8636329436d/library/std/src/sys_common/backtrace.rs:150:18
[INFO] [stdout]   13:     0x561a31f33ff2 - rust_begin_unwind
[INFO] [stdout]                                at /rustc/1b7dd2252b99671ce5d1cb9664c5f8636329436d/library/std/src/panicking.rs:578:5
[INFO] [stdout]   14:     0x561a31f14f33 - core::panicking::panic_fmt::hfd368e3fbdabea26
[INFO] [stdout]                                at /rustc/1b7dd2252b99671ce5d1cb9664c5f8636329436d/library/core/src/panicking.rs:67:14
[INFO] [stdout]   15:     0x561a31f14fcd - core::panicking::panic::h3f9042d09bd0bf2e
[INFO] [stdout]                                at /rustc/1b7dd2252b99671ce5d1cb9664c5f8636329436d/library/core/src/panicking.rs:117:5
[INFO] [stdout]   16:     0x561a31f159c1 - cinder::vk_instancing::vk_create_info::safe::SafeCreateInfo::auto_new::hc9e01faea4ac7746
[INFO] [stdout]                                at /opt/rustwide/workdir/src/vk_instancing/vk_create_info/safe.rs:33:9
[INFO] [stdout]   17:     0x561a31f15776 - rust_out::main::_doctest_main_src_vk_instancing_vk_create_info_safe_rs_26_0::heb49085ef92dae43
[INFO] [stdout]   18:     0x561a31f156f6 - rust_out::main::h2731449a68dfa004
[INFO] [stdout]   19:     0x561a31f155f3 - core::ops::function::FnOnce::call_once::hd1715aa1b26fc35c
[INFO] [stdout]   20:     0x561a31f15536 - std::sys_common::backtrace::__rust_begin_short_backtrace::h8d2b4d09ce515535
[INFO] [stdout]   21:     0x561a31f15589 - std::rt::lang_start::{{closure}}::hc9a918c63b0dc835
[INFO] [stdout]   22:     0x561a31f2ef4e - core::ops::function::impls::<impl core::ops::function::FnOnce<A> for &F>::call_once::h2eb19b8ce4148df4
[INFO] [stdout]                                at /rustc/1b7dd2252b99671ce5d1cb9664c5f8636329436d/library/core/src/ops/function.rs:287:13
[INFO] [stdout]   23:     0x561a31f2ef4e - std::panicking::try::do_call::h2e900feff5d504c5
[INFO] [stdout]                                at /rustc/1b7dd2252b99671ce5d1cb9664c5f8636329436d/library/std/src/panicking.rs:485:40
[INFO] [stdout]   24:     0x561a31f2ef4e - std::panicking::try::h8854836cb85aa9f2
[INFO] [stdout]                                at /rustc/1b7dd2252b99671ce5d1cb9664c5f8636329436d/library/std/src/panicking.rs:449:19
[INFO] [stdout]   25:     0x561a31f2ef4e - std::panic::catch_unwind::h706025dd4c48f64b
[INFO] [stdout]                                at /rustc/1b7dd2252b99671ce5d1cb9664c5f8636329436d/library/std/src/panic.rs:140:14
[INFO] [stdout]   26:     0x561a31f2ef4e - std::rt::lang_start_internal::{{closure}}::h7be5b97f4a07a91a
[INFO] [stdout]                                at /rustc/1b7dd2252b99671ce5d1cb9664c5f8636329436d/library/std/src/rt.rs:148:48
[INFO] [stdout]   27:     0x561a31f2ef4e - std::panicking::try::do_call::h59847e9d0a176965
[INFO] [stdout]                                at /rustc/1b7dd2252b99671ce5d1cb9664c5f8636329436d/library/std/src/panicking.rs:485:40
[INFO] [stdout]   28:     0x561a31f2ef4e - std::panicking::try::h399a918ba8522823
[INFO] [stdout]                                at /rustc/1b7dd2252b99671ce5d1cb9664c5f8636329436d/library/std/src/panicking.rs:449:19
[INFO] [stdout]   29:     0x561a31f2ef4e - std::panic::catch_unwind::hca7ca6c55b2a2e26
[INFO] [stdout]                                at /rustc/1b7dd2252b99671ce5d1cb9664c5f8636329436d/library/std/src/panic.rs:140:14
[INFO] [stdout]   30:     0x561a31f2ef4e - std::rt::lang_start_internal::h2c807a81560459eb
[INFO] [stdout]                                at /rustc/1b7dd2252b99671ce5d1cb9664c5f8636329436d/library/std/src/rt.rs:148:20
[INFO] [stdout]   31:     0x561a31f15567 - std::rt::lang_start::hc4bd3329ce767e23
[INFO] [stdout]   32:     0x561a31f157f5 - main
[INFO] [stdout]   33:     0x7fd247878d90 - <unknown>
[INFO] [stdout]   34:     0x7fd247878e40 - __libc_start_main
[INFO] [stdout]   35:     0x561a31f15465 - _start
[INFO] [stdout]   36:                0x0 - <unknown>
[INFO] [stdout] 
[INFO] [stdout] 
[INFO] [stdout] 
[INFO] [stdout] failures:
[INFO] [stdout]     src/vk_instancing/vk_application_info/builder.rs - vk_instancing::vk_application_info::builder (line 3)
[INFO] [stdout]     src/vk_instancing/vk_application_info/builder.rs - vk_instancing::vk_application_info::builder::ApplicationInfoBuilder::new (line 27)
[INFO] [stdout]     src/vk_instancing/vk_create_info/safe.rs - vk_instancing::vk_create_info::safe (line 3)
[INFO] [stdout]     src/vk_instancing/vk_create_info/safe.rs - vk_instancing::vk_create_info::safe::SafeCreateInfo<'a>::auto_new (line 26)
[INFO] [stdout]     src/vk_instancing/vk_create_info/safe.rs - vk_instancing::vk_create_info::safe::SafeCreateInfo<'a>::new_from (line 38)
[INFO] [stdout] 
[INFO] [stdout] test result: FAILED. 3 passed; 5 failed; 0 ignored; 0 measured; 0 filtered out; finished in 0.27s
[INFO] [stdout] 
[INFO] [stderr] error: doctest failed, to rerun pass `--doc`
[INFO] running `Command { std: "docker" "inspect" "0a8cb47b0609a0fc6c35fb77124bf5c7f369cebe5a716a22a1f8550f4391c0e3", kill_on_drop: false }`
[INFO] running `Command { std: "docker" "rm" "-f" "0a8cb47b0609a0fc6c35fb77124bf5c7f369cebe5a716a22a1f8550f4391c0e3", kill_on_drop: false }`
[INFO] [stdout] 0a8cb47b0609a0fc6c35fb77124bf5c7f369cebe5a716a22a1f8550f4391c0e3
