[INFO] cloning repository https://github.com/LgnMs/fpls
[INFO] running `Command { std: "git" "-c" "credential.helper=" "-c" "credential.helper=/workspace/cargo-home/bin/git-credential-null" "clone" "--bare" "https://github.com/LgnMs/fpls" "/workspace/cache/git-repos/https%3A%2F%2Fgithub.com%2FLgnMs%2Ffpls", kill_on_drop: false }`
[INFO] [stderr] Cloning into bare repository '/workspace/cache/git-repos/https%3A%2F%2Fgithub.com%2FLgnMs%2Ffpls'...
[INFO] running `Command { std: "git" "rev-parse" "HEAD", kill_on_drop: false }`
[INFO] [stdout] 16c268db261d3891dd59964b13b34f2c225aef77
[INFO] testing LgnMs/fpls against 1.69.0 for beta-1.70-1
[INFO] running `Command { std: "git" "clone" "/workspace/cache/git-repos/https%3A%2F%2Fgithub.com%2FLgnMs%2Ffpls" "/workspace/builds/worker-0-tc1/source", kill_on_drop: false }`
[INFO] [stderr] Cloning into '/workspace/builds/worker-0-tc1/source'...
[INFO] [stderr] done.
[INFO] validating manifest of git repo https://github.com/LgnMs/fpls on toolchain 1.69.0
[INFO] running `Command { std: CARGO_HOME="/workspace/cargo-home" RUSTUP_HOME="/workspace/rustup-home" "/workspace/cargo-home/bin/cargo" "+1.69.0" "metadata" "--manifest-path" "Cargo.toml" "--no-deps", kill_on_drop: false }`
[INFO] started tweaking git repo https://github.com/LgnMs/fpls
[INFO] finished tweaking git repo https://github.com/LgnMs/fpls
[INFO] tweaked toml for git repo https://github.com/LgnMs/fpls written to /workspace/builds/worker-0-tc1/source/Cargo.toml
[INFO] crate git repo https://github.com/LgnMs/fpls already has a lockfile, it will not be regenerated
[INFO] running `Command { std: CARGO_HOME="/workspace/cargo-home" RUSTUP_HOME="/workspace/rustup-home" "/workspace/cargo-home/bin/cargo" "+1.69.0" "fetch" "--manifest-path" "Cargo.toml", kill_on_drop: false }`
[INFO] [stderr] warning: /workspace/builds/worker-0-tc1/source/fpls-lib/Cargo.toml: unused manifest key: description
[INFO] [stderr]  Downloading crates ...
[INFO] [stderr]   Downloaded env_logger v0.6.1
[INFO] [stderr]   Downloaded termion v1.5.2
[INFO] [stderr]   Downloaded regex-syntax v0.6.7
[INFO] [stderr]   Downloaded regex v1.1.7
[INFO] [stderr]   Downloaded syn v0.15.35
[INFO] [stderr]   Downloaded serde_derive v1.0.92
[INFO] [stderr]   Downloaded serde v1.0.92
[INFO] running `Command { std: "docker" "create" "-v" "/var/lib/crater-agent-workspace/builds/worker-0-tc1/target:/opt/rustwide/target:rw,Z" "-v" "/var/lib/crater-agent-workspace/builds/worker-0-tc1/source:/opt/rustwide/workdir:ro,Z" "-v" "/var/lib/crater-agent-workspace/cargo-home:/opt/rustwide/cargo-home:ro,Z" "-v" "/var/lib/crater-agent-workspace/rustup-home:/opt/rustwide/rustup-home:ro,Z" "-e" "SOURCE_DIR=/opt/rustwide/workdir" "-e" "CARGO_TARGET_DIR=/opt/rustwide/target" "-e" "CARGO_HOME=/opt/rustwide/cargo-home" "-e" "RUSTUP_HOME=/opt/rustwide/rustup-home" "-w" "/opt/rustwide/workdir" "-m" "1610612736" "--user" "0:0" "--network" "none" "ghcr.io/rust-lang/crates-build-env/linux@sha256:5ff2268d62e97bff2cde7d5815dd6ed5b47097566f13b8d0ca110b04b60e07ed" "/opt/rustwide/cargo-home/bin/cargo" "+1.69.0" "metadata" "--no-deps" "--format-version=1", kill_on_drop: false }`
[INFO] [stdout] 4a63a893264f1b449cdcc86b34a230a1feaeb893553bfed727cddfba9c20d6ef
[INFO] running `Command { std: "docker" "start" "-a" "4a63a893264f1b449cdcc86b34a230a1feaeb893553bfed727cddfba9c20d6ef", kill_on_drop: false }`
[INFO] running `Command { std: "docker" "inspect" "4a63a893264f1b449cdcc86b34a230a1feaeb893553bfed727cddfba9c20d6ef", kill_on_drop: false }`
[INFO] running `Command { std: "docker" "rm" "-f" "4a63a893264f1b449cdcc86b34a230a1feaeb893553bfed727cddfba9c20d6ef", kill_on_drop: false }`
[INFO] [stdout] 4a63a893264f1b449cdcc86b34a230a1feaeb893553bfed727cddfba9c20d6ef
[INFO] running `Command { std: "docker" "create" "-v" "/var/lib/crater-agent-workspace/builds/worker-0-tc1/target:/opt/rustwide/target:rw,Z" "-v" "/var/lib/crater-agent-workspace/builds/worker-0-tc1/source:/opt/rustwide/workdir:ro,Z" "-v" "/var/lib/crater-agent-workspace/cargo-home:/opt/rustwide/cargo-home:ro,Z" "-v" "/var/lib/crater-agent-workspace/rustup-home:/opt/rustwide/rustup-home:ro,Z" "-e" "SOURCE_DIR=/opt/rustwide/workdir" "-e" "CARGO_TARGET_DIR=/opt/rustwide/target" "-e" "CARGO_INCREMENTAL=0" "-e" "RUST_BACKTRACE=full" "-e" "RUSTFLAGS=--cap-lints=warn" "-e" "RUSTDOCFLAGS=--cap-lints=warn" "-e" "CARGO_HOME=/opt/rustwide/cargo-home" "-e" "RUSTUP_HOME=/opt/rustwide/rustup-home" "-w" "/opt/rustwide/workdir" "-m" "1610612736" "--user" "0:0" "--network" "none" "ghcr.io/rust-lang/crates-build-env/linux@sha256:5ff2268d62e97bff2cde7d5815dd6ed5b47097566f13b8d0ca110b04b60e07ed" "/opt/rustwide/cargo-home/bin/cargo" "+1.69.0" "build" "--frozen" "--message-format=json", kill_on_drop: false }`
[INFO] [stdout] 887cd6428d1c6bf1aa91cbe0331824430bda9eba62606f69d81831699cc2c07d
[INFO] running `Command { std: "docker" "start" "-a" "887cd6428d1c6bf1aa91cbe0331824430bda9eba62606f69d81831699cc2c07d", kill_on_drop: false }`
[INFO] [stderr] warning: /opt/rustwide/workdir/fpls-lib/Cargo.toml: unused manifest key: description
[INFO] [stderr]    Compiling syn v0.15.35
[INFO] [stderr]    Compiling memchr v2.2.0
[INFO] [stderr]    Compiling libc v0.2.58
[INFO] [stderr]    Compiling ucd-util v0.1.3
[INFO] [stderr]    Compiling serde v1.0.92
[INFO] [stderr]    Compiling lazy_static v1.3.0
[INFO] [stderr]    Compiling ryu v0.2.8
[INFO] [stderr]    Compiling quote v0.6.12
[INFO] [stderr]    Compiling regex v1.1.7
[INFO] [stderr]    Compiling regex-syntax v0.6.7
[INFO] [stderr]    Compiling thread_local v0.3.6
[INFO] [stderr]    Compiling utf8-ranges v1.0.3
[INFO] [stderr]    Compiling quick-error v1.2.2
[INFO] [stderr]    Compiling cfg-if v0.1.9
[INFO] [stderr]    Compiling log v0.4.6
[INFO] [stderr]    Compiling humantime v1.2.0
[INFO] [stderr]    Compiling itoa v0.4.4
[INFO] [stderr]    Compiling aho-corasick v0.7.3
[INFO] [stderr]    Compiling termcolor v1.0.5
[INFO] [stderr]    Compiling fpls_lib v0.1.2 (/opt/rustwide/workdir/fpls-lib)
[INFO] [stderr]    Compiling atty v0.2.11
[INFO] [stderr]    Compiling serde_derive v1.0.92
[INFO] [stderr]    Compiling env_logger v0.6.1
[INFO] [stderr]    Compiling serde_json v1.0.39
[INFO] [stderr]    Compiling fpls_main v0.1.0 (/opt/rustwide/workdir/fpls-main)
[INFO] [stderr]     Finished dev [unoptimized + debuginfo] target(s) in 11.41s
[INFO] running `Command { std: "docker" "inspect" "887cd6428d1c6bf1aa91cbe0331824430bda9eba62606f69d81831699cc2c07d", kill_on_drop: false }`
[INFO] running `Command { std: "docker" "rm" "-f" "887cd6428d1c6bf1aa91cbe0331824430bda9eba62606f69d81831699cc2c07d", kill_on_drop: false }`
[INFO] [stdout] 887cd6428d1c6bf1aa91cbe0331824430bda9eba62606f69d81831699cc2c07d
[INFO] running `Command { std: "docker" "create" "-v" "/var/lib/crater-agent-workspace/builds/worker-0-tc1/target:/opt/rustwide/target:rw,Z" "-v" "/var/lib/crater-agent-workspace/builds/worker-0-tc1/source:/opt/rustwide/workdir:ro,Z" "-v" "/var/lib/crater-agent-workspace/cargo-home:/opt/rustwide/cargo-home:ro,Z" "-v" "/var/lib/crater-agent-workspace/rustup-home:/opt/rustwide/rustup-home:ro,Z" "-e" "SOURCE_DIR=/opt/rustwide/workdir" "-e" "CARGO_TARGET_DIR=/opt/rustwide/target" "-e" "CARGO_INCREMENTAL=0" "-e" "RUST_BACKTRACE=full" "-e" "RUSTFLAGS=--cap-lints=warn" "-e" "RUSTDOCFLAGS=--cap-lints=warn" "-e" "CARGO_HOME=/opt/rustwide/cargo-home" "-e" "RUSTUP_HOME=/opt/rustwide/rustup-home" "-w" "/opt/rustwide/workdir" "-m" "1610612736" "--user" "0:0" "--network" "none" "ghcr.io/rust-lang/crates-build-env/linux@sha256:5ff2268d62e97bff2cde7d5815dd6ed5b47097566f13b8d0ca110b04b60e07ed" "/opt/rustwide/cargo-home/bin/cargo" "+1.69.0" "test" "--frozen" "--no-run" "--message-format=json", kill_on_drop: false }`
[INFO] [stdout] 359009d2f1bb46ad3b988db30a65fe647f983ef23247402c81f046311129898c
[INFO] running `Command { std: "docker" "start" "-a" "359009d2f1bb46ad3b988db30a65fe647f983ef23247402c81f046311129898c", kill_on_drop: false }`
[INFO] [stderr] warning: /opt/rustwide/workdir/fpls-lib/Cargo.toml: unused manifest key: description
[INFO] [stderr]    Compiling fpls_lib v0.1.2 (/opt/rustwide/workdir/fpls-lib)
[INFO] [stderr]    Compiling fpls_main v0.1.0 (/opt/rustwide/workdir/fpls-main)
[INFO] [stderr]     Finished test [unoptimized + debuginfo] target(s) in 0.27s
[INFO] running `Command { std: "docker" "inspect" "359009d2f1bb46ad3b988db30a65fe647f983ef23247402c81f046311129898c", kill_on_drop: false }`
[INFO] running `Command { std: "docker" "rm" "-f" "359009d2f1bb46ad3b988db30a65fe647f983ef23247402c81f046311129898c", kill_on_drop: false }`
[INFO] [stdout] 359009d2f1bb46ad3b988db30a65fe647f983ef23247402c81f046311129898c
[INFO] running `Command { std: "docker" "create" "-v" "/var/lib/crater-agent-workspace/builds/worker-0-tc1/target:/opt/rustwide/target:rw,Z" "-v" "/var/lib/crater-agent-workspace/builds/worker-0-tc1/source:/opt/rustwide/workdir:ro,Z" "-v" "/var/lib/crater-agent-workspace/cargo-home:/opt/rustwide/cargo-home:ro,Z" "-v" "/var/lib/crater-agent-workspace/rustup-home:/opt/rustwide/rustup-home:ro,Z" "-e" "SOURCE_DIR=/opt/rustwide/workdir" "-e" "CARGO_TARGET_DIR=/opt/rustwide/target" "-e" "CARGO_INCREMENTAL=0" "-e" "RUST_BACKTRACE=full" "-e" "RUSTFLAGS=--cap-lints=warn" "-e" "RUSTDOCFLAGS=--cap-lints=warn" "-e" "CARGO_HOME=/opt/rustwide/cargo-home" "-e" "RUSTUP_HOME=/opt/rustwide/rustup-home" "-w" "/opt/rustwide/workdir" "-m" "1610612736" "--user" "0:0" "--network" "none" "ghcr.io/rust-lang/crates-build-env/linux@sha256:5ff2268d62e97bff2cde7d5815dd6ed5b47097566f13b8d0ca110b04b60e07ed" "/opt/rustwide/cargo-home/bin/cargo" "+1.69.0" "test" "--frozen", kill_on_drop: false }`
[INFO] [stdout] 331f6c80dfcab1ae5c7eb8ff7af75a4fcb8353ae2e612406cfc32ae043aad9e4
[INFO] running `Command { std: "docker" "start" "-a" "331f6c80dfcab1ae5c7eb8ff7af75a4fcb8353ae2e612406cfc32ae043aad9e4", kill_on_drop: false }`
[INFO] [stderr] warning: /opt/rustwide/workdir/fpls-lib/Cargo.toml: unused manifest key: description
[INFO] [stderr]     Finished test [unoptimized + debuginfo] target(s) in 0.04s
[INFO] [stderr]      Running unittests src/lib.rs (/opt/rustwide/target/debug/deps/fpls_lib-cabb856d886b89a6)
[INFO] [stdout] 
[INFO] [stdout] running 0 tests
[INFO] [stdout] 
[INFO] [stdout] test result: ok. 0 passed; 0 failed; 0 ignored; 0 measured; 0 filtered out; finished in 0.00s
[INFO] [stdout] 
[INFO] [stderr]      Running unittests src/main.rs (/opt/rustwide/target/debug/deps/fpls_main-e5e9d503234df052)
[INFO] [stderr]    Doc-tests fpls_lib
[INFO] [stdout] 
[INFO] [stdout] running 0 tests
[INFO] [stdout] 
[INFO] [stdout] test result: ok. 0 passed; 0 failed; 0 ignored; 0 measured; 0 filtered out; finished in 0.00s
[INFO] [stdout] 
[INFO] [stdout] 
[INFO] [stdout] running 1 test
[INFO] [stdout] test src/lib.rs - copy_file (line 9) - compile ... FAILED
[INFO] [stdout] 
[INFO] [stdout] failures:
[INFO] [stdout] 
[INFO] [stdout] ---- src/lib.rs - copy_file (line 9) stdout ----
[INFO] [stdout] error[E0433]: failed to resolve: use of undeclared crate or module `io`
[INFO] [stdout]  --> src/lib.rs:11:25
[INFO] [stdout]   |
[INFO] [stdout] 3 | fn main() -> Result<(), io::Error> {
[INFO] [stdout]   |                         ^^ use of undeclared crate or module `io`
[INFO] [stdout] 
[INFO] [stdout] error[E0433]: failed to resolve: use of undeclared type `Path`
[INFO] [stdout]  --> src/lib.rs:12:16
[INFO] [stdout]   |
[INFO] [stdout] 4 |     let path = Path::new("./test/copy_origion");
[INFO] [stdout]   |                ^^^^ use of undeclared type `Path`
[INFO] [stdout]   |
[INFO] [stdout] help: consider importing this struct
[INFO] [stdout]   |
[INFO] [stdout] 3 | use std::path::Path;
[INFO] [stdout]   |
[INFO] [stdout] 
[INFO] [stdout] error[E0433]: failed to resolve: use of undeclared type `Path`
[INFO] [stdout]  --> src/lib.rs:13:23
[INFO] [stdout]   |
[INFO] [stdout] 5 |     let output_path = Path::new("./test/copy_currnet");
[INFO] [stdout]   |                       ^^^^ use of undeclared type `Path`
[INFO] [stdout]   |
[INFO] [stdout] help: consider importing this struct
[INFO] [stdout]   |
[INFO] [stdout] 3 | use std::path::Path;
[INFO] [stdout]   |
[INFO] [stdout] 
[INFO] [stdout] error[E0425]: cannot find function `copy_file` in this scope
[INFO] [stdout]  --> src/lib.rs:14:5
[INFO] [stdout]   |
[INFO] [stdout] 6 |     copy_file(&path, &output_path)?;
[INFO] [stdout]   |     ^^^^^^^^^ not found in this scope
[INFO] [stdout]   |
[INFO] [stdout] help: consider importing this function
[INFO] [stdout]   |
[INFO] [stdout] 3 | use fpls_lib::copy_file;
[INFO] [stdout]   |
[INFO] [stdout] 
[INFO] [stdout] error: aborting due to 4 previous errors
[INFO] [stdout] 
[INFO] [stdout] Some errors have detailed explanations: E0425, E0433.
[INFO] [stdout] For more information about an error, try `rustc --explain E0425`.
[INFO] [stdout] Couldn't compile the test.
[INFO] [stdout] 
[INFO] [stdout] failures:
[INFO] [stdout]     src/lib.rs - copy_file (line 9)
[INFO] [stdout] 
[INFO] [stdout] test result: FAILED. 0 passed; 1 failed; 0 ignored; 0 measured; 0 filtered out; finished in 0.06s
[INFO] [stdout] 
[INFO] [stderr] error: doctest failed, to rerun pass `-p fpls_lib --doc`
[INFO] running `Command { std: "docker" "inspect" "331f6c80dfcab1ae5c7eb8ff7af75a4fcb8353ae2e612406cfc32ae043aad9e4", kill_on_drop: false }`
[INFO] running `Command { std: "docker" "rm" "-f" "331f6c80dfcab1ae5c7eb8ff7af75a4fcb8353ae2e612406cfc32ae043aad9e4", kill_on_drop: false }`
[INFO] [stdout] 331f6c80dfcab1ae5c7eb8ff7af75a4fcb8353ae2e612406cfc32ae043aad9e4
