[INFO] cloning repository https://github.com/LackingInGrav1tas/lexer-generator
[INFO] running `Command { std: "git" "-c" "credential.helper=" "-c" "credential.helper=/workspace/cargo-home/bin/git-credential-null" "clone" "--bare" "https://github.com/LackingInGrav1tas/lexer-generator" "/workspace/cache/git-repos/https%3A%2F%2Fgithub.com%2FLackingInGrav1tas%2Flexer-generator", kill_on_drop: false }`
[INFO] [stderr] Cloning into bare repository '/workspace/cache/git-repos/https%3A%2F%2Fgithub.com%2FLackingInGrav1tas%2Flexer-generator'...
[INFO] running `Command { std: "git" "rev-parse" "HEAD", kill_on_drop: false }`
[INFO] [stdout] e110045574f7b897f25ddff18e7cab637d61f724
[INFO] testing LackingInGrav1tas/lexer-generator against 1.69.0 for beta-1.70-1
[INFO] running `Command { std: "git" "clone" "/workspace/cache/git-repos/https%3A%2F%2Fgithub.com%2FLackingInGrav1tas%2Flexer-generator" "/workspace/builds/worker-6-tc1/source", kill_on_drop: false }`
[INFO] [stderr] Cloning into '/workspace/builds/worker-6-tc1/source'...
[INFO] [stderr] done.
[INFO] validating manifest of git repo https://github.com/LackingInGrav1tas/lexer-generator on toolchain 1.69.0
[INFO] running `Command { std: CARGO_HOME="/workspace/cargo-home" RUSTUP_HOME="/workspace/rustup-home" "/workspace/cargo-home/bin/cargo" "+1.69.0" "metadata" "--manifest-path" "Cargo.toml" "--no-deps", kill_on_drop: false }`
[INFO] started tweaking git repo https://github.com/LackingInGrav1tas/lexer-generator
[INFO] finished tweaking git repo https://github.com/LackingInGrav1tas/lexer-generator
[INFO] tweaked toml for git repo https://github.com/LackingInGrav1tas/lexer-generator written to /workspace/builds/worker-6-tc1/source/Cargo.toml
[INFO] crate git repo https://github.com/LackingInGrav1tas/lexer-generator already has a lockfile, it will not be regenerated
[INFO] running `Command { std: CARGO_HOME="/workspace/cargo-home" RUSTUP_HOME="/workspace/rustup-home" "/workspace/cargo-home/bin/cargo" "+1.69.0" "fetch" "--manifest-path" "Cargo.toml", kill_on_drop: false }`
[INFO] [stderr]     Blocking waiting for file lock on package cache
[INFO] [stderr]  Downloading crates ...
[INFO] [stderr]   Downloaded syn v1.0.87
[INFO] running `Command { std: "docker" "create" "-v" "/var/lib/crater-agent-workspace/builds/worker-6-tc1/target:/opt/rustwide/target:rw,Z" "-v" "/var/lib/crater-agent-workspace/builds/worker-6-tc1/source:/opt/rustwide/workdir:ro,Z" "-v" "/var/lib/crater-agent-workspace/cargo-home:/opt/rustwide/cargo-home:ro,Z" "-v" "/var/lib/crater-agent-workspace/rustup-home:/opt/rustwide/rustup-home:ro,Z" "-e" "SOURCE_DIR=/opt/rustwide/workdir" "-e" "CARGO_TARGET_DIR=/opt/rustwide/target" "-e" "CARGO_HOME=/opt/rustwide/cargo-home" "-e" "RUSTUP_HOME=/opt/rustwide/rustup-home" "-w" "/opt/rustwide/workdir" "-m" "1610612736" "--user" "0:0" "--network" "none" "ghcr.io/rust-lang/crates-build-env/linux@sha256:5ff2268d62e97bff2cde7d5815dd6ed5b47097566f13b8d0ca110b04b60e07ed" "/opt/rustwide/cargo-home/bin/cargo" "+1.69.0" "metadata" "--no-deps" "--format-version=1", kill_on_drop: false }`
[INFO] [stdout] 7a32269714a81de673d337ff05011c1a9e0dc66c99f3b454311c90d2d688b777
[INFO] running `Command { std: "docker" "start" "-a" "7a32269714a81de673d337ff05011c1a9e0dc66c99f3b454311c90d2d688b777", kill_on_drop: false }`
[INFO] running `Command { std: "docker" "inspect" "7a32269714a81de673d337ff05011c1a9e0dc66c99f3b454311c90d2d688b777", kill_on_drop: false }`
[INFO] running `Command { std: "docker" "rm" "-f" "7a32269714a81de673d337ff05011c1a9e0dc66c99f3b454311c90d2d688b777", kill_on_drop: false }`
[INFO] [stdout] 7a32269714a81de673d337ff05011c1a9e0dc66c99f3b454311c90d2d688b777
[INFO] running `Command { std: "docker" "create" "-v" "/var/lib/crater-agent-workspace/builds/worker-6-tc1/target:/opt/rustwide/target:rw,Z" "-v" "/var/lib/crater-agent-workspace/builds/worker-6-tc1/source:/opt/rustwide/workdir:ro,Z" "-v" "/var/lib/crater-agent-workspace/cargo-home:/opt/rustwide/cargo-home:ro,Z" "-v" "/var/lib/crater-agent-workspace/rustup-home:/opt/rustwide/rustup-home:ro,Z" "-e" "SOURCE_DIR=/opt/rustwide/workdir" "-e" "CARGO_TARGET_DIR=/opt/rustwide/target" "-e" "CARGO_INCREMENTAL=0" "-e" "RUST_BACKTRACE=full" "-e" "RUSTFLAGS=--cap-lints=warn" "-e" "RUSTDOCFLAGS=--cap-lints=warn" "-e" "CARGO_HOME=/opt/rustwide/cargo-home" "-e" "RUSTUP_HOME=/opt/rustwide/rustup-home" "-w" "/opt/rustwide/workdir" "-m" "1610612736" "--user" "0:0" "--network" "none" "ghcr.io/rust-lang/crates-build-env/linux@sha256:5ff2268d62e97bff2cde7d5815dd6ed5b47097566f13b8d0ca110b04b60e07ed" "/opt/rustwide/cargo-home/bin/cargo" "+1.69.0" "build" "--frozen" "--message-format=json", kill_on_drop: false }`
[INFO] [stdout] f98160759764ce039012bc11973a6852a895864f1aadc86fd9184f2980d43f3f
[INFO] running `Command { std: "docker" "start" "-a" "f98160759764ce039012bc11973a6852a895864f1aadc86fd9184f2980d43f3f", kill_on_drop: false }`
[INFO] [stderr]    Compiling proc-macro2 v1.0.36
[INFO] [stderr]    Compiling syn v1.0.87
[INFO] [stderr]    Compiling serde_derive v1.0.136
[INFO] [stderr]    Compiling serde v1.0.136
[INFO] [stderr]    Compiling serde_json v1.0.79
[INFO] [stderr]    Compiling itoa v1.0.1
[INFO] [stderr]    Compiling regex-syntax v0.6.25
[INFO] [stderr]    Compiling aho-corasick v0.7.18
[INFO] [stderr]    Compiling ryu v1.0.9
[INFO] [stderr]    Compiling quote v1.0.15
[INFO] [stderr]    Compiling regex v1.5.5
[INFO] [stderr]    Compiling lexer-generator v0.1.4 (/opt/rustwide/workdir)
[INFO] [stdout] warning: found module declaration for lib.rs
[INFO] [stdout]  --> src/main.rs:1:1
[INFO] [stdout]   |
[INFO] [stdout] 1 | mod lib;
[INFO] [stdout]   | ^^^^^^^^
[INFO] [stdout]   |
[INFO] [stdout]   = note: lib.rs is the root of this crate's library target
[INFO] [stdout]   = help: to refer to it from other targets, use the library's name as the path
[INFO] [stdout]   = note: `#[warn(special_module_name)]` on by default
[INFO] [stdout] 
[INFO] [stdout] 
[INFO] [stdout] warning: 1 warning emitted
[INFO] [stdout] 
[INFO] [stdout] 
[INFO] [stderr]     Finished dev [unoptimized + debuginfo] target(s) in 17.60s
[INFO] running `Command { std: "docker" "inspect" "f98160759764ce039012bc11973a6852a895864f1aadc86fd9184f2980d43f3f", kill_on_drop: false }`
[INFO] running `Command { std: "docker" "rm" "-f" "f98160759764ce039012bc11973a6852a895864f1aadc86fd9184f2980d43f3f", kill_on_drop: false }`
[INFO] [stdout] f98160759764ce039012bc11973a6852a895864f1aadc86fd9184f2980d43f3f
[INFO] running `Command { std: "docker" "create" "-v" "/var/lib/crater-agent-workspace/builds/worker-6-tc1/target:/opt/rustwide/target:rw,Z" "-v" "/var/lib/crater-agent-workspace/builds/worker-6-tc1/source:/opt/rustwide/workdir:ro,Z" "-v" "/var/lib/crater-agent-workspace/cargo-home:/opt/rustwide/cargo-home:ro,Z" "-v" "/var/lib/crater-agent-workspace/rustup-home:/opt/rustwide/rustup-home:ro,Z" "-e" "SOURCE_DIR=/opt/rustwide/workdir" "-e" "CARGO_TARGET_DIR=/opt/rustwide/target" "-e" "CARGO_INCREMENTAL=0" "-e" "RUST_BACKTRACE=full" "-e" "RUSTFLAGS=--cap-lints=warn" "-e" "RUSTDOCFLAGS=--cap-lints=warn" "-e" "CARGO_HOME=/opt/rustwide/cargo-home" "-e" "RUSTUP_HOME=/opt/rustwide/rustup-home" "-w" "/opt/rustwide/workdir" "-m" "1610612736" "--user" "0:0" "--network" "none" "ghcr.io/rust-lang/crates-build-env/linux@sha256:5ff2268d62e97bff2cde7d5815dd6ed5b47097566f13b8d0ca110b04b60e07ed" "/opt/rustwide/cargo-home/bin/cargo" "+1.69.0" "test" "--frozen" "--no-run" "--message-format=json", kill_on_drop: false }`
[INFO] [stdout] cb2805a078f0fe75768aaecdddfd8b3269ad21b0751a5206bf540b39b80ee1bb
[INFO] running `Command { std: "docker" "start" "-a" "cb2805a078f0fe75768aaecdddfd8b3269ad21b0751a5206bf540b39b80ee1bb", kill_on_drop: false }`
[INFO] [stderr]     Blocking waiting for file lock on package cache
[INFO] [stderr]    Compiling lexer-generator v0.1.4 (/opt/rustwide/workdir)
[INFO] [stdout] warning: found module declaration for lib.rs
[INFO] [stdout]  --> src/main.rs:1:1
[INFO] [stdout]   |
[INFO] [stdout] 1 | mod lib;
[INFO] [stdout]   | ^^^^^^^^
[INFO] [stdout]   |
[INFO] [stdout]   = note: lib.rs is the root of this crate's library target
[INFO] [stdout]   = help: to refer to it from other targets, use the library's name as the path
[INFO] [stdout]   = note: `#[warn(special_module_name)]` on by default
[INFO] [stdout] 
[INFO] [stdout] 
[INFO] [stdout] warning: 1 warning emitted
[INFO] [stdout] 
[INFO] [stdout] 
[INFO] [stderr]     Finished test [unoptimized + debuginfo] target(s) in 0.69s
[INFO] running `Command { std: "docker" "inspect" "cb2805a078f0fe75768aaecdddfd8b3269ad21b0751a5206bf540b39b80ee1bb", kill_on_drop: false }`
[INFO] running `Command { std: "docker" "rm" "-f" "cb2805a078f0fe75768aaecdddfd8b3269ad21b0751a5206bf540b39b80ee1bb", kill_on_drop: false }`
[INFO] [stdout] cb2805a078f0fe75768aaecdddfd8b3269ad21b0751a5206bf540b39b80ee1bb
[INFO] running `Command { std: "docker" "create" "-v" "/var/lib/crater-agent-workspace/builds/worker-6-tc1/target:/opt/rustwide/target:rw,Z" "-v" "/var/lib/crater-agent-workspace/builds/worker-6-tc1/source:/opt/rustwide/workdir:ro,Z" "-v" "/var/lib/crater-agent-workspace/cargo-home:/opt/rustwide/cargo-home:ro,Z" "-v" "/var/lib/crater-agent-workspace/rustup-home:/opt/rustwide/rustup-home:ro,Z" "-e" "SOURCE_DIR=/opt/rustwide/workdir" "-e" "CARGO_TARGET_DIR=/opt/rustwide/target" "-e" "CARGO_INCREMENTAL=0" "-e" "RUST_BACKTRACE=full" "-e" "RUSTFLAGS=--cap-lints=warn" "-e" "RUSTDOCFLAGS=--cap-lints=warn" "-e" "CARGO_HOME=/opt/rustwide/cargo-home" "-e" "RUSTUP_HOME=/opt/rustwide/rustup-home" "-w" "/opt/rustwide/workdir" "-m" "1610612736" "--user" "0:0" "--network" "none" "ghcr.io/rust-lang/crates-build-env/linux@sha256:5ff2268d62e97bff2cde7d5815dd6ed5b47097566f13b8d0ca110b04b60e07ed" "/opt/rustwide/cargo-home/bin/cargo" "+1.69.0" "test" "--frozen", kill_on_drop: false }`
[INFO] [stdout] 88ede1f0b93654ef95523f386b1391f6b4b5ccbacf1447c6212b74ccfe8774d1
[INFO] running `Command { std: "docker" "start" "-a" "88ede1f0b93654ef95523f386b1391f6b4b5ccbacf1447c6212b74ccfe8774d1", kill_on_drop: false }`
[INFO] [stderr] warning: found module declaration for lib.rs
[INFO] [stderr]  --> src/main.rs:1:1
[INFO] [stderr]   |
[INFO] [stderr] 1 | mod lib;
[INFO] [stderr]   | ^^^^^^^^
[INFO] [stderr]   |
[INFO] [stderr]   = note: lib.rs is the root of this crate's library target
[INFO] [stderr]   = help: to refer to it from other targets, use the library's name as the path
[INFO] [stderr]   = note: `#[warn(special_module_name)]` on by default
[INFO] [stderr] 
[INFO] [stderr] warning: `lexer-generator` (bin "lexer-generator" test) generated 1 warning
[INFO] [stderr]     Finished test [unoptimized + debuginfo] target(s) in 0.01s
[INFO] [stderr]      Running unittests src/lib.rs (/opt/rustwide/target/debug/deps/lexer_generator-c68d2c648251d174)
[INFO] [stdout] 
[INFO] [stdout] running 0 tests
[INFO] [stdout] 
[INFO] [stdout] test result: ok. 0 passed; 0 failed; 0 ignored; 0 measured; 0 filtered out; finished in 0.00s
[INFO] [stdout] 
[INFO] [stderr]      Running unittests src/main.rs (/opt/rustwide/target/debug/deps/lexer_generator-fd70c3f5f47f33b3)
[INFO] [stdout] 
[INFO] [stdout] running 0 tests
[INFO] [stdout] 
[INFO] [stdout] test result: ok. 0 passed; 0 failed; 0 ignored; 0 measured; 0 filtered out; finished in 0.00s
[INFO] [stdout] 
[INFO] [stderr]    Doc-tests lexer-generator
[INFO] [stdout] 
[INFO] [stdout] running 4 tests
[INFO] [stdout] test src/lib.rs - Lexer (line 103) ... FAILED
[INFO] [stdout] test src/lib.rs - (line 10) ... FAILED
[INFO] [stdout] test src/lib.rs - (line 31) ... FAILED
[INFO] [stdout] test src/lib.rs - (line 23) ... FAILED
[INFO] [stdout] 
[INFO] [stdout] failures:
[INFO] [stdout] 
[INFO] [stdout] ---- src/lib.rs - Lexer (line 103) stdout ----
[INFO] [stdout] error[E0433]: failed to resolve: use of undeclared type `Lexer`
[INFO] [stdout]  --> src/lib.rs:104:17
[INFO] [stdout]   |
[INFO] [stdout] 3 | let mut lexer = Lexer::from(json, source);
[INFO] [stdout]   |                 ^^^^^ use of undeclared type `Lexer`
[INFO] [stdout]   |
[INFO] [stdout] help: consider importing this struct
[INFO] [stdout]   |
[INFO] [stdout] 2 | use lexer_generator::Lexer;
[INFO] [stdout]   |
[INFO] [stdout] 
[INFO] [stdout] error[E0425]: cannot find value `json` in this scope
[INFO] [stdout]  --> src/lib.rs:104:29
[INFO] [stdout]   |
[INFO] [stdout] 3 | let mut lexer = Lexer::from(json, source);
[INFO] [stdout]   |                             ^^^^ not found in this scope
[INFO] [stdout] 
[INFO] [stdout] error[E0425]: cannot find value `source` in this scope
[INFO] [stdout]  --> src/lib.rs:104:35
[INFO] [stdout]   |
[INFO] [stdout] 3 | let mut lexer = Lexer::from(json, source);
[INFO] [stdout]   |                                   ^^^^^^ not found in this scope
[INFO] [stdout] 
[INFO] [stdout] error: aborting due to 3 previous errors
[INFO] [stderr] error: doctest failed, to rerun pass `--doc`
[INFO] [stdout] 
[INFO] [stdout] Some errors have detailed explanations: E0425, E0433.
[INFO] [stdout] For more information about an error, try `rustc --explain E0425`.
[INFO] [stdout] Couldn't compile the test.
[INFO] [stdout] ---- src/lib.rs - (line 10) stdout ----
[INFO] [stdout] error: expected type, found `{`
[INFO] [stdout]  --> src/lib.rs:12:17
[INFO] [stdout]   |
[INFO] [stdout] 4 |     "literals": {
[INFO] [stdout]   |               - ^ expected type
[INFO] [stdout]   |               |
[INFO] [stdout]   |               tried to parse a type due to this
[INFO] [stdout] 
[INFO] [stdout] error: aborting due to previous error
[INFO] [stdout] 
[INFO] [stdout] Couldn't compile the test.
[INFO] [stdout] ---- src/lib.rs - (line 31) stdout ----
[INFO] [stdout] error: expected one of `.`, `;`, `?`, `}`, or an operator, found `->`
[INFO] [stdout]  --> src/lib.rs:32:19
[INFO] [stdout]   |
[INFO] [stdout] 3 | "123 + 456 * 789" -> Token("number", "123"), Token("add", "*"), Token("number", "456"), Token("multiply", "*"), Token("number", "789") //...
[INFO] [stdout]   |                   ^^ expected one of `.`, `;`, `?`, `}`, or an operator
[INFO] [stdout] 
[INFO] [stdout] error: aborting due to previous error
[INFO] [stdout] 
[INFO] [stdout] Couldn't compile the test.
[INFO] [stdout] ---- src/lib.rs - (line 23) stdout ----
[INFO] [stdout] error[E0433]: failed to resolve: use of undeclared type `Lexer`
[INFO] [stdout]  --> src/lib.rs:27:17
[INFO] [stdout]   |
[INFO] [stdout] 6 | let mut lexer = Lexer::from(json, source);
[INFO] [stdout]   |                 ^^^^^ use of undeclared type `Lexer`
[INFO] [stdout]   |
[INFO] [stdout] help: consider importing this struct
[INFO] [stdout]   |
[INFO] [stdout] 2 | use lexer_generator::Lexer;
[INFO] [stdout]   |
[INFO] [stdout] 
[INFO] [stdout] error: aborting due to previous error
[INFO] [stdout] 
[INFO] [stdout] For more information about this error, try `rustc --explain E0433`.
[INFO] [stdout] Couldn't compile the test.
[INFO] [stdout] 
[INFO] [stdout] failures:
[INFO] [stdout]     src/lib.rs - (line 10)
[INFO] [stdout]     src/lib.rs - (line 23)
[INFO] [stdout]     src/lib.rs - (line 31)
[INFO] [stdout]     src/lib.rs - Lexer (line 103)
[INFO] [stdout] 
[INFO] [stdout] test result: FAILED. 0 passed; 4 failed; 0 ignored; 0 measured; 0 filtered out; finished in 0.06s
[INFO] [stdout] 
[INFO] running `Command { std: "docker" "inspect" "88ede1f0b93654ef95523f386b1391f6b4b5ccbacf1447c6212b74ccfe8774d1", kill_on_drop: false }`
[INFO] running `Command { std: "docker" "rm" "-f" "88ede1f0b93654ef95523f386b1391f6b4b5ccbacf1447c6212b74ccfe8774d1", kill_on_drop: false }`
[INFO] [stdout] 88ede1f0b93654ef95523f386b1391f6b4b5ccbacf1447c6212b74ccfe8774d1
