[INFO] cloning repository https://github.com/Kumassy/async-cancellation
[INFO] running `Command { std: "git" "-c" "credential.helper=" "-c" "credential.helper=/workspace/cargo-home/bin/git-credential-null" "clone" "--bare" "https://github.com/Kumassy/async-cancellation" "/workspace/cache/git-repos/https%3A%2F%2Fgithub.com%2FKumassy%2Fasync-cancellation", kill_on_drop: false }`
[INFO] [stderr] Cloning into bare repository '/workspace/cache/git-repos/https%3A%2F%2Fgithub.com%2FKumassy%2Fasync-cancellation'...
[INFO] running `Command { std: "git" "rev-parse" "HEAD", kill_on_drop: false }`
[INFO] [stdout] 70f802343afe6d60577469c739fe7aa933f10c42
[INFO] testing Kumassy/async-cancellation against 1.69.0 for beta-1.70-1
[INFO] running `Command { std: "git" "clone" "/workspace/cache/git-repos/https%3A%2F%2Fgithub.com%2FKumassy%2Fasync-cancellation" "/workspace/builds/worker-1-tc1/source", kill_on_drop: false }`
[INFO] [stderr] Cloning into '/workspace/builds/worker-1-tc1/source'...
[INFO] [stderr] done.
[INFO] validating manifest of git repo https://github.com/Kumassy/async-cancellation on toolchain 1.69.0
[INFO] running `Command { std: CARGO_HOME="/workspace/cargo-home" RUSTUP_HOME="/workspace/rustup-home" "/workspace/cargo-home/bin/cargo" "+1.69.0" "metadata" "--manifest-path" "Cargo.toml" "--no-deps", kill_on_drop: false }`
[INFO] started tweaking git repo https://github.com/Kumassy/async-cancellation
[INFO] finished tweaking git repo https://github.com/Kumassy/async-cancellation
[INFO] tweaked toml for git repo https://github.com/Kumassy/async-cancellation written to /workspace/builds/worker-1-tc1/source/Cargo.toml
[INFO] crate git repo https://github.com/Kumassy/async-cancellation already has a lockfile, it will not be regenerated
[INFO] running `Command { std: CARGO_HOME="/workspace/cargo-home" RUSTUP_HOME="/workspace/rustup-home" "/workspace/cargo-home/bin/cargo" "+1.69.0" "fetch" "--manifest-path" "Cargo.toml", kill_on_drop: false }`
[INFO] running `Command { std: "docker" "create" "-v" "/var/lib/crater-agent-workspace/builds/worker-1-tc1/target:/opt/rustwide/target:rw,Z" "-v" "/var/lib/crater-agent-workspace/builds/worker-1-tc1/source:/opt/rustwide/workdir:ro,Z" "-v" "/var/lib/crater-agent-workspace/cargo-home:/opt/rustwide/cargo-home:ro,Z" "-v" "/var/lib/crater-agent-workspace/rustup-home:/opt/rustwide/rustup-home:ro,Z" "-e" "SOURCE_DIR=/opt/rustwide/workdir" "-e" "CARGO_TARGET_DIR=/opt/rustwide/target" "-e" "CARGO_HOME=/opt/rustwide/cargo-home" "-e" "RUSTUP_HOME=/opt/rustwide/rustup-home" "-w" "/opt/rustwide/workdir" "-m" "1610612736" "--user" "0:0" "--network" "none" "ghcr.io/rust-lang/crates-build-env/linux@sha256:5ff2268d62e97bff2cde7d5815dd6ed5b47097566f13b8d0ca110b04b60e07ed" "/opt/rustwide/cargo-home/bin/cargo" "+1.69.0" "metadata" "--no-deps" "--format-version=1", kill_on_drop: false }`
[INFO] [stdout] 32320770ee654aeddf8e7dbb00ff58a7c94c00a403b007ca721d342fdf9caf4a
[INFO] running `Command { std: "docker" "start" "-a" "32320770ee654aeddf8e7dbb00ff58a7c94c00a403b007ca721d342fdf9caf4a", kill_on_drop: false }`
[INFO] running `Command { std: "docker" "inspect" "32320770ee654aeddf8e7dbb00ff58a7c94c00a403b007ca721d342fdf9caf4a", kill_on_drop: false }`
[INFO] running `Command { std: "docker" "rm" "-f" "32320770ee654aeddf8e7dbb00ff58a7c94c00a403b007ca721d342fdf9caf4a", kill_on_drop: false }`
[INFO] [stdout] 32320770ee654aeddf8e7dbb00ff58a7c94c00a403b007ca721d342fdf9caf4a
[INFO] running `Command { std: "docker" "create" "-v" "/var/lib/crater-agent-workspace/builds/worker-1-tc1/target:/opt/rustwide/target:rw,Z" "-v" "/var/lib/crater-agent-workspace/builds/worker-1-tc1/source:/opt/rustwide/workdir:ro,Z" "-v" "/var/lib/crater-agent-workspace/cargo-home:/opt/rustwide/cargo-home:ro,Z" "-v" "/var/lib/crater-agent-workspace/rustup-home:/opt/rustwide/rustup-home:ro,Z" "-e" "SOURCE_DIR=/opt/rustwide/workdir" "-e" "CARGO_TARGET_DIR=/opt/rustwide/target" "-e" "CARGO_INCREMENTAL=0" "-e" "RUST_BACKTRACE=full" "-e" "RUSTFLAGS=--cap-lints=warn" "-e" "RUSTDOCFLAGS=--cap-lints=warn" "-e" "CARGO_HOME=/opt/rustwide/cargo-home" "-e" "RUSTUP_HOME=/opt/rustwide/rustup-home" "-w" "/opt/rustwide/workdir" "-m" "1610612736" "--user" "0:0" "--network" "none" "ghcr.io/rust-lang/crates-build-env/linux@sha256:5ff2268d62e97bff2cde7d5815dd6ed5b47097566f13b8d0ca110b04b60e07ed" "/opt/rustwide/cargo-home/bin/cargo" "+1.69.0" "build" "--frozen" "--message-format=json", kill_on_drop: false }`
[INFO] [stdout] 95807c8b9b230d7eb3dc5a13ad0eb5df64a1044307949575df5f195e05a1d4ec
[INFO] running `Command { std: "docker" "start" "-a" "95807c8b9b230d7eb3dc5a13ad0eb5df64a1044307949575df5f195e05a1d4ec", kill_on_drop: false }`
[INFO] [stderr]    Compiling proc-macro2 v1.0.30
[INFO] [stderr]    Compiling unicode-xid v0.2.2
[INFO] [stderr]    Compiling syn v1.0.80
[INFO] [stderr]    Compiling libc v0.2.104
[INFO] [stderr]    Compiling futures-core v0.3.17
[INFO] [stderr]    Compiling memchr v2.4.1
[INFO] [stderr]    Compiling futures-macro v0.3.17
[INFO] [stderr]    Compiling futures-task v0.3.17
[INFO] [stderr]    Compiling futures-sink v0.3.17
[INFO] [stderr]    Compiling futures-channel v0.3.17
[INFO] [stderr]    Compiling parking_lot_core v0.8.5
[INFO] [stderr]    Compiling proc-macro-nested v0.1.7
[INFO] [stderr]    Compiling pin-project-lite v0.2.7
[INFO] [stderr]    Compiling log v0.4.14
[INFO] [stderr]    Compiling instant v0.1.12
[INFO] [stderr]    Compiling futures-util v0.3.17
[INFO] [stderr]    Compiling smallvec v1.7.0
[INFO] [stderr]    Compiling lock_api v0.4.5
[INFO] [stderr]    Compiling tokio v1.12.0
[INFO] [stderr]    Compiling futures-io v0.3.17
[INFO] [stderr]    Compiling slab v0.4.5
[INFO] [stderr]    Compiling once_cell v1.8.0
[INFO] [stderr]    Compiling bytes v1.1.0
[INFO] [stderr]    Compiling quote v1.0.10
[INFO] [stderr]    Compiling mio v0.7.14
[INFO] [stderr]    Compiling num_cpus v1.13.0
[INFO] [stderr]    Compiling signal-hook-registry v1.4.0
[INFO] [stderr]    Compiling parking_lot v0.11.2
[INFO] [stderr]    Compiling tokio-macros v1.5.0
[INFO] [stderr]    Compiling futures-executor v0.3.17
[INFO] [stderr]    Compiling futures v0.3.17
[INFO] [stderr]    Compiling tokio-util v0.6.8
[INFO] [stderr]    Compiling async-cancellation v0.1.0 (/opt/rustwide/workdir)
[INFO] [stdout] warning: unused import: `TcpStream`
[INFO] [stdout]  --> src/main.rs:1:31
[INFO] [stdout]   |
[INFO] [stdout] 1 | use tokio::net::{TcpListener, TcpStream, ToSocketAddrs};
[INFO] [stdout]   |                               ^^^^^^^^^
[INFO] [stdout]   |
[INFO] [stdout]   = note: `#[warn(unused_imports)]` on by default
[INFO] [stdout] 
[INFO] [stdout] 
[INFO] [stdout] warning: unused variable: `socket`
[INFO] [stdout]   --> src/main.rs:13:18
[INFO] [stdout]    |
[INFO] [stdout] 13 |             let (socket, _) = listener.accept().await.unwrap();
[INFO] [stdout]    |                  ^^^^^^ help: if this is intentional, prefix it with an underscore: `_socket`
[INFO] [stdout]    |
[INFO] [stdout]    = note: `#[warn(unused_variables)]` on by default
[INFO] [stdout] 
[INFO] [stdout] 
[INFO] [stdout] warning: unused variable: `socket`
[INFO] [stdout]   --> src/main.rs:29:26
[INFO] [stdout]    |
[INFO] [stdout] 29 |                     let (socket, _) = result.unwrap();
[INFO] [stdout]    |                          ^^^^^^ help: if this is intentional, prefix it with an underscore: `_socket`
[INFO] [stdout] 
[INFO] [stdout] 
[INFO] [stdout] warning: function `spawn_tcpread` is never used
[INFO] [stdout]  --> src/main.rs:6:10
[INFO] [stdout]   |
[INFO] [stdout] 6 | async fn spawn_tcpread<A>(addr: A) -> io::Result<JoinHandle<()>> 
[INFO] [stdout]   |          ^^^^^^^^^^^^^
[INFO] [stdout]   |
[INFO] [stdout]   = note: `#[warn(dead_code)]` on by default
[INFO] [stdout] 
[INFO] [stdout] 
[INFO] [stdout] warning: function `spawn_tcpread_select` is never used
[INFO] [stdout]   --> src/main.rs:20:10
[INFO] [stdout]    |
[INFO] [stdout] 20 | async fn spawn_tcpread_select<A>(addr: A, token: CancellationToken) -> io::Result<JoinHandle<()>> 
[INFO] [stdout]    |          ^^^^^^^^^^^^^^^^^^^^
[INFO] [stdout] 
[INFO] [stdout] 
[INFO] [stdout] warning: 5 warnings emitted
[INFO] [stdout] 
[INFO] [stdout] 
[INFO] [stderr]     Finished dev [unoptimized + debuginfo] target(s) in 14.51s
[INFO] running `Command { std: "docker" "inspect" "95807c8b9b230d7eb3dc5a13ad0eb5df64a1044307949575df5f195e05a1d4ec", kill_on_drop: false }`
[INFO] running `Command { std: "docker" "rm" "-f" "95807c8b9b230d7eb3dc5a13ad0eb5df64a1044307949575df5f195e05a1d4ec", kill_on_drop: false }`
[INFO] [stdout] 95807c8b9b230d7eb3dc5a13ad0eb5df64a1044307949575df5f195e05a1d4ec
[INFO] running `Command { std: "docker" "create" "-v" "/var/lib/crater-agent-workspace/builds/worker-1-tc1/target:/opt/rustwide/target:rw,Z" "-v" "/var/lib/crater-agent-workspace/builds/worker-1-tc1/source:/opt/rustwide/workdir:ro,Z" "-v" "/var/lib/crater-agent-workspace/cargo-home:/opt/rustwide/cargo-home:ro,Z" "-v" "/var/lib/crater-agent-workspace/rustup-home:/opt/rustwide/rustup-home:ro,Z" "-e" "SOURCE_DIR=/opt/rustwide/workdir" "-e" "CARGO_TARGET_DIR=/opt/rustwide/target" "-e" "CARGO_INCREMENTAL=0" "-e" "RUST_BACKTRACE=full" "-e" "RUSTFLAGS=--cap-lints=warn" "-e" "RUSTDOCFLAGS=--cap-lints=warn" "-e" "CARGO_HOME=/opt/rustwide/cargo-home" "-e" "RUSTUP_HOME=/opt/rustwide/rustup-home" "-w" "/opt/rustwide/workdir" "-m" "1610612736" "--user" "0:0" "--network" "none" "ghcr.io/rust-lang/crates-build-env/linux@sha256:5ff2268d62e97bff2cde7d5815dd6ed5b47097566f13b8d0ca110b04b60e07ed" "/opt/rustwide/cargo-home/bin/cargo" "+1.69.0" "test" "--frozen" "--no-run" "--message-format=json", kill_on_drop: false }`
[INFO] [stdout] 13638f0b53f7d5a0c04e6cb81abb88e7996aecdab2e4f6aa3209c6049e4c392b
[INFO] running `Command { std: "docker" "start" "-a" "13638f0b53f7d5a0c04e6cb81abb88e7996aecdab2e4f6aa3209c6049e4c392b", kill_on_drop: false }`
[INFO] [stderr]    Compiling async-cancellation v0.1.0 (/opt/rustwide/workdir)
[INFO] [stdout] warning: unused variable: `socket`
[INFO] [stdout]   --> src/main.rs:13:18
[INFO] [stdout]    |
[INFO] [stdout] 13 |             let (socket, _) = listener.accept().await.unwrap();
[INFO] [stdout]    |                  ^^^^^^ help: if this is intentional, prefix it with an underscore: `_socket`
[INFO] [stdout]    |
[INFO] [stdout]    = note: `#[warn(unused_variables)]` on by default
[INFO] [stdout] 
[INFO] [stdout] 
[INFO] [stdout] warning: unused variable: `socket`
[INFO] [stdout]   --> src/main.rs:29:26
[INFO] [stdout]    |
[INFO] [stdout] 29 |                     let (socket, _) = result.unwrap();
[INFO] [stdout]    |                          ^^^^^^ help: if this is intentional, prefix it with an underscore: `_socket`
[INFO] [stdout] 
[INFO] [stdout] 
[INFO] [stdout] warning: unused variable: `v`
[INFO] [stdout]    --> src/main.rs:131:17
[INFO] [stdout]     |
[INFO] [stdout] 131 |                 v = handle => {},
[INFO] [stdout]     |                 ^ help: if this is intentional, prefix it with an underscore: `_v`
[INFO] [stdout] 
[INFO] [stdout] 
[INFO] [stdout] warning: 3 warnings emitted
[INFO] [stdout] 
[INFO] [stdout] 
[INFO] [stderr]     Finished test [unoptimized + debuginfo] target(s) in 1.63s
[INFO] running `Command { std: "docker" "inspect" "13638f0b53f7d5a0c04e6cb81abb88e7996aecdab2e4f6aa3209c6049e4c392b", kill_on_drop: false }`
[INFO] running `Command { std: "docker" "rm" "-f" "13638f0b53f7d5a0c04e6cb81abb88e7996aecdab2e4f6aa3209c6049e4c392b", kill_on_drop: false }`
[INFO] [stdout] 13638f0b53f7d5a0c04e6cb81abb88e7996aecdab2e4f6aa3209c6049e4c392b
[INFO] running `Command { std: "docker" "create" "-v" "/var/lib/crater-agent-workspace/builds/worker-1-tc1/target:/opt/rustwide/target:rw,Z" "-v" "/var/lib/crater-agent-workspace/builds/worker-1-tc1/source:/opt/rustwide/workdir:ro,Z" "-v" "/var/lib/crater-agent-workspace/cargo-home:/opt/rustwide/cargo-home:ro,Z" "-v" "/var/lib/crater-agent-workspace/rustup-home:/opt/rustwide/rustup-home:ro,Z" "-e" "SOURCE_DIR=/opt/rustwide/workdir" "-e" "CARGO_TARGET_DIR=/opt/rustwide/target" "-e" "CARGO_INCREMENTAL=0" "-e" "RUST_BACKTRACE=full" "-e" "RUSTFLAGS=--cap-lints=warn" "-e" "RUSTDOCFLAGS=--cap-lints=warn" "-e" "CARGO_HOME=/opt/rustwide/cargo-home" "-e" "RUSTUP_HOME=/opt/rustwide/rustup-home" "-w" "/opt/rustwide/workdir" "-m" "1610612736" "--user" "0:0" "--network" "none" "ghcr.io/rust-lang/crates-build-env/linux@sha256:5ff2268d62e97bff2cde7d5815dd6ed5b47097566f13b8d0ca110b04b60e07ed" "/opt/rustwide/cargo-home/bin/cargo" "+1.69.0" "test" "--frozen", kill_on_drop: false }`
[INFO] [stdout] 0df4f36190c3eeb5621dd7741cdaf19ac99a4d92a7cc09f0d7fccd601711c4c5
[INFO] running `Command { std: "docker" "start" "-a" "0df4f36190c3eeb5621dd7741cdaf19ac99a4d92a7cc09f0d7fccd601711c4c5", kill_on_drop: false }`
[INFO] [stderr] warning: unused variable: `socket`
[INFO] [stderr]   --> src/main.rs:13:18
[INFO] [stderr]    |
[INFO] [stderr] 13 |             let (socket, _) = listener.accept().await.unwrap();
[INFO] [stderr]    |                  ^^^^^^ help: if this is intentional, prefix it with an underscore: `_socket`
[INFO] [stderr]    |
[INFO] [stderr]    = note: `#[warn(unused_variables)]` on by default
[INFO] [stderr] 
[INFO] [stderr] warning: unused variable: `socket`
[INFO] [stderr]   --> src/main.rs:29:26
[INFO] [stderr]    |
[INFO] [stderr] 29 |                     let (socket, _) = result.unwrap();
[INFO] [stderr]    |                          ^^^^^^ help: if this is intentional, prefix it with an underscore: `_socket`
[INFO] [stderr] 
[INFO] [stderr] warning: unused variable: `v`
[INFO] [stderr]    --> src/main.rs:131:17
[INFO] [stderr]     |
[INFO] [stderr] 131 |                 v = handle => {},
[INFO] [stderr]     |                 ^ help: if this is intentional, prefix it with an underscore: `_v`
[INFO] [stderr] 
[INFO] [stderr] warning: `async-cancellation` (bin "async-cancellation" test) generated 3 warnings (run `cargo fix --bin "async-cancellation" --tests` to apply 3 suggestions)
[INFO] [stderr]     Finished test [unoptimized + debuginfo] target(s) in 0.03s
[INFO] [stderr]      Running unittests src/main.rs (/opt/rustwide/target/debug/deps/async_cancellation-8e928cdfe07465b0)
[INFO] [stdout] 
[INFO] [stdout] running 4 tests
[INFO] [stdout] test tests::test_spawn_tcpread_shutdown ... ok
[INFO] [stdout] test tests::test_spawn_tcpread_shutdown_token ... ok
[INFO] [stdout] test tests::test_spawn_tcpread_success ... ok
[INFO] [stdout] test tests::test_spawn_tcpread_shutdown_future ... FAILED
[INFO] [stdout] 
[INFO] [stdout] failures:
[INFO] [stdout] 
[INFO] [stdout] ---- tests::test_spawn_tcpread_shutdown_future stdout ----
[INFO] [stdout] thread 'tests::test_spawn_tcpread_shutdown_future' panicked at 'assertion failed: TcpStream::connect(\"127.0.0.1:8084\").await.is_err()', src/main.rs:96:9
[INFO] [stdout] stack backtrace:
[INFO] [stdout]    0:     0x5638ced7df4a - std::backtrace_rs::backtrace::libunwind::trace::ha9053a9a07ca49cb
[INFO] [stdout]                                at /rustc/84c898d65adf2f39a5a98507f1fe0ce10a2b8dbc/library/std/src/../../backtrace/src/backtrace/libunwind.rs:93:5
[INFO] [stdout]    1:     0x5638ced7df4a - std::backtrace_rs::backtrace::trace_unsynchronized::h9c2852a457ad564e
[INFO] [stdout]                                at /rustc/84c898d65adf2f39a5a98507f1fe0ce10a2b8dbc/library/std/src/../../backtrace/src/backtrace/mod.rs:66:5
[INFO] [stdout]    2:     0x5638ced7df4a - std::sys_common::backtrace::_print_fmt::h457936fbfaa0070f
[INFO] [stdout]                                at /rustc/84c898d65adf2f39a5a98507f1fe0ce10a2b8dbc/library/std/src/sys_common/backtrace.rs:65:5
[INFO] [stdout]    3:     0x5638ced7df4a - <std::sys_common::backtrace::_print::DisplayBacktrace as core::fmt::Display>::fmt::h5779d7bf7f70cb0c
[INFO] [stdout]                                at /rustc/84c898d65adf2f39a5a98507f1fe0ce10a2b8dbc/library/std/src/sys_common/backtrace.rs:44:22
[INFO] [stdout]    4:     0x5638ceda4a0e - core::fmt::write::h5a4baaff1bcd3eb5
[INFO] [stdout]                                at /rustc/84c898d65adf2f39a5a98507f1fe0ce10a2b8dbc/library/core/src/fmt/mod.rs:1232:17
[INFO] [stdout]    5:     0x5638ced7ad15 - std::io::Write::write_fmt::h478f79c628ef31d1
[INFO] [stdout]                                at /rustc/84c898d65adf2f39a5a98507f1fe0ce10a2b8dbc/library/std/src/io/mod.rs:1684:15
[INFO] [stdout]    6:     0x5638ced7dd15 - std::sys_common::backtrace::_print::h5fcdc36060f177e8
[INFO] [stdout]                                at /rustc/84c898d65adf2f39a5a98507f1fe0ce10a2b8dbc/library/std/src/sys_common/backtrace.rs:47:5
[INFO] [stdout]    7:     0x5638ced7dd15 - std::sys_common::backtrace::print::h54ca9458b876c8bf
[INFO] [stdout]                                at /rustc/84c898d65adf2f39a5a98507f1fe0ce10a2b8dbc/library/std/src/sys_common/backtrace.rs:34:9
[INFO] [stdout]    8:     0x5638ced7fadf - std::panicking::default_hook::{{closure}}::hbe471161c7664ed6
[INFO] [stdout]                                at /rustc/84c898d65adf2f39a5a98507f1fe0ce10a2b8dbc/library/std/src/panicking.rs:271:22
[INFO] [stdout]    9:     0x5638ced7f79f - std::panicking::default_hook::ha3500da57aa4ac4f
[INFO] [stdout]                                at /rustc/84c898d65adf2f39a5a98507f1fe0ce10a2b8dbc/library/std/src/panicking.rs:287:9
[INFO] [stdout]   10:     0x5638cec7ae17 - <alloc::boxed::Box<F,A> as core::ops::function::Fn<Args>>::call::hdf1b89dd137ece34
[INFO] [stdout]                                at /rustc/84c898d65adf2f39a5a98507f1fe0ce10a2b8dbc/library/alloc/src/boxed.rs:2001:9
[INFO] [stdout]   11:     0x5638cec7ae17 - test::test_main::{{closure}}::h9081a79f20e75698
[INFO] [stdout]                                at /rustc/84c898d65adf2f39a5a98507f1fe0ce10a2b8dbc/library/test/src/lib.rs:135:21
[INFO] [stdout]   12:     0x5638ced8020d - <alloc::boxed::Box<F,A> as core::ops::function::Fn<Args>>::call::h6507bddc3eebb4a5
[INFO] [stdout]                                at /rustc/84c898d65adf2f39a5a98507f1fe0ce10a2b8dbc/library/alloc/src/boxed.rs:2001:9
[INFO] [stdout]   13:     0x5638ced8020d - std::panicking::rust_panic_with_hook::h50c09d000dc561d2
[INFO] [stdout]                                at /rustc/84c898d65adf2f39a5a98507f1fe0ce10a2b8dbc/library/std/src/panicking.rs:696:13
[INFO] [stdout]   14:     0x5638ced7ff42 - std::panicking::begin_panic_handler::{{closure}}::h9e2b2176e00e0d9c
[INFO] [stdout]                                at /rustc/84c898d65adf2f39a5a98507f1fe0ce10a2b8dbc/library/std/src/panicking.rs:581:13
[INFO] [stdout]   15:     0x5638ced7e3b6 - std::sys_common::backtrace::__rust_end_short_backtrace::h5739b8e512c09d02
[INFO] [stdout]                                at /rustc/84c898d65adf2f39a5a98507f1fe0ce10a2b8dbc/library/std/src/sys_common/backtrace.rs:150:18
[INFO] [stdout]   16:     0x5638ced7fc92 - rust_begin_unwind
[INFO] [stdout]                                at /rustc/84c898d65adf2f39a5a98507f1fe0ce10a2b8dbc/library/std/src/panicking.rs:579:5
[INFO] [stdout]   17:     0x5638cebf7d93 - core::panicking::panic_fmt::hf33a1475b4dc5c3e
[INFO] [stdout]                                at /rustc/84c898d65adf2f39a5a98507f1fe0ce10a2b8dbc/library/core/src/panicking.rs:64:14
[INFO] [stdout]   18:     0x5638cebf7e2d - core::panicking::panic::h9533b2fee90b999e
[INFO] [stdout]                                at /rustc/84c898d65adf2f39a5a98507f1fe0ce10a2b8dbc/library/core/src/panicking.rs:114:5
[INFO] [stdout]   19:     0x5638cec36f00 - async_cancellation::tests::test_spawn_tcpread_shutdown_future::{{closure}}::h909b2b7f870ebd3c
[INFO] [stdout]                                at /opt/rustwide/workdir/src/main.rs:96:9
[INFO] [stdout]   20:     0x5638cec4b5cb - <core::pin::Pin<P> as core::future::future::Future>::poll::h262c7a099578fc5d
[INFO] [stdout]                                at /rustc/84c898d65adf2f39a5a98507f1fe0ce10a2b8dbc/library/core/src/future/future.rs:125:9
[INFO] [stdout]   21:     0x5638cec3b684 - tokio::runtime::basic_scheduler::Inner<P>::block_on::{{closure}}::{{closure}}::h32f78e83a0ed5268
[INFO] [stdout]                                at /opt/rustwide/cargo-home/registry/src/github.com-1ecc6299db9ec823/tokio-1.12.0/src/runtime/basic_scheduler.rs:230:62
[INFO] [stdout]   22:     0x5638cec34039 - tokio::coop::with_budget::{{closure}}::h6f48ee0fa4f0929a
[INFO] [stdout]                                at /opt/rustwide/cargo-home/registry/src/github.com-1ecc6299db9ec823/tokio-1.12.0/src/coop.rs:106:9
[INFO] [stdout]   23:     0x5638cec0f1a4 - std::thread::local::LocalKey<T>::try_with::h5504f6cd02effafc
[INFO] [stdout]                                at /rustc/84c898d65adf2f39a5a98507f1fe0ce10a2b8dbc/library/std/src/thread/local.rs:446:16
[INFO] [stdout]   24:     0x5638cec0e41a - std::thread::local::LocalKey<T>::with::h85ddf0e60833c66a
[INFO] [stdout]                                at /rustc/84c898d65adf2f39a5a98507f1fe0ce10a2b8dbc/library/std/src/thread/local.rs:422:9
[INFO] [stdout]   25:     0x5638cec3958b - tokio::coop::with_budget::hca3bb822264d9a2b
[INFO] [stdout]                                at /opt/rustwide/cargo-home/registry/src/github.com-1ecc6299db9ec823/tokio-1.12.0/src/coop.rs:99:5
[INFO] [stdout]   26:     0x5638cec3958b - tokio::coop::budget::h5b52c363924660f7
[INFO] [stdout]                                at /opt/rustwide/cargo-home/registry/src/github.com-1ecc6299db9ec823/tokio-1.12.0/src/coop.rs:76:5
[INFO] [stdout]   27:     0x5638cec3958b - tokio::runtime::basic_scheduler::Inner<P>::block_on::{{closure}}::h04daa66318954c81
[INFO] [stdout]                                at /opt/rustwide/cargo-home/registry/src/github.com-1ecc6299db9ec823/tokio-1.12.0/src/runtime/basic_scheduler.rs:230:39
[INFO] [stdout]   28:     0x5638cec3e081 - tokio::runtime::basic_scheduler::enter::{{closure}}::hcc83c4326dbe3533
[INFO] [stdout]                                at /opt/rustwide/cargo-home/registry/src/github.com-1ecc6299db9ec823/tokio-1.12.0/src/runtime/basic_scheduler.rs:339:29
[INFO] [stdout]   29:     0x5638cec4afc7 - tokio::macros::scoped_tls::ScopedKey<T>::set::h522c5bdc83ff7e10
[INFO] [stdout]                                at /opt/rustwide/cargo-home/registry/src/github.com-1ecc6299db9ec823/tokio-1.12.0/src/macros/scoped_tls.rs:61:9
[INFO] [stdout]   30:     0x5638cec3d5ad - tokio::runtime::basic_scheduler::enter::h1a6926debd1e1d11
[INFO] [stdout]                                at /opt/rustwide/cargo-home/registry/src/github.com-1ecc6299db9ec823/tokio-1.12.0/src/runtime/basic_scheduler.rs:339:5
[INFO] [stdout]   31:     0x5638cec385cb - tokio::runtime::basic_scheduler::Inner<P>::block_on::h11b1db6914c5b015
[INFO] [stdout]                                at /opt/rustwide/cargo-home/registry/src/github.com-1ecc6299db9ec823/tokio-1.12.0/src/runtime/basic_scheduler.rs:218:9
[INFO] [stdout]   32:     0x5638cec3bb82 - tokio::runtime::basic_scheduler::InnerGuard<P>::block_on::h8b46fa651b4d92b7
[INFO] [stdout]                                at /opt/rustwide/cargo-home/registry/src/github.com-1ecc6299db9ec823/tokio-1.12.0/src/runtime/basic_scheduler.rs:489:9
[INFO] [stdout]   33:     0x5638cec3bf27 - tokio::runtime::basic_scheduler::BasicScheduler<P>::block_on::h8c52e335547dc037
[INFO] [stdout]                                at /opt/rustwide/cargo-home/registry/src/github.com-1ecc6299db9ec823/tokio-1.12.0/src/runtime/basic_scheduler.rs:178:24
[INFO] [stdout]   34:     0x5638cec131bf - tokio::runtime::Runtime::block_on::hd390324df650a253
[INFO] [stdout]                                at /opt/rustwide/cargo-home/registry/src/github.com-1ecc6299db9ec823/tokio-1.12.0/src/runtime/mod.rs:461:46
[INFO] [stdout]   35:     0x5638cec364b2 - async_cancellation::tests::test_spawn_tcpread_shutdown_future::hbdcbcf2722473377
[INFO] [stdout]                                at /opt/rustwide/workdir/src/main.rs:97:9
[INFO] [stdout]   36:     0x5638cec36357 - async_cancellation::tests::test_spawn_tcpread_shutdown_future::{{closure}}::h1a7b9057a0fe68d4
[INFO] [stdout]                                at /opt/rustwide/workdir/src/main.rs:79:54
[INFO] [stdout]   37:     0x5638cec40295 - core::ops::function::FnOnce::call_once::h6ac2c5e25693dd89
[INFO] [stdout]                                at /rustc/84c898d65adf2f39a5a98507f1fe0ce10a2b8dbc/library/core/src/ops/function.rs:250:5
[INFO] [stdout]   38:     0x5638cec801ff - core::ops::function::FnOnce::call_once::h7d969581be7d0075
[INFO] [stdout]                                at /rustc/84c898d65adf2f39a5a98507f1fe0ce10a2b8dbc/library/core/src/ops/function.rs:250:5
[INFO] [stdout]   39:     0x5638cec801ff - test::__rust_begin_short_backtrace::hca25a52684e56655
[INFO] [stdout]                                at /rustc/84c898d65adf2f39a5a98507f1fe0ce10a2b8dbc/library/test/src/lib.rs:656:18
[INFO] [stdout]   40:     0x5638cec5181c - test::run_test::{{closure}}::ha8ac744c4af1a4bb
[INFO] [stdout]                                at /rustc/84c898d65adf2f39a5a98507f1fe0ce10a2b8dbc/library/test/src/lib.rs:647:30
[INFO] [stdout]   41:     0x5638cec5181c - core::ops::function::FnOnce::call_once{{vtable.shim}}::h7b411a9ed45bdecf
[INFO] [stdout]                                at /rustc/84c898d65adf2f39a5a98507f1fe0ce10a2b8dbc/library/core/src/ops/function.rs:250:5
[INFO] [stdout]   42:     0x5638cec7f1c6 - <alloc::boxed::Box<F,A> as core::ops::function::FnOnce<Args>>::call_once::hd05328869a8ed200
[INFO] [stdout]                                at /rustc/84c898d65adf2f39a5a98507f1fe0ce10a2b8dbc/library/alloc/src/boxed.rs:1987:9
[INFO] [stdout]   43:     0x5638cec7f1c6 - <core::panic::unwind_safe::AssertUnwindSafe<F> as core::ops::function::FnOnce<()>>::call_once::h0c601ce20bd5b2be
[INFO] [stdout]                                at /rustc/84c898d65adf2f39a5a98507f1fe0ce10a2b8dbc/library/core/src/panic/unwind_safe.rs:271:9
[INFO] [stdout]   44:     0x5638cec7f1c6 - std::panicking::try::do_call::ha4be5c164fe30854
[INFO] [stdout]                                at /rustc/84c898d65adf2f39a5a98507f1fe0ce10a2b8dbc/library/std/src/panicking.rs:487:40
[INFO] [stdout]   45:     0x5638cec7f1c6 - std::panicking::try::h604546f3609af05f
[INFO] [stdout]                                at /rustc/84c898d65adf2f39a5a98507f1fe0ce10a2b8dbc/library/std/src/panicking.rs:451:19
[INFO] [stdout]   46:     0x5638cec7f1c6 - std::panic::catch_unwind::h5bfa8afe44c9c2f9
[INFO] [stdout]                                at /rustc/84c898d65adf2f39a5a98507f1fe0ce10a2b8dbc/library/std/src/panic.rs:140:14
[INFO] [stdout]   47:     0x5638cec7f1c6 - test::run_test_in_process::hd50dee55dd63e6aa
[INFO] [stdout]                                at /rustc/84c898d65adf2f39a5a98507f1fe0ce10a2b8dbc/library/test/src/lib.rs:679:27
[INFO] [stdout]   48:     0x5638cec7f1c6 - test::run_test::run_test_inner::{{closure}}::h4aa0f433aa85cea8
[INFO] [stdout]                                at /rustc/84c898d65adf2f39a5a98507f1fe0ce10a2b8dbc/library/test/src/lib.rs:573:39
[INFO] [stdout]   49:     0x5638cec4be91 - test::run_test::run_test_inner::{{closure}}::had56431adf24b4d6
[INFO] [stdout]                                at /rustc/84c898d65adf2f39a5a98507f1fe0ce10a2b8dbc/library/test/src/lib.rs:600:37
[INFO] [stdout]   50:     0x5638cec4be91 - std::sys_common::backtrace::__rust_begin_short_backtrace::ha8d9890e0c73bf13
[INFO] [stdout]                                at /rustc/84c898d65adf2f39a5a98507f1fe0ce10a2b8dbc/library/std/src/sys_common/backtrace.rs:134:18
[INFO] [stdout]   51:     0x5638cec518ab - std::thread::Builder::spawn_unchecked_::{{closure}}::{{closure}}::h251832bcb4a95327
[INFO] [stdout]                                at /rustc/84c898d65adf2f39a5a98507f1fe0ce10a2b8dbc/library/std/src/thread/mod.rs:560:17
[INFO] [stdout]   52:     0x5638cec518ab - <core::panic::unwind_safe::AssertUnwindSafe<F> as core::ops::function::FnOnce<()>>::call_once::h8fdff598fa414831
[INFO] [stdout]                                at /rustc/84c898d65adf2f39a5a98507f1fe0ce10a2b8dbc/library/core/src/panic/unwind_safe.rs:271:9
[INFO] [stdout]   53:     0x5638cec518ab - std::panicking::try::do_call::h455dd2f7764a950f
[INFO] [stdout]                                at /rustc/84c898d65adf2f39a5a98507f1fe0ce10a2b8dbc/library/std/src/panicking.rs:487:40
[INFO] [stdout]   54:     0x5638cec518ab - std::panicking::try::had6f23b7b73ae72a
[INFO] [stdout]                                at /rustc/84c898d65adf2f39a5a98507f1fe0ce10a2b8dbc/library/std/src/panicking.rs:451:19
[INFO] [stdout]   55:     0x5638cec518ab - std::panic::catch_unwind::ha6a5ca3915b4dad0
[INFO] [stdout]                                at /rustc/84c898d65adf2f39a5a98507f1fe0ce10a2b8dbc/library/std/src/panic.rs:140:14
[INFO] [stdout]   56:     0x5638cec518ab - std::thread::Builder::spawn_unchecked_::{{closure}}::h883b72ef75da6231
[INFO] [stdout]                                at /rustc/84c898d65adf2f39a5a98507f1fe0ce10a2b8dbc/library/std/src/thread/mod.rs:559:30
[INFO] [stdout]   57:     0x5638cec518ab - core::ops::function::FnOnce::call_once{{vtable.shim}}::hb7dff73dc8bd2ccb
[INFO] [stdout]                                at /rustc/84c898d65adf2f39a5a98507f1fe0ce10a2b8dbc/library/core/src/ops/function.rs:250:5
[INFO] [stdout]   58:     0x5638ced84683 - <alloc::boxed::Box<F,A> as core::ops::function::FnOnce<Args>>::call_once::h39990b24eedef2ab
[INFO] [stdout]                                at /rustc/84c898d65adf2f39a5a98507f1fe0ce10a2b8dbc/library/alloc/src/boxed.rs:1987:9
[INFO] [stdout]   59:     0x5638ced84683 - <alloc::boxed::Box<F,A> as core::ops::function::FnOnce<Args>>::call_once::h01a027258444143b
[INFO] [stdout]                                at /rustc/84c898d65adf2f39a5a98507f1fe0ce10a2b8dbc/library/alloc/src/boxed.rs:1987:9
[INFO] [stdout]   60:     0x5638ced84683 - std::sys::unix::thread::Thread::new::thread_start::ha4f1cdd9c25884ba
[INFO] [stdout]                                at /rustc/84c898d65adf2f39a5a98507f1fe0ce10a2b8dbc/library/std/src/sys/unix/thread.rs:108:17
[INFO] [stdout]   61:     0x7f70ae0a2b43 - <unknown>
[INFO] [stdout]   62:     0x7f70ae133bb4 - __clone
[INFO] [stdout]   63:                0x0 - <unknown>
[INFO] [stdout] 
[INFO] [stdout] 
[INFO] [stdout] failures:
[INFO] [stdout]     tests::test_spawn_tcpread_shutdown_future
[INFO] [stdout] 
[INFO] [stdout] test result: FAILED. 3 passed; 1 failed; 0 ignored; 0 measured; 0 filtered out; finished in 1.13s
[INFO] [stdout] 
[INFO] [stderr] error: test failed, to rerun pass `--bin async-cancellation`
[INFO] running `Command { std: "docker" "inspect" "0df4f36190c3eeb5621dd7741cdaf19ac99a4d92a7cc09f0d7fccd601711c4c5", kill_on_drop: false }`
[INFO] running `Command { std: "docker" "rm" "-f" "0df4f36190c3eeb5621dd7741cdaf19ac99a4d92a7cc09f0d7fccd601711c4c5", kill_on_drop: false }`
[INFO] [stdout] 0df4f36190c3eeb5621dd7741cdaf19ac99a4d92a7cc09f0d7fccd601711c4c5
