[INFO] cloning repository https://github.com/Kmer-File-Format/kmers2kff
[INFO] running `Command { std: "git" "-c" "credential.helper=" "-c" "credential.helper=/workspace/cargo-home/bin/git-credential-null" "clone" "--bare" "https://github.com/Kmer-File-Format/kmers2kff" "/workspace/cache/git-repos/https%3A%2F%2Fgithub.com%2FKmer-File-Format%2Fkmers2kff", kill_on_drop: false }`
[INFO] [stderr] Cloning into bare repository '/workspace/cache/git-repos/https%3A%2F%2Fgithub.com%2FKmer-File-Format%2Fkmers2kff'...
[INFO] running `Command { std: "git" "rev-parse" "HEAD", kill_on_drop: false }`
[INFO] [stdout] dfff916ad4bd1f3a382e5d23c6a2dcefeab6b547
[INFO] testing Kmer-File-Format/kmers2kff against 1.69.0 for beta-1.70-1
[INFO] running `Command { std: "git" "clone" "/workspace/cache/git-repos/https%3A%2F%2Fgithub.com%2FKmer-File-Format%2Fkmers2kff" "/workspace/builds/worker-5-tc1/source", kill_on_drop: false }`
[INFO] [stderr] Cloning into '/workspace/builds/worker-5-tc1/source'...
[INFO] [stderr] done.
[INFO] validating manifest of git repo https://github.com/Kmer-File-Format/kmers2kff on toolchain 1.69.0
[INFO] running `Command { std: CARGO_HOME="/workspace/cargo-home" RUSTUP_HOME="/workspace/rustup-home" "/workspace/cargo-home/bin/cargo" "+1.69.0" "metadata" "--manifest-path" "Cargo.toml" "--no-deps", kill_on_drop: false }`
[INFO] started tweaking git repo https://github.com/Kmer-File-Format/kmers2kff
[INFO] finished tweaking git repo https://github.com/Kmer-File-Format/kmers2kff
[INFO] tweaked toml for git repo https://github.com/Kmer-File-Format/kmers2kff written to /workspace/builds/worker-5-tc1/source/Cargo.toml
[INFO] crate git repo https://github.com/Kmer-File-Format/kmers2kff already has a lockfile, it will not be regenerated
[INFO] running `Command { std: CARGO_HOME="/workspace/cargo-home" RUSTUP_HOME="/workspace/rustup-home" "/workspace/cargo-home/bin/cargo" "+1.69.0" "fetch" "--manifest-path" "Cargo.toml", kill_on_drop: false }`
[INFO] [stderr]     Updating git repository `https://github.com/Kmer-File-Format/kff-rust-api.git`
[INFO] [stderr]  Downloading crates ...
[INFO] [stderr]   Downloaded bitvec v0.20.1
[INFO] [stderr]   Downloaded radium v0.6.1
[INFO] running `Command { std: "docker" "create" "-v" "/var/lib/crater-agent-workspace/builds/worker-5-tc1/target:/opt/rustwide/target:rw,Z" "-v" "/var/lib/crater-agent-workspace/builds/worker-5-tc1/source:/opt/rustwide/workdir:ro,Z" "-v" "/var/lib/crater-agent-workspace/cargo-home:/opt/rustwide/cargo-home:ro,Z" "-v" "/var/lib/crater-agent-workspace/rustup-home:/opt/rustwide/rustup-home:ro,Z" "-e" "SOURCE_DIR=/opt/rustwide/workdir" "-e" "CARGO_TARGET_DIR=/opt/rustwide/target" "-e" "CARGO_HOME=/opt/rustwide/cargo-home" "-e" "RUSTUP_HOME=/opt/rustwide/rustup-home" "-w" "/opt/rustwide/workdir" "-m" "1610612736" "--user" "0:0" "--network" "none" "ghcr.io/rust-lang/crates-build-env/linux@sha256:5ff2268d62e97bff2cde7d5815dd6ed5b47097566f13b8d0ca110b04b60e07ed" "/opt/rustwide/cargo-home/bin/cargo" "+1.69.0" "metadata" "--no-deps" "--format-version=1", kill_on_drop: false }`
[INFO] [stdout] defb4df81f4152b2be06066b85ec25d23bd0687243cc150720cc3ab58a8376e4
[INFO] running `Command { std: "docker" "start" "-a" "defb4df81f4152b2be06066b85ec25d23bd0687243cc150720cc3ab58a8376e4", kill_on_drop: false }`
[INFO] running `Command { std: "docker" "inspect" "defb4df81f4152b2be06066b85ec25d23bd0687243cc150720cc3ab58a8376e4", kill_on_drop: false }`
[INFO] running `Command { std: "docker" "rm" "-f" "defb4df81f4152b2be06066b85ec25d23bd0687243cc150720cc3ab58a8376e4", kill_on_drop: false }`
[INFO] [stdout] defb4df81f4152b2be06066b85ec25d23bd0687243cc150720cc3ab58a8376e4
[INFO] running `Command { std: "docker" "create" "-v" "/var/lib/crater-agent-workspace/builds/worker-5-tc1/target:/opt/rustwide/target:rw,Z" "-v" "/var/lib/crater-agent-workspace/builds/worker-5-tc1/source:/opt/rustwide/workdir:ro,Z" "-v" "/var/lib/crater-agent-workspace/cargo-home:/opt/rustwide/cargo-home:ro,Z" "-v" "/var/lib/crater-agent-workspace/rustup-home:/opt/rustwide/rustup-home:ro,Z" "-e" "SOURCE_DIR=/opt/rustwide/workdir" "-e" "CARGO_TARGET_DIR=/opt/rustwide/target" "-e" "CARGO_INCREMENTAL=0" "-e" "RUST_BACKTRACE=full" "-e" "RUSTFLAGS=--cap-lints=warn" "-e" "RUSTDOCFLAGS=--cap-lints=warn" "-e" "CARGO_HOME=/opt/rustwide/cargo-home" "-e" "RUSTUP_HOME=/opt/rustwide/rustup-home" "-w" "/opt/rustwide/workdir" "-m" "1610612736" "--user" "0:0" "--network" "none" "ghcr.io/rust-lang/crates-build-env/linux@sha256:5ff2268d62e97bff2cde7d5815dd6ed5b47097566f13b8d0ca110b04b60e07ed" "/opt/rustwide/cargo-home/bin/cargo" "+1.69.0" "build" "--frozen" "--message-format=json", kill_on_drop: false }`
[INFO] [stdout] b464c3d59a1fb7d9ecb65b6d50e8dce83881ff779758681c841855a08b0bf4b4
[INFO] running `Command { std: "docker" "start" "-a" "b464c3d59a1fb7d9ecb65b6d50e8dce83881ff779758681c841855a08b0bf4b4", kill_on_drop: false }`
[INFO] [stderr]    Compiling proc-macro2 v1.0.24
[INFO] [stderr]    Compiling unicode-xid v0.2.1
[INFO] [stderr]    Compiling version_check v0.9.2
[INFO] [stderr]    Compiling memchr v2.3.4
[INFO] [stderr]    Compiling libc v0.2.82
[INFO] [stderr]    Compiling syn v1.0.58
[INFO] [stderr]    Compiling byteorder v1.4.2
[INFO] [stderr]    Compiling gcc v0.3.55
[INFO] [stderr]    Compiling serde v1.0.120
[INFO] [stderr]    Compiling radium v0.6.1
[INFO] [stderr]    Compiling log v0.4.13
[INFO] [stderr]    Compiling anyhow v1.0.38
[INFO] [stderr]    Compiling num-traits v0.2.14
[INFO] [stderr]    Compiling indexmap v1.6.1
[INFO] [stderr]    Compiling cfg-if v0.1.10
[INFO] [stderr]    Compiling unicode-segmentation v1.7.1
[INFO] [stderr]    Compiling thread_local v1.1.0
[INFO] [stderr]    Compiling either v1.6.1
[INFO] [stderr]    Compiling hashbrown v0.9.1
[INFO] [stderr]    Compiling proc-macro-error-attr v1.0.4
[INFO] [stderr]    Compiling proc-macro-error v1.0.4
[INFO] [stderr]    Compiling heck v0.3.2
[INFO] [stderr]    Compiling regex-automata v0.1.9
[INFO] [stderr]    Compiling tap v1.0.0
[INFO] [stderr]    Compiling quick-error v1.2.3
[INFO] [stderr]    Compiling funty v1.1.0
[INFO] [stderr]    Compiling regex-syntax v0.6.22
[INFO] [stderr]    Compiling wyz v0.2.0
[INFO] [stderr]    Compiling humantime v1.3.0
[INFO] [stderr]    Compiling quote v1.0.8
[INFO] [stderr]    Compiling fasthash-sys v0.3.2
[INFO] [stderr]    Compiling aho-corasick v0.7.15
[INFO] [stderr]    Compiling csv-core v0.1.10
[INFO] [stderr]    Compiling textwrap v0.12.1
[INFO] [stderr]    Compiling itertools v0.9.0
[INFO] [stderr]    Compiling bitvec v0.20.1
[INFO] [stderr]    Compiling rand v0.4.6
[INFO] [stderr]    Compiling atty v0.2.14
[INFO] [stderr]    Compiling seahash v3.0.7
[INFO] [stderr]    Compiling itoa v0.4.7
[INFO] [stderr]    Compiling os_str_bytes v2.4.0
[INFO] [stderr]    Compiling rustc-hash v1.1.0
[INFO] [stderr]    Compiling xoroshiro128 v0.3.0
[INFO] [stderr]    Compiling regex v1.4.3
[INFO] [stderr]    Compiling env_logger v0.7.1
[INFO] [stderr]    Compiling bstr v0.2.14
[INFO] [stderr]    Compiling csv v1.1.5
[INFO] [stderr]    Compiling thiserror-impl v1.0.23
[INFO] [stderr]    Compiling clap_derive v3.0.0-beta.2
[INFO] [stderr]    Compiling fasthash v0.4.0
[INFO] [stderr]    Compiling thiserror v1.0.23
[INFO] [stderr]    Compiling kff v0.1.0 (https://github.com/Kmer-File-Format/kff-rust-api.git#cc14a7f5)
[INFO] [stderr]    Compiling clap v3.0.0-beta.2
[INFO] [stderr]    Compiling kmers2kff v0.1.0 (/opt/rustwide/workdir)
[INFO] [stdout] warning: function `clean_temp_file` is never used
[INFO] [stdout]    --> src/main.rs:135:4
[INFO] [stdout]     |
[INFO] [stdout] 135 | fn clean_temp_file(minis: rustc_hash::FxHashSet<u128>, prefix: &str) -> Result<()> {
[INFO] [stdout]     |    ^^^^^^^^^^^^^^^
[INFO] [stdout]     |
[INFO] [stdout]     = note: `#[warn(dead_code)]` on by default
[INFO] [stdout] 
[INFO] [stdout] 
[INFO] [stdout] warning: function `create` is never used
[INFO] [stdout]   --> src/bucket.rs:58:8
[INFO] [stdout]    |
[INFO] [stdout] 58 | pub fn create(
[INFO] [stdout]    |        ^^^^^^
[INFO] [stdout] 
[INFO] [stdout] 
[INFO] [stdout] warning: function `write_kmer` is never used
[INFO] [stdout]   --> src/bucket.rs:97:8
[INFO] [stdout]    |
[INFO] [stdout] 97 | pub fn write_kmer(kmer: u128, count: u8, filename: &str) -> Result<()> {
[INFO] [stdout]    |        ^^^^^^^^^^
[INFO] [stdout] 
[INFO] [stdout] 
[INFO] [stdout] warning: function `read` is never used
[INFO] [stdout]    --> src/bucket.rs:113:8
[INFO] [stdout]     |
[INFO] [stdout] 113 | pub fn read(path: &str) -> Result<rustc_hash::FxHashMap<u128, u8>> {
[INFO] [stdout]     |        ^^^^
[INFO] [stdout] 
[INFO] [stdout] 
[INFO] [stdout] warning: 4 warnings emitted
[INFO] [stdout] 
[INFO] [stdout] 
[INFO] [stderr]     Finished dev [unoptimized + debuginfo] target(s) in 13.54s
[INFO] running `Command { std: "docker" "inspect" "b464c3d59a1fb7d9ecb65b6d50e8dce83881ff779758681c841855a08b0bf4b4", kill_on_drop: false }`
[INFO] running `Command { std: "docker" "rm" "-f" "b464c3d59a1fb7d9ecb65b6d50e8dce83881ff779758681c841855a08b0bf4b4", kill_on_drop: false }`
[INFO] [stdout] b464c3d59a1fb7d9ecb65b6d50e8dce83881ff779758681c841855a08b0bf4b4
[INFO] running `Command { std: "docker" "create" "-v" "/var/lib/crater-agent-workspace/builds/worker-5-tc1/target:/opt/rustwide/target:rw,Z" "-v" "/var/lib/crater-agent-workspace/builds/worker-5-tc1/source:/opt/rustwide/workdir:ro,Z" "-v" "/var/lib/crater-agent-workspace/cargo-home:/opt/rustwide/cargo-home:ro,Z" "-v" "/var/lib/crater-agent-workspace/rustup-home:/opt/rustwide/rustup-home:ro,Z" "-e" "SOURCE_DIR=/opt/rustwide/workdir" "-e" "CARGO_TARGET_DIR=/opt/rustwide/target" "-e" "CARGO_INCREMENTAL=0" "-e" "RUST_BACKTRACE=full" "-e" "RUSTFLAGS=--cap-lints=warn" "-e" "RUSTDOCFLAGS=--cap-lints=warn" "-e" "CARGO_HOME=/opt/rustwide/cargo-home" "-e" "RUSTUP_HOME=/opt/rustwide/rustup-home" "-w" "/opt/rustwide/workdir" "-m" "1610612736" "--user" "0:0" "--network" "none" "ghcr.io/rust-lang/crates-build-env/linux@sha256:5ff2268d62e97bff2cde7d5815dd6ed5b47097566f13b8d0ca110b04b60e07ed" "/opt/rustwide/cargo-home/bin/cargo" "+1.69.0" "test" "--frozen" "--no-run" "--message-format=json", kill_on_drop: false }`
[INFO] [stdout] 53a56e2ab7fd9ee56a71008e745297721230f0db0ae67da5117ee5e100bf4d6e
[INFO] running `Command { std: "docker" "start" "-a" "53a56e2ab7fd9ee56a71008e745297721230f0db0ae67da5117ee5e100bf4d6e", kill_on_drop: false }`
[INFO] [stderr]    Compiling kmers2kff v0.1.0 (/opt/rustwide/workdir)
[INFO] [stdout] warning: function `clean_temp_file` is never used
[INFO] [stdout]    --> src/main.rs:135:4
[INFO] [stdout]     |
[INFO] [stdout] 135 | fn clean_temp_file(minis: rustc_hash::FxHashSet<u128>, prefix: &str) -> Result<()> {
[INFO] [stdout]     |    ^^^^^^^^^^^^^^^
[INFO] [stdout]     |
[INFO] [stdout]     = note: `#[warn(dead_code)]` on by default
[INFO] [stdout] 
[INFO] [stdout] 
[INFO] [stdout] warning: function `create` is never used
[INFO] [stdout]   --> src/bucket.rs:58:8
[INFO] [stdout]    |
[INFO] [stdout] 58 | pub fn create(
[INFO] [stdout]    |        ^^^^^^
[INFO] [stdout] 
[INFO] [stdout] 
[INFO] [stdout] warning: function `write_kmer` is never used
[INFO] [stdout]   --> src/bucket.rs:97:8
[INFO] [stdout]    |
[INFO] [stdout] 97 | pub fn write_kmer(kmer: u128, count: u8, filename: &str) -> Result<()> {
[INFO] [stdout]    |        ^^^^^^^^^^
[INFO] [stdout] 
[INFO] [stdout] 
[INFO] [stdout] warning: function `read` is never used
[INFO] [stdout]    --> src/bucket.rs:113:8
[INFO] [stdout]     |
[INFO] [stdout] 113 | pub fn read(path: &str) -> Result<rustc_hash::FxHashMap<u128, u8>> {
[INFO] [stdout]     |        ^^^^
[INFO] [stdout] 
[INFO] [stdout] 
[INFO] [stdout] warning: 4 warnings emitted
[INFO] [stdout] 
[INFO] [stdout] 
[INFO] [stdout] warning: function `clean_temp_file` is never used
[INFO] [stdout]    --> src/main.rs:135:4
[INFO] [stdout]     |
[INFO] [stdout] 135 | fn clean_temp_file(minis: rustc_hash::FxHashSet<u128>, prefix: &str) -> Result<()> {
[INFO] [stdout]     |    ^^^^^^^^^^^^^^^
[INFO] [stdout]     |
[INFO] [stdout]     = note: `#[warn(dead_code)]` on by default
[INFO] [stdout] 
[INFO] [stdout] 
[INFO] [stdout] warning: function `create` is never used
[INFO] [stdout]   --> src/bucket.rs:58:8
[INFO] [stdout]    |
[INFO] [stdout] 58 | pub fn create(
[INFO] [stdout]    |        ^^^^^^
[INFO] [stdout] 
[INFO] [stdout] 
[INFO] [stdout] warning: function `write_kmer` is never used
[INFO] [stdout]   --> src/bucket.rs:97:8
[INFO] [stdout]    |
[INFO] [stdout] 97 | pub fn write_kmer(kmer: u128, count: u8, filename: &str) -> Result<()> {
[INFO] [stdout]    |        ^^^^^^^^^^
[INFO] [stdout] 
[INFO] [stdout] 
[INFO] [stdout] warning: function `read` is never used
[INFO] [stdout]    --> src/bucket.rs:113:8
[INFO] [stdout]     |
[INFO] [stdout] 113 | pub fn read(path: &str) -> Result<rustc_hash::FxHashMap<u128, u8>> {
[INFO] [stdout]     |        ^^^^
[INFO] [stdout] 
[INFO] [stdout] 
[INFO] [stdout] warning: 4 warnings emitted
[INFO] [stdout] 
[INFO] [stdout] 
[INFO] [stderr]     Finished test [unoptimized + debuginfo] target(s) in 1.08s
[INFO] running `Command { std: "docker" "inspect" "53a56e2ab7fd9ee56a71008e745297721230f0db0ae67da5117ee5e100bf4d6e", kill_on_drop: false }`
[INFO] running `Command { std: "docker" "rm" "-f" "53a56e2ab7fd9ee56a71008e745297721230f0db0ae67da5117ee5e100bf4d6e", kill_on_drop: false }`
[INFO] [stdout] 53a56e2ab7fd9ee56a71008e745297721230f0db0ae67da5117ee5e100bf4d6e
[INFO] running `Command { std: "docker" "create" "-v" "/var/lib/crater-agent-workspace/builds/worker-5-tc1/target:/opt/rustwide/target:rw,Z" "-v" "/var/lib/crater-agent-workspace/builds/worker-5-tc1/source:/opt/rustwide/workdir:ro,Z" "-v" "/var/lib/crater-agent-workspace/cargo-home:/opt/rustwide/cargo-home:ro,Z" "-v" "/var/lib/crater-agent-workspace/rustup-home:/opt/rustwide/rustup-home:ro,Z" "-e" "SOURCE_DIR=/opt/rustwide/workdir" "-e" "CARGO_TARGET_DIR=/opt/rustwide/target" "-e" "CARGO_INCREMENTAL=0" "-e" "RUST_BACKTRACE=full" "-e" "RUSTFLAGS=--cap-lints=warn" "-e" "RUSTDOCFLAGS=--cap-lints=warn" "-e" "CARGO_HOME=/opt/rustwide/cargo-home" "-e" "RUSTUP_HOME=/opt/rustwide/rustup-home" "-w" "/opt/rustwide/workdir" "-m" "1610612736" "--user" "0:0" "--network" "none" "ghcr.io/rust-lang/crates-build-env/linux@sha256:5ff2268d62e97bff2cde7d5815dd6ed5b47097566f13b8d0ca110b04b60e07ed" "/opt/rustwide/cargo-home/bin/cargo" "+1.69.0" "test" "--frozen", kill_on_drop: false }`
[INFO] [stdout] c25b8319ca1c6ea05720275df336d07b235943d6ced5ac6de48bc491b5e2fa30
[INFO] running `Command { std: "docker" "start" "-a" "c25b8319ca1c6ea05720275df336d07b235943d6ced5ac6de48bc491b5e2fa30", kill_on_drop: false }`
[INFO] [stderr] warning: function `clean_temp_file` is never used
[INFO] [stderr]    --> src/main.rs:135:4
[INFO] [stderr]     |
[INFO] [stderr] 135 | fn clean_temp_file(minis: rustc_hash::FxHashSet<u128>, prefix: &str) -> Result<()> {
[INFO] [stderr]     |    ^^^^^^^^^^^^^^^
[INFO] [stderr]     |
[INFO] [stderr]     = note: `#[warn(dead_code)]` on by default
[INFO] [stderr] 
[INFO] [stderr] warning: function `create` is never used
[INFO] [stderr]   --> src/bucket.rs:58:8
[INFO] [stderr]    |
[INFO] [stderr] 58 | pub fn create(
[INFO] [stderr]    |        ^^^^^^
[INFO] [stderr] 
[INFO] [stderr] warning: function `write_kmer` is never used
[INFO] [stderr]   --> src/bucket.rs:97:8
[INFO] [stderr]    |
[INFO] [stderr] 97 | pub fn write_kmer(kmer: u128, count: u8, filename: &str) -> Result<()> {
[INFO] [stderr]    |        ^^^^^^^^^^
[INFO] [stderr] 
[INFO] [stderr] warning: function `read` is never used
[INFO] [stderr]    --> src/bucket.rs:113:8
[INFO] [stderr]     |
[INFO] [stderr] 113 | pub fn read(path: &str) -> Result<rustc_hash::FxHashMap<u128, u8>> {
[INFO] [stderr]     |        ^^^^
[INFO] [stderr] 
[INFO] [stderr] warning: `kmers2kff` (bin "kmers2kff" test) generated 4 warnings
[INFO] [stderr] warning: `kmers2kff` (bin "kmers2kff") generated 4 warnings (4 duplicates)
[INFO] [stderr]     Finished test [unoptimized + debuginfo] target(s) in 0.06s
[INFO] [stderr]      Running unittests src/main.rs (/opt/rustwide/target/debug/deps/kmers2kff-d656c9927cc5ad47)
[INFO] [stdout] 
[INFO] [stdout] running 8 tests
[INFO] [stdout] test seq2bits::test::bit2seq_ ... ok
[INFO] [stdout] test seq2bits::test::canonical_ ... ok
[INFO] [stdout] test seq2bits::test::rev_ ... ok
[INFO] [stdout] test seq2bits::test::multi_mini ... ok
[INFO] [stdout] test seq2bits::test::canonical_by_minimizer ... ok
[INFO] [stdout] test seq2bits::test::revcomp_ ... ok
[INFO] [stdout] test seq2bits::test::large_kmer ... ok
[INFO] [stderr]      Running tests/run.rs (/opt/rustwide/target/debug/deps/run-e446ca27193dde02)
[INFO] [stdout] test seq2bits::test::seq2bit_ ... ok
[INFO] [stdout] 
[INFO] [stdout] test result: ok. 8 passed; 0 failed; 0 ignored; 0 measured; 0 filtered out; finished in 0.01s
[INFO] [stdout] 
[INFO] [stdout] 
[INFO] [stdout] running 1 test
[INFO] [stdout] test all_kmer_is_present ... FAILED
[INFO] [stdout] 
[INFO] [stdout] failures:
[INFO] [stdout] 
[INFO] [stdout] ---- all_kmer_is_present stdout ----
[INFO] [stdout] thread 'all_kmer_is_present' panicked at 'Couldn't create kmers2kff subprocess: Os { code: 2, kind: NotFound, message: "No such file or directory" }', tests/run.rs:121:10
[INFO] [stdout] stack backtrace:
[INFO] [stdout]    0:     0x560bf9eac47a - std::backtrace_rs::backtrace::libunwind::trace::ha9053a9a07ca49cb
[INFO] [stdout]                                at /rustc/84c898d65adf2f39a5a98507f1fe0ce10a2b8dbc/library/std/src/../../backtrace/src/backtrace/libunwind.rs:93:5
[INFO] [stdout]    1:     0x560bf9eac47a - std::backtrace_rs::backtrace::trace_unsynchronized::h9c2852a457ad564e
[INFO] [stdout]                                at /rustc/84c898d65adf2f39a5a98507f1fe0ce10a2b8dbc/library/std/src/../../backtrace/src/backtrace/mod.rs:66:5
[INFO] [stdout]    2:     0x560bf9eac47a - std::sys_common::backtrace::_print_fmt::h457936fbfaa0070f
[INFO] [stdout]                                at /rustc/84c898d65adf2f39a5a98507f1fe0ce10a2b8dbc/library/std/src/sys_common/backtrace.rs:65:5
[INFO] [stdout]    3:     0x560bf9eac47a - <std::sys_common::backtrace::_print::DisplayBacktrace as core::fmt::Display>::fmt::h5779d7bf7f70cb0c
[INFO] [stdout]                                at /rustc/84c898d65adf2f39a5a98507f1fe0ce10a2b8dbc/library/std/src/sys_common/backtrace.rs:44:22
[INFO] [stdout]    4:     0x560bf9ed02ee - core::fmt::write::h5a4baaff1bcd3eb5
[INFO] [stdout]                                at /rustc/84c898d65adf2f39a5a98507f1fe0ce10a2b8dbc/library/core/src/fmt/mod.rs:1232:17
[INFO] [stdout]    5:     0x560bf9ea97b5 - std::io::Write::write_fmt::h478f79c628ef31d1
[INFO] [stdout]                                at /rustc/84c898d65adf2f39a5a98507f1fe0ce10a2b8dbc/library/std/src/io/mod.rs:1684:15
[INFO] [stdout]    6:     0x560bf9eac245 - std::sys_common::backtrace::_print::h5fcdc36060f177e8
[INFO] [stdout]                                at /rustc/84c898d65adf2f39a5a98507f1fe0ce10a2b8dbc/library/std/src/sys_common/backtrace.rs:47:5
[INFO] [stdout]    7:     0x560bf9eac245 - std::sys_common::backtrace::print::h54ca9458b876c8bf
[INFO] [stdout]                                at /rustc/84c898d65adf2f39a5a98507f1fe0ce10a2b8dbc/library/std/src/sys_common/backtrace.rs:34:9
[INFO] [stdout]    8:     0x560bf9eae00f - std::panicking::default_hook::{{closure}}::hbe471161c7664ed6
[INFO] [stdout]                                at /rustc/84c898d65adf2f39a5a98507f1fe0ce10a2b8dbc/library/std/src/panicking.rs:271:22
[INFO] [stdout]    9:     0x560bf9eadccf - std::panicking::default_hook::ha3500da57aa4ac4f
[INFO] [stdout]                                at /rustc/84c898d65adf2f39a5a98507f1fe0ce10a2b8dbc/library/std/src/panicking.rs:287:9
[INFO] [stdout]   10:     0x560bf9e6c2e7 - <alloc::boxed::Box<F,A> as core::ops::function::Fn<Args>>::call::hdf1b89dd137ece34
[INFO] [stdout]                                at /rustc/84c898d65adf2f39a5a98507f1fe0ce10a2b8dbc/library/alloc/src/boxed.rs:2001:9
[INFO] [stdout]   11:     0x560bf9e6c2e7 - test::test_main::{{closure}}::h9081a79f20e75698
[INFO] [stdout]                                at /rustc/84c898d65adf2f39a5a98507f1fe0ce10a2b8dbc/library/test/src/lib.rs:135:21
[INFO] [stdout]   12:     0x560bf9eae73d - <alloc::boxed::Box<F,A> as core::ops::function::Fn<Args>>::call::h6507bddc3eebb4a5
[INFO] [stdout]                                at /rustc/84c898d65adf2f39a5a98507f1fe0ce10a2b8dbc/library/alloc/src/boxed.rs:2001:9
[INFO] [stdout]   13:     0x560bf9eae73d - std::panicking::rust_panic_with_hook::h50c09d000dc561d2
[INFO] [stdout]                                at /rustc/84c898d65adf2f39a5a98507f1fe0ce10a2b8dbc/library/std/src/panicking.rs:696:13
[INFO] [stdout]   14:     0x560bf9eae4b9 - std::panicking::begin_panic_handler::{{closure}}::h9e2b2176e00e0d9c
[INFO] [stdout]                                at /rustc/84c898d65adf2f39a5a98507f1fe0ce10a2b8dbc/library/std/src/panicking.rs:583:13
[INFO] [stdout]   15:     0x560bf9eac8e6 - std::sys_common::backtrace::__rust_end_short_backtrace::h5739b8e512c09d02
[INFO] [stdout]                                at /rustc/84c898d65adf2f39a5a98507f1fe0ce10a2b8dbc/library/std/src/sys_common/backtrace.rs:150:18
[INFO] [stdout]   16:     0x560bf9eae1c2 - rust_begin_unwind
[INFO] [stdout]                                at /rustc/84c898d65adf2f39a5a98507f1fe0ce10a2b8dbc/library/std/src/panicking.rs:579:5
[INFO] [stdout]   17:     0x560bf9dfeb83 - core::panicking::panic_fmt::hf33a1475b4dc5c3e
[INFO] [stdout]                                at /rustc/84c898d65adf2f39a5a98507f1fe0ce10a2b8dbc/library/core/src/panicking.rs:64:14
[INFO] [stdout]   18:     0x560bf9dfefd3 - core::result::unwrap_failed::hdff5465d74574b44
[INFO] [stdout]                                at /rustc/84c898d65adf2f39a5a98507f1fe0ce10a2b8dbc/library/core/src/result.rs:1750:5
[INFO] [stdout]   19:     0x560bf9e0ee75 - core::result::Result<T,E>::expect::hb3c217871bd584a5
[INFO] [stdout]                                at /rustc/84c898d65adf2f39a5a98507f1fe0ce10a2b8dbc/library/core/src/result.rs:1047:23
[INFO] [stdout]   20:     0x560bf9e1d65d - run::all_kmer_is_present::h2f486bc5415c79e2
[INFO] [stdout]                                at /opt/rustwide/workdir/tests/run.rs:105:21
[INFO] [stdout]   21:     0x560bf9e1d537 - run::all_kmer_is_present::{{closure}}::h4badb24b53caf683
[INFO] [stdout]                                at /opt/rustwide/workdir/tests/run.rs:104:26
[INFO] [stdout]   22:     0x560bf9e15255 - core::ops::function::FnOnce::call_once::hd91f5bc772bf5b89
[INFO] [stdout]                                at /rustc/84c898d65adf2f39a5a98507f1fe0ce10a2b8dbc/library/core/src/ops/function.rs:250:5
[INFO] [stdout]   23:     0x560bf9e716cf - core::ops::function::FnOnce::call_once::h7d969581be7d0075
[INFO] [stdout]                                at /rustc/84c898d65adf2f39a5a98507f1fe0ce10a2b8dbc/library/core/src/ops/function.rs:250:5
[INFO] [stdout]   24:     0x560bf9e716cf - test::__rust_begin_short_backtrace::hca25a52684e56655
[INFO] [stdout]                                at /rustc/84c898d65adf2f39a5a98507f1fe0ce10a2b8dbc/library/test/src/lib.rs:656:18
[INFO] [stdout]   25:     0x560bf9e42cec - test::run_test::{{closure}}::ha8ac744c4af1a4bb
[INFO] [stdout]                                at /rustc/84c898d65adf2f39a5a98507f1fe0ce10a2b8dbc/library/test/src/lib.rs:647:30
[INFO] [stdout]   26:     0x560bf9e42cec - core::ops::function::FnOnce::call_once{{vtable.shim}}::h7b411a9ed45bdecf
[INFO] [stdout]                                at /rustc/84c898d65adf2f39a5a98507f1fe0ce10a2b8dbc/library/core/src/ops/function.rs:250:5
[INFO] [stdout]   27:     0x560bf9e70696 - <alloc::boxed::Box<F,A> as core::ops::function::FnOnce<Args>>::call_once::hd05328869a8ed200
[INFO] [stdout]                                at /rustc/84c898d65adf2f39a5a98507f1fe0ce10a2b8dbc/library/alloc/src/boxed.rs:1987:9
[INFO] [stdout]   28:     0x560bf9e70696 - <core::panic::unwind_safe::AssertUnwindSafe<F> as core::ops::function::FnOnce<()>>::call_once::h0c601ce20bd5b2be
[INFO] [stdout]                                at /rustc/84c898d65adf2f39a5a98507f1fe0ce10a2b8dbc/library/core/src/panic/unwind_safe.rs:271:9
[INFO] [stdout]   29:     0x560bf9e70696 - std::panicking::try::do_call::ha4be5c164fe30854
[INFO] [stdout]                                at /rustc/84c898d65adf2f39a5a98507f1fe0ce10a2b8dbc/library/std/src/panicking.rs:487:40
[INFO] [stdout]   30:     0x560bf9e70696 - std::panicking::try::h604546f3609af05f
[INFO] [stdout]                                at /rustc/84c898d65adf2f39a5a98507f1fe0ce10a2b8dbc/library/std/src/panicking.rs:451:19
[INFO] [stdout]   31:     0x560bf9e70696 - std::panic::catch_unwind::h5bfa8afe44c9c2f9
[INFO] [stdout]                                at /rustc/84c898d65adf2f39a5a98507f1fe0ce10a2b8dbc/library/std/src/panic.rs:140:14
[INFO] [stdout]   32:     0x560bf9e70696 - test::run_test_in_process::hd50dee55dd63e6aa
[INFO] [stdout]                                at /rustc/84c898d65adf2f39a5a98507f1fe0ce10a2b8dbc/library/test/src/lib.rs:679:27
[INFO] [stdout]   33:     0x560bf9e70696 - test::run_test::run_test_inner::{{closure}}::h4aa0f433aa85cea8
[INFO] [stdout]                                at /rustc/84c898d65adf2f39a5a98507f1fe0ce10a2b8dbc/library/test/src/lib.rs:573:39
[INFO] [stdout]   34:     0x560bf9e3d361 - test::run_test::run_test_inner::{{closure}}::had56431adf24b4d6
[INFO] [stdout]                                at /rustc/84c898d65adf2f39a5a98507f1fe0ce10a2b8dbc/library/test/src/lib.rs:600:37
[INFO] [stdout]   35:     0x560bf9e3d361 - std::sys_common::backtrace::__rust_begin_short_backtrace::ha8d9890e0c73bf13
[INFO] [stdout]                                at /rustc/84c898d65adf2f39a5a98507f1fe0ce10a2b8dbc/library/std/src/sys_common/backtrace.rs:134:18
[INFO] [stdout]   36:     0x560bf9e42d7b - std::thread::Builder::spawn_unchecked_::{{closure}}::{{closure}}::h251832bcb4a95327
[INFO] [stdout]                                at /rustc/84c898d65adf2f39a5a98507f1fe0ce10a2b8dbc/library/std/src/thread/mod.rs:560:17
[INFO] [stdout]   37:     0x560bf9e42d7b - <core::panic::unwind_safe::AssertUnwindSafe<F> as core::ops::function::FnOnce<()>>::call_once::h8fdff598fa414831
[INFO] [stdout]                                at /rustc/84c898d65adf2f39a5a98507f1fe0ce10a2b8dbc/library/core/src/panic/unwind_safe.rs:271:9
[INFO] [stdout]   38:     0x560bf9e42d7b - std::panicking::try::do_call::h455dd2f7764a950f
[INFO] [stdout]                                at /rustc/84c898d65adf2f39a5a98507f1fe0ce10a2b8dbc/library/std/src/panicking.rs:487:40
[INFO] [stdout]   39:     0x560bf9e42d7b - std::panicking::try::had6f23b7b73ae72a
[INFO] [stdout]                                at /rustc/84c898d65adf2f39a5a98507f1fe0ce10a2b8dbc/library/std/src/panicking.rs:451:19
[INFO] [stdout]   40:     0x560bf9e42d7b - std::panic::catch_unwind::ha6a5ca3915b4dad0
[INFO] [stdout]                                at /rustc/84c898d65adf2f39a5a98507f1fe0ce10a2b8dbc/library/std/src/panic.rs:140:14
[INFO] [stdout]   41:     0x560bf9e42d7b - std::thread::Builder::spawn_unchecked_::{{closure}}::h883b72ef75da6231
[INFO] [stdout]                                at /rustc/84c898d65adf2f39a5a98507f1fe0ce10a2b8dbc/library/std/src/thread/mod.rs:559:30
[INFO] [stdout]   42:     0x560bf9e42d7b - core::ops::function::FnOnce::call_once{{vtable.shim}}::hb7dff73dc8bd2ccb
[INFO] [stdout]                                at /rustc/84c898d65adf2f39a5a98507f1fe0ce10a2b8dbc/library/core/src/ops/function.rs:250:5
[INFO] [stdout]   43:     0x560bf9eb2ba3 - <alloc::boxed::Box<F,A> as core::ops::function::FnOnce<Args>>::call_once::h39990b24eedef2ab
[INFO] [stdout]                                at /rustc/84c898d65adf2f39a5a98507f1fe0ce10a2b8dbc/library/alloc/src/boxed.rs:1987:9
[INFO] [stdout]   44:     0x560bf9eb2ba3 - <alloc::boxed::Box<F,A> as core::ops::function::FnOnce<Args>>::call_once::h01a027258444143b
[INFO] [stdout]                                at /rustc/84c898d65adf2f39a5a98507f1fe0ce10a2b8dbc/library/alloc/src/boxed.rs:1987:9
[INFO] [stdout]   45:     0x560bf9eb2ba3 - std::sys::unix::thread::Thread::new::thread_start::ha4f1cdd9c25884ba
[INFO] [stdout]                                at /rustc/84c898d65adf2f39a5a98507f1fe0ce10a2b8dbc/library/std/src/sys/unix/thread.rs:108:17
[INFO] [stdout]   46:     0x7f2351966b43 - <unknown>
[INFO] [stdout]   47:     0x7f23519f7bb4 - __clone
[INFO] [stdout]   48:                0x0 - <unknown>
[INFO] [stdout] 
[INFO] [stdout] 
[INFO] [stdout] failures:
[INFO] [stdout]     all_kmer_is_present
[INFO] [stdout] 
[INFO] [stdout] test result: FAILED. 0 passed; 1 failed; 0 ignored; 0 measured; 0 filtered out; finished in 0.02s
[INFO] [stdout] 
[INFO] [stderr] error: test failed, to rerun pass `--test run`
[INFO] running `Command { std: "docker" "inspect" "c25b8319ca1c6ea05720275df336d07b235943d6ced5ac6de48bc491b5e2fa30", kill_on_drop: false }`
[INFO] running `Command { std: "docker" "rm" "-f" "c25b8319ca1c6ea05720275df336d07b235943d6ced5ac6de48bc491b5e2fa30", kill_on_drop: false }`
[INFO] [stdout] c25b8319ca1c6ea05720275df336d07b235943d6ced5ac6de48bc491b5e2fa30
