[INFO] cloning repository https://github.com/Klades/Advent2020
[INFO] running `Command { std: "git" "-c" "credential.helper=" "-c" "credential.helper=/workspace/cargo-home/bin/git-credential-null" "clone" "--bare" "https://github.com/Klades/Advent2020" "/workspace/cache/git-repos/https%3A%2F%2Fgithub.com%2FKlades%2FAdvent2020", kill_on_drop: false }`
[INFO] [stderr] Cloning into bare repository '/workspace/cache/git-repos/https%3A%2F%2Fgithub.com%2FKlades%2FAdvent2020'...
[INFO] running `Command { std: "git" "rev-parse" "HEAD", kill_on_drop: false }`
[INFO] [stdout] de528776290d5d18ed0ffffe2a063a688a309a60
[INFO] testing Klades/Advent2020 against beta-2023-04-20 for beta-1.70-1
[INFO] running `Command { std: "git" "clone" "/workspace/cache/git-repos/https%3A%2F%2Fgithub.com%2FKlades%2FAdvent2020" "/workspace/builds/worker-5-tc2/source", kill_on_drop: false }`
[INFO] [stderr] Cloning into '/workspace/builds/worker-5-tc2/source'...
[INFO] [stderr] done.
[INFO] validating manifest of git repo https://github.com/Klades/Advent2020 on toolchain beta-2023-04-20
[INFO] running `Command { std: CARGO_HOME="/workspace/cargo-home" RUSTUP_HOME="/workspace/rustup-home" "/workspace/cargo-home/bin/cargo" "+beta-2023-04-20" "metadata" "--manifest-path" "Cargo.toml" "--no-deps", kill_on_drop: false }`
[INFO] started tweaking git repo https://github.com/Klades/Advent2020
[INFO] finished tweaking git repo https://github.com/Klades/Advent2020
[INFO] tweaked toml for git repo https://github.com/Klades/Advent2020 written to /workspace/builds/worker-5-tc2/source/Cargo.toml
[INFO] crate git repo https://github.com/Klades/Advent2020 already has a lockfile, it will not be regenerated
[INFO] running `Command { std: CARGO_HOME="/workspace/cargo-home" RUSTUP_HOME="/workspace/rustup-home" "/workspace/cargo-home/bin/cargo" "+beta-2023-04-20" "fetch" "--manifest-path" "Cargo.toml", kill_on_drop: false }`
[INFO] [stderr]     Blocking waiting for file lock on package cache
[INFO] [stderr]     Blocking waiting for file lock on package cache
[INFO] [stderr]  Downloading crates ...
[INFO] [stderr]   Downloaded tokio-test v0.3.0
[INFO] [stderr]   Downloaded parking_lot_core v0.8.1
[INFO] [stderr]   Downloaded tokio-macros v0.3.1
[INFO] [stderr]   Downloaded tokio v0.3.5
[INFO] running `Command { std: "docker" "create" "-v" "/var/lib/crater-agent-workspace/builds/worker-5-tc2/target:/opt/rustwide/target:rw,Z" "-v" "/var/lib/crater-agent-workspace/builds/worker-5-tc2/source:/opt/rustwide/workdir:ro,Z" "-v" "/var/lib/crater-agent-workspace/cargo-home:/opt/rustwide/cargo-home:ro,Z" "-v" "/var/lib/crater-agent-workspace/rustup-home:/opt/rustwide/rustup-home:ro,Z" "-e" "SOURCE_DIR=/opt/rustwide/workdir" "-e" "CARGO_TARGET_DIR=/opt/rustwide/target" "-e" "CARGO_HOME=/opt/rustwide/cargo-home" "-e" "RUSTUP_HOME=/opt/rustwide/rustup-home" "-w" "/opt/rustwide/workdir" "-m" "1610612736" "--user" "0:0" "--network" "none" "ghcr.io/rust-lang/crates-build-env/linux@sha256:5ff2268d62e97bff2cde7d5815dd6ed5b47097566f13b8d0ca110b04b60e07ed" "/opt/rustwide/cargo-home/bin/cargo" "+beta-2023-04-20" "metadata" "--no-deps" "--format-version=1", kill_on_drop: false }`
[INFO] [stdout] 210ec0df80ebfeb36cc4da1137b15e961096396400a22c9fb5ec608d1ed62b27
[INFO] running `Command { std: "docker" "start" "-a" "210ec0df80ebfeb36cc4da1137b15e961096396400a22c9fb5ec608d1ed62b27", kill_on_drop: false }`
[INFO] running `Command { std: "docker" "inspect" "210ec0df80ebfeb36cc4da1137b15e961096396400a22c9fb5ec608d1ed62b27", kill_on_drop: false }`
[INFO] running `Command { std: "docker" "rm" "-f" "210ec0df80ebfeb36cc4da1137b15e961096396400a22c9fb5ec608d1ed62b27", kill_on_drop: false }`
[INFO] [stdout] 210ec0df80ebfeb36cc4da1137b15e961096396400a22c9fb5ec608d1ed62b27
[INFO] running `Command { std: "docker" "create" "-v" "/var/lib/crater-agent-workspace/builds/worker-5-tc2/target:/opt/rustwide/target:rw,Z" "-v" "/var/lib/crater-agent-workspace/builds/worker-5-tc2/source:/opt/rustwide/workdir:ro,Z" "-v" "/var/lib/crater-agent-workspace/cargo-home:/opt/rustwide/cargo-home:ro,Z" "-v" "/var/lib/crater-agent-workspace/rustup-home:/opt/rustwide/rustup-home:ro,Z" "-e" "SOURCE_DIR=/opt/rustwide/workdir" "-e" "CARGO_TARGET_DIR=/opt/rustwide/target" "-e" "CARGO_INCREMENTAL=0" "-e" "RUST_BACKTRACE=full" "-e" "RUSTFLAGS=--cap-lints=warn" "-e" "RUSTDOCFLAGS=--cap-lints=warn" "-e" "CARGO_HOME=/opt/rustwide/cargo-home" "-e" "RUSTUP_HOME=/opt/rustwide/rustup-home" "-w" "/opt/rustwide/workdir" "-m" "1610612736" "--user" "0:0" "--network" "none" "ghcr.io/rust-lang/crates-build-env/linux@sha256:5ff2268d62e97bff2cde7d5815dd6ed5b47097566f13b8d0ca110b04b60e07ed" "/opt/rustwide/cargo-home/bin/cargo" "+beta-2023-04-20" "build" "--frozen" "--message-format=json", kill_on_drop: false }`
[INFO] [stdout] e589585d4e98ec9d555eac36e9d2ad16feee54cebb20af463585cf4b5ab84dcd
[INFO] running `Command { std: "docker" "start" "-a" "e589585d4e98ec9d555eac36e9d2ad16feee54cebb20af463585cf4b5ab84dcd", kill_on_drop: false }`
[INFO] [stderr]    Compiling syn v1.0.54
[INFO] [stderr]    Compiling libc v0.2.81
[INFO] [stderr]    Compiling memchr v2.3.4
[INFO] [stderr]    Compiling futures-core v0.3.8
[INFO] [stderr]    Compiling slab v0.4.2
[INFO] [stderr]    Compiling log v0.4.11
[INFO] [stderr]    Compiling proc-macro-nested v0.1.6
[INFO] [stderr]    Compiling futures-sink v0.3.8
[INFO] [stderr]    Compiling smallvec v1.5.1
[INFO] [stderr]    Compiling proc-macro2 v1.0.24
[INFO] [stderr]    Compiling once_cell v1.5.2
[INFO] [stderr]    Compiling tokio v0.3.5
[INFO] [stderr]    Compiling lock_api v0.4.2
[INFO] [stderr]    Compiling futures-io v0.3.8
[INFO] [stderr]    Compiling pin-project-lite v0.2.0
[INFO] [stderr]    Compiling bytes v0.6.0
[INFO] [stderr]    Compiling bytes v0.5.6
[INFO] [stderr]    Compiling futures-channel v0.3.8
[INFO] [stderr]    Compiling futures-task v0.3.8
[INFO] [stderr]    Compiling quote v1.0.7
[INFO] [stderr]    Compiling parking_lot_core v0.8.1
[INFO] [stderr]    Compiling num_cpus v1.13.0
[INFO] [stderr]    Compiling signal-hook-registry v1.2.2
[INFO] [stderr]    Compiling mio v0.7.6
[INFO] [stderr]    Compiling parking_lot v0.11.1
[INFO] [stderr]    Compiling pin-project-internal v1.0.2
[INFO] [stderr]    Compiling futures-macro v0.3.8
[INFO] [stderr]    Compiling tokio-macros v0.3.1
[INFO] [stderr]    Compiling pin-project v1.0.2
[INFO] [stderr]    Compiling futures-util v0.3.8
[INFO] [stderr]    Compiling futures-executor v0.3.8
[INFO] [stderr]    Compiling futures v0.3.8
[INFO] [stderr]    Compiling tokio-test v0.3.0
[INFO] [stderr]    Compiling advent2020 v0.1.0 (/opt/rustwide/workdir)
[INFO] [stdout] warning: trailing semicolon in macro used in expression position
[INFO] [stdout]   --> src/main.rs:36:119
[INFO] [stdout]    |
[INFO] [stdout] 36 |         DayResults { day: $day_value, part1: $day_mod::part1($data).to_string(), part2: $day_mod::part2($data).to_string() };
[INFO] [stdout]    |                                                                                                                             ^
[INFO] [stdout] ...
[INFO] [stdout] 45 |             return day_results!(day1, 1, &data);
[INFO] [stdout]    |                    ---------------------------- in this macro invocation
[INFO] [stdout]    |
[INFO] [stdout]    = warning: this was previously accepted by the compiler but is being phased out; it will become a hard error in a future release!
[INFO] [stdout]    = note: for more information, see issue #79813 <https://github.com/rust-lang/rust/issues/79813>
[INFO] [stdout]    = note: `#[warn(semicolon_in_expressions_from_macros)]` on by default
[INFO] [stdout]    = note: this warning originates in the macro `day_results` (in Nightly builds, run with -Z macro-backtrace for more info)
[INFO] [stdout] 
[INFO] [stdout] 
[INFO] [stdout] warning: trailing semicolon in macro used in expression position
[INFO] [stdout]   --> src/main.rs:36:119
[INFO] [stdout]    |
[INFO] [stdout] 36 |         DayResults { day: $day_value, part1: $day_mod::part1($data).to_string(), part2: $day_mod::part2($data).to_string() };
[INFO] [stdout]    |                                                                                                                             ^
[INFO] [stdout] ...
[INFO] [stdout] 50 |             return day_results!(day2, 2, &data);
[INFO] [stdout]    |                    ---------------------------- in this macro invocation
[INFO] [stdout]    |
[INFO] [stdout]    = warning: this was previously accepted by the compiler but is being phased out; it will become a hard error in a future release!
[INFO] [stdout]    = note: for more information, see issue #79813 <https://github.com/rust-lang/rust/issues/79813>
[INFO] [stdout]    = note: this warning originates in the macro `day_results` (in Nightly builds, run with -Z macro-backtrace for more info)
[INFO] [stdout] 
[INFO] [stdout] 
[INFO] [stdout] warning: trailing semicolon in macro used in expression position
[INFO] [stdout]   --> src/main.rs:36:119
[INFO] [stdout]    |
[INFO] [stdout] 36 |         DayResults { day: $day_value, part1: $day_mod::part1($data).to_string(), part2: $day_mod::part2($data).to_string() };
[INFO] [stdout]    |                                                                                                                             ^
[INFO] [stdout] ...
[INFO] [stdout] 54 |             return day_results!(day3, 3, &data);
[INFO] [stdout]    |                    ---------------------------- in this macro invocation
[INFO] [stdout]    |
[INFO] [stdout]    = warning: this was previously accepted by the compiler but is being phased out; it will become a hard error in a future release!
[INFO] [stdout]    = note: for more information, see issue #79813 <https://github.com/rust-lang/rust/issues/79813>
[INFO] [stdout]    = note: this warning originates in the macro `day_results` (in Nightly builds, run with -Z macro-backtrace for more info)
[INFO] [stdout] 
[INFO] [stdout] 
[INFO] [stdout] warning: trailing semicolon in macro used in expression position
[INFO] [stdout]   --> src/main.rs:36:119
[INFO] [stdout]    |
[INFO] [stdout] 36 |         DayResults { day: $day_value, part1: $day_mod::part1($data).to_string(), part2: $day_mod::part2($data).to_string() };
[INFO] [stdout]    |                                                                                                                             ^
[INFO] [stdout] ...
[INFO] [stdout] 58 |             return day_results!(day4, 4, &data);
[INFO] [stdout]    |                    ---------------------------- in this macro invocation
[INFO] [stdout]    |
[INFO] [stdout]    = warning: this was previously accepted by the compiler but is being phased out; it will become a hard error in a future release!
[INFO] [stdout]    = note: for more information, see issue #79813 <https://github.com/rust-lang/rust/issues/79813>
[INFO] [stdout]    = note: this warning originates in the macro `day_results` (in Nightly builds, run with -Z macro-backtrace for more info)
[INFO] [stdout] 
[INFO] [stdout] 
[INFO] [stdout] warning: trailing semicolon in macro used in expression position
[INFO] [stdout]   --> src/main.rs:36:119
[INFO] [stdout]    |
[INFO] [stdout] 36 |         DayResults { day: $day_value, part1: $day_mod::part1($data).to_string(), part2: $day_mod::part2($data).to_string() };
[INFO] [stdout]    |                                                                                                                             ^
[INFO] [stdout] ...
[INFO] [stdout] 62 |             return day_results!(day5, 5, &data);
[INFO] [stdout]    |                    ---------------------------- in this macro invocation
[INFO] [stdout]    |
[INFO] [stdout]    = warning: this was previously accepted by the compiler but is being phased out; it will become a hard error in a future release!
[INFO] [stdout]    = note: for more information, see issue #79813 <https://github.com/rust-lang/rust/issues/79813>
[INFO] [stdout]    = note: this warning originates in the macro `day_results` (in Nightly builds, run with -Z macro-backtrace for more info)
[INFO] [stdout] 
[INFO] [stdout] 
[INFO] [stdout] warning: trailing semicolon in macro used in expression position
[INFO] [stdout]   --> src/main.rs:36:119
[INFO] [stdout]    |
[INFO] [stdout] 36 |         DayResults { day: $day_value, part1: $day_mod::part1($data).to_string(), part2: $day_mod::part2($data).to_string() };
[INFO] [stdout]    |                                                                                                                             ^
[INFO] [stdout] ...
[INFO] [stdout] 66 |             return day_results!(day6, 6, &data);
[INFO] [stdout]    |                    ---------------------------- in this macro invocation
[INFO] [stdout]    |
[INFO] [stdout]    = warning: this was previously accepted by the compiler but is being phased out; it will become a hard error in a future release!
[INFO] [stdout]    = note: for more information, see issue #79813 <https://github.com/rust-lang/rust/issues/79813>
[INFO] [stdout]    = note: this warning originates in the macro `day_results` (in Nightly builds, run with -Z macro-backtrace for more info)
[INFO] [stdout] 
[INFO] [stdout] 
[INFO] [stdout] warning: trailing semicolon in macro used in expression position
[INFO] [stdout]   --> src/main.rs:36:119
[INFO] [stdout]    |
[INFO] [stdout] 36 |         DayResults { day: $day_value, part1: $day_mod::part1($data).to_string(), part2: $day_mod::part2($data).to_string() };
[INFO] [stdout]    |                                                                                                                             ^
[INFO] [stdout] ...
[INFO] [stdout] 70 |             return day_results!(day7, 7, &data);
[INFO] [stdout]    |                    ---------------------------- in this macro invocation
[INFO] [stdout]    |
[INFO] [stdout]    = warning: this was previously accepted by the compiler but is being phased out; it will become a hard error in a future release!
[INFO] [stdout]    = note: for more information, see issue #79813 <https://github.com/rust-lang/rust/issues/79813>
[INFO] [stdout]    = note: this warning originates in the macro `day_results` (in Nightly builds, run with -Z macro-backtrace for more info)
[INFO] [stdout] 
[INFO] [stdout] 
[INFO] [stdout] warning: trailing semicolon in macro used in expression position
[INFO] [stdout]   --> src/main.rs:36:119
[INFO] [stdout]    |
[INFO] [stdout] 36 |         DayResults { day: $day_value, part1: $day_mod::part1($data).to_string(), part2: $day_mod::part2($data).to_string() };
[INFO] [stdout]    |                                                                                                                             ^
[INFO] [stdout] ...
[INFO] [stdout] 74 |             return day_results!(day8, 8, &data);
[INFO] [stdout]    |                    ---------------------------- in this macro invocation
[INFO] [stdout]    |
[INFO] [stdout]    = warning: this was previously accepted by the compiler but is being phased out; it will become a hard error in a future release!
[INFO] [stdout]    = note: for more information, see issue #79813 <https://github.com/rust-lang/rust/issues/79813>
[INFO] [stdout]    = note: this warning originates in the macro `day_results` (in Nightly builds, run with -Z macro-backtrace for more info)
[INFO] [stdout] 
[INFO] [stdout] 
[INFO] [stdout] warning: trailing semicolon in macro used in expression position
[INFO] [stdout]   --> src/main.rs:36:119
[INFO] [stdout]    |
[INFO] [stdout] 36 |         DayResults { day: $day_value, part1: $day_mod::part1($data).to_string(), part2: $day_mod::part2($data).to_string() };
[INFO] [stdout]    |                                                                                                                             ^
[INFO] [stdout] ...
[INFO] [stdout] 78 |             return day_results!(day9, 9, &data);
[INFO] [stdout]    |                    ---------------------------- in this macro invocation
[INFO] [stdout]    |
[INFO] [stdout]    = warning: this was previously accepted by the compiler but is being phased out; it will become a hard error in a future release!
[INFO] [stdout]    = note: for more information, see issue #79813 <https://github.com/rust-lang/rust/issues/79813>
[INFO] [stdout]    = note: this warning originates in the macro `day_results` (in Nightly builds, run with -Z macro-backtrace for more info)
[INFO] [stdout] 
[INFO] [stdout] 
[INFO] [stdout] warning: trailing semicolon in macro used in expression position
[INFO] [stdout]   --> src/main.rs:36:119
[INFO] [stdout]    |
[INFO] [stdout] 36 |         DayResults { day: $day_value, part1: $day_mod::part1($data).to_string(), part2: $day_mod::part2($data).to_string() };
[INFO] [stdout]    |                                                                                                                             ^
[INFO] [stdout] ...
[INFO] [stdout] 82 |             return day_results!(day10, 10, &data);
[INFO] [stdout]    |                    ------------------------------ in this macro invocation
[INFO] [stdout]    |
[INFO] [stdout]    = warning: this was previously accepted by the compiler but is being phased out; it will become a hard error in a future release!
[INFO] [stdout]    = note: for more information, see issue #79813 <https://github.com/rust-lang/rust/issues/79813>
[INFO] [stdout]    = note: this warning originates in the macro `day_results` (in Nightly builds, run with -Z macro-backtrace for more info)
[INFO] [stdout] 
[INFO] [stdout] 
[INFO] [stdout] warning: trailing semicolon in macro used in expression position
[INFO] [stdout]   --> src/main.rs:36:119
[INFO] [stdout]    |
[INFO] [stdout] 36 |         DayResults { day: $day_value, part1: $day_mod::part1($data).to_string(), part2: $day_mod::part2($data).to_string() };
[INFO] [stdout]    |                                                                                                                             ^
[INFO] [stdout] ...
[INFO] [stdout] 86 |             return day_results!(day11, 11, &data);
[INFO] [stdout]    |                    ------------------------------ in this macro invocation
[INFO] [stdout]    |
[INFO] [stdout]    = warning: this was previously accepted by the compiler but is being phased out; it will become a hard error in a future release!
[INFO] [stdout]    = note: for more information, see issue #79813 <https://github.com/rust-lang/rust/issues/79813>
[INFO] [stdout]    = note: this warning originates in the macro `day_results` (in Nightly builds, run with -Z macro-backtrace for more info)
[INFO] [stdout] 
[INFO] [stdout] 
[INFO] [stdout] warning: trailing semicolon in macro used in expression position
[INFO] [stdout]   --> src/main.rs:36:119
[INFO] [stdout]    |
[INFO] [stdout] 36 |         DayResults { day: $day_value, part1: $day_mod::part1($data).to_string(), part2: $day_mod::part2($data).to_string() };
[INFO] [stdout]    |                                                                                                                             ^
[INFO] [stdout] ...
[INFO] [stdout] 90 |             return day_results!(day12, 12, &data);
[INFO] [stdout]    |                    ------------------------------ in this macro invocation
[INFO] [stdout]    |
[INFO] [stdout]    = warning: this was previously accepted by the compiler but is being phased out; it will become a hard error in a future release!
[INFO] [stdout]    = note: for more information, see issue #79813 <https://github.com/rust-lang/rust/issues/79813>
[INFO] [stdout]    = note: this warning originates in the macro `day_results` (in Nightly builds, run with -Z macro-backtrace for more info)
[INFO] [stdout] 
[INFO] [stdout] 
[INFO] [stdout] warning: trailing semicolon in macro used in expression position
[INFO] [stdout]   --> src/main.rs:36:119
[INFO] [stdout]    |
[INFO] [stdout] 36 |         DayResults { day: $day_value, part1: $day_mod::part1($data).to_string(), part2: $day_mod::part2($data).to_string() };
[INFO] [stdout]    |                                                                                                                             ^
[INFO] [stdout] ...
[INFO] [stdout] 94 |             return day_results!(day13, 13, &data);
[INFO] [stdout]    |                    ------------------------------ in this macro invocation
[INFO] [stdout]    |
[INFO] [stdout]    = warning: this was previously accepted by the compiler but is being phased out; it will become a hard error in a future release!
[INFO] [stdout]    = note: for more information, see issue #79813 <https://github.com/rust-lang/rust/issues/79813>
[INFO] [stdout]    = note: this warning originates in the macro `day_results` (in Nightly builds, run with -Z macro-backtrace for more info)
[INFO] [stdout] 
[INFO] [stdout] 
[INFO] [stdout] warning: trailing semicolon in macro used in expression position
[INFO] [stdout]   --> src/main.rs:36:119
[INFO] [stdout]    |
[INFO] [stdout] 36 |         DayResults { day: $day_value, part1: $day_mod::part1($data).to_string(), part2: $day_mod::part2($data).to_string() };
[INFO] [stdout]    |                                                                                                                             ^
[INFO] [stdout] ...
[INFO] [stdout] 98 |             return day_results!(day14, 14, &data);
[INFO] [stdout]    |                    ------------------------------ in this macro invocation
[INFO] [stdout]    |
[INFO] [stdout]    = warning: this was previously accepted by the compiler but is being phased out; it will become a hard error in a future release!
[INFO] [stdout]    = note: for more information, see issue #79813 <https://github.com/rust-lang/rust/issues/79813>
[INFO] [stdout]    = note: this warning originates in the macro `day_results` (in Nightly builds, run with -Z macro-backtrace for more info)
[INFO] [stdout] 
[INFO] [stdout] 
[INFO] [stdout] warning: trailing semicolon in macro used in expression position
[INFO] [stdout]    --> src/main.rs:36:119
[INFO] [stdout]     |
[INFO] [stdout] 36  |         DayResults { day: $day_value, part1: $day_mod::part1($data).to_string(), part2: $day_mod::part2($data).to_string() };
[INFO] [stdout]     |                                                                                                                             ^
[INFO] [stdout] ...
[INFO] [stdout] 102 |             return day_results!(day15, 15, &data);
[INFO] [stdout]     |                    ------------------------------ in this macro invocation
[INFO] [stdout]     |
[INFO] [stdout]     = warning: this was previously accepted by the compiler but is being phased out; it will become a hard error in a future release!
[INFO] [stdout]     = note: for more information, see issue #79813 <https://github.com/rust-lang/rust/issues/79813>
[INFO] [stdout]     = note: this warning originates in the macro `day_results` (in Nightly builds, run with -Z macro-backtrace for more info)
[INFO] [stdout] 
[INFO] [stdout] 
[INFO] [stdout] warning: trailing semicolon in macro used in expression position
[INFO] [stdout]    --> src/main.rs:36:119
[INFO] [stdout]     |
[INFO] [stdout] 36  |         DayResults { day: $day_value, part1: $day_mod::part1($data).to_string(), part2: $day_mod::part2($data).to_string() };
[INFO] [stdout]     |                                                                                                                             ^
[INFO] [stdout] ...
[INFO] [stdout] 106 |             return day_results!(day16, 16, &data);
[INFO] [stdout]     |                    ------------------------------ in this macro invocation
[INFO] [stdout]     |
[INFO] [stdout]     = warning: this was previously accepted by the compiler but is being phased out; it will become a hard error in a future release!
[INFO] [stdout]     = note: for more information, see issue #79813 <https://github.com/rust-lang/rust/issues/79813>
[INFO] [stdout]     = note: this warning originates in the macro `day_results` (in Nightly builds, run with -Z macro-backtrace for more info)
[INFO] [stdout] 
[INFO] [stdout] 
[INFO] [stdout] warning: trailing semicolon in macro used in expression position
[INFO] [stdout]    --> src/main.rs:36:119
[INFO] [stdout]     |
[INFO] [stdout] 36  |         DayResults { day: $day_value, part1: $day_mod::part1($data).to_string(), part2: $day_mod::part2($data).to_string() };
[INFO] [stdout]     |                                                                                                                             ^
[INFO] [stdout] ...
[INFO] [stdout] 110 |             return day_results!(day17, 17, &data);
[INFO] [stdout]     |                    ------------------------------ in this macro invocation
[INFO] [stdout]     |
[INFO] [stdout]     = warning: this was previously accepted by the compiler but is being phased out; it will become a hard error in a future release!
[INFO] [stdout]     = note: for more information, see issue #79813 <https://github.com/rust-lang/rust/issues/79813>
[INFO] [stdout]     = note: this warning originates in the macro `day_results` (in Nightly builds, run with -Z macro-backtrace for more info)
[INFO] [stdout] 
[INFO] [stdout] 
[INFO] [stdout] warning: trailing semicolon in macro used in expression position
[INFO] [stdout]    --> src/main.rs:36:119
[INFO] [stdout]     |
[INFO] [stdout] 36  |         DayResults { day: $day_value, part1: $day_mod::part1($data).to_string(), part2: $day_mod::part2($data).to_string() };
[INFO] [stdout]     |                                                                                                                             ^
[INFO] [stdout] ...
[INFO] [stdout] 114 |             return day_results!(day18, 18, &data);
[INFO] [stdout]     |                    ------------------------------ in this macro invocation
[INFO] [stdout]     |
[INFO] [stdout]     = warning: this was previously accepted by the compiler but is being phased out; it will become a hard error in a future release!
[INFO] [stdout]     = note: for more information, see issue #79813 <https://github.com/rust-lang/rust/issues/79813>
[INFO] [stdout]     = note: this warning originates in the macro `day_results` (in Nightly builds, run with -Z macro-backtrace for more info)
[INFO] [stdout] 
[INFO] [stdout] 
[INFO] [stdout] warning: 18 warnings emitted
[INFO] [stdout] 
[INFO] [stdout] 
[INFO] [stderr]     Finished dev [unoptimized + debuginfo] target(s) in 11.50s
[INFO] [stderr] warning: the following packages contain code that will be rejected by a future version of Rust: advent2020 v0.1.0 (/opt/rustwide/workdir)
[INFO] [stderr] note: to see what the problems were, use the option `--future-incompat-report`, or run `cargo report future-incompatibilities --id 1`
[INFO] running `Command { std: "docker" "inspect" "e589585d4e98ec9d555eac36e9d2ad16feee54cebb20af463585cf4b5ab84dcd", kill_on_drop: false }`
[INFO] running `Command { std: "docker" "rm" "-f" "e589585d4e98ec9d555eac36e9d2ad16feee54cebb20af463585cf4b5ab84dcd", kill_on_drop: false }`
[INFO] [stdout] e589585d4e98ec9d555eac36e9d2ad16feee54cebb20af463585cf4b5ab84dcd
[INFO] running `Command { std: "docker" "create" "-v" "/var/lib/crater-agent-workspace/builds/worker-5-tc2/target:/opt/rustwide/target:rw,Z" "-v" "/var/lib/crater-agent-workspace/builds/worker-5-tc2/source:/opt/rustwide/workdir:ro,Z" "-v" "/var/lib/crater-agent-workspace/cargo-home:/opt/rustwide/cargo-home:ro,Z" "-v" "/var/lib/crater-agent-workspace/rustup-home:/opt/rustwide/rustup-home:ro,Z" "-e" "SOURCE_DIR=/opt/rustwide/workdir" "-e" "CARGO_TARGET_DIR=/opt/rustwide/target" "-e" "CARGO_INCREMENTAL=0" "-e" "RUST_BACKTRACE=full" "-e" "RUSTFLAGS=--cap-lints=warn" "-e" "RUSTDOCFLAGS=--cap-lints=warn" "-e" "CARGO_HOME=/opt/rustwide/cargo-home" "-e" "RUSTUP_HOME=/opt/rustwide/rustup-home" "-w" "/opt/rustwide/workdir" "-m" "1610612736" "--user" "0:0" "--network" "none" "ghcr.io/rust-lang/crates-build-env/linux@sha256:5ff2268d62e97bff2cde7d5815dd6ed5b47097566f13b8d0ca110b04b60e07ed" "/opt/rustwide/cargo-home/bin/cargo" "+beta-2023-04-20" "test" "--frozen" "--no-run" "--message-format=json", kill_on_drop: false }`
[INFO] [stdout] 5545695a5dbf438e51e5ad565e43a621cee40b0a59cde41ac9fec4c87f5231bc
[INFO] running `Command { std: "docker" "start" "-a" "5545695a5dbf438e51e5ad565e43a621cee40b0a59cde41ac9fec4c87f5231bc", kill_on_drop: false }`
[INFO] [stderr]    Compiling advent2020 v0.1.0 (/opt/rustwide/workdir)
[INFO] [stdout] warning: trailing semicolon in macro used in expression position
[INFO] [stdout]   --> src/main.rs:36:119
[INFO] [stdout]    |
[INFO] [stdout] 36 |         DayResults { day: $day_value, part1: $day_mod::part1($data).to_string(), part2: $day_mod::part2($data).to_string() };
[INFO] [stdout]    |                                                                                                                             ^
[INFO] [stdout] ...
[INFO] [stdout] 45 |             return day_results!(day1, 1, &data);
[INFO] [stdout]    |                    ---------------------------- in this macro invocation
[INFO] [stdout]    |
[INFO] [stdout]    = warning: this was previously accepted by the compiler but is being phased out; it will become a hard error in a future release!
[INFO] [stdout]    = note: for more information, see issue #79813 <https://github.com/rust-lang/rust/issues/79813>
[INFO] [stdout]    = note: `#[warn(semicolon_in_expressions_from_macros)]` on by default
[INFO] [stdout]    = note: this warning originates in the macro `day_results` (in Nightly builds, run with -Z macro-backtrace for more info)
[INFO] [stdout] 
[INFO] [stdout] 
[INFO] [stdout] warning: trailing semicolon in macro used in expression position
[INFO] [stdout]   --> src/main.rs:36:119
[INFO] [stdout]    |
[INFO] [stdout] 36 |         DayResults { day: $day_value, part1: $day_mod::part1($data).to_string(), part2: $day_mod::part2($data).to_string() };
[INFO] [stdout]    |                                                                                                                             ^
[INFO] [stdout] ...
[INFO] [stdout] 50 |             return day_results!(day2, 2, &data);
[INFO] [stdout]    |                    ---------------------------- in this macro invocation
[INFO] [stdout]    |
[INFO] [stdout]    = warning: this was previously accepted by the compiler but is being phased out; it will become a hard error in a future release!
[INFO] [stdout]    = note: for more information, see issue #79813 <https://github.com/rust-lang/rust/issues/79813>
[INFO] [stdout]    = note: this warning originates in the macro `day_results` (in Nightly builds, run with -Z macro-backtrace for more info)
[INFO] [stdout] 
[INFO] [stdout] 
[INFO] [stdout] warning: trailing semicolon in macro used in expression position
[INFO] [stdout]   --> src/main.rs:36:119
[INFO] [stdout]    |
[INFO] [stdout] 36 |         DayResults { day: $day_value, part1: $day_mod::part1($data).to_string(), part2: $day_mod::part2($data).to_string() };
[INFO] [stdout]    |                                                                                                                             ^
[INFO] [stdout] ...
[INFO] [stdout] 54 |             return day_results!(day3, 3, &data);
[INFO] [stdout]    |                    ---------------------------- in this macro invocation
[INFO] [stdout]    |
[INFO] [stdout]    = warning: this was previously accepted by the compiler but is being phased out; it will become a hard error in a future release!
[INFO] [stdout]    = note: for more information, see issue #79813 <https://github.com/rust-lang/rust/issues/79813>
[INFO] [stdout]    = note: this warning originates in the macro `day_results` (in Nightly builds, run with -Z macro-backtrace for more info)
[INFO] [stdout] 
[INFO] [stdout] 
[INFO] [stdout] warning: trailing semicolon in macro used in expression position
[INFO] [stdout]   --> src/main.rs:36:119
[INFO] [stdout]    |
[INFO] [stdout] 36 |         DayResults { day: $day_value, part1: $day_mod::part1($data).to_string(), part2: $day_mod::part2($data).to_string() };
[INFO] [stdout]    |                                                                                                                             ^
[INFO] [stdout] ...
[INFO] [stdout] 58 |             return day_results!(day4, 4, &data);
[INFO] [stdout]    |                    ---------------------------- in this macro invocation
[INFO] [stdout]    |
[INFO] [stdout]    = warning: this was previously accepted by the compiler but is being phased out; it will become a hard error in a future release!
[INFO] [stdout]    = note: for more information, see issue #79813 <https://github.com/rust-lang/rust/issues/79813>
[INFO] [stdout]    = note: this warning originates in the macro `day_results` (in Nightly builds, run with -Z macro-backtrace for more info)
[INFO] [stdout] 
[INFO] [stdout] 
[INFO] [stdout] warning: trailing semicolon in macro used in expression position
[INFO] [stdout]   --> src/main.rs:36:119
[INFO] [stdout]    |
[INFO] [stdout] 36 |         DayResults { day: $day_value, part1: $day_mod::part1($data).to_string(), part2: $day_mod::part2($data).to_string() };
[INFO] [stdout]    |                                                                                                                             ^
[INFO] [stdout] ...
[INFO] [stdout] 62 |             return day_results!(day5, 5, &data);
[INFO] [stdout]    |                    ---------------------------- in this macro invocation
[INFO] [stdout]    |
[INFO] [stdout]    = warning: this was previously accepted by the compiler but is being phased out; it will become a hard error in a future release!
[INFO] [stdout]    = note: for more information, see issue #79813 <https://github.com/rust-lang/rust/issues/79813>
[INFO] [stdout]    = note: this warning originates in the macro `day_results` (in Nightly builds, run with -Z macro-backtrace for more info)
[INFO] [stdout] 
[INFO] [stdout] 
[INFO] [stdout] warning: trailing semicolon in macro used in expression position
[INFO] [stdout]   --> src/main.rs:36:119
[INFO] [stdout]    |
[INFO] [stdout] 36 |         DayResults { day: $day_value, part1: $day_mod::part1($data).to_string(), part2: $day_mod::part2($data).to_string() };
[INFO] [stdout]    |                                                                                                                             ^
[INFO] [stdout] ...
[INFO] [stdout] 66 |             return day_results!(day6, 6, &data);
[INFO] [stdout]    |                    ---------------------------- in this macro invocation
[INFO] [stdout]    |
[INFO] [stdout]    = warning: this was previously accepted by the compiler but is being phased out; it will become a hard error in a future release!
[INFO] [stdout]    = note: for more information, see issue #79813 <https://github.com/rust-lang/rust/issues/79813>
[INFO] [stdout]    = note: this warning originates in the macro `day_results` (in Nightly builds, run with -Z macro-backtrace for more info)
[INFO] [stdout] 
[INFO] [stdout] 
[INFO] [stdout] warning: trailing semicolon in macro used in expression position
[INFO] [stdout]   --> src/main.rs:36:119
[INFO] [stdout]    |
[INFO] [stdout] 36 |         DayResults { day: $day_value, part1: $day_mod::part1($data).to_string(), part2: $day_mod::part2($data).to_string() };
[INFO] [stdout]    |                                                                                                                             ^
[INFO] [stdout] ...
[INFO] [stdout] 70 |             return day_results!(day7, 7, &data);
[INFO] [stdout]    |                    ---------------------------- in this macro invocation
[INFO] [stdout]    |
[INFO] [stdout]    = warning: this was previously accepted by the compiler but is being phased out; it will become a hard error in a future release!
[INFO] [stdout]    = note: for more information, see issue #79813 <https://github.com/rust-lang/rust/issues/79813>
[INFO] [stdout]    = note: this warning originates in the macro `day_results` (in Nightly builds, run with -Z macro-backtrace for more info)
[INFO] [stdout] 
[INFO] [stdout] 
[INFO] [stdout] warning: trailing semicolon in macro used in expression position
[INFO] [stdout]   --> src/main.rs:36:119
[INFO] [stdout]    |
[INFO] [stdout] 36 |         DayResults { day: $day_value, part1: $day_mod::part1($data).to_string(), part2: $day_mod::part2($data).to_string() };
[INFO] [stdout]    |                                                                                                                             ^
[INFO] [stdout] ...
[INFO] [stdout] 74 |             return day_results!(day8, 8, &data);
[INFO] [stdout]    |                    ---------------------------- in this macro invocation
[INFO] [stdout]    |
[INFO] [stdout]    = warning: this was previously accepted by the compiler but is being phased out; it will become a hard error in a future release!
[INFO] [stdout]    = note: for more information, see issue #79813 <https://github.com/rust-lang/rust/issues/79813>
[INFO] [stdout]    = note: this warning originates in the macro `day_results` (in Nightly builds, run with -Z macro-backtrace for more info)
[INFO] [stdout] 
[INFO] [stdout] 
[INFO] [stdout] warning: trailing semicolon in macro used in expression position
[INFO] [stdout]   --> src/main.rs:36:119
[INFO] [stdout]    |
[INFO] [stdout] 36 |         DayResults { day: $day_value, part1: $day_mod::part1($data).to_string(), part2: $day_mod::part2($data).to_string() };
[INFO] [stdout]    |                                                                                                                             ^
[INFO] [stdout] ...
[INFO] [stdout] 78 |             return day_results!(day9, 9, &data);
[INFO] [stdout]    |                    ---------------------------- in this macro invocation
[INFO] [stdout]    |
[INFO] [stdout]    = warning: this was previously accepted by the compiler but is being phased out; it will become a hard error in a future release!
[INFO] [stdout]    = note: for more information, see issue #79813 <https://github.com/rust-lang/rust/issues/79813>
[INFO] [stdout]    = note: this warning originates in the macro `day_results` (in Nightly builds, run with -Z macro-backtrace for more info)
[INFO] [stdout] 
[INFO] [stdout] 
[INFO] [stdout] warning: trailing semicolon in macro used in expression position
[INFO] [stdout]   --> src/main.rs:36:119
[INFO] [stdout]    |
[INFO] [stdout] 36 |         DayResults { day: $day_value, part1: $day_mod::part1($data).to_string(), part2: $day_mod::part2($data).to_string() };
[INFO] [stdout]    |                                                                                                                             ^
[INFO] [stdout] ...
[INFO] [stdout] 82 |             return day_results!(day10, 10, &data);
[INFO] [stdout]    |                    ------------------------------ in this macro invocation
[INFO] [stdout]    |
[INFO] [stdout]    = warning: this was previously accepted by the compiler but is being phased out; it will become a hard error in a future release!
[INFO] [stdout]    = note: for more information, see issue #79813 <https://github.com/rust-lang/rust/issues/79813>
[INFO] [stdout]    = note: this warning originates in the macro `day_results` (in Nightly builds, run with -Z macro-backtrace for more info)
[INFO] [stdout] 
[INFO] [stdout] 
[INFO] [stdout] warning: trailing semicolon in macro used in expression position
[INFO] [stdout]   --> src/main.rs:36:119
[INFO] [stdout]    |
[INFO] [stdout] 36 |         DayResults { day: $day_value, part1: $day_mod::part1($data).to_string(), part2: $day_mod::part2($data).to_string() };
[INFO] [stdout]    |                                                                                                                             ^
[INFO] [stdout] ...
[INFO] [stdout] 86 |             return day_results!(day11, 11, &data);
[INFO] [stdout]    |                    ------------------------------ in this macro invocation
[INFO] [stdout]    |
[INFO] [stdout]    = warning: this was previously accepted by the compiler but is being phased out; it will become a hard error in a future release!
[INFO] [stdout]    = note: for more information, see issue #79813 <https://github.com/rust-lang/rust/issues/79813>
[INFO] [stdout]    = note: this warning originates in the macro `day_results` (in Nightly builds, run with -Z macro-backtrace for more info)
[INFO] [stdout] 
[INFO] [stdout] 
[INFO] [stdout] warning: trailing semicolon in macro used in expression position
[INFO] [stdout]   --> src/main.rs:36:119
[INFO] [stdout]    |
[INFO] [stdout] 36 |         DayResults { day: $day_value, part1: $day_mod::part1($data).to_string(), part2: $day_mod::part2($data).to_string() };
[INFO] [stdout]    |                                                                                                                             ^
[INFO] [stdout] ...
[INFO] [stdout] 90 |             return day_results!(day12, 12, &data);
[INFO] [stdout]    |                    ------------------------------ in this macro invocation
[INFO] [stdout]    |
[INFO] [stdout]    = warning: this was previously accepted by the compiler but is being phased out; it will become a hard error in a future release!
[INFO] [stdout]    = note: for more information, see issue #79813 <https://github.com/rust-lang/rust/issues/79813>
[INFO] [stdout]    = note: this warning originates in the macro `day_results` (in Nightly builds, run with -Z macro-backtrace for more info)
[INFO] [stdout] 
[INFO] [stdout] 
[INFO] [stdout] warning: trailing semicolon in macro used in expression position
[INFO] [stdout]   --> src/main.rs:36:119
[INFO] [stdout]    |
[INFO] [stdout] 36 |         DayResults { day: $day_value, part1: $day_mod::part1($data).to_string(), part2: $day_mod::part2($data).to_string() };
[INFO] [stdout]    |                                                                                                                             ^
[INFO] [stdout] ...
[INFO] [stdout] 94 |             return day_results!(day13, 13, &data);
[INFO] [stdout]    |                    ------------------------------ in this macro invocation
[INFO] [stdout]    |
[INFO] [stdout]    = warning: this was previously accepted by the compiler but is being phased out; it will become a hard error in a future release!
[INFO] [stdout]    = note: for more information, see issue #79813 <https://github.com/rust-lang/rust/issues/79813>
[INFO] [stdout]    = note: this warning originates in the macro `day_results` (in Nightly builds, run with -Z macro-backtrace for more info)
[INFO] [stdout] 
[INFO] [stdout] 
[INFO] [stdout] warning: trailing semicolon in macro used in expression position
[INFO] [stdout]   --> src/main.rs:36:119
[INFO] [stdout]    |
[INFO] [stdout] 36 |         DayResults { day: $day_value, part1: $day_mod::part1($data).to_string(), part2: $day_mod::part2($data).to_string() };
[INFO] [stdout]    |                                                                                                                             ^
[INFO] [stdout] ...
[INFO] [stdout] 98 |             return day_results!(day14, 14, &data);
[INFO] [stdout]    |                    ------------------------------ in this macro invocation
[INFO] [stdout]    |
[INFO] [stdout]    = warning: this was previously accepted by the compiler but is being phased out; it will become a hard error in a future release!
[INFO] [stdout]    = note: for more information, see issue #79813 <https://github.com/rust-lang/rust/issues/79813>
[INFO] [stdout]    = note: this warning originates in the macro `day_results` (in Nightly builds, run with -Z macro-backtrace for more info)
[INFO] [stdout] 
[INFO] [stdout] 
[INFO] [stdout] warning: trailing semicolon in macro used in expression position
[INFO] [stdout]    --> src/main.rs:36:119
[INFO] [stdout]     |
[INFO] [stdout] 36  |         DayResults { day: $day_value, part1: $day_mod::part1($data).to_string(), part2: $day_mod::part2($data).to_string() };
[INFO] [stdout]     |                                                                                                                             ^
[INFO] [stdout] ...
[INFO] [stdout] 102 |             return day_results!(day15, 15, &data);
[INFO] [stdout]     |                    ------------------------------ in this macro invocation
[INFO] [stdout]     |
[INFO] [stdout]     = warning: this was previously accepted by the compiler but is being phased out; it will become a hard error in a future release!
[INFO] [stdout]     = note: for more information, see issue #79813 <https://github.com/rust-lang/rust/issues/79813>
[INFO] [stdout]     = note: this warning originates in the macro `day_results` (in Nightly builds, run with -Z macro-backtrace for more info)
[INFO] [stdout] 
[INFO] [stdout] 
[INFO] [stdout] warning: trailing semicolon in macro used in expression position
[INFO] [stdout]    --> src/main.rs:36:119
[INFO] [stdout]     |
[INFO] [stdout] 36  |         DayResults { day: $day_value, part1: $day_mod::part1($data).to_string(), part2: $day_mod::part2($data).to_string() };
[INFO] [stdout]     |                                                                                                                             ^
[INFO] [stdout] ...
[INFO] [stdout] 106 |             return day_results!(day16, 16, &data);
[INFO] [stdout]     |                    ------------------------------ in this macro invocation
[INFO] [stdout]     |
[INFO] [stdout]     = warning: this was previously accepted by the compiler but is being phased out; it will become a hard error in a future release!
[INFO] [stdout]     = note: for more information, see issue #79813 <https://github.com/rust-lang/rust/issues/79813>
[INFO] [stdout]     = note: this warning originates in the macro `day_results` (in Nightly builds, run with -Z macro-backtrace for more info)
[INFO] [stdout] 
[INFO] [stdout] 
[INFO] [stdout] warning: trailing semicolon in macro used in expression position
[INFO] [stdout]    --> src/main.rs:36:119
[INFO] [stdout]     |
[INFO] [stdout] 36  |         DayResults { day: $day_value, part1: $day_mod::part1($data).to_string(), part2: $day_mod::part2($data).to_string() };
[INFO] [stdout]     |                                                                                                                             ^
[INFO] [stdout] ...
[INFO] [stdout] 110 |             return day_results!(day17, 17, &data);
[INFO] [stdout]     |                    ------------------------------ in this macro invocation
[INFO] [stdout]     |
[INFO] [stdout]     = warning: this was previously accepted by the compiler but is being phased out; it will become a hard error in a future release!
[INFO] [stdout]     = note: for more information, see issue #79813 <https://github.com/rust-lang/rust/issues/79813>
[INFO] [stdout]     = note: this warning originates in the macro `day_results` (in Nightly builds, run with -Z macro-backtrace for more info)
[INFO] [stdout] 
[INFO] [stdout] 
[INFO] [stdout] warning: trailing semicolon in macro used in expression position
[INFO] [stdout]    --> src/main.rs:36:119
[INFO] [stdout]     |
[INFO] [stdout] 36  |         DayResults { day: $day_value, part1: $day_mod::part1($data).to_string(), part2: $day_mod::part2($data).to_string() };
[INFO] [stdout]     |                                                                                                                             ^
[INFO] [stdout] ...
[INFO] [stdout] 114 |             return day_results!(day18, 18, &data);
[INFO] [stdout]     |                    ------------------------------ in this macro invocation
[INFO] [stdout]     |
[INFO] [stdout]     = warning: this was previously accepted by the compiler but is being phased out; it will become a hard error in a future release!
[INFO] [stdout]     = note: for more information, see issue #79813 <https://github.com/rust-lang/rust/issues/79813>
[INFO] [stdout]     = note: this warning originates in the macro `day_results` (in Nightly builds, run with -Z macro-backtrace for more info)
[INFO] [stdout] 
[INFO] [stdout] 
[INFO] [stdout] warning: 18 warnings emitted
[INFO] [stdout] 
[INFO] [stdout] 
[INFO] [stderr]     Finished test [unoptimized + debuginfo] target(s) in 1.62s
[INFO] [stderr] warning: the following packages contain code that will be rejected by a future version of Rust: advent2020 v0.1.0 (/opt/rustwide/workdir)
[INFO] [stderr] note: to see what the problems were, use the option `--future-incompat-report`, or run `cargo report future-incompatibilities --id 1`
[INFO] running `Command { std: "docker" "inspect" "5545695a5dbf438e51e5ad565e43a621cee40b0a59cde41ac9fec4c87f5231bc", kill_on_drop: false }`
[INFO] running `Command { std: "docker" "rm" "-f" "5545695a5dbf438e51e5ad565e43a621cee40b0a59cde41ac9fec4c87f5231bc", kill_on_drop: false }`
[INFO] [stdout] 5545695a5dbf438e51e5ad565e43a621cee40b0a59cde41ac9fec4c87f5231bc
[INFO] running `Command { std: "docker" "create" "-v" "/var/lib/crater-agent-workspace/builds/worker-5-tc2/target:/opt/rustwide/target:rw,Z" "-v" "/var/lib/crater-agent-workspace/builds/worker-5-tc2/source:/opt/rustwide/workdir:ro,Z" "-v" "/var/lib/crater-agent-workspace/cargo-home:/opt/rustwide/cargo-home:ro,Z" "-v" "/var/lib/crater-agent-workspace/rustup-home:/opt/rustwide/rustup-home:ro,Z" "-e" "SOURCE_DIR=/opt/rustwide/workdir" "-e" "CARGO_TARGET_DIR=/opt/rustwide/target" "-e" "CARGO_INCREMENTAL=0" "-e" "RUST_BACKTRACE=full" "-e" "RUSTFLAGS=--cap-lints=warn" "-e" "RUSTDOCFLAGS=--cap-lints=warn" "-e" "CARGO_HOME=/opt/rustwide/cargo-home" "-e" "RUSTUP_HOME=/opt/rustwide/rustup-home" "-w" "/opt/rustwide/workdir" "-m" "1610612736" "--user" "0:0" "--network" "none" "ghcr.io/rust-lang/crates-build-env/linux@sha256:5ff2268d62e97bff2cde7d5815dd6ed5b47097566f13b8d0ca110b04b60e07ed" "/opt/rustwide/cargo-home/bin/cargo" "+beta-2023-04-20" "test" "--frozen", kill_on_drop: false }`
[INFO] [stdout] 35a1c7f1224cdeb91e1f1c08d0fe59e8333b1dd69395f9a1c4a7b83b619c0c2a
[INFO] running `Command { std: "docker" "start" "-a" "35a1c7f1224cdeb91e1f1c08d0fe59e8333b1dd69395f9a1c4a7b83b619c0c2a", kill_on_drop: false }`
[INFO] [stderr] warning: trailing semicolon in macro used in expression position
[INFO] [stderr]   --> src/main.rs:36:119
[INFO] [stderr]    |
[INFO] [stderr] 36 |         DayResults { day: $day_value, part1: $day_mod::part1($data).to_string(), part2: $day_mod::part2($data).to_string() };
[INFO] [stderr]    |                                                                                                                             ^
[INFO] [stderr] ...
[INFO] [stderr] 45 |             return day_results!(day1, 1, &data);
[INFO] [stderr]    |                    ---------------------------- in this macro invocation
[INFO] [stderr]    |
[INFO] [stderr]    = warning: this was previously accepted by the compiler but is being phased out; it will become a hard error in a future release!
[INFO] [stderr]    = note: for more information, see issue #79813 <https://github.com/rust-lang/rust/issues/79813>
[INFO] [stderr]    = note: `#[warn(semicolon_in_expressions_from_macros)]` on by default
[INFO] [stderr]    = note: this warning originates in the macro `day_results` (in Nightly builds, run with -Z macro-backtrace for more info)
[INFO] [stderr] 
[INFO] [stderr] warning: trailing semicolon in macro used in expression position
[INFO] [stderr]   --> src/main.rs:36:119
[INFO] [stderr]    |
[INFO] [stderr] 36 |         DayResults { day: $day_value, part1: $day_mod::part1($data).to_string(), part2: $day_mod::part2($data).to_string() };
[INFO] [stderr]    |                                                                                                                             ^
[INFO] [stderr] ...
[INFO] [stderr] 50 |             return day_results!(day2, 2, &data);
[INFO] [stderr]    |                    ---------------------------- in this macro invocation
[INFO] [stderr]    |
[INFO] [stderr]    = warning: this was previously accepted by the compiler but is being phased out; it will become a hard error in a future release!
[INFO] [stderr]    = note: for more information, see issue #79813 <https://github.com/rust-lang/rust/issues/79813>
[INFO] [stderr]    = note: this warning originates in the macro `day_results` (in Nightly builds, run with -Z macro-backtrace for more info)
[INFO] [stderr] 
[INFO] [stderr] warning: trailing semicolon in macro used in expression position
[INFO] [stderr]   --> src/main.rs:36:119
[INFO] [stderr]    |
[INFO] [stderr] 36 |         DayResults { day: $day_value, part1: $day_mod::part1($data).to_string(), part2: $day_mod::part2($data).to_string() };
[INFO] [stderr]    |                                                                                                                             ^
[INFO] [stderr] ...
[INFO] [stderr] 54 |             return day_results!(day3, 3, &data);
[INFO] [stderr]    |                    ---------------------------- in this macro invocation
[INFO] [stderr]    |
[INFO] [stderr]    = warning: this was previously accepted by the compiler but is being phased out; it will become a hard error in a future release!
[INFO] [stderr]    = note: for more information, see issue #79813 <https://github.com/rust-lang/rust/issues/79813>
[INFO] [stderr]    = note: this warning originates in the macro `day_results` (in Nightly builds, run with -Z macro-backtrace for more info)
[INFO] [stderr] 
[INFO] [stderr] warning: trailing semicolon in macro used in expression position
[INFO] [stderr]   --> src/main.rs:36:119
[INFO] [stderr]    |
[INFO] [stderr] 36 |         DayResults { day: $day_value, part1: $day_mod::part1($data).to_string(), part2: $day_mod::part2($data).to_string() };
[INFO] [stderr]    |                                                                                                                             ^
[INFO] [stderr] ...
[INFO] [stderr] 58 |             return day_results!(day4, 4, &data);
[INFO] [stderr]    |                    ---------------------------- in this macro invocation
[INFO] [stderr]    |
[INFO] [stderr]    = warning: this was previously accepted by the compiler but is being phased out; it will become a hard error in a future release!
[INFO] [stderr]    = note: for more information, see issue #79813 <https://github.com/rust-lang/rust/issues/79813>
[INFO] [stderr]    = note: this warning originates in the macro `day_results` (in Nightly builds, run with -Z macro-backtrace for more info)
[INFO] [stderr] 
[INFO] [stderr] warning: trailing semicolon in macro used in expression position
[INFO] [stderr]   --> src/main.rs:36:119
[INFO] [stderr]    |
[INFO] [stderr] 36 |         DayResults { day: $day_value, part1: $day_mod::part1($data).to_string(), part2: $day_mod::part2($data).to_string() };
[INFO] [stderr]    |                                                                                                                             ^
[INFO] [stderr] ...
[INFO] [stderr] 62 |             return day_results!(day5, 5, &data);
[INFO] [stderr]    |                    ---------------------------- in this macro invocation
[INFO] [stderr]    |
[INFO] [stderr]    = warning: this was previously accepted by the compiler but is being phased out; it will become a hard error in a future release!
[INFO] [stderr]    = note: for more information, see issue #79813 <https://github.com/rust-lang/rust/issues/79813>
[INFO] [stderr]    = note: this warning originates in the macro `day_results` (in Nightly builds, run with -Z macro-backtrace for more info)
[INFO] [stderr] 
[INFO] [stderr] warning: trailing semicolon in macro used in expression position
[INFO] [stderr]   --> src/main.rs:36:119
[INFO] [stderr]    |
[INFO] [stderr] 36 |         DayResults { day: $day_value, part1: $day_mod::part1($data).to_string(), part2: $day_mod::part2($data).to_string() };
[INFO] [stderr]    |                                                                                                                             ^
[INFO] [stderr] ...
[INFO] [stderr] 66 |             return day_results!(day6, 6, &data);
[INFO] [stderr]    |                    ---------------------------- in this macro invocation
[INFO] [stderr]    |
[INFO] [stderr]    = warning: this was previously accepted by the compiler but is being phased out; it will become a hard error in a future release!
[INFO] [stderr]    = note: for more information, see issue #79813 <https://github.com/rust-lang/rust/issues/79813>
[INFO] [stderr]    = note: this warning originates in the macro `day_results` (in Nightly builds, run with -Z macro-backtrace for more info)
[INFO] [stderr] 
[INFO] [stderr] warning: trailing semicolon in macro used in expression position
[INFO] [stderr]   --> src/main.rs:36:119
[INFO] [stderr]    |
[INFO] [stderr] 36 |         DayResults { day: $day_value, part1: $day_mod::part1($data).to_string(), part2: $day_mod::part2($data).to_string() };
[INFO] [stderr]    |                                                                                                                             ^
[INFO] [stderr] ...
[INFO] [stderr] 70 |             return day_results!(day7, 7, &data);
[INFO] [stderr]    |                    ---------------------------- in this macro invocation
[INFO] [stderr]    |
[INFO] [stderr]    = warning: this was previously accepted by the compiler but is being phased out; it will become a hard error in a future release!
[INFO] [stderr]    = note: for more information, see issue #79813 <https://github.com/rust-lang/rust/issues/79813>
[INFO] [stderr]    = note: this warning originates in the macro `day_results` (in Nightly builds, run with -Z macro-backtrace for more info)
[INFO] [stderr] 
[INFO] [stderr] warning: trailing semicolon in macro used in expression position
[INFO] [stderr]   --> src/main.rs:36:119
[INFO] [stderr]    |
[INFO] [stderr] 36 |         DayResults { day: $day_value, part1: $day_mod::part1($data).to_string(), part2: $day_mod::part2($data).to_string() };
[INFO] [stderr]    |                                                                                                                             ^
[INFO] [stderr] ...
[INFO] [stderr] 74 |             return day_results!(day8, 8, &data);
[INFO] [stderr]    |                    ---------------------------- in this macro invocation
[INFO] [stderr]    |
[INFO] [stderr]    = warning: this was previously accepted by the compiler but is being phased out; it will become a hard error in a future release!
[INFO] [stderr]    = note: for more information, see issue #79813 <https://github.com/rust-lang/rust/issues/79813>
[INFO] [stderr]    = note: this warning originates in the macro `day_results` (in Nightly builds, run with -Z macro-backtrace for more info)
[INFO] [stderr] 
[INFO] [stderr] warning: trailing semicolon in macro used in expression position
[INFO] [stderr]   --> src/main.rs:36:119
[INFO] [stderr]    |
[INFO] [stderr] 36 |         DayResults { day: $day_value, part1: $day_mod::part1($data).to_string(), part2: $day_mod::part2($data).to_string() };
[INFO] [stderr]    |                                                                                                                             ^
[INFO] [stderr] ...
[INFO] [stderr] 78 |             return day_results!(day9, 9, &data);
[INFO] [stderr]    |                    ---------------------------- in this macro invocation
[INFO] [stderr]    |
[INFO] [stderr]    = warning: this was previously accepted by the compiler but is being phased out; it will become a hard error in a future release!
[INFO] [stderr]    = note: for more information, see issue #79813 <https://github.com/rust-lang/rust/issues/79813>
[INFO] [stderr]    = note: this warning originates in the macro `day_results` (in Nightly builds, run with -Z macro-backtrace for more info)
[INFO] [stderr] 
[INFO] [stderr] warning: trailing semicolon in macro used in expression position
[INFO] [stderr]   --> src/main.rs:36:119
[INFO] [stderr]    |
[INFO] [stderr] 36 |         DayResults { day: $day_value, part1: $day_mod::part1($data).to_string(), part2: $day_mod::part2($data).to_string() };
[INFO] [stderr]    |                                                                                                                             ^
[INFO] [stderr] ...
[INFO] [stderr] 82 |             return day_results!(day10, 10, &data);
[INFO] [stderr]    |                    ------------------------------ in this macro invocation
[INFO] [stderr]    |
[INFO] [stderr]    = warning: this was previously accepted by the compiler but is being phased out; it will become a hard error in a future release!
[INFO] [stderr]    = note: for more information, see issue #79813 <https://github.com/rust-lang/rust/issues/79813>
[INFO] [stderr]    = note: this warning originates in the macro `day_results` (in Nightly builds, run with -Z macro-backtrace for more info)
[INFO] [stderr] 
[INFO] [stderr] warning: trailing semicolon in macro used in expression position
[INFO] [stderr]   --> src/main.rs:36:119
[INFO] [stderr]    |
[INFO] [stderr] 36 |         DayResults { day: $day_value, part1: $day_mod::part1($data).to_string(), part2: $day_mod::part2($data).to_string() };
[INFO] [stderr]    |                                                                                                                             ^
[INFO] [stderr] ...
[INFO] [stderr] 86 |             return day_results!(day11, 11, &data);
[INFO] [stderr]    |                    ------------------------------ in this macro invocation
[INFO] [stderr]    |
[INFO] [stderr]    = warning: this was previously accepted by the compiler but is being phased out; it will become a hard error in a future release!
[INFO] [stderr]    = note: for more information, see issue #79813 <https://github.com/rust-lang/rust/issues/79813>
[INFO] [stderr]    = note: this warning originates in the macro `day_results` (in Nightly builds, run with -Z macro-backtrace for more info)
[INFO] [stderr] 
[INFO] [stderr] warning: trailing semicolon in macro used in expression position
[INFO] [stderr]   --> src/main.rs:36:119
[INFO] [stderr]    |
[INFO] [stderr] 36 |         DayResults { day: $day_value, part1: $day_mod::part1($data).to_string(), part2: $day_mod::part2($data).to_string() };
[INFO] [stderr]    |                                                                                                                             ^
[INFO] [stderr] ...
[INFO] [stderr] 90 |             return day_results!(day12, 12, &data);
[INFO] [stderr]    |                    ------------------------------ in this macro invocation
[INFO] [stderr]    |
[INFO] [stderr]    = warning: this was previously accepted by the compiler but is being phased out; it will become a hard error in a future release!
[INFO] [stderr]    = note: for more information, see issue #79813 <https://github.com/rust-lang/rust/issues/79813>
[INFO] [stderr]    = note: this warning originates in the macro `day_results` (in Nightly builds, run with -Z macro-backtrace for more info)
[INFO] [stderr] 
[INFO] [stderr] warning: trailing semicolon in macro used in expression position
[INFO] [stderr]   --> src/main.rs:36:119
[INFO] [stderr]    |
[INFO] [stderr] 36 |         DayResults { day: $day_value, part1: $day_mod::part1($data).to_string(), part2: $day_mod::part2($data).to_string() };
[INFO] [stderr]    |                                                                                                                             ^
[INFO] [stderr] ...
[INFO] [stderr] 94 |             return day_results!(day13, 13, &data);
[INFO] [stderr]    |                    ------------------------------ in this macro invocation
[INFO] [stderr]    |
[INFO] [stderr]    = warning: this was previously accepted by the compiler but is being phased out; it will become a hard error in a future release!
[INFO] [stderr]    = note: for more information, see issue #79813 <https://github.com/rust-lang/rust/issues/79813>
[INFO] [stderr]    = note: this warning originates in the macro `day_results` (in Nightly builds, run with -Z macro-backtrace for more info)
[INFO] [stderr] 
[INFO] [stderr] warning: trailing semicolon in macro used in expression position
[INFO] [stderr]   --> src/main.rs:36:119
[INFO] [stderr]    |
[INFO] [stderr] 36 |         DayResults { day: $day_value, part1: $day_mod::part1($data).to_string(), part2: $day_mod::part2($data).to_string() };
[INFO] [stderr]    |                                                                                                                             ^
[INFO] [stderr] ...
[INFO] [stderr] 98 |             return day_results!(day14, 14, &data);
[INFO] [stderr]    |                    ------------------------------ in this macro invocation
[INFO] [stderr]    |
[INFO] [stderr]    = warning: this was previously accepted by the compiler but is being phased out; it will become a hard error in a future release!
[INFO] [stderr]    = note: for more information, see issue #79813 <https://github.com/rust-lang/rust/issues/79813>
[INFO] [stderr]    = note: this warning originates in the macro `day_results` (in Nightly builds, run with -Z macro-backtrace for more info)
[INFO] [stderr] 
[INFO] [stderr] warning: trailing semicolon in macro used in expression position
[INFO] [stderr]    --> src/main.rs:36:119
[INFO] [stderr]     |
[INFO] [stderr] 36  |         DayResults { day: $day_value, part1: $day_mod::part1($data).to_string(), part2: $day_mod::part2($data).to_string() };
[INFO] [stderr]     |                                                                                                                             ^
[INFO] [stderr] ...
[INFO] [stderr] 102 |             return day_results!(day15, 15, &data);
[INFO] [stderr]     |                    ------------------------------ in this macro invocation
[INFO] [stderr]     |
[INFO] [stderr]     = warning: this was previously accepted by the compiler but is being phased out; it will become a hard error in a future release!
[INFO] [stderr]     = note: for more information, see issue #79813 <https://github.com/rust-lang/rust/issues/79813>
[INFO] [stderr]     = note: this warning originates in the macro `day_results` (in Nightly builds, run with -Z macro-backtrace for more info)
[INFO] [stderr] 
[INFO] [stderr] warning: trailing semicolon in macro used in expression position
[INFO] [stderr]    --> src/main.rs:36:119
[INFO] [stderr]     |
[INFO] [stderr] 36  |         DayResults { day: $day_value, part1: $day_mod::part1($data).to_string(), part2: $day_mod::part2($data).to_string() };
[INFO] [stderr]     |                                                                                                                             ^
[INFO] [stderr] ...
[INFO] [stderr] 106 |             return day_results!(day16, 16, &data);
[INFO] [stderr]     |                    ------------------------------ in this macro invocation
[INFO] [stderr]     |
[INFO] [stderr]     = warning: this was previously accepted by the compiler but is being phased out; it will become a hard error in a future release!
[INFO] [stderr]     = note: for more information, see issue #79813 <https://github.com/rust-lang/rust/issues/79813>
[INFO] [stderr]     = note: this warning originates in the macro `day_results` (in Nightly builds, run with -Z macro-backtrace for more info)
[INFO] [stderr] 
[INFO] [stderr] warning: trailing semicolon in macro used in expression position
[INFO] [stderr]    --> src/main.rs:36:119
[INFO] [stderr]     |
[INFO] [stderr] 36  |         DayResults { day: $day_value, part1: $day_mod::part1($data).to_string(), part2: $day_mod::part2($data).to_string() };
[INFO] [stderr]     |                                                                                                                             ^
[INFO] [stderr] ...
[INFO] [stderr] 110 |             return day_results!(day17, 17, &data);
[INFO] [stderr]     |                    ------------------------------ in this macro invocation
[INFO] [stderr]     |
[INFO] [stderr]     = warning: this was previously accepted by the compiler but is being phased out; it will become a hard error in a future release!
[INFO] [stderr]     = note: for more information, see issue #79813 <https://github.com/rust-lang/rust/issues/79813>
[INFO] [stderr]     = note: this warning originates in the macro `day_results` (in Nightly builds, run with -Z macro-backtrace for more info)
[INFO] [stderr] 
[INFO] [stderr] warning: trailing semicolon in macro used in expression position
[INFO] [stderr]    --> src/main.rs:36:119
[INFO] [stderr]     |
[INFO] [stderr] 36  |         DayResults { day: $day_value, part1: $day_mod::part1($data).to_string(), part2: $day_mod::part2($data).to_string() };
[INFO] [stderr]     |                                                                                                                             ^
[INFO] [stderr] ...
[INFO] [stderr] 114 |             return day_results!(day18, 18, &data);
[INFO] [stderr]     |                    ------------------------------ in this macro invocation
[INFO] [stderr]     |
[INFO] [stderr]     = warning: this was previously accepted by the compiler but is being phased out; it will become a hard error in a future release!
[INFO] [stderr]     = note: for more information, see issue #79813 <https://github.com/rust-lang/rust/issues/79813>
[INFO] [stderr]     = note: this warning originates in the macro `day_results` (in Nightly builds, run with -Z macro-backtrace for more info)
[INFO] [stderr] 
[INFO] [stderr] warning: `advent2020` (bin "advent2020" test) generated 18 warnings
[INFO] [stderr]     Finished test [unoptimized + debuginfo] target(s) in 0.02s
[INFO] [stderr] warning: the following packages contain code that will be rejected by a future version of Rust: advent2020 v0.1.0 (/opt/rustwide/workdir)
[INFO] [stderr] note: to see what the problems were, use the option `--future-incompat-report`, or run `cargo report future-incompatibilities --id 1`
[INFO] [stderr]      Running unittests src/main.rs (/opt/rustwide/target/debug/deps/advent2020-8189126dc4d74250)
[INFO] [stdout] 
[INFO] [stdout] running 28 tests
[INFO] [stdout] test day11::tests::process_seat_works ... ok
[INFO] [stdout] test day10::tests::test_process_adapters ... ok
[INFO] [stdout] test day12::tests::move_to_waypoint_works ... ok
[INFO] [stdout] test day10::tests::test_counting_possibilities ... ok
[INFO] [stdout] test day12::tests::ship_works ... ok
[INFO] [stdout] test day12::tests::waypoint_rotation_works ... ok
[INFO] [stdout] test day12::tests::waypoint_ship_works ... ok
[INFO] [stdout] test day11::tests::step_works_with_sight ... ok
[INFO] [stdout] test day12::tests::what_the_heck ... ok
[INFO] [stdout] test day11::tests::step_works_without_sight ... ok
[INFO] [stdout] test day13::tests::day13_part2_works ... ok
[INFO] [stdout] test day14::tests::floating_calculations_work ... ok
[INFO] [stdout] test day16::tests::day16_part1_works ... ok
[INFO] [stdout] test day2::tests::day2part1works ... ok
[INFO] [stdout] test day2::tests::passwords_build ... ok
[INFO] [stdout] test day3::tests::mapworks ... ok
[INFO] [stdout] test day5::tests::decode_works ... ok
[INFO] [stdout] test day4::tests::test_parsing ... ok
[INFO] [stdout] test day6::tests::process_all_works ... ok
[INFO] [stdout] test day6::tests::process_works ... ok
[INFO] [stdout] test day8::tests::console_works ... ok
[INFO] [stdout] test day8::tests::debug_console_works ... ok
[INFO] [stdout] test day7::tests::bags_works ... ok
[INFO] [stdout] test day7::tests::bag_counting_works ... ok
[INFO] [stdout] test day9::test::breaker_works ... ok
[INFO] [stdout] test day16::tests::day16_part2_works ... FAILED
[INFO] [stdout] test day17::tests::day17_works ... ok
[INFO] [stdout] test day15::tests::number_game_works ... ok
[INFO] [stdout] 
[INFO] [stdout] failures:
[INFO] [stdout] 
[INFO] [stdout] ---- day16::tests::day16_part2_works stdout ----
[INFO] [stdout] thread 'day16::tests::day16_part2_works' panicked at 'assertion failed: `(left == right)`
[INFO] [stdout]   left: `156`,
[INFO] [stdout]  right: `143`', src/day16.rs:159:9
[INFO] [stdout] stack backtrace:
[INFO] [stdout]    0:     0x55ab6137ce5a - std::backtrace_rs::backtrace::libunwind::trace::h2f05d0192276a8f6
[INFO] [stdout]                                at /rustc/1b7dd2252b99671ce5d1cb9664c5f8636329436d/library/std/src/../../backtrace/src/backtrace/libunwind.rs:93:5
[INFO] [stdout]    1:     0x55ab6137ce5a - std::backtrace_rs::backtrace::trace_unsynchronized::hedc23dff7a1af150
[INFO] [stdout]                                at /rustc/1b7dd2252b99671ce5d1cb9664c5f8636329436d/library/std/src/../../backtrace/src/backtrace/mod.rs:66:5
[INFO] [stdout]    2:     0x55ab6137ce5a - std::sys_common::backtrace::_print_fmt::h17541ef7592f3ce2
[INFO] [stdout]                                at /rustc/1b7dd2252b99671ce5d1cb9664c5f8636329436d/library/std/src/sys_common/backtrace.rs:65:5
[INFO] [stdout]    3:     0x55ab6137ce5a - <std::sys_common::backtrace::_print::DisplayBacktrace as core::fmt::Display>::fmt::h20f75df5ab0c0792
[INFO] [stdout]                                at /rustc/1b7dd2252b99671ce5d1cb9664c5f8636329436d/library/std/src/sys_common/backtrace.rs:44:22
[INFO] [stdout]    4:     0x55ab613a1adf - core::fmt::write::h78109e6f466b3af6
[INFO] [stdout]                                at /rustc/1b7dd2252b99671ce5d1cb9664c5f8636329436d/library/core/src/fmt/mod.rs:1254:17
[INFO] [stdout]    5:     0x55ab6137a1a5 - std::io::Write::write_fmt::hd24bfb68a1b35a25
[INFO] [stdout]                                at /rustc/1b7dd2252b99671ce5d1cb9664c5f8636329436d/library/std/src/io/mod.rs:1698:15
[INFO] [stdout]    6:     0x55ab6137cc25 - std::sys_common::backtrace::_print::h8dac57a9f8fbf9a5
[INFO] [stdout]                                at /rustc/1b7dd2252b99671ce5d1cb9664c5f8636329436d/library/std/src/sys_common/backtrace.rs:47:5
[INFO] [stdout]    7:     0x55ab6137cc25 - std::sys_common::backtrace::print::hf9ecbf41d1aa712f
[INFO] [stdout]                                at /rustc/1b7dd2252b99671ce5d1cb9664c5f8636329436d/library/std/src/sys_common/backtrace.rs:34:9
[INFO] [stdout]    8:     0x55ab6137e8de - std::panicking::default_hook::{{closure}}::h04c07acfc84ca028
[INFO] [stdout]                                at /rustc/1b7dd2252b99671ce5d1cb9664c5f8636329436d/library/std/src/panicking.rs:269:22
[INFO] [stdout]    9:     0x55ab6137e611 - std::panicking::default_hook::h01f6bb23e1eceb2c
[INFO] [stdout]                                at /rustc/1b7dd2252b99671ce5d1cb9664c5f8636329436d/library/std/src/panicking.rs:285:9
[INFO] [stdout]   10:     0x55ab613437eb - <alloc::boxed::Box<F,A> as core::ops::function::Fn<Args>>::call::h87fe9f7b2fd49e4c
[INFO] [stdout]                                at /rustc/1b7dd2252b99671ce5d1cb9664c5f8636329436d/library/alloc/src/boxed.rs:1987:9
[INFO] [stdout]   11:     0x55ab613437eb - test::test_main::{{closure}}::he94d679243a7531b
[INFO] [stdout]                                at /rustc/1b7dd2252b99671ce5d1cb9664c5f8636329436d/library/test/src/lib.rs:134:21
[INFO] [stdout]   12:     0x55ab6137efc4 - <alloc::boxed::Box<F,A> as core::ops::function::Fn<Args>>::call::h3f2d6d8b14c4769f
[INFO] [stdout]                                at /rustc/1b7dd2252b99671ce5d1cb9664c5f8636329436d/library/alloc/src/boxed.rs:1987:9
[INFO] [stdout]   13:     0x55ab6137efc4 - std::panicking::rust_panic_with_hook::h2bb3722bbaf2f6df
[INFO] [stdout]                                at /rustc/1b7dd2252b99671ce5d1cb9664c5f8636329436d/library/std/src/panicking.rs:695:13
[INFO] [stdout]   14:     0x55ab6137ed39 - std::panicking::begin_panic_handler::{{closure}}::h91bc7f36a4be011b
[INFO] [stdout]                                at /rustc/1b7dd2252b99671ce5d1cb9664c5f8636329436d/library/std/src/panicking.rs:582:13
[INFO] [stdout]   15:     0x55ab6137d2c6 - std::sys_common::backtrace::__rust_end_short_backtrace::h8b3d3717114f9e59
[INFO] [stdout]                                at /rustc/1b7dd2252b99671ce5d1cb9664c5f8636329436d/library/std/src/sys_common/backtrace.rs:150:18
[INFO] [stdout]   16:     0x55ab6137ea92 - rust_begin_unwind
[INFO] [stdout]                                at /rustc/1b7dd2252b99671ce5d1cb9664c5f8636329436d/library/std/src/panicking.rs:578:5
[INFO] [stdout]   17:     0x55ab612a8ba3 - core::panicking::panic_fmt::hfd368e3fbdabea26
[INFO] [stdout]                                at /rustc/1b7dd2252b99671ce5d1cb9664c5f8636329436d/library/core/src/panicking.rs:67:14
[INFO] [stdout]   18:     0x55ab612a8f6f - core::panicking::assert_failed_inner::haef49168e1798a91
[INFO] [stdout]   19:     0x55ab6135a68a - core::panicking::assert_failed::h2b3a7432087fd9e5
[INFO] [stdout]                                at /rustc/1b7dd2252b99671ce5d1cb9664c5f8636329436d/library/core/src/panicking.rs:228:5
[INFO] [stdout]   20:     0x55ab612fcec4 - advent2020::day16::tests::day16_part2_works::hfd9fcab689d9b736
[INFO] [stdout]                                at /opt/rustwide/workdir/src/day16.rs:159:3
[INFO] [stdout]   21:     0x55ab612fcdc7 - advent2020::day16::tests::day16_part2_works::{{closure}}::h00c57db90b621022
[INFO] [stdout]                                at /opt/rustwide/workdir/src/day16.rs:146:25
[INFO] [stdout]   22:     0x55ab61301285 - core::ops::function::FnOnce::call_once::h4c4b0476f6fa9c0a
[INFO] [stdout]                                at /rustc/1b7dd2252b99671ce5d1cb9664c5f8636329436d/library/core/src/ops/function.rs:250:5
[INFO] [stdout]   23:     0x55ab613486bf - core::ops::function::FnOnce::call_once::ha6a70e79f7481a7e
[INFO] [stdout]                                at /rustc/1b7dd2252b99671ce5d1cb9664c5f8636329436d/library/core/src/ops/function.rs:250:5
[INFO] [stdout]   24:     0x55ab613486bf - test::__rust_begin_short_backtrace::hce33033019b61e69
[INFO] [stdout]                                at /rustc/1b7dd2252b99671ce5d1cb9664c5f8636329436d/library/test/src/lib.rs:655:18
[INFO] [stdout]   25:     0x55ab61315eac - test::run_test::{{closure}}::h858d3528838ae3e5
[INFO] [stdout]                                at /rustc/1b7dd2252b99671ce5d1cb9664c5f8636329436d/library/test/src/lib.rs:646:30
[INFO] [stdout]   26:     0x55ab61315eac - core::ops::function::FnOnce::call_once{{vtable.shim}}::he8ac2b00f01ae79e
[INFO] [stdout]                                at /rustc/1b7dd2252b99671ce5d1cb9664c5f8636329436d/library/core/src/ops/function.rs:250:5
[INFO] [stdout]   27:     0x55ab61347796 - <alloc::boxed::Box<F,A> as core::ops::function::FnOnce<Args>>::call_once::h8093d25b522725ef
[INFO] [stdout]                                at /rustc/1b7dd2252b99671ce5d1cb9664c5f8636329436d/library/alloc/src/boxed.rs:1973:9
[INFO] [stdout]   28:     0x55ab61347796 - <core::panic::unwind_safe::AssertUnwindSafe<F> as core::ops::function::FnOnce<()>>::call_once::h5c334c204e4a3913
[INFO] [stdout]                                at /rustc/1b7dd2252b99671ce5d1cb9664c5f8636329436d/library/core/src/panic/unwind_safe.rs:271:9
[INFO] [stdout]   29:     0x55ab61347796 - std::panicking::try::do_call::ha8b740c7b9478074
[INFO] [stdout]                                at /rustc/1b7dd2252b99671ce5d1cb9664c5f8636329436d/library/std/src/panicking.rs:485:40
[INFO] [stdout]   30:     0x55ab61347796 - std::panicking::try::h5d34f63d0e41b64e
[INFO] [stdout]                                at /rustc/1b7dd2252b99671ce5d1cb9664c5f8636329436d/library/std/src/panicking.rs:449:19
[INFO] [stdout]   31:     0x55ab61347796 - std::panic::catch_unwind::hcfbb511e1aa7fc67
[INFO] [stdout]                                at /rustc/1b7dd2252b99671ce5d1cb9664c5f8636329436d/library/std/src/panic.rs:140:14
[INFO] [stdout]   32:     0x55ab61347796 - test::run_test_in_process::h9abda90f802eaf21
[INFO] [stdout]                                at /rustc/1b7dd2252b99671ce5d1cb9664c5f8636329436d/library/test/src/lib.rs:678:27
[INFO] [stdout]   33:     0x55ab61347796 - test::run_test::run_test_inner::{{closure}}::h0f058de91f6c6edf
[INFO] [stdout]                                at /rustc/1b7dd2252b99671ce5d1cb9664c5f8636329436d/library/test/src/lib.rs:572:39
[INFO] [stdout]   34:     0x55ab613106b5 - test::run_test::run_test_inner::{{closure}}::h5ca48a4c59c6c1fb
[INFO] [stdout]                                at /rustc/1b7dd2252b99671ce5d1cb9664c5f8636329436d/library/test/src/lib.rs:599:37
[INFO] [stdout]   35:     0x55ab613106b5 - std::sys_common::backtrace::__rust_begin_short_backtrace::h32bd51e1495d4a33
[INFO] [stdout]                                at /rustc/1b7dd2252b99671ce5d1cb9664c5f8636329436d/library/std/src/sys_common/backtrace.rs:134:18
[INFO] [stdout]   36:     0x55ab61315bf1 - std::thread::Builder::spawn_unchecked_::{{closure}}::{{closure}}::hc086fae9b128b2db
[INFO] [stdout]                                at /rustc/1b7dd2252b99671ce5d1cb9664c5f8636329436d/library/std/src/thread/mod.rs:526:17
[INFO] [stdout]   37:     0x55ab61315bf1 - <core::panic::unwind_safe::AssertUnwindSafe<F> as core::ops::function::FnOnce<()>>::call_once::hb66571888d270d43
[INFO] [stdout]                                at /rustc/1b7dd2252b99671ce5d1cb9664c5f8636329436d/library/core/src/panic/unwind_safe.rs:271:9
[INFO] [stdout]   38:     0x55ab61315bf1 - std::panicking::try::do_call::h4fa2ef4f6e51fecf
[INFO] [stdout]                                at /rustc/1b7dd2252b99671ce5d1cb9664c5f8636329436d/library/std/src/panicking.rs:485:40
[INFO] [stdout]   39:     0x55ab61315bf1 - std::panicking::try::h1e9e22b8584489b5
[INFO] [stdout]                                at /rustc/1b7dd2252b99671ce5d1cb9664c5f8636329436d/library/std/src/panicking.rs:449:19
[INFO] [stdout]   40:     0x55ab61315bf1 - std::panic::catch_unwind::h44698a3de0e0769e
[INFO] [stdout]                                at /rustc/1b7dd2252b99671ce5d1cb9664c5f8636329436d/library/std/src/panic.rs:140:14
[INFO] [stdout]   41:     0x55ab61315bf1 - std::thread::Builder::spawn_unchecked_::{{closure}}::h50153abde3fe239e
[INFO] [stdout]                                at /rustc/1b7dd2252b99671ce5d1cb9664c5f8636329436d/library/std/src/thread/mod.rs:525:30
[INFO] [stdout]   42:     0x55ab61315bf1 - core::ops::function::FnOnce::call_once{{vtable.shim}}::hbe5bbf6f38394364
[INFO] [stdout]                                at /rustc/1b7dd2252b99671ce5d1cb9664c5f8636329436d/library/core/src/ops/function.rs:250:5
[INFO] [stdout]   43:     0x55ab61383495 - <alloc::boxed::Box<F,A> as core::ops::function::FnOnce<Args>>::call_once::h0d83cb2920a49046
[INFO] [stdout]                                at /rustc/1b7dd2252b99671ce5d1cb9664c5f8636329436d/library/alloc/src/boxed.rs:1973:9
[INFO] [stdout]   44:     0x55ab61383495 - <alloc::boxed::Box<F,A> as core::ops::function::FnOnce<Args>>::call_once::hbe0a008aa7d9ef59
[INFO] [stdout]                                at /rustc/1b7dd2252b99671ce5d1cb9664c5f8636329436d/library/alloc/src/boxed.rs:1973:9
[INFO] [stdout]   45:     0x55ab61383495 - std::sys::unix::thread::Thread::new::thread_start::h3a466996bdf6b1f9
[INFO] [stdout]                                at /rustc/1b7dd2252b99671ce5d1cb9664c5f8636329436d/library/std/src/sys/unix/thread.rs:108:17
[INFO] [stdout]   46:     0x7f7be0c72b43 - <unknown>
[INFO] [stdout]   47:     0x7f7be0d03bb4 - __clone
[INFO] [stdout]   48:                0x0 - <unknown>
[INFO] [stdout] 
[INFO] [stdout] 
[INFO] [stdout] failures:
[INFO] [stdout]     day16::tests::day16_part2_works
[INFO] [stdout] 
[INFO] [stdout] test result: FAILED. 27 passed; 1 failed; 0 ignored; 0 measured; 0 filtered out; finished in 18.00s
[INFO] [stdout] 
[INFO] [stderr] error: test failed, to rerun pass `--bin advent2020`
[INFO] running `Command { std: "docker" "inspect" "35a1c7f1224cdeb91e1f1c08d0fe59e8333b1dd69395f9a1c4a7b83b619c0c2a", kill_on_drop: false }`
[INFO] running `Command { std: "docker" "rm" "-f" "35a1c7f1224cdeb91e1f1c08d0fe59e8333b1dd69395f9a1c4a7b83b619c0c2a", kill_on_drop: false }`
[INFO] [stdout] 35a1c7f1224cdeb91e1f1c08d0fe59e8333b1dd69395f9a1c4a7b83b619c0c2a
