[INFO] cloning repository https://github.com/Kayren/wardice
[INFO] running `Command { std: "git" "-c" "credential.helper=" "-c" "credential.helper=/workspace/cargo-home/bin/git-credential-null" "clone" "--bare" "https://github.com/Kayren/wardice" "/workspace/cache/git-repos/https%3A%2F%2Fgithub.com%2FKayren%2Fwardice", kill_on_drop: false }`
[INFO] [stderr] Cloning into bare repository '/workspace/cache/git-repos/https%3A%2F%2Fgithub.com%2FKayren%2Fwardice'...
[INFO] running `Command { std: "git" "rev-parse" "HEAD", kill_on_drop: false }`
[INFO] [stdout] dd508fded023a13006b6710c278566b01819a2a8
[INFO] testing Kayren/wardice against beta-2023-04-20 for beta-1.70-1
[INFO] running `Command { std: "git" "clone" "/workspace/cache/git-repos/https%3A%2F%2Fgithub.com%2FKayren%2Fwardice" "/workspace/builds/worker-3-tc2/source", kill_on_drop: false }`
[INFO] [stderr] Cloning into '/workspace/builds/worker-3-tc2/source'...
[INFO] [stderr] done.
[INFO] validating manifest of git repo https://github.com/Kayren/wardice on toolchain beta-2023-04-20
[INFO] running `Command { std: CARGO_HOME="/workspace/cargo-home" RUSTUP_HOME="/workspace/rustup-home" "/workspace/cargo-home/bin/cargo" "+beta-2023-04-20" "metadata" "--manifest-path" "Cargo.toml" "--no-deps", kill_on_drop: false }`
[INFO] started tweaking git repo https://github.com/Kayren/wardice
[INFO] finished tweaking git repo https://github.com/Kayren/wardice
[INFO] tweaked toml for git repo https://github.com/Kayren/wardice written to /workspace/builds/worker-3-tc2/source/Cargo.toml
[INFO] crate git repo https://github.com/Kayren/wardice already has a lockfile, it will not be regenerated
[INFO] running `Command { std: CARGO_HOME="/workspace/cargo-home" RUSTUP_HOME="/workspace/rustup-home" "/workspace/cargo-home/bin/cargo" "+beta-2023-04-20" "fetch" "--manifest-path" "Cargo.toml", kill_on_drop: false }`
[INFO] [stderr]  Downloading crates ...
[INFO] [stderr]   Downloaded serde_derive v1.0.72
[INFO] [stderr]   Downloaded serde v1.0.72
[INFO] [stderr]   Downloaded ryu v0.2.4
[INFO] [stderr]   Downloaded serde_json v1.0.26
[INFO] [stderr]   Downloaded itoa v0.4.2
[INFO] [stderr]   Downloaded syn v0.14.8
[INFO] [stderr]   Downloaded quote v0.6.6
[INFO] running `Command { std: "docker" "create" "-v" "/var/lib/crater-agent-workspace/builds/worker-3-tc2/target:/opt/rustwide/target:rw,Z" "-v" "/var/lib/crater-agent-workspace/builds/worker-3-tc2/source:/opt/rustwide/workdir:ro,Z" "-v" "/var/lib/crater-agent-workspace/cargo-home:/opt/rustwide/cargo-home:ro,Z" "-v" "/var/lib/crater-agent-workspace/rustup-home:/opt/rustwide/rustup-home:ro,Z" "-e" "SOURCE_DIR=/opt/rustwide/workdir" "-e" "CARGO_TARGET_DIR=/opt/rustwide/target" "-e" "CARGO_HOME=/opt/rustwide/cargo-home" "-e" "RUSTUP_HOME=/opt/rustwide/rustup-home" "-w" "/opt/rustwide/workdir" "-m" "1610612736" "--user" "0:0" "--network" "none" "ghcr.io/rust-lang/crates-build-env/linux@sha256:5ff2268d62e97bff2cde7d5815dd6ed5b47097566f13b8d0ca110b04b60e07ed" "/opt/rustwide/cargo-home/bin/cargo" "+beta-2023-04-20" "metadata" "--no-deps" "--format-version=1", kill_on_drop: false }`
[INFO] [stdout] 9f3e02a03c281052c913f4b1c2469136006e98cf039509170ca04f63321f18b2
[INFO] running `Command { std: "docker" "start" "-a" "9f3e02a03c281052c913f4b1c2469136006e98cf039509170ca04f63321f18b2", kill_on_drop: false }`
[INFO] running `Command { std: "docker" "inspect" "9f3e02a03c281052c913f4b1c2469136006e98cf039509170ca04f63321f18b2", kill_on_drop: false }`
[INFO] running `Command { std: "docker" "rm" "-f" "9f3e02a03c281052c913f4b1c2469136006e98cf039509170ca04f63321f18b2", kill_on_drop: false }`
[INFO] [stdout] 9f3e02a03c281052c913f4b1c2469136006e98cf039509170ca04f63321f18b2
[INFO] running `Command { std: "docker" "create" "-v" "/var/lib/crater-agent-workspace/builds/worker-3-tc2/target:/opt/rustwide/target:rw,Z" "-v" "/var/lib/crater-agent-workspace/builds/worker-3-tc2/source:/opt/rustwide/workdir:ro,Z" "-v" "/var/lib/crater-agent-workspace/cargo-home:/opt/rustwide/cargo-home:ro,Z" "-v" "/var/lib/crater-agent-workspace/rustup-home:/opt/rustwide/rustup-home:ro,Z" "-e" "SOURCE_DIR=/opt/rustwide/workdir" "-e" "CARGO_TARGET_DIR=/opt/rustwide/target" "-e" "CARGO_INCREMENTAL=0" "-e" "RUST_BACKTRACE=full" "-e" "RUSTFLAGS=--cap-lints=warn" "-e" "RUSTDOCFLAGS=--cap-lints=warn" "-e" "CARGO_HOME=/opt/rustwide/cargo-home" "-e" "RUSTUP_HOME=/opt/rustwide/rustup-home" "-w" "/opt/rustwide/workdir" "-m" "1610612736" "--user" "0:0" "--network" "none" "ghcr.io/rust-lang/crates-build-env/linux@sha256:5ff2268d62e97bff2cde7d5815dd6ed5b47097566f13b8d0ca110b04b60e07ed" "/opt/rustwide/cargo-home/bin/cargo" "+beta-2023-04-20" "build" "--frozen" "--message-format=json", kill_on_drop: false }`
[INFO] [stdout] 11fb269c68b5fe4223f477af162e62282afc3ffdc04c1fae4ef0f34dbcdfc11f
[INFO] running `Command { std: "docker" "start" "-a" "11fb269c68b5fe4223f477af162e62282afc3ffdc04c1fae4ef0f34dbcdfc11f", kill_on_drop: false }`
[INFO] [stderr]    Compiling proc-macro2 v0.4.13
[INFO] [stderr]    Compiling unicode-xid v0.1.0
[INFO] [stderr]    Compiling ryu v0.2.4
[INFO] [stderr]    Compiling serde v1.0.72
[INFO] [stderr]    Compiling libc v0.2.43
[INFO] [stderr]    Compiling itoa v0.4.2
[INFO] [stderr]    Compiling rand_core v0.2.1
[INFO] [stderr]    Compiling rand v0.5.5
[INFO] [stderr]    Compiling quote v0.6.6
[INFO] [stderr]    Compiling syn v0.14.8
[INFO] [stderr]    Compiling serde_derive v1.0.72
[INFO] [stderr]    Compiling serde_json v1.0.26
[INFO] [stderr]    Compiling wardice v0.1.0 (/opt/rustwide/workdir)
[INFO] [stdout] warning: unused return value of `collect` that must be used
[INFO] [stdout]    --> src/lib.rs:233:5
[INFO] [stdout]     |
[INFO] [stdout] 233 |     rolls.clone().into_iter().map(|r| reroll_dice(&mut rerolls, r)).collect::<()>();
[INFO] [stdout]     |     ^^^^^^^^^^^^^^^^^^^^^^^^^^^^^^^^^^^^^^^^^^^^^^^^^^^^^^^^^^^^^^^^^^^^^^^^^^^^^^^
[INFO] [stdout]     |
[INFO] [stdout]     = note: if you really need to exhaust the iterator, consider `.for_each(drop)` instead
[INFO] [stdout]     = note: `#[warn(unused_must_use)]` on by default
[INFO] [stdout] help: use `let _ = ...` to ignore the resulting value
[INFO] [stdout]     |
[INFO] [stdout] 233 |     let _ = rolls.clone().into_iter().map(|r| reroll_dice(&mut rerolls, r)).collect::<()>();
[INFO] [stdout]     |     +++++++
[INFO] [stdout] 
[INFO] [stdout] 
[INFO] [stdout] warning: 1 warning emitted
[INFO] [stdout] 
[INFO] [stdout] 
[INFO] [stderr]     Finished dev [unoptimized + debuginfo] target(s) in 4.46s
[INFO] [stderr] warning: the following packages contain code that will be rejected by a future version of Rust: syn v0.14.8
[INFO] [stderr] note: to see what the problems were, use the option `--future-incompat-report`, or run `cargo report future-incompatibilities --id 1`
[INFO] running `Command { std: "docker" "inspect" "11fb269c68b5fe4223f477af162e62282afc3ffdc04c1fae4ef0f34dbcdfc11f", kill_on_drop: false }`
[INFO] running `Command { std: "docker" "rm" "-f" "11fb269c68b5fe4223f477af162e62282afc3ffdc04c1fae4ef0f34dbcdfc11f", kill_on_drop: false }`
[INFO] [stdout] 11fb269c68b5fe4223f477af162e62282afc3ffdc04c1fae4ef0f34dbcdfc11f
[INFO] running `Command { std: "docker" "create" "-v" "/var/lib/crater-agent-workspace/builds/worker-3-tc2/target:/opt/rustwide/target:rw,Z" "-v" "/var/lib/crater-agent-workspace/builds/worker-3-tc2/source:/opt/rustwide/workdir:ro,Z" "-v" "/var/lib/crater-agent-workspace/cargo-home:/opt/rustwide/cargo-home:ro,Z" "-v" "/var/lib/crater-agent-workspace/rustup-home:/opt/rustwide/rustup-home:ro,Z" "-e" "SOURCE_DIR=/opt/rustwide/workdir" "-e" "CARGO_TARGET_DIR=/opt/rustwide/target" "-e" "CARGO_INCREMENTAL=0" "-e" "RUST_BACKTRACE=full" "-e" "RUSTFLAGS=--cap-lints=warn" "-e" "RUSTDOCFLAGS=--cap-lints=warn" "-e" "CARGO_HOME=/opt/rustwide/cargo-home" "-e" "RUSTUP_HOME=/opt/rustwide/rustup-home" "-w" "/opt/rustwide/workdir" "-m" "1610612736" "--user" "0:0" "--network" "none" "ghcr.io/rust-lang/crates-build-env/linux@sha256:5ff2268d62e97bff2cde7d5815dd6ed5b47097566f13b8d0ca110b04b60e07ed" "/opt/rustwide/cargo-home/bin/cargo" "+beta-2023-04-20" "test" "--frozen" "--no-run" "--message-format=json", kill_on_drop: false }`
[INFO] [stdout] 39c5a0a781a91da7db1a0b258f0463eb7160e50104e40a3c6de65fea5bc56b1b
[INFO] running `Command { std: "docker" "start" "-a" "39c5a0a781a91da7db1a0b258f0463eb7160e50104e40a3c6de65fea5bc56b1b", kill_on_drop: false }`
[INFO] [stdout] warning: unused return value of `collect` that must be used
[INFO] [stdout]    --> src/lib.rs:233:5
[INFO] [stdout]     |
[INFO] [stdout] 233 |     rolls.clone().into_iter().map(|r| reroll_dice(&mut rerolls, r)).collect::<()>();
[INFO] [stdout]     |     ^^^^^^^^^^^^^^^^^^^^^^^^^^^^^^^^^^^^^^^^^^^^^^^^^^^^^^^^^^^^^^^^^^^^^^^^^^^^^^^
[INFO] [stdout]     |
[INFO] [stdout]     = note: if you really need to exhaust the iterator, consider `.for_each(drop)` instead
[INFO] [stdout]     = note: `#[warn(unused_must_use)]` on by default
[INFO] [stdout] help: use `let _ = ...` to ignore the resulting value
[INFO] [stdout]     |
[INFO] [stdout] 233 |     let _ = rolls.clone().into_iter().map(|r| reroll_dice(&mut rerolls, r)).collect::<()>();
[INFO] [stdout]     |     +++++++
[INFO] [stdout] 
[INFO] [stdout] 
[INFO] [stderr]    Compiling wardice v0.1.0 (/opt/rustwide/workdir)
[INFO] [stdout] warning: 1 warning emitted
[INFO] [stdout] 
[INFO] [stdout] 
[INFO] [stdout] warning: unused return value of `collect` that must be used
[INFO] [stdout]    --> src/lib.rs:233:5
[INFO] [stdout]     |
[INFO] [stdout] 233 |     rolls.clone().into_iter().map(|r| reroll_dice(&mut rerolls, r)).collect::<()>();
[INFO] [stdout]     |     ^^^^^^^^^^^^^^^^^^^^^^^^^^^^^^^^^^^^^^^^^^^^^^^^^^^^^^^^^^^^^^^^^^^^^^^^^^^^^^^
[INFO] [stdout]     |
[INFO] [stdout]     = note: if you really need to exhaust the iterator, consider `.for_each(drop)` instead
[INFO] [stdout]     = note: `#[warn(unused_must_use)]` on by default
[INFO] [stdout] help: use `let _ = ...` to ignore the resulting value
[INFO] [stdout]     |
[INFO] [stdout] 233 |     let _ = rolls.clone().into_iter().map(|r| reroll_dice(&mut rerolls, r)).collect::<()>();
[INFO] [stdout]     |     +++++++
[INFO] [stdout] 
[INFO] [stdout] 
[INFO] [stdout] warning: 1 warning emitted
[INFO] [stdout] 
[INFO] [stdout] 
[INFO] [stderr]     Finished test [unoptimized + debuginfo] target(s) in 0.24s
[INFO] [stderr] warning: the following packages contain code that will be rejected by a future version of Rust: syn v0.14.8
[INFO] [stderr] note: to see what the problems were, use the option `--future-incompat-report`, or run `cargo report future-incompatibilities --id 1`
[INFO] running `Command { std: "docker" "inspect" "39c5a0a781a91da7db1a0b258f0463eb7160e50104e40a3c6de65fea5bc56b1b", kill_on_drop: false }`
[INFO] running `Command { std: "docker" "rm" "-f" "39c5a0a781a91da7db1a0b258f0463eb7160e50104e40a3c6de65fea5bc56b1b", kill_on_drop: false }`
[INFO] [stdout] 39c5a0a781a91da7db1a0b258f0463eb7160e50104e40a3c6de65fea5bc56b1b
[INFO] running `Command { std: "docker" "create" "-v" "/var/lib/crater-agent-workspace/builds/worker-3-tc2/target:/opt/rustwide/target:rw,Z" "-v" "/var/lib/crater-agent-workspace/builds/worker-3-tc2/source:/opt/rustwide/workdir:ro,Z" "-v" "/var/lib/crater-agent-workspace/cargo-home:/opt/rustwide/cargo-home:ro,Z" "-v" "/var/lib/crater-agent-workspace/rustup-home:/opt/rustwide/rustup-home:ro,Z" "-e" "SOURCE_DIR=/opt/rustwide/workdir" "-e" "CARGO_TARGET_DIR=/opt/rustwide/target" "-e" "CARGO_INCREMENTAL=0" "-e" "RUST_BACKTRACE=full" "-e" "RUSTFLAGS=--cap-lints=warn" "-e" "RUSTDOCFLAGS=--cap-lints=warn" "-e" "CARGO_HOME=/opt/rustwide/cargo-home" "-e" "RUSTUP_HOME=/opt/rustwide/rustup-home" "-w" "/opt/rustwide/workdir" "-m" "1610612736" "--user" "0:0" "--network" "none" "ghcr.io/rust-lang/crates-build-env/linux@sha256:5ff2268d62e97bff2cde7d5815dd6ed5b47097566f13b8d0ca110b04b60e07ed" "/opt/rustwide/cargo-home/bin/cargo" "+beta-2023-04-20" "test" "--frozen", kill_on_drop: false }`
[INFO] [stdout] 58e75f1f648ff670c4e30a936038482ccebe02be8c4fbe31410f56a6c508a42b
[INFO] running `Command { std: "docker" "start" "-a" "58e75f1f648ff670c4e30a936038482ccebe02be8c4fbe31410f56a6c508a42b", kill_on_drop: false }`
[INFO] [stderr] warning: unused return value of `collect` that must be used
[INFO] [stderr]    --> src/lib.rs:233:5
[INFO] [stderr]     |
[INFO] [stderr] 233 |     rolls.clone().into_iter().map(|r| reroll_dice(&mut rerolls, r)).collect::<()>();
[INFO] [stderr]     |     ^^^^^^^^^^^^^^^^^^^^^^^^^^^^^^^^^^^^^^^^^^^^^^^^^^^^^^^^^^^^^^^^^^^^^^^^^^^^^^^
[INFO] [stderr]     |
[INFO] [stderr]     = note: if you really need to exhaust the iterator, consider `.for_each(drop)` instead
[INFO] [stderr]     = note: `#[warn(unused_must_use)]` on by default
[INFO] [stderr] help: use `let _ = ...` to ignore the resulting value
[INFO] [stderr]     |
[INFO] [stderr] 233 |     let _ = rolls.clone().into_iter().map(|r| reroll_dice(&mut rerolls, r)).collect::<()>();
[INFO] [stderr]     |     +++++++
[INFO] [stderr] 
[INFO] [stderr] warning: `wardice` (lib) generated 1 warning
[INFO] [stderr] warning: `wardice` (lib test) generated 1 warning (1 duplicate)
[INFO] [stderr]     Finished test [unoptimized + debuginfo] target(s) in 0.01s
[INFO] [stderr] warning: the following packages contain code that will be rejected by a future version of Rust: syn v0.14.8
[INFO] [stderr] note: to see what the problems were, use the option `--future-incompat-report`, or run `cargo report future-incompatibilities --id 1`
[INFO] [stderr]      Running unittests src/lib.rs (/opt/rustwide/target/debug/deps/wardice-f66e4d8b6e82bedf)
[INFO] [stdout] 
[INFO] [stdout] running 0 tests
[INFO] [stdout] 
[INFO] [stdout] test result: ok. 0 passed; 0 failed; 0 ignored; 0 measured; 0 filtered out; finished in 0.00s
[INFO] [stdout] 
[INFO] [stderr]      Running unittests src/main.rs (/opt/rustwide/target/debug/deps/wardice-174c5fba27d6b9d9)
[INFO] [stdout] 
[INFO] [stdout] running 0 tests
[INFO] [stdout] 
[INFO] [stdout] test result: ok. 0 passed; 0 failed; 0 ignored; 0 measured; 0 filtered out; finished in 0.00s
[INFO] [stdout] 
[INFO] [stderr]    Doc-tests wardice
[INFO] [stdout] 
[INFO] [stdout] running 1 test
[INFO] [stdout] test src/lib.rs - roll_dices (line 224) ... FAILED
[INFO] [stdout] 
[INFO] [stdout] failures:
[INFO] [stdout] 
[INFO] [stdout] ---- src/lib.rs - roll_dices (line 224) stdout ----
[INFO] [stdout] error: expected `;`, found keyword `let`
[INFO] [stdout]  --> src/lib.rs:225:86
[INFO] [stdout]   |
[INFO] [stdout] 3 | let dices = [Dice::Characteristic,Dice::Characteristic,Dice::Fortune,Dice::Challenge]
[INFO] [stdout]   |                                                                                      ^ help: add `;` here
[INFO] [stdout] 4 | let resuls = roll_dices(dices);
[INFO] [stdout]   | --- unexpected token
[INFO] [stdout] 
[INFO] [stdout] error[E0433]: failed to resolve: use of undeclared type `Dice`
[INFO] [stdout]  --> src/lib.rs:225:14
[INFO] [stdout]   |
[INFO] [stdout] 3 | let dices = [Dice::Characteristic,Dice::Characteristic,Dice::Fortune,Dice::Challenge]
[INFO] [stdout]   |              ^^^^ use of undeclared type `Dice`
[INFO] [stdout] 
[INFO] [stdout] error[E0433]: failed to resolve: use of undeclared type `Dice`
[INFO] [stdout]  --> src/lib.rs:225:35
[INFO] [stdout]   |
[INFO] [stdout] 3 | let dices = [Dice::Characteristic,Dice::Characteristic,Dice::Fortune,Dice::Challenge]
[INFO] [stdout]   |                                   ^^^^ use of undeclared type `Dice`
[INFO] [stdout] 
[INFO] [stdout] error[E0433]: failed to resolve: use of undeclared type `Dice`
[INFO] [stdout]  --> src/lib.rs:225:56
[INFO] [stdout]   |
[INFO] [stdout] 3 | let dices = [Dice::Characteristic,Dice::Characteristic,Dice::Fortune,Dice::Challenge]
[INFO] [stdout]   |                                                        ^^^^ use of undeclared type `Dice`
[INFO] [stdout] 
[INFO] [stdout] error[E0433]: failed to resolve: use of undeclared type `Dice`
[INFO] [stdout]  --> src/lib.rs:225:70
[INFO] [stdout]   |
[INFO] [stdout] 3 | let dices = [Dice::Characteristic,Dice::Characteristic,Dice::Fortune,Dice::Challenge]
[INFO] [stdout]   |                                                                      ^^^^ use of undeclared type `Dice`
[INFO] [stdout] 
[INFO] [stdout] error[E0425]: cannot find function `roll_dices` in this scope
[INFO] [stdout]  --> src/lib.rs:226:14
[INFO] [stdout]   |
[INFO] [stdout] 4 | let resuls = roll_dices(dices);
[INFO] [stdout]   |              ^^^^^^^^^^ not found in this scope
[INFO] [stdout] 
[INFO] [stdout] error: aborting due to 6 previous errors
[INFO] [stdout] 
[INFO] [stdout] Some errors have detailed explanations: E0425, E0433.
[INFO] [stdout] For more information about an error, try `rustc --explain E0425`.
[INFO] [stdout] Couldn't compile the test.
[INFO] [stdout] 
[INFO] [stdout] failures:
[INFO] [stdout]     src/lib.rs - roll_dices (line 224)
[INFO] [stdout] 
[INFO] [stdout] test result: FAILED. 0 passed; 1 failed; 0 ignored; 0 measured; 0 filtered out; finished in 0.03s
[INFO] [stdout] 
[INFO] [stderr] error: doctest failed, to rerun pass `--doc`
[INFO] running `Command { std: "docker" "inspect" "58e75f1f648ff670c4e30a936038482ccebe02be8c4fbe31410f56a6c508a42b", kill_on_drop: false }`
[INFO] running `Command { std: "docker" "rm" "-f" "58e75f1f648ff670c4e30a936038482ccebe02be8c4fbe31410f56a6c508a42b", kill_on_drop: false }`
[INFO] [stdout] 58e75f1f648ff670c4e30a936038482ccebe02be8c4fbe31410f56a6c508a42b
