[INFO] cloning repository https://github.com/Jerboas86/ray_tracer_challenge
[INFO] running `Command { std: "git" "-c" "credential.helper=" "-c" "credential.helper=/workspace/cargo-home/bin/git-credential-null" "clone" "--bare" "https://github.com/Jerboas86/ray_tracer_challenge" "/workspace/cache/git-repos/https%3A%2F%2Fgithub.com%2FJerboas86%2Fray_tracer_challenge", kill_on_drop: false }`
[INFO] [stderr] Cloning into bare repository '/workspace/cache/git-repos/https%3A%2F%2Fgithub.com%2FJerboas86%2Fray_tracer_challenge'...
[INFO] running `Command { std: "git" "rev-parse" "HEAD", kill_on_drop: false }`
[INFO] [stdout] 8d19a3f40afb5eb76d472a8aa6e4ec683ce320e2
[INFO] testing Jerboas86/ray_tracer_challenge against 1.69.0 for beta-1.70-1
[INFO] running `Command { std: "git" "clone" "/workspace/cache/git-repos/https%3A%2F%2Fgithub.com%2FJerboas86%2Fray_tracer_challenge" "/workspace/builds/worker-2-tc1/source", kill_on_drop: false }`
[INFO] [stderr] Cloning into '/workspace/builds/worker-2-tc1/source'...
[INFO] [stderr] done.
[INFO] validating manifest of git repo https://github.com/Jerboas86/ray_tracer_challenge on toolchain 1.69.0
[INFO] running `Command { std: CARGO_HOME="/workspace/cargo-home" RUSTUP_HOME="/workspace/rustup-home" "/workspace/cargo-home/bin/cargo" "+1.69.0" "metadata" "--manifest-path" "Cargo.toml" "--no-deps", kill_on_drop: false }`
[INFO] started tweaking git repo https://github.com/Jerboas86/ray_tracer_challenge
[INFO] finished tweaking git repo https://github.com/Jerboas86/ray_tracer_challenge
[INFO] tweaked toml for git repo https://github.com/Jerboas86/ray_tracer_challenge written to /workspace/builds/worker-2-tc1/source/Cargo.toml
[INFO] crate git repo https://github.com/Jerboas86/ray_tracer_challenge already has a lockfile, it will not be regenerated
[INFO] running `Command { std: CARGO_HOME="/workspace/cargo-home" RUSTUP_HOME="/workspace/rustup-home" "/workspace/cargo-home/bin/cargo" "+1.69.0" "fetch" "--manifest-path" "Cargo.toml", kill_on_drop: false }`
[INFO] [stderr]     Blocking waiting for file lock on package cache
[INFO] [stderr]     Blocking waiting for file lock on package cache
[INFO] [stderr]  Downloading crates ...
[INFO] [stderr]   Downloaded float_eq v0.7.0
[INFO] running `Command { std: "docker" "create" "-v" "/var/lib/crater-agent-workspace/builds/worker-2-tc1/target:/opt/rustwide/target:rw,Z" "-v" "/var/lib/crater-agent-workspace/builds/worker-2-tc1/source:/opt/rustwide/workdir:ro,Z" "-v" "/var/lib/crater-agent-workspace/cargo-home:/opt/rustwide/cargo-home:ro,Z" "-v" "/var/lib/crater-agent-workspace/rustup-home:/opt/rustwide/rustup-home:ro,Z" "-e" "SOURCE_DIR=/opt/rustwide/workdir" "-e" "CARGO_TARGET_DIR=/opt/rustwide/target" "-e" "CARGO_HOME=/opt/rustwide/cargo-home" "-e" "RUSTUP_HOME=/opt/rustwide/rustup-home" "-w" "/opt/rustwide/workdir" "-m" "1610612736" "--user" "0:0" "--network" "none" "ghcr.io/rust-lang/crates-build-env/linux@sha256:5ff2268d62e97bff2cde7d5815dd6ed5b47097566f13b8d0ca110b04b60e07ed" "/opt/rustwide/cargo-home/bin/cargo" "+1.69.0" "metadata" "--no-deps" "--format-version=1", kill_on_drop: false }`
[INFO] [stdout] 7c9e5612b2f73adda745d3e16b422e877e3db4f6b2f391c53c8fab5aa22d098c
[INFO] running `Command { std: "docker" "start" "-a" "7c9e5612b2f73adda745d3e16b422e877e3db4f6b2f391c53c8fab5aa22d098c", kill_on_drop: false }`
[INFO] running `Command { std: "docker" "inspect" "7c9e5612b2f73adda745d3e16b422e877e3db4f6b2f391c53c8fab5aa22d098c", kill_on_drop: false }`
[INFO] running `Command { std: "docker" "rm" "-f" "7c9e5612b2f73adda745d3e16b422e877e3db4f6b2f391c53c8fab5aa22d098c", kill_on_drop: false }`
[INFO] [stdout] 7c9e5612b2f73adda745d3e16b422e877e3db4f6b2f391c53c8fab5aa22d098c
[INFO] running `Command { std: "docker" "create" "-v" "/var/lib/crater-agent-workspace/builds/worker-2-tc1/target:/opt/rustwide/target:rw,Z" "-v" "/var/lib/crater-agent-workspace/builds/worker-2-tc1/source:/opt/rustwide/workdir:ro,Z" "-v" "/var/lib/crater-agent-workspace/cargo-home:/opt/rustwide/cargo-home:ro,Z" "-v" "/var/lib/crater-agent-workspace/rustup-home:/opt/rustwide/rustup-home:ro,Z" "-e" "SOURCE_DIR=/opt/rustwide/workdir" "-e" "CARGO_TARGET_DIR=/opt/rustwide/target" "-e" "CARGO_INCREMENTAL=0" "-e" "RUST_BACKTRACE=full" "-e" "RUSTFLAGS=--cap-lints=warn" "-e" "RUSTDOCFLAGS=--cap-lints=warn" "-e" "CARGO_HOME=/opt/rustwide/cargo-home" "-e" "RUSTUP_HOME=/opt/rustwide/rustup-home" "-w" "/opt/rustwide/workdir" "-m" "1610612736" "--user" "0:0" "--network" "none" "ghcr.io/rust-lang/crates-build-env/linux@sha256:5ff2268d62e97bff2cde7d5815dd6ed5b47097566f13b8d0ca110b04b60e07ed" "/opt/rustwide/cargo-home/bin/cargo" "+1.69.0" "build" "--frozen" "--message-format=json", kill_on_drop: false }`
[INFO] [stdout] dd40cfdabb13b23e73510216af4dd967a3653f8bad0d42c2cd13c6052f7e51e7
[INFO] running `Command { std: "docker" "start" "-a" "dd40cfdabb13b23e73510216af4dd967a3653f8bad0d42c2cd13c6052f7e51e7", kill_on_drop: false }`
[INFO] [stderr]    Compiling float_eq v0.7.0
[INFO] [stderr]    Compiling ray_tracer_challenge v0.1.0 (/opt/rustwide/workdir)
[INFO] [stdout] warning: variants `Red`, `Blue`, and `Green` are never constructed
[INFO] [stdout]   --> src/canvas.rs:12:5
[INFO] [stdout]    |
[INFO] [stdout] 11 | enum Primary {
[INFO] [stdout]    |      ------- variants in this enum
[INFO] [stdout] 12 |     Red,
[INFO] [stdout]    |     ^^^
[INFO] [stdout] 13 |     Blue,
[INFO] [stdout]    |     ^^^^
[INFO] [stdout] 14 |     Green,
[INFO] [stdout]    |     ^^^^^
[INFO] [stdout]    |
[INFO] [stdout]    = note: `Primary` has a derived impl for the trait `Clone`, but this is intentionally ignored during dead code analysis
[INFO] [stdout]    = note: `#[warn(dead_code)]` on by default
[INFO] [stdout] 
[INFO] [stdout] 
[INFO] [stdout] warning: variant `Raw` is never constructed
[INFO] [stdout]   --> src/canvas.rs:18:5
[INFO] [stdout]    |
[INFO] [stdout] 17 | enum ColorFormat {
[INFO] [stdout]    |      ----------- variant in this enum
[INFO] [stdout] 18 |     Raw(f32, f32, f32),
[INFO] [stdout]    |     ^^^
[INFO] [stdout] 
[INFO] [stdout] 
[INFO] [stdout] warning: method `get_raw` is never used
[INFO] [stdout]   --> src/canvas.rs:30:8
[INFO] [stdout]    |
[INFO] [stdout] 30 |     fn get_raw(&self) -> ColorFormat {
[INFO] [stdout]    |        ^^^^^^^
[INFO] [stdout] 
[INFO] [stdout] 
[INFO] [stdout] warning: 3 warnings emitted
[INFO] [stdout] 
[INFO] [stdout] 
[INFO] [stderr]     Finished dev [unoptimized + debuginfo] target(s) in 1.95s
[INFO] running `Command { std: "docker" "inspect" "dd40cfdabb13b23e73510216af4dd967a3653f8bad0d42c2cd13c6052f7e51e7", kill_on_drop: false }`
[INFO] running `Command { std: "docker" "rm" "-f" "dd40cfdabb13b23e73510216af4dd967a3653f8bad0d42c2cd13c6052f7e51e7", kill_on_drop: false }`
[INFO] [stdout] dd40cfdabb13b23e73510216af4dd967a3653f8bad0d42c2cd13c6052f7e51e7
[INFO] running `Command { std: "docker" "create" "-v" "/var/lib/crater-agent-workspace/builds/worker-2-tc1/target:/opt/rustwide/target:rw,Z" "-v" "/var/lib/crater-agent-workspace/builds/worker-2-tc1/source:/opt/rustwide/workdir:ro,Z" "-v" "/var/lib/crater-agent-workspace/cargo-home:/opt/rustwide/cargo-home:ro,Z" "-v" "/var/lib/crater-agent-workspace/rustup-home:/opt/rustwide/rustup-home:ro,Z" "-e" "SOURCE_DIR=/opt/rustwide/workdir" "-e" "CARGO_TARGET_DIR=/opt/rustwide/target" "-e" "CARGO_INCREMENTAL=0" "-e" "RUST_BACKTRACE=full" "-e" "RUSTFLAGS=--cap-lints=warn" "-e" "RUSTDOCFLAGS=--cap-lints=warn" "-e" "CARGO_HOME=/opt/rustwide/cargo-home" "-e" "RUSTUP_HOME=/opt/rustwide/rustup-home" "-w" "/opt/rustwide/workdir" "-m" "1610612736" "--user" "0:0" "--network" "none" "ghcr.io/rust-lang/crates-build-env/linux@sha256:5ff2268d62e97bff2cde7d5815dd6ed5b47097566f13b8d0ca110b04b60e07ed" "/opt/rustwide/cargo-home/bin/cargo" "+1.69.0" "test" "--frozen" "--no-run" "--message-format=json", kill_on_drop: false }`
[INFO] [stdout] f8cdc6b4abd707d04e96a5ef9fa84b54ad39de35930778a85d9785528ac1de1a
[INFO] running `Command { std: "docker" "start" "-a" "f8cdc6b4abd707d04e96a5ef9fa84b54ad39de35930778a85d9785528ac1de1a", kill_on_drop: false }`
[INFO] [stderr]    Compiling ray_tracer_challenge v0.1.0 (/opt/rustwide/workdir)
[INFO] [stdout] warning: variants `Red`, `Blue`, and `Green` are never constructed
[INFO] [stdout]   --> src/canvas.rs:12:5
[INFO] [stdout]    |
[INFO] [stdout] 11 | enum Primary {
[INFO] [stdout]    |      ------- variants in this enum
[INFO] [stdout] 12 |     Red,
[INFO] [stdout]    |     ^^^
[INFO] [stdout] 13 |     Blue,
[INFO] [stdout]    |     ^^^^
[INFO] [stdout] 14 |     Green,
[INFO] [stdout]    |     ^^^^^
[INFO] [stdout]    |
[INFO] [stdout]    = note: `Primary` has a derived impl for the trait `Clone`, but this is intentionally ignored during dead code analysis
[INFO] [stdout]    = note: `#[warn(dead_code)]` on by default
[INFO] [stdout] 
[INFO] [stdout] 
[INFO] [stdout] warning: variant `Raw` is never constructed
[INFO] [stdout]   --> src/canvas.rs:18:5
[INFO] [stdout]    |
[INFO] [stdout] 17 | enum ColorFormat {
[INFO] [stdout]    |      ----------- variant in this enum
[INFO] [stdout] 18 |     Raw(f32, f32, f32),
[INFO] [stdout]    |     ^^^
[INFO] [stdout] 
[INFO] [stdout] 
[INFO] [stdout] warning: method `get_raw` is never used
[INFO] [stdout]   --> src/canvas.rs:30:8
[INFO] [stdout]    |
[INFO] [stdout] 30 |     fn get_raw(&self) -> ColorFormat {
[INFO] [stdout]    |        ^^^^^^^
[INFO] [stdout] 
[INFO] [stdout] 
[INFO] [stdout] warning: 3 warnings emitted
[INFO] [stdout] 
[INFO] [stdout] 
[INFO] [stderr]     Finished test [unoptimized + debuginfo] target(s) in 1.17s
[INFO] running `Command { std: "docker" "inspect" "f8cdc6b4abd707d04e96a5ef9fa84b54ad39de35930778a85d9785528ac1de1a", kill_on_drop: false }`
[INFO] running `Command { std: "docker" "rm" "-f" "f8cdc6b4abd707d04e96a5ef9fa84b54ad39de35930778a85d9785528ac1de1a", kill_on_drop: false }`
[INFO] [stdout] f8cdc6b4abd707d04e96a5ef9fa84b54ad39de35930778a85d9785528ac1de1a
[INFO] running `Command { std: "docker" "create" "-v" "/var/lib/crater-agent-workspace/builds/worker-2-tc1/target:/opt/rustwide/target:rw,Z" "-v" "/var/lib/crater-agent-workspace/builds/worker-2-tc1/source:/opt/rustwide/workdir:ro,Z" "-v" "/var/lib/crater-agent-workspace/cargo-home:/opt/rustwide/cargo-home:ro,Z" "-v" "/var/lib/crater-agent-workspace/rustup-home:/opt/rustwide/rustup-home:ro,Z" "-e" "SOURCE_DIR=/opt/rustwide/workdir" "-e" "CARGO_TARGET_DIR=/opt/rustwide/target" "-e" "CARGO_INCREMENTAL=0" "-e" "RUST_BACKTRACE=full" "-e" "RUSTFLAGS=--cap-lints=warn" "-e" "RUSTDOCFLAGS=--cap-lints=warn" "-e" "CARGO_HOME=/opt/rustwide/cargo-home" "-e" "RUSTUP_HOME=/opt/rustwide/rustup-home" "-w" "/opt/rustwide/workdir" "-m" "1610612736" "--user" "0:0" "--network" "none" "ghcr.io/rust-lang/crates-build-env/linux@sha256:5ff2268d62e97bff2cde7d5815dd6ed5b47097566f13b8d0ca110b04b60e07ed" "/opt/rustwide/cargo-home/bin/cargo" "+1.69.0" "test" "--frozen", kill_on_drop: false }`
[INFO] [stdout] d786eb9bda9c3e84aa1e56604c7abe446eb9cf0121118787750bc252e066cb1c
[INFO] running `Command { std: "docker" "start" "-a" "d786eb9bda9c3e84aa1e56604c7abe446eb9cf0121118787750bc252e066cb1c", kill_on_drop: false }`
[INFO] [stderr] warning: variants `Red`, `Blue`, and `Green` are never constructed
[INFO] [stderr]   --> src/canvas.rs:12:5
[INFO] [stderr]    |
[INFO] [stderr] 11 | enum Primary {
[INFO] [stderr]    |      ------- variants in this enum
[INFO] [stderr] 12 |     Red,
[INFO] [stderr]    |     ^^^
[INFO] [stderr] 13 |     Blue,
[INFO] [stderr]    |     ^^^^
[INFO] [stderr] 14 |     Green,
[INFO] [stderr]    |     ^^^^^
[INFO] [stderr]    |
[INFO] [stderr]    = note: `Primary` has a derived impl for the trait `Clone`, but this is intentionally ignored during dead code analysis
[INFO] [stderr]    = note: `#[warn(dead_code)]` on by default
[INFO] [stderr] 
[INFO] [stderr] warning: variant `Raw` is never constructed
[INFO] [stderr]   --> src/canvas.rs:18:5
[INFO] [stderr]    |
[INFO] [stderr] 17 | enum ColorFormat {
[INFO] [stderr]    |      ----------- variant in this enum
[INFO] [stderr] 18 |     Raw(f32, f32, f32),
[INFO] [stderr]    |     ^^^
[INFO] [stderr] 
[INFO] [stderr] warning: method `get_raw` is never used
[INFO] [stderr]   --> src/canvas.rs:30:8
[INFO] [stderr]    |
[INFO] [stderr] 30 |     fn get_raw(&self) -> ColorFormat {
[INFO] [stderr]    |        ^^^^^^^
[INFO] [stderr] 
[INFO] [stderr] warning: `ray_tracer_challenge` (bin "ray_tracer_challenge" test) generated 3 warnings
[INFO] [stderr]     Finished test [unoptimized + debuginfo] target(s) in 0.01s
[INFO] [stderr]      Running unittests src/main.rs (/opt/rustwide/target/debug/deps/ray_tracer_challenge-69440c9b7cf1424f)
[INFO] [stdout] 
[INFO] [stdout] running 36 tests
[INFO] [stdout] test canvas::test::add_colors ... ok
[INFO] [stdout] test canvas::test::check_header_correctness ... ok
[INFO] [stdout] test canvas::test::check_color_elements ... ok
[INFO] [stdout] test canvas::test::creates_a_canvas ... ok
[INFO] [stdout] test canvas::test::multiply_color_by_scalar ... ok
[INFO] [stdout] test canvas::test::multiply_colors ... ok
[INFO] [stdout] test canvas::test::splitting_long_lines_in_ppm_without_cutting_color_in_half ... ok
[INFO] [stdout] test math::test::computes_magnitude_of_vector_v2 ... ok
[INFO] [stdout] test math::test::computes_magnitude_of_vector_v1 ... ok
[INFO] [stdout] test math::test::add_vector_to_point ... ok
[INFO] [stdout] test math::test::constructs_and_inspects_2x2_matrix ... ok
[INFO] [stdout] test math::test::dot_product_of_2_vector ... ok
[INFO] [stdout] test math::test::identical_matrix_equals ... ok
[INFO] [stdout] test math::test::multiply_matrices ... ok
[INFO] [stdout] test math::test::multiply_vector_by_scalar ... ok
[INFO] [stdout] test math::test::negate_vector ... ok
[INFO] [stdout] test math::test::distinct_matrix_doesnt_equals ... ok
[INFO] [stdout] test math::test::computes_magnitude_of_vector_v3 ... ok
[INFO] [stdout] test math::test::cross_product_of_v2_and_v1 ... ok
[INFO] [stdout] test math::test::divide_vector_by_scalar ... ok
[INFO] [stdout] test math::test::cross_product_of_v1_and_v2 ... ok
[INFO] [stdout] test math::test::computes_magnitude_of_vector_v4 ... ok
[INFO] [stdout] test math::test::create_a_point ... ok
[INFO] [stdout] test math::test::create_a_vector ... ok
[INFO] [stdout] test canvas::test::ppm_ends_with_new_line ... ok
[INFO] [stdout] test canvas::test::substract_colors ... ok
[INFO] [stdout] test math::test::normalized_vector_magnitude ... ok
[INFO] [stdout] test math::test::normalize_vector_v2 ... ok
[INFO] [stdout] test math::test::substract_point_to_point ... ok
[INFO] [stdout] test math::test::substract_vector_to_vector ... ok
[INFO] [stdout] test canvas::test::writes_pixels_to_canvas ... ok
[INFO] [stdout] test math::test::normalize_vector_v1 ... ok
[INFO] [stdout] test math::test::constructs_and_inspects_4x4_matrix ... ok
[INFO] [stdout] test math::test::substract_vector_to_point ... ok
[INFO] [stdout] test math::test::constructs_and_inspects_3x3_matrix ... ok
[INFO] [stdout] test canvas::test::check_stringified_color_correctness ... FAILED
[INFO] [stdout] 
[INFO] [stdout] failures:
[INFO] [stdout] 
[INFO] [stdout] ---- canvas::test::check_stringified_color_correctness stdout ----
[INFO] [stdout] thread 'canvas::test::check_stringified_color_correctness' panicked at 'assertion failed: `(left == right)`
[INFO] [stdout]   left: `Some("255 0 0 0 0 0 0 0 0 0 0 0")`,
[INFO] [stdout]  right: `Some("255 0 0 0 0 0 0 0 0 0 0 0 0 0 0")`', src/canvas.rs:397:9
[INFO] [stdout] stack backtrace:
[INFO] [stdout]    0:     0x5625c96901ea - std::backtrace_rs::backtrace::libunwind::trace::ha9053a9a07ca49cb
[INFO] [stdout]                                at /rustc/84c898d65adf2f39a5a98507f1fe0ce10a2b8dbc/library/std/src/../../backtrace/src/backtrace/libunwind.rs:93:5
[INFO] [stdout]    1:     0x5625c96901ea - std::backtrace_rs::backtrace::trace_unsynchronized::h9c2852a457ad564e
[INFO] [stdout]                                at /rustc/84c898d65adf2f39a5a98507f1fe0ce10a2b8dbc/library/std/src/../../backtrace/src/backtrace/mod.rs:66:5
[INFO] [stdout]    2:     0x5625c96901ea - std::sys_common::backtrace::_print_fmt::h457936fbfaa0070f
[INFO] [stdout]                                at /rustc/84c898d65adf2f39a5a98507f1fe0ce10a2b8dbc/library/std/src/sys_common/backtrace.rs:65:5
[INFO] [stdout]    3:     0x5625c96901ea - <std::sys_common::backtrace::_print::DisplayBacktrace as core::fmt::Display>::fmt::h5779d7bf7f70cb0c
[INFO] [stdout]                                at /rustc/84c898d65adf2f39a5a98507f1fe0ce10a2b8dbc/library/std/src/sys_common/backtrace.rs:44:22
[INFO] [stdout]    4:     0x5625c96b437e - core::fmt::write::h5a4baaff1bcd3eb5
[INFO] [stdout]                                at /rustc/84c898d65adf2f39a5a98507f1fe0ce10a2b8dbc/library/core/src/fmt/mod.rs:1232:17
[INFO] [stdout]    5:     0x5625c968d665 - std::io::Write::write_fmt::h478f79c628ef31d1
[INFO] [stdout]                                at /rustc/84c898d65adf2f39a5a98507f1fe0ce10a2b8dbc/library/std/src/io/mod.rs:1684:15
[INFO] [stdout]    6:     0x5625c968ffb5 - std::sys_common::backtrace::_print::h5fcdc36060f177e8
[INFO] [stdout]                                at /rustc/84c898d65adf2f39a5a98507f1fe0ce10a2b8dbc/library/std/src/sys_common/backtrace.rs:47:5
[INFO] [stdout]    7:     0x5625c968ffb5 - std::sys_common::backtrace::print::h54ca9458b876c8bf
[INFO] [stdout]                                at /rustc/84c898d65adf2f39a5a98507f1fe0ce10a2b8dbc/library/std/src/sys_common/backtrace.rs:34:9
[INFO] [stdout]    8:     0x5625c9691d7f - std::panicking::default_hook::{{closure}}::hbe471161c7664ed6
[INFO] [stdout]                                at /rustc/84c898d65adf2f39a5a98507f1fe0ce10a2b8dbc/library/std/src/panicking.rs:271:22
[INFO] [stdout]    9:     0x5625c9691a3f - std::panicking::default_hook::ha3500da57aa4ac4f
[INFO] [stdout]                                at /rustc/84c898d65adf2f39a5a98507f1fe0ce10a2b8dbc/library/std/src/panicking.rs:287:9
[INFO] [stdout]   10:     0x5625c9664757 - <alloc::boxed::Box<F,A> as core::ops::function::Fn<Args>>::call::hdf1b89dd137ece34
[INFO] [stdout]                                at /rustc/84c898d65adf2f39a5a98507f1fe0ce10a2b8dbc/library/alloc/src/boxed.rs:2001:9
[INFO] [stdout]   11:     0x5625c9664757 - test::test_main::{{closure}}::h9081a79f20e75698
[INFO] [stdout]                                at /rustc/84c898d65adf2f39a5a98507f1fe0ce10a2b8dbc/library/test/src/lib.rs:135:21
[INFO] [stdout]   12:     0x5625c96924ad - <alloc::boxed::Box<F,A> as core::ops::function::Fn<Args>>::call::h6507bddc3eebb4a5
[INFO] [stdout]                                at /rustc/84c898d65adf2f39a5a98507f1fe0ce10a2b8dbc/library/alloc/src/boxed.rs:2001:9
[INFO] [stdout]   13:     0x5625c96924ad - std::panicking::rust_panic_with_hook::h50c09d000dc561d2
[INFO] [stdout]                                at /rustc/84c898d65adf2f39a5a98507f1fe0ce10a2b8dbc/library/std/src/panicking.rs:696:13
[INFO] [stdout]   14:     0x5625c9692229 - std::panicking::begin_panic_handler::{{closure}}::h9e2b2176e00e0d9c
[INFO] [stdout]                                at /rustc/84c898d65adf2f39a5a98507f1fe0ce10a2b8dbc/library/std/src/panicking.rs:583:13
[INFO] [stdout]   15:     0x5625c9690656 - std::sys_common::backtrace::__rust_end_short_backtrace::h5739b8e512c09d02
[INFO] [stdout]                                at /rustc/84c898d65adf2f39a5a98507f1fe0ce10a2b8dbc/library/std/src/sys_common/backtrace.rs:150:18
[INFO] [stdout]   16:     0x5625c9691f32 - rust_begin_unwind
[INFO] [stdout]                                at /rustc/84c898d65adf2f39a5a98507f1fe0ce10a2b8dbc/library/std/src/panicking.rs:579:5
[INFO] [stdout]   17:     0x5625c95f3b83 - core::panicking::panic_fmt::hf33a1475b4dc5c3e
[INFO] [stdout]                                at /rustc/84c898d65adf2f39a5a98507f1fe0ce10a2b8dbc/library/core/src/panicking.rs:64:14
[INFO] [stdout]   18:     0x5625c95f3e5f - core::panicking::assert_failed_inner::haf9816227b20b6f2
[INFO] [stdout]   19:     0x5625c962ea0a - core::panicking::assert_failed::h56508018985a175e
[INFO] [stdout]                                at /rustc/84c898d65adf2f39a5a98507f1fe0ce10a2b8dbc/library/core/src/panicking.rs:211:5
[INFO] [stdout]   20:     0x5625c962a4f5 - ray_tracer_challenge::canvas::test::check_stringified_color_correctness::h696decf706438184
[INFO] [stdout]                                at /opt/rustwide/workdir/src/canvas.rs:397:9
[INFO] [stdout]   21:     0x5625c962a1f7 - ray_tracer_challenge::canvas::test::check_stringified_color_correctness::{{closure}}::h13ccdfbb62b8221f
[INFO] [stdout]                                at /opt/rustwide/workdir/src/canvas.rs:382:46
[INFO] [stdout]   22:     0x5625c962dea5 - core::ops::function::FnOnce::call_once::haaff452ec5126f4e
[INFO] [stdout]                                at /rustc/84c898d65adf2f39a5a98507f1fe0ce10a2b8dbc/library/core/src/ops/function.rs:250:5
[INFO] [stdout]   23:     0x5625c9669b3f - core::ops::function::FnOnce::call_once::h7d969581be7d0075
[INFO] [stdout]                                at /rustc/84c898d65adf2f39a5a98507f1fe0ce10a2b8dbc/library/core/src/ops/function.rs:250:5
[INFO] [stdout]   24:     0x5625c9669b3f - test::__rust_begin_short_backtrace::hca25a52684e56655
[INFO] [stdout]                                at /rustc/84c898d65adf2f39a5a98507f1fe0ce10a2b8dbc/library/test/src/lib.rs:656:18
[INFO] [stdout]   25:     0x5625c963b15c - test::run_test::{{closure}}::ha8ac744c4af1a4bb
[INFO] [stdout]                                at /rustc/84c898d65adf2f39a5a98507f1fe0ce10a2b8dbc/library/test/src/lib.rs:647:30
[INFO] [stdout]   26:     0x5625c963b15c - core::ops::function::FnOnce::call_once{{vtable.shim}}::h7b411a9ed45bdecf
[INFO] [stdout]                                at /rustc/84c898d65adf2f39a5a98507f1fe0ce10a2b8dbc/library/core/src/ops/function.rs:250:5
[INFO] [stdout]   27:     0x5625c9668b06 - <alloc::boxed::Box<F,A> as core::ops::function::FnOnce<Args>>::call_once::hd05328869a8ed200
[INFO] [stdout]                                at /rustc/84c898d65adf2f39a5a98507f1fe0ce10a2b8dbc/library/alloc/src/boxed.rs:1987:9
[INFO] [stdout]   28:     0x5625c9668b06 - <core::panic::unwind_safe::AssertUnwindSafe<F> as core::ops::function::FnOnce<()>>::call_once::h0c601ce20bd5b2be
[INFO] [stdout]                                at /rustc/84c898d65adf2f39a5a98507f1fe0ce10a2b8dbc/library/core/src/panic/unwind_safe.rs:271:9
[INFO] [stdout]   29:     0x5625c9668b06 - std::panicking::try::do_call::ha4be5c164fe30854
[INFO] [stdout]                                at /rustc/84c898d65adf2f39a5a98507f1fe0ce10a2b8dbc/library/std/src/panicking.rs:487:40
[INFO] [stdout]   30:     0x5625c9668b06 - std::panicking::try::h604546f3609af05f
[INFO] [stdout]                                at /rustc/84c898d65adf2f39a5a98507f1fe0ce10a2b8dbc/library/std/src/panicking.rs:451:19
[INFO] [stdout]   31:     0x5625c9668b06 - std::panic::catch_unwind::h5bfa8afe44c9c2f9
[INFO] [stdout]                                at /rustc/84c898d65adf2f39a5a98507f1fe0ce10a2b8dbc/library/std/src/panic.rs:140:14
[INFO] [stdout]   32:     0x5625c9668b06 - test::run_test_in_process::hd50dee55dd63e6aa
[INFO] [stdout]                                at /rustc/84c898d65adf2f39a5a98507f1fe0ce10a2b8dbc/library/test/src/lib.rs:679:27
[INFO] [stdout]   33:     0x5625c9668b06 - test::run_test::run_test_inner::{{closure}}::h4aa0f433aa85cea8
[INFO] [stdout]                                at /rustc/84c898d65adf2f39a5a98507f1fe0ce10a2b8dbc/library/test/src/lib.rs:573:39
[INFO] [stdout]   34:     0x5625c96357d1 - test::run_test::run_test_inner::{{closure}}::had56431adf24b4d6
[INFO] [stdout]                                at /rustc/84c898d65adf2f39a5a98507f1fe0ce10a2b8dbc/library/test/src/lib.rs:600:37
[INFO] [stdout]   35:     0x5625c96357d1 - std::sys_common::backtrace::__rust_begin_short_backtrace::ha8d9890e0c73bf13
[INFO] [stdout]                                at /rustc/84c898d65adf2f39a5a98507f1fe0ce10a2b8dbc/library/std/src/sys_common/backtrace.rs:134:18
[INFO] [stdout]   36:     0x5625c963b1eb - std::thread::Builder::spawn_unchecked_::{{closure}}::{{closure}}::h251832bcb4a95327
[INFO] [stdout]                                at /rustc/84c898d65adf2f39a5a98507f1fe0ce10a2b8dbc/library/std/src/thread/mod.rs:560:17
[INFO] [stdout]   37:     0x5625c963b1eb - <core::panic::unwind_safe::AssertUnwindSafe<F> as core::ops::function::FnOnce<()>>::call_once::h8fdff598fa414831
[INFO] [stdout]                                at /rustc/84c898d65adf2f39a5a98507f1fe0ce10a2b8dbc/library/core/src/panic/unwind_safe.rs:271:9
[INFO] [stdout]   38:     0x5625c963b1eb - std::panicking::try::do_call::h455dd2f7764a950f
[INFO] [stdout]                                at /rustc/84c898d65adf2f39a5a98507f1fe0ce10a2b8dbc/library/std/src/panicking.rs:487:40
[INFO] [stdout]   39:     0x5625c963b1eb - std::panicking::try::had6f23b7b73ae72a
[INFO] [stdout]                                at /rustc/84c898d65adf2f39a5a98507f1fe0ce10a2b8dbc/library/std/src/panicking.rs:451:19
[INFO] [stdout]   40:     0x5625c963b1eb - std::panic::catch_unwind::ha6a5ca3915b4dad0
[INFO] [stdout]                                at /rustc/84c898d65adf2f39a5a98507f1fe0ce10a2b8dbc/library/std/src/panic.rs:140:14
[INFO] [stdout]   41:     0x5625c963b1eb - std::thread::Builder::spawn_unchecked_::{{closure}}::h883b72ef75da6231
[INFO] [stdout]                                at /rustc/84c898d65adf2f39a5a98507f1fe0ce10a2b8dbc/library/std/src/thread/mod.rs:559:30
[INFO] [stdout]   42:     0x5625c963b1eb - core::ops::function::FnOnce::call_once{{vtable.shim}}::hb7dff73dc8bd2ccb
[INFO] [stdout]                                at /rustc/84c898d65adf2f39a5a98507f1fe0ce10a2b8dbc/library/core/src/ops/function.rs:250:5
[INFO] [stdout]   43:     0x5625c9696813 - <alloc::boxed::Box<F,A> as core::ops::function::FnOnce<Args>>::call_once::h39990b24eedef2ab
[INFO] [stdout]                                at /rustc/84c898d65adf2f39a5a98507f1fe0ce10a2b8dbc/library/alloc/src/boxed.rs:1987:9
[INFO] [stdout]   44:     0x5625c9696813 - <alloc::boxed::Box<F,A> as core::ops::function::FnOnce<Args>>::call_once::h01a027258444143b
[INFO] [stdout]                                at /rustc/84c898d65adf2f39a5a98507f1fe0ce10a2b8dbc/library/alloc/src/boxed.rs:1987:9
[INFO] [stdout]   45:     0x5625c9696813 - std::sys::unix::thread::Thread::new::thread_start::ha4f1cdd9c25884ba
[INFO] [stdout]                                at /rustc/84c898d65adf2f39a5a98507f1fe0ce10a2b8dbc/library/std/src/sys/unix/thread.rs:108:17
[INFO] [stdout]   46:     0x7f6185ad6b43 - <unknown>
[INFO] [stdout]   47:     0x7f6185b67bb4 - __clone
[INFO] [stdout]   48:                0x0 - <unknown>
[INFO] [stdout] 
[INFO] [stdout] 
[INFO] [stdout] failures:
[INFO] [stdout]     canvas::test::check_stringified_color_correctness
[INFO] [stdout] 
[INFO] [stdout] test result: FAILED. 35 passed; 1 failed; 0 ignored; 0 measured; 0 filtered out; finished in 0.04s
[INFO] [stdout] 
[INFO] [stderr] error: test failed, to rerun pass `--bin ray_tracer_challenge`
[INFO] running `Command { std: "docker" "inspect" "d786eb9bda9c3e84aa1e56604c7abe446eb9cf0121118787750bc252e066cb1c", kill_on_drop: false }`
[INFO] running `Command { std: "docker" "rm" "-f" "d786eb9bda9c3e84aa1e56604c7abe446eb9cf0121118787750bc252e066cb1c", kill_on_drop: false }`
[INFO] [stdout] d786eb9bda9c3e84aa1e56604c7abe446eb9cf0121118787750bc252e066cb1c
