[INFO] cloning repository https://github.com/JavaHello/rust-web-example
[INFO] running `Command { std: "git" "-c" "credential.helper=" "-c" "credential.helper=/workspace/cargo-home/bin/git-credential-null" "clone" "--bare" "https://github.com/JavaHello/rust-web-example" "/workspace/cache/git-repos/https%3A%2F%2Fgithub.com%2FJavaHello%2Frust-web-example", kill_on_drop: false }`
[INFO] [stderr] Cloning into bare repository '/workspace/cache/git-repos/https%3A%2F%2Fgithub.com%2FJavaHello%2Frust-web-example'...
[INFO] running `Command { std: "git" "rev-parse" "HEAD", kill_on_drop: false }`
[INFO] [stdout] 4dc3e90330742c62dd84d60e2bda993bfc043fb1
[INFO] testing JavaHello/rust-web-example against 1.69.0 for beta-1.70-1
[INFO] running `Command { std: "git" "clone" "/workspace/cache/git-repos/https%3A%2F%2Fgithub.com%2FJavaHello%2Frust-web-example" "/workspace/builds/worker-2-tc1/source", kill_on_drop: false }`
[INFO] [stderr] Cloning into '/workspace/builds/worker-2-tc1/source'...
[INFO] [stderr] done.
[INFO] validating manifest of git repo https://github.com/JavaHello/rust-web-example on toolchain 1.69.0
[INFO] running `Command { std: CARGO_HOME="/workspace/cargo-home" RUSTUP_HOME="/workspace/rustup-home" "/workspace/cargo-home/bin/cargo" "+1.69.0" "metadata" "--manifest-path" "Cargo.toml" "--no-deps", kill_on_drop: false }`
[INFO] started tweaking git repo https://github.com/JavaHello/rust-web-example
[INFO] finished tweaking git repo https://github.com/JavaHello/rust-web-example
[INFO] tweaked toml for git repo https://github.com/JavaHello/rust-web-example written to /workspace/builds/worker-2-tc1/source/Cargo.toml
[INFO] crate git repo https://github.com/JavaHello/rust-web-example already has a lockfile, it will not be regenerated
[INFO] running `Command { std: CARGO_HOME="/workspace/cargo-home" RUSTUP_HOME="/workspace/rustup-home" "/workspace/cargo-home/bin/cargo" "+1.69.0" "fetch" "--manifest-path" "Cargo.toml", kill_on_drop: false }`
[INFO] [stderr]  Downloading crates ...
[INFO] [stderr]   Downloaded rbs v0.1.15
[INFO] [stderr]   Downloaded validator_derive v0.16.0
[INFO] [stderr]   Downloaded futures-intrusive v0.5.0
[INFO] [stderr]   Downloaded ord_subset v3.1.1
[INFO] [stderr]   Downloaded actix-web-httpauth v0.8.0
[INFO] [stderr]   Downloaded destructure_traitobject v0.2.0
[INFO] [stderr]   Downloaded typemap-ors v1.0.0
[INFO] [stderr]   Downloaded unsafe-any-ors v1.0.0
[INFO] [stderr]   Downloaded rbdc-mysql v0.1.20
[INFO] [stderr]   Downloaded log4rs v1.2.0
[INFO] [stderr]   Downloaded validator_types v0.16.0
[INFO] [stderr]   Downloaded serde_derive v1.0.154
[INFO] [stderr]   Downloaded decimal v2.1.0
[INFO] [stderr]   Downloaded rbdc v0.1.23
[INFO] [stderr]   Downloaded rbdc-sqlite v0.1.17
[INFO] [stderr]   Downloaded serde v1.0.154
[INFO] [stderr]   Downloaded fastdate v0.1.33
[INFO] [stderr]   Downloaded rbatis-macro-driver v4.0.17
[INFO] [stderr]   Downloaded rbatis-codegen v4.0.36
[INFO] [stderr]   Downloaded rbatis v4.0.58
[INFO] running `Command { std: "docker" "create" "-v" "/var/lib/crater-agent-workspace/builds/worker-2-tc1/target:/opt/rustwide/target:rw,Z" "-v" "/var/lib/crater-agent-workspace/builds/worker-2-tc1/source:/opt/rustwide/workdir:ro,Z" "-v" "/var/lib/crater-agent-workspace/cargo-home:/opt/rustwide/cargo-home:ro,Z" "-v" "/var/lib/crater-agent-workspace/rustup-home:/opt/rustwide/rustup-home:ro,Z" "-e" "SOURCE_DIR=/opt/rustwide/workdir" "-e" "CARGO_TARGET_DIR=/opt/rustwide/target" "-e" "CARGO_HOME=/opt/rustwide/cargo-home" "-e" "RUSTUP_HOME=/opt/rustwide/rustup-home" "-w" "/opt/rustwide/workdir" "-m" "1610612736" "--user" "0:0" "--network" "none" "ghcr.io/rust-lang/crates-build-env/linux@sha256:5ff2268d62e97bff2cde7d5815dd6ed5b47097566f13b8d0ca110b04b60e07ed" "/opt/rustwide/cargo-home/bin/cargo" "+1.69.0" "metadata" "--no-deps" "--format-version=1", kill_on_drop: false }`
[INFO] [stdout] ec56434491c752c5be9eaa80ff692439d7db41eacb64a91f4e848d6750dbfd37
[INFO] running `Command { std: "docker" "start" "-a" "ec56434491c752c5be9eaa80ff692439d7db41eacb64a91f4e848d6750dbfd37", kill_on_drop: false }`
[INFO] running `Command { std: "docker" "inspect" "ec56434491c752c5be9eaa80ff692439d7db41eacb64a91f4e848d6750dbfd37", kill_on_drop: false }`
[INFO] running `Command { std: "docker" "rm" "-f" "ec56434491c752c5be9eaa80ff692439d7db41eacb64a91f4e848d6750dbfd37", kill_on_drop: false }`
[INFO] [stdout] ec56434491c752c5be9eaa80ff692439d7db41eacb64a91f4e848d6750dbfd37
[INFO] running `Command { std: "docker" "create" "-v" "/var/lib/crater-agent-workspace/builds/worker-2-tc1/target:/opt/rustwide/target:rw,Z" "-v" "/var/lib/crater-agent-workspace/builds/worker-2-tc1/source:/opt/rustwide/workdir:ro,Z" "-v" "/var/lib/crater-agent-workspace/cargo-home:/opt/rustwide/cargo-home:ro,Z" "-v" "/var/lib/crater-agent-workspace/rustup-home:/opt/rustwide/rustup-home:ro,Z" "-e" "SOURCE_DIR=/opt/rustwide/workdir" "-e" "CARGO_TARGET_DIR=/opt/rustwide/target" "-e" "CARGO_INCREMENTAL=0" "-e" "RUST_BACKTRACE=full" "-e" "RUSTFLAGS=--cap-lints=warn" "-e" "RUSTDOCFLAGS=--cap-lints=warn" "-e" "CARGO_HOME=/opt/rustwide/cargo-home" "-e" "RUSTUP_HOME=/opt/rustwide/rustup-home" "-w" "/opt/rustwide/workdir" "-m" "1610612736" "--user" "0:0" "--network" "none" "ghcr.io/rust-lang/crates-build-env/linux@sha256:5ff2268d62e97bff2cde7d5815dd6ed5b47097566f13b8d0ca110b04b60e07ed" "/opt/rustwide/cargo-home/bin/cargo" "+1.69.0" "build" "--frozen" "--message-format=json", kill_on_drop: false }`
[INFO] [stdout] 12a25c77b57c85b9c7441d812916299007dc6fa4d8ab7acec8b9a5df7fa20365
[INFO] running `Command { std: "docker" "start" "-a" "12a25c77b57c85b9c7441d812916299007dc6fa4d8ab7acec8b9a5df7fa20365", kill_on_drop: false }`
[INFO] [stderr]    Compiling proc-macro2 v1.0.51
[INFO] [stderr]    Compiling unicode-ident v1.0.8
[INFO] [stderr]    Compiling quote v1.0.23
[INFO] [stderr]    Compiling libc v0.2.140
[INFO] [stderr]    Compiling syn v1.0.109
[INFO] [stderr]    Compiling serde_derive v1.0.154
[INFO] [stderr]    Compiling serde v1.0.154
[INFO] [stderr]    Compiling memchr v2.5.0
[INFO] [stderr]    Compiling version_check v0.9.4
[INFO] [stderr]    Compiling once_cell v1.17.1
[INFO] [stderr]    Compiling pin-project-lite v0.2.9
[INFO] [stderr]    Compiling log v0.4.17
[INFO] [stderr]    Compiling itoa v1.0.6
[INFO] [stderr]    Compiling lock_api v0.4.9
[INFO] [stderr]    Compiling futures-core v0.3.26
[INFO] [stderr]    Compiling parking_lot_core v0.9.7
[INFO] [stderr]    Compiling smallvec v1.10.0
[INFO] [stderr]    Compiling bytes v1.4.0
[INFO] [stderr]    Compiling aho-corasick v0.7.20
[INFO] [stderr]    Compiling regex-syntax v0.6.28
[INFO] [stderr]    Compiling jobserver v0.1.26
[INFO] [stderr]    Compiling getrandom v0.2.8
[INFO] [stderr]    Compiling cc v1.0.79
[INFO] [stderr]    Compiling futures-sink v0.3.26
[INFO] [stderr]    Compiling ahash v0.7.6
[INFO] [stderr]    Compiling num-traits v0.2.15
[INFO] [stderr]    Compiling tokio v1.26.0
[INFO] [stderr]    Compiling parking_lot v0.12.1
[INFO] [stderr]    Compiling ryu v1.0.13
[INFO] [stderr]    Compiling paste v1.0.12
[INFO] [stderr]    Compiling num_cpus v1.15.0
[INFO] [stderr]    Compiling socket2 v0.4.9
[INFO] [stderr]    Compiling signal-hook-registry v1.4.1
[INFO] [stderr]    Compiling thiserror v1.0.39
[INFO] [stderr]    Compiling regex v1.7.1
[INFO] [stderr]    Compiling slab v0.4.8
[INFO] [stderr]    Compiling serde_json v1.0.94
[INFO] [stderr]    Compiling futures-channel v0.3.26
[INFO] [stderr]    Compiling futures-task v0.3.26
[INFO] [stderr]    Compiling hashbrown v0.12.3
[INFO] [stderr]    Compiling percent-encoding v2.2.0
[INFO] [stderr]    Compiling futures-util v0.3.26
[INFO] [stderr]    Compiling tinyvec_macros v0.1.1
[INFO] [stderr]    Compiling tinyvec v1.6.0
[INFO] [stderr]    Compiling pin-utils v0.1.0
[INFO] [stderr]    Compiling futures-io v0.3.26
[INFO] [stderr]    Compiling pkg-config v0.3.26
[INFO] [stderr]    Compiling ring v0.16.20
[INFO] [stderr]    Compiling unicode-bidi v0.3.11
[INFO] [stderr]    Compiling form_urlencoded v1.1.0
[INFO] [stderr]    Compiling rand_core v0.6.4
[INFO] [stderr]    Compiling unicode-normalization v0.1.22
[INFO] [stderr]    Compiling tracing-core v0.1.30
[INFO] [stderr]    Compiling ppv-lite86 v0.2.17
[INFO] [stderr]    Compiling async-trait v0.1.66
[INFO] [stderr]    Compiling ucd-trie v0.1.5
[INFO] [stderr]    Compiling idna v0.3.0
[INFO] [stderr]    Compiling rand_chacha v0.3.1
[INFO] [stderr]    Compiling byteorder v1.4.3
[INFO] [stderr]    Compiling untrusted v0.7.1
[INFO] [stderr]    Compiling base64 v0.21.0
[INFO] [stderr]    Compiling typenum v1.16.0
[INFO] [stderr]    Compiling url v2.3.1
[INFO] [stderr]    Compiling rand v0.8.5
[INFO] [stderr]    Compiling generic-array v0.14.6
[INFO] [stderr]    Compiling indexmap v1.9.2
[INFO] [stderr]    Compiling fnv v1.0.7
[INFO] [stderr]    Compiling crossbeam-utils v0.8.15
[INFO] [stderr]    Compiling zstd-sys v2.0.7+zstd.1.5.4
[INFO] [stderr]    Compiling http v0.2.9
[INFO] [stderr]    Compiling memoffset v0.8.0
[INFO] [stderr]    Compiling num-integer v0.1.45
[INFO] [stderr]    Compiling time-core v0.1.0
[INFO] [stderr]    Compiling time-macros v0.2.8
[INFO] [stderr]    Compiling tokio-macros v1.8.2
[INFO] [stderr]    Compiling thiserror-impl v1.0.39
[INFO] [stderr]    Compiling futures-macro v0.3.26
[INFO] [stderr]    Compiling webpki v0.22.0
[INFO] [stderr]    Compiling bytestring v1.3.0
[INFO] [stderr]    Compiling crossbeam-epoch v0.9.14
[INFO] [stderr]    Compiling crc32fast v1.3.2
[INFO] [stderr]    Compiling local-waker v0.1.3
[INFO] [stderr]    Compiling zstd-safe v6.0.4+zstd.1.5.4
[INFO] [stderr]    Compiling alloc-no-stdlib v2.0.4
[INFO] [stderr]    Compiling rustls v0.20.8
[INFO] [stderr]    Compiling alloc-stdlib v0.2.2
[INFO] [stderr]    Compiling time v0.3.20
[INFO] [stderr]    Compiling pest v2.5.6
[INFO] [stderr]    Compiling sct v0.7.0
[INFO] [stderr]    Compiling block-buffer v0.10.4
[INFO] [stderr]    Compiling crypto-common v0.1.6
[INFO] [stderr]    Compiling actix-macros v0.2.3
[INFO] [stderr]    Compiling pin-project-internal v1.0.12
[INFO] [stderr]    Compiling rmp v0.8.11
[INFO] [stderr]    Compiling env_logger v0.8.4
[INFO] [stderr]    Compiling pest_meta v2.5.6
[INFO] [stderr]    Compiling ahash v0.8.3
[INFO] [stderr]    Compiling crossbeam-queue v0.3.8
[INFO] [stderr]    Compiling base64 v0.13.1
[INFO] [stderr]    Compiling httparse v1.8.0
[INFO] [stderr]    Compiling adler v1.0.2
[INFO] [stderr]    Compiling pest_generator v2.5.6
[INFO] [stderr]    Compiling tracing v0.1.37
[INFO] [stderr]    Compiling miniz_oxide v0.6.2
[INFO] [stderr]    Compiling pin-project v1.0.12
[INFO] [stderr]    Compiling quickcheck v1.0.3
[INFO] [stderr]    Compiling digest v0.10.6
[INFO] [stderr]    Compiling brotli-decompressor v2.3.4
[INFO] [stderr]    Compiling actix-utils v3.0.1
[INFO] [stderr]    Compiling actix-service v2.0.2
[INFO] [stderr]    Compiling spin v0.9.5
[INFO] [stderr]    Compiling proc-macro-error-attr v1.0.4
[INFO] [stderr]    Compiling cookie v0.16.2
[INFO] [stderr]    Compiling num-bigint v0.4.3
[INFO] [stderr]    Compiling cpufeatures v0.2.5
[INFO] [stderr]    Compiling pest_derive v2.5.6
[INFO] [stderr]    Compiling vcpkg v0.2.15
[INFO] [stderr]    Compiling deadpool-runtime v0.1.2
[INFO] [stderr]    Compiling retain_mut v0.1.9
[INFO] [stderr]    Compiling convert_case v0.4.0
[INFO] [stderr]    Compiling linked-hash-map v0.5.6
[INFO] [stderr]    Compiling yaml-rust v0.4.5
[INFO] [stderr]    Compiling derive_more v0.99.17
[INFO] [stderr]    Compiling brotli v3.3.4
[INFO] [stderr]    Compiling sha1 v0.10.5
[INFO] [stderr]    Compiling libsqlite3-sys v0.25.2
[INFO] [stderr]    Compiling flume v0.10.14
[INFO] [stderr]    Compiling flate2 v1.0.25
[INFO] [stderr]    Compiling crossbeam-deque v0.8.3
[INFO] [stderr]    Compiling serde_bytes v0.11.9
[INFO] [stderr]    Compiling actix-router v0.5.1
[INFO] [stderr]    Compiling mio v0.8.6
[INFO] [stderr]    Compiling html_parser v0.6.3
[INFO] [stderr]    Compiling rbs v0.1.15
[INFO] [stderr]    Compiling fastdate v0.1.33
[INFO] [stderr]    Compiling futures-executor v0.3.26
[INFO] [stderr]    Compiling local-channel v0.1.3
[INFO] [stderr]    Compiling webpki-roots v0.22.6
[INFO] [stderr]    Compiling crossbeam-channel v0.5.7
[INFO] [stderr]    Compiling rustls-pemfile v1.0.2
[INFO] [stderr]    Compiling hashlink v0.8.1
[INFO] [stderr]    Compiling decimal v2.1.0
[INFO] [stderr]    Compiling uuid v1.3.0
[INFO] [stderr]    Compiling proc-macro-error v1.0.4
[INFO] [stderr]    Compiling encoding_rs v0.8.32
[INFO] [stderr]    Compiling dlv-list v0.3.0
[INFO] [stderr]    Compiling language-tags v0.3.2
[INFO] [stderr]    Compiling mime v0.3.16
[INFO] [stderr]    Compiling httpdate v1.0.2
[INFO] [stderr]    Compiling anyhow v1.0.69
[INFO] [stderr]    Compiling destructure_traitobject v0.2.0
[INFO] [stderr]    Compiling unsafe-any-ors v1.0.0
[INFO] [stderr]    Compiling ordered-multimap v0.4.3
[INFO] [stderr]    Compiling crossbeam v0.8.2
[INFO] [stderr]    Compiling rbatis-codegen v4.0.36
[INFO] [stderr]    Compiling actix-web-codegen v4.2.0
[INFO] [stderr]    Compiling tokio-util v0.7.7
[INFO] [stderr]    Compiling actix-rt v2.8.0
[INFO] [stderr]    Compiling h2 v0.3.16
[INFO] [stderr]    Compiling actix-codec v0.5.0
[INFO] [stderr]    Compiling tokio-rustls v0.23.4
[INFO] [stderr]    Compiling deadpool v0.9.5
[INFO] [stderr]    Compiling actix-server v2.2.0
[INFO] [stderr]    Compiling serde_urlencoded v0.7.1
[INFO] [stderr]    Compiling rbdc v0.1.23
[INFO] [stderr]    Compiling ordered-float v2.10.0
[INFO] [stderr]    Compiling time v0.1.45
[INFO] [stderr]    Compiling rustc-serialize v0.3.24
[INFO] [stderr]    Compiling minimal-lexical v0.2.1
[INFO] [stderr]    Compiling ord_subset v3.1.1
[INFO] [stderr]    Compiling iana-time-zone v0.1.53
[INFO] [stderr]    Compiling matches v0.1.10
[INFO] [stderr]    Compiling chrono v0.4.23
[INFO] [stderr]    Compiling idna v0.2.3
[INFO] [stderr]    Compiling nom v7.1.3
[INFO] [stderr]    Compiling serde-value v0.7.0
[INFO] [stderr]    Compiling simple_asn1 v0.6.2
[INFO] [stderr]    Compiling rbatis-macro-driver v4.0.17
[INFO] [stderr]    Compiling combine v4.6.6
[INFO] [stderr]    Compiling rust-ini v0.18.0
[INFO] [stderr]    Compiling dark-std v0.2.3
[INFO] [stderr]    Compiling typemap-ors v1.0.0
[INFO] [stderr]    Compiling futures v0.3.26
[INFO] [stderr]    Compiling serde_yaml v0.8.26
[INFO] [stderr]    Compiling json5 v0.4.1
[INFO] [stderr]    Compiling toml v0.5.11
[INFO] [stderr]    Compiling ron v0.7.1
[INFO] [stderr]    Compiling pem v1.1.1
[INFO] [stderr]    Compiling derivative v2.2.0
[INFO] [stderr]    Compiling validator_types v0.16.0
[INFO] [stderr]    Compiling atoi v2.0.0
[INFO] [stderr]    Compiling futures-intrusive v0.5.0
[INFO] [stderr]    Compiling thread-id v4.0.0
[INFO] [stderr]    Compiling humantime v2.1.0
[INFO] [stderr]    Compiling either v1.8.1
[INFO] [stderr]    Compiling hex v0.4.3
[INFO] [stderr]    Compiling arc-swap v1.6.0
[INFO] [stderr]    Compiling sha1_smol v1.0.0
[INFO] [stderr]    Compiling pathdiff v0.2.1
[INFO] [stderr]    Compiling if_chain v1.0.2
[INFO] [stderr]    Compiling log-mdc v0.1.0
[INFO] [stderr]    Compiling config v0.13.3
[INFO] [stderr]    Compiling jsonwebtoken v8.2.0
[INFO] [stderr]    Compiling validator_derive v0.16.0
[INFO] [stderr]    Compiling validator v0.16.0
[INFO] [stderr]    Compiling md5 v0.7.0
[INFO] [stderr]    Compiling dotenv v0.15.0
[INFO] [stderr]    Compiling rbdc-sqlite v0.1.17
[INFO] [stderr]    Compiling log4rs v1.2.0
[INFO] [stderr]    Compiling redis v0.22.3
[INFO] [stderr]    Compiling rbatis v4.0.58
[INFO] [stderr]    Compiling zstd v0.12.3+zstd.1.5.2
[INFO] [stderr]    Compiling actix-http v3.3.1
[INFO] [stderr]    Compiling actix-web v4.3.1
[INFO] [stderr]    Compiling actix-web-httpauth v0.8.0
[INFO] [stderr]    Compiling rust-web-example v0.1.0 (/opt/rustwide/workdir)
[INFO] [stdout] warning: unused imports: `AuthExtractorConfig`, `middleware::HttpAuthentication`
[INFO] [stdout]  --> src/mid/mod.rs:7:9
[INFO] [stdout]   |
[INFO] [stdout] 7 |         AuthExtractorConfig, AuthenticationError,
[INFO] [stdout]   |         ^^^^^^^^^^^^^^^^^^^
[INFO] [stdout] 8 |     },
[INFO] [stdout] 9 |     middleware::HttpAuthentication,
[INFO] [stdout]   |     ^^^^^^^^^^^^^^^^^^^^^^^^^^^^^^
[INFO] [stdout]   |
[INFO] [stdout]   = note: `#[warn(unused_imports)]` on by default
[INFO] [stdout] 
[INFO] [stdout] 
[INFO] [stdout] warning: unused import: `validator::Validate`
[INFO] [stdout]  --> src/model/dto/mod.rs:3:5
[INFO] [stdout]   |
[INFO] [stdout] 3 | use validator::Validate;
[INFO] [stdout]   |     ^^^^^^^^^^^^^^^^^^^
[INFO] [stdout] 
[INFO] [stdout] 
[INFO] [stdout] warning: unused import: `validator::Validate`
[INFO] [stdout]  --> src/model/dto/user_dto.rs:4:5
[INFO] [stdout]   |
[INFO] [stdout] 4 | use validator::Validate;
[INFO] [stdout]   |     ^^^^^^^^^^^^^^^^^^^
[INFO] [stdout] 
[INFO] [stdout] 
[INFO] [stdout] warning: use of deprecated method `config::Config::merge`: please use 'ConfigBuilder' instead
[INFO] [stdout]   --> src/config/boot_config.rs:37:11
[INFO] [stdout]    |
[INFO] [stdout] 37 |         c.merge(config::Environment::default())
[INFO] [stdout]    |           ^^^^^
[INFO] [stdout]    |
[INFO] [stdout]    = note: `#[warn(deprecated)]` on by default
[INFO] [stdout] 
[INFO] [stdout] 
[INFO] [stdout] warning: 4 warnings emitted
[INFO] [stdout] 
[INFO] [stdout] 
[INFO] [stderr]     Finished dev [unoptimized + debuginfo] target(s) in 1m 08s
[INFO] [stderr] warning: the following packages contain code that will be rejected by a future version of Rust: rustc-serialize v0.3.24
[INFO] [stderr] note: to see what the problems were, use the option `--future-incompat-report`, or run `cargo report future-incompatibilities --id 1`
[INFO] running `Command { std: "docker" "inspect" "12a25c77b57c85b9c7441d812916299007dc6fa4d8ab7acec8b9a5df7fa20365", kill_on_drop: false }`
[INFO] running `Command { std: "docker" "rm" "-f" "12a25c77b57c85b9c7441d812916299007dc6fa4d8ab7acec8b9a5df7fa20365", kill_on_drop: false }`
[INFO] [stdout] 12a25c77b57c85b9c7441d812916299007dc6fa4d8ab7acec8b9a5df7fa20365
[INFO] running `Command { std: "docker" "create" "-v" "/var/lib/crater-agent-workspace/builds/worker-2-tc1/target:/opt/rustwide/target:rw,Z" "-v" "/var/lib/crater-agent-workspace/builds/worker-2-tc1/source:/opt/rustwide/workdir:ro,Z" "-v" "/var/lib/crater-agent-workspace/cargo-home:/opt/rustwide/cargo-home:ro,Z" "-v" "/var/lib/crater-agent-workspace/rustup-home:/opt/rustwide/rustup-home:ro,Z" "-e" "SOURCE_DIR=/opt/rustwide/workdir" "-e" "CARGO_TARGET_DIR=/opt/rustwide/target" "-e" "CARGO_INCREMENTAL=0" "-e" "RUST_BACKTRACE=full" "-e" "RUSTFLAGS=--cap-lints=warn" "-e" "RUSTDOCFLAGS=--cap-lints=warn" "-e" "CARGO_HOME=/opt/rustwide/cargo-home" "-e" "RUSTUP_HOME=/opt/rustwide/rustup-home" "-w" "/opt/rustwide/workdir" "-m" "1610612736" "--user" "0:0" "--network" "none" "ghcr.io/rust-lang/crates-build-env/linux@sha256:5ff2268d62e97bff2cde7d5815dd6ed5b47097566f13b8d0ca110b04b60e07ed" "/opt/rustwide/cargo-home/bin/cargo" "+1.69.0" "test" "--frozen" "--no-run" "--message-format=json", kill_on_drop: false }`
[INFO] [stdout] 86aca7470cc1496bc98f6f73f510da1804dcf0f2c43dfe2cbaf542d10a9ace90
[INFO] running `Command { std: "docker" "start" "-a" "86aca7470cc1496bc98f6f73f510da1804dcf0f2c43dfe2cbaf542d10a9ace90", kill_on_drop: false }`
[INFO] [stderr]    Compiling rust-web-example v0.1.0 (/opt/rustwide/workdir)
[INFO] [stdout] warning: unused imports: `AuthExtractorConfig`, `middleware::HttpAuthentication`
[INFO] [stdout]  --> src/mid/mod.rs:7:9
[INFO] [stdout]   |
[INFO] [stdout] 7 |         AuthExtractorConfig, AuthenticationError,
[INFO] [stdout]   |         ^^^^^^^^^^^^^^^^^^^
[INFO] [stdout] 8 |     },
[INFO] [stdout] 9 |     middleware::HttpAuthentication,
[INFO] [stdout]   |     ^^^^^^^^^^^^^^^^^^^^^^^^^^^^^^
[INFO] [stdout]   |
[INFO] [stdout]   = note: `#[warn(unused_imports)]` on by default
[INFO] [stdout] 
[INFO] [stdout] 
[INFO] [stdout] warning: unused import: `validator::Validate`
[INFO] [stdout]  --> src/model/dto/mod.rs:3:5
[INFO] [stdout]   |
[INFO] [stdout] 3 | use validator::Validate;
[INFO] [stdout]   |     ^^^^^^^^^^^^^^^^^^^
[INFO] [stdout] 
[INFO] [stdout] 
[INFO] [stdout] warning: unused import: `validator::Validate`
[INFO] [stdout]  --> src/model/dto/user_dto.rs:4:5
[INFO] [stdout]   |
[INFO] [stdout] 4 | use validator::Validate;
[INFO] [stdout]   |     ^^^^^^^^^^^^^^^^^^^
[INFO] [stdout] 
[INFO] [stdout] 
[INFO] [stdout] warning: use of deprecated method `config::Config::merge`: please use 'ConfigBuilder' instead
[INFO] [stdout]   --> src/config/boot_config.rs:37:11
[INFO] [stdout]    |
[INFO] [stdout] 37 |         c.merge(config::Environment::default())
[INFO] [stdout]    |           ^^^^^
[INFO] [stdout]    |
[INFO] [stdout]    = note: `#[warn(deprecated)]` on by default
[INFO] [stdout] 
[INFO] [stdout] 
[INFO] [stdout] warning: 4 warnings emitted
[INFO] [stdout] 
[INFO] [stdout] 
[INFO] [stderr]     Finished test [unoptimized + debuginfo] target(s) in 8.14s
[INFO] [stderr] warning: the following packages contain code that will be rejected by a future version of Rust: rustc-serialize v0.3.24
[INFO] [stderr] note: to see what the problems were, use the option `--future-incompat-report`, or run `cargo report future-incompatibilities --id 1`
[INFO] running `Command { std: "docker" "inspect" "86aca7470cc1496bc98f6f73f510da1804dcf0f2c43dfe2cbaf542d10a9ace90", kill_on_drop: false }`
[INFO] running `Command { std: "docker" "rm" "-f" "86aca7470cc1496bc98f6f73f510da1804dcf0f2c43dfe2cbaf542d10a9ace90", kill_on_drop: false }`
[INFO] [stdout] 86aca7470cc1496bc98f6f73f510da1804dcf0f2c43dfe2cbaf542d10a9ace90
[INFO] running `Command { std: "docker" "create" "-v" "/var/lib/crater-agent-workspace/builds/worker-2-tc1/target:/opt/rustwide/target:rw,Z" "-v" "/var/lib/crater-agent-workspace/builds/worker-2-tc1/source:/opt/rustwide/workdir:ro,Z" "-v" "/var/lib/crater-agent-workspace/cargo-home:/opt/rustwide/cargo-home:ro,Z" "-v" "/var/lib/crater-agent-workspace/rustup-home:/opt/rustwide/rustup-home:ro,Z" "-e" "SOURCE_DIR=/opt/rustwide/workdir" "-e" "CARGO_TARGET_DIR=/opt/rustwide/target" "-e" "CARGO_INCREMENTAL=0" "-e" "RUST_BACKTRACE=full" "-e" "RUSTFLAGS=--cap-lints=warn" "-e" "RUSTDOCFLAGS=--cap-lints=warn" "-e" "CARGO_HOME=/opt/rustwide/cargo-home" "-e" "RUSTUP_HOME=/opt/rustwide/rustup-home" "-w" "/opt/rustwide/workdir" "-m" "1610612736" "--user" "0:0" "--network" "none" "ghcr.io/rust-lang/crates-build-env/linux@sha256:5ff2268d62e97bff2cde7d5815dd6ed5b47097566f13b8d0ca110b04b60e07ed" "/opt/rustwide/cargo-home/bin/cargo" "+1.69.0" "test" "--frozen", kill_on_drop: false }`
[INFO] [stdout] 17cfebfee2c4b6b459cf6087843e137da8898dae7e62084f1d0ab55aca8a87d1
[INFO] running `Command { std: "docker" "start" "-a" "17cfebfee2c4b6b459cf6087843e137da8898dae7e62084f1d0ab55aca8a87d1", kill_on_drop: false }`
[INFO] [stderr] warning: unused imports: `AuthExtractorConfig`, `middleware::HttpAuthentication`
[INFO] [stderr]  --> src/mid/mod.rs:7:9
[INFO] [stderr]   |
[INFO] [stderr] 7 |         AuthExtractorConfig, AuthenticationError,
[INFO] [stderr]   |         ^^^^^^^^^^^^^^^^^^^
[INFO] [stderr] 8 |     },
[INFO] [stderr] 9 |     middleware::HttpAuthentication,
[INFO] [stderr]   |     ^^^^^^^^^^^^^^^^^^^^^^^^^^^^^^
[INFO] [stderr]   |
[INFO] [stderr]   = note: `#[warn(unused_imports)]` on by default
[INFO] [stderr] 
[INFO] [stderr] warning: unused import: `validator::Validate`
[INFO] [stderr]  --> src/model/dto/mod.rs:3:5
[INFO] [stderr]   |
[INFO] [stderr] 3 | use validator::Validate;
[INFO] [stderr]   |     ^^^^^^^^^^^^^^^^^^^
[INFO] [stderr] 
[INFO] [stderr] warning: unused import: `validator::Validate`
[INFO] [stderr]  --> src/model/dto/user_dto.rs:4:5
[INFO] [stderr]   |
[INFO] [stderr] 4 | use validator::Validate;
[INFO] [stderr]   |     ^^^^^^^^^^^^^^^^^^^
[INFO] [stderr] 
[INFO] [stderr] warning: use of deprecated method `config::Config::merge`: please use 'ConfigBuilder' instead
[INFO] [stderr]   --> src/config/boot_config.rs:37:11
[INFO] [stderr]    |
[INFO] [stderr] 37 |         c.merge(config::Environment::default())
[INFO] [stderr]    |           ^^^^^
[INFO] [stderr]    |
[INFO] [stderr]    = note: `#[warn(deprecated)]` on by default
[INFO] [stderr] 
[INFO] [stderr] warning: `rust-web-example` (bin "rust-web-example" test) generated 4 warnings (run `cargo fix --bin "rust-web-example" --tests` to apply 3 suggestions)
[INFO] [stderr]     Finished test [unoptimized + debuginfo] target(s) in 0.36s
[INFO] [stderr] warning: the following packages contain code that will be rejected by a future version of Rust: rustc-serialize v0.3.24
[INFO] [stderr] note: to see what the problems were, use the option `--future-incompat-report`, or run `cargo report future-incompatibilities --id 1`
[INFO] [stderr]      Running unittests src/main.rs (/opt/rustwide/target/debug/deps/rust_web_example-7265b9baf6a28c2a)
[INFO] [stdout] 
[INFO] [stdout] running 6 tests
[INFO] [stdout] test core::error::tests::test_error ... ok
[INFO] [stdout] test model::dto::user_dto::tests::test_json ... ok
[INFO] [stdout] test util::password_encoder::test_encode ... ok
[INFO] [stdout] test util::rand_util::test_rand ... ok
[INFO] [stdout] test util::jwt_util::tests::test_jwt ... ok
[INFO] [stdout] test util::verify_code::tests::test_vc ... FAILED
[INFO] [stdout] 
[INFO] [stdout] failures:
[INFO] [stdout] 
[INFO] [stdout] ---- util::verify_code::tests::test_vc stdout ----
[INFO] [stdout] thread 'util::verify_code::tests::test_vc' panicked at 'called `Result::unwrap()` on an `Err` value: RedisError("Connection refused (os error 111)")', src/util/verify_code.rs:71:60
[INFO] [stdout] stack backtrace:
[INFO] [stdout]    0:     0x55ecacc2645a - std::backtrace_rs::backtrace::libunwind::trace::ha9053a9a07ca49cb
[INFO] [stdout]                                at /rustc/84c898d65adf2f39a5a98507f1fe0ce10a2b8dbc/library/std/src/../../backtrace/src/backtrace/libunwind.rs:93:5
[INFO] [stdout]    1:     0x55ecacc2645a - std::backtrace_rs::backtrace::trace_unsynchronized::h9c2852a457ad564e
[INFO] [stdout]                                at /rustc/84c898d65adf2f39a5a98507f1fe0ce10a2b8dbc/library/std/src/../../backtrace/src/backtrace/mod.rs:66:5
[INFO] [stdout]    2:     0x55ecacc2645a - std::sys_common::backtrace::_print_fmt::h457936fbfaa0070f
[INFO] [stdout]                                at /rustc/84c898d65adf2f39a5a98507f1fe0ce10a2b8dbc/library/std/src/sys_common/backtrace.rs:65:5
[INFO] [stdout]    3:     0x55ecacc2645a - <std::sys_common::backtrace::_print::DisplayBacktrace as core::fmt::Display>::fmt::h5779d7bf7f70cb0c
[INFO] [stdout]                                at /rustc/84c898d65adf2f39a5a98507f1fe0ce10a2b8dbc/library/std/src/sys_common/backtrace.rs:44:22
[INFO] [stdout]    4:     0x55ecacc4e63e - core::fmt::write::h5a4baaff1bcd3eb5
[INFO] [stdout]                                at /rustc/84c898d65adf2f39a5a98507f1fe0ce10a2b8dbc/library/core/src/fmt/mod.rs:1232:17
[INFO] [stdout]    5:     0x55ecacc22f85 - std::io::Write::write_fmt::h478f79c628ef31d1
[INFO] [stdout]                                at /rustc/84c898d65adf2f39a5a98507f1fe0ce10a2b8dbc/library/std/src/io/mod.rs:1684:15
[INFO] [stdout]    6:     0x55ecacc26225 - std::sys_common::backtrace::_print::h5fcdc36060f177e8
[INFO] [stdout]                                at /rustc/84c898d65adf2f39a5a98507f1fe0ce10a2b8dbc/library/std/src/sys_common/backtrace.rs:47:5
[INFO] [stdout]    7:     0x55ecacc26225 - std::sys_common::backtrace::print::h54ca9458b876c8bf
[INFO] [stdout]                                at /rustc/84c898d65adf2f39a5a98507f1fe0ce10a2b8dbc/library/std/src/sys_common/backtrace.rs:34:9
[INFO] [stdout]    8:     0x55ecacc27fef - std::panicking::default_hook::{{closure}}::hbe471161c7664ed6
[INFO] [stdout]                                at /rustc/84c898d65adf2f39a5a98507f1fe0ce10a2b8dbc/library/std/src/panicking.rs:271:22
[INFO] [stdout]    9:     0x55ecacc27caf - std::panicking::default_hook::ha3500da57aa4ac4f
[INFO] [stdout]                                at /rustc/84c898d65adf2f39a5a98507f1fe0ce10a2b8dbc/library/std/src/panicking.rs:287:9
[INFO] [stdout]   10:     0x55ecac96ed47 - <alloc::boxed::Box<F,A> as core::ops::function::Fn<Args>>::call::hdf1b89dd137ece34
[INFO] [stdout]                                at /rustc/84c898d65adf2f39a5a98507f1fe0ce10a2b8dbc/library/alloc/src/boxed.rs:2001:9
[INFO] [stdout]   11:     0x55ecac96ed47 - test::test_main::{{closure}}::h9081a79f20e75698
[INFO] [stdout]                                at /rustc/84c898d65adf2f39a5a98507f1fe0ce10a2b8dbc/library/test/src/lib.rs:135:21
[INFO] [stdout]   12:     0x55ecacc2871d - <alloc::boxed::Box<F,A> as core::ops::function::Fn<Args>>::call::h6507bddc3eebb4a5
[INFO] [stdout]                                at /rustc/84c898d65adf2f39a5a98507f1fe0ce10a2b8dbc/library/alloc/src/boxed.rs:2001:9
[INFO] [stdout]   13:     0x55ecacc2871d - std::panicking::rust_panic_with_hook::h50c09d000dc561d2
[INFO] [stdout]                                at /rustc/84c898d65adf2f39a5a98507f1fe0ce10a2b8dbc/library/std/src/panicking.rs:696:13
[INFO] [stdout]   14:     0x55ecacc28499 - std::panicking::begin_panic_handler::{{closure}}::h9e2b2176e00e0d9c
[INFO] [stdout]                                at /rustc/84c898d65adf2f39a5a98507f1fe0ce10a2b8dbc/library/std/src/panicking.rs:583:13
[INFO] [stdout]   15:     0x55ecacc268c6 - std::sys_common::backtrace::__rust_end_short_backtrace::h5739b8e512c09d02
[INFO] [stdout]                                at /rustc/84c898d65adf2f39a5a98507f1fe0ce10a2b8dbc/library/std/src/sys_common/backtrace.rs:150:18
[INFO] [stdout]   16:     0x55ecacc281a2 - rust_begin_unwind
[INFO] [stdout]                                at /rustc/84c898d65adf2f39a5a98507f1fe0ce10a2b8dbc/library/std/src/panicking.rs:579:5
[INFO] [stdout]   17:     0x55ecac8aa473 - core::panicking::panic_fmt::hf33a1475b4dc5c3e
[INFO] [stdout]                                at /rustc/84c898d65adf2f39a5a98507f1fe0ce10a2b8dbc/library/core/src/panicking.rs:64:14
[INFO] [stdout]   18:     0x55ecac8aa923 - core::result::unwrap_failed::hdff5465d74574b44
[INFO] [stdout]                                at /rustc/84c898d65adf2f39a5a98507f1fe0ce10a2b8dbc/library/core/src/result.rs:1750:5
[INFO] [stdout]   19:     0x55ecac8c33f2 - core::result::Result<T,E>::unwrap::h6cd807db1eced9e4
[INFO] [stdout]                                at /rustc/84c898d65adf2f39a5a98507f1fe0ce10a2b8dbc/library/core/src/result.rs:1090:23
[INFO] [stdout]   20:     0x55ecac8c10a4 - rust_web_example::util::verify_code::tests::test_vc::{{closure}}::hec40b398434f4aba
[INFO] [stdout]                                at /opt/rustwide/workdir/src/util/verify_code.rs:71:20
[INFO] [stdout]   21:     0x55ecac8d7304 - tokio::runtime::park::CachedParkThread::block_on::{{closure}}::h449af1882b03685b
[INFO] [stdout]                                at /opt/rustwide/cargo-home/registry/src/github.com-1ecc6299db9ec823/tokio-1.26.0/src/runtime/park.rs:283:63
[INFO] [stdout]   22:     0x55ecac8d6c86 - tokio::runtime::coop::with_budget::h8b3c7aafb4945d7a
[INFO] [stdout]                                at /opt/rustwide/cargo-home/registry/src/github.com-1ecc6299db9ec823/tokio-1.26.0/src/runtime/coop.rs:107:5
[INFO] [stdout]   23:     0x55ecac8d6c86 - tokio::runtime::coop::budget::h99840cbde434395c
[INFO] [stdout]                                at /opt/rustwide/cargo-home/registry/src/github.com-1ecc6299db9ec823/tokio-1.26.0/src/runtime/coop.rs:73:5
[INFO] [stdout]   24:     0x55ecac8d6c86 - tokio::runtime::park::CachedParkThread::block_on::h0eb18e178b7852c2
[INFO] [stdout]                                at /opt/rustwide/cargo-home/registry/src/github.com-1ecc6299db9ec823/tokio-1.26.0/src/runtime/park.rs:283:31
[INFO] [stdout]   25:     0x55ecac8d7615 - tokio::runtime::context::BlockingRegionGuard::block_on::h516c1bfc8d205d3f
[INFO] [stdout]                                at /opt/rustwide/cargo-home/registry/src/github.com-1ecc6299db9ec823/tokio-1.26.0/src/runtime/context.rs:315:13
[INFO] [stdout]   26:     0x55ecac8ce4e5 - tokio::runtime::scheduler::multi_thread::MultiThread::block_on::ha447dfe38709dbbd
[INFO] [stdout]                                at /opt/rustwide/cargo-home/registry/src/github.com-1ecc6299db9ec823/tokio-1.26.0/src/runtime/scheduler/multi_thread/mod.rs:66:9
[INFO] [stdout]   27:     0x55ecac8d79fa - tokio::runtime::runtime::Runtime::block_on::h832fc3ad02f2c2ef
[INFO] [stdout]                                at /opt/rustwide/cargo-home/registry/src/github.com-1ecc6299db9ec823/tokio-1.26.0/src/runtime/runtime.rs:304:45
[INFO] [stdout]   28:     0x55ecac8c0ce3 - rust_web_example::util::verify_code::tests::test_vc::he193f88ac788dbc2
[INFO] [stdout]                                at /opt/rustwide/workdir/src/util/verify_code.rs:81:9
[INFO] [stdout]   29:     0x55ecac8c0b97 - rust_web_example::util::verify_code::tests::test_vc::{{closure}}::h7515fda3cda441d5
[INFO] [stdout]                                at /opt/rustwide/workdir/src/util/verify_code.rs:70:24
[INFO] [stdout]   30:     0x55ecac8b59a5 - core::ops::function::FnOnce::call_once::hcde31856033420f9
[INFO] [stdout]                                at /rustc/84c898d65adf2f39a5a98507f1fe0ce10a2b8dbc/library/core/src/ops/function.rs:250:5
[INFO] [stdout]   31:     0x55ecac97412f - core::ops::function::FnOnce::call_once::h7d969581be7d0075
[INFO] [stdout]                                at /rustc/84c898d65adf2f39a5a98507f1fe0ce10a2b8dbc/library/core/src/ops/function.rs:250:5
[INFO] [stdout]   32:     0x55ecac97412f - test::__rust_begin_short_backtrace::hca25a52684e56655
[INFO] [stdout]                                at /rustc/84c898d65adf2f39a5a98507f1fe0ce10a2b8dbc/library/test/src/lib.rs:656:18
[INFO] [stdout]   33:     0x55ecac94574c - test::run_test::{{closure}}::ha8ac744c4af1a4bb
[INFO] [stdout]                                at /rustc/84c898d65adf2f39a5a98507f1fe0ce10a2b8dbc/library/test/src/lib.rs:647:30
[INFO] [stdout]   34:     0x55ecac94574c - core::ops::function::FnOnce::call_once{{vtable.shim}}::h7b411a9ed45bdecf
[INFO] [stdout]                                at /rustc/84c898d65adf2f39a5a98507f1fe0ce10a2b8dbc/library/core/src/ops/function.rs:250:5
[INFO] [stdout]   35:     0x55ecac9730f6 - <alloc::boxed::Box<F,A> as core::ops::function::FnOnce<Args>>::call_once::hd05328869a8ed200
[INFO] [stdout]                                at /rustc/84c898d65adf2f39a5a98507f1fe0ce10a2b8dbc/library/alloc/src/boxed.rs:1987:9
[INFO] [stdout]   36:     0x55ecac9730f6 - <core::panic::unwind_safe::AssertUnwindSafe<F> as core::ops::function::FnOnce<()>>::call_once::h0c601ce20bd5b2be
[INFO] [stdout]                                at /rustc/84c898d65adf2f39a5a98507f1fe0ce10a2b8dbc/library/core/src/panic/unwind_safe.rs:271:9
[INFO] [stdout]   37:     0x55ecac9730f6 - std::panicking::try::do_call::ha4be5c164fe30854
[INFO] [stdout]                                at /rustc/84c898d65adf2f39a5a98507f1fe0ce10a2b8dbc/library/std/src/panicking.rs:487:40
[INFO] [stdout]   38:     0x55ecac9730f6 - std::panicking::try::h604546f3609af05f
[INFO] [stdout]                                at /rustc/84c898d65adf2f39a5a98507f1fe0ce10a2b8dbc/library/std/src/panicking.rs:451:19
[INFO] [stdout]   39:     0x55ecac9730f6 - std::panic::catch_unwind::h5bfa8afe44c9c2f9
[INFO] [stdout]                                at /rustc/84c898d65adf2f39a5a98507f1fe0ce10a2b8dbc/library/std/src/panic.rs:140:14
[INFO] [stdout]   40:     0x55ecac9730f6 - test::run_test_in_process::hd50dee55dd63e6aa
[INFO] [stdout]                                at /rustc/84c898d65adf2f39a5a98507f1fe0ce10a2b8dbc/library/test/src/lib.rs:679:27
[INFO] [stdout]   41:     0x55ecac9730f6 - test::run_test::run_test_inner::{{closure}}::h4aa0f433aa85cea8
[INFO] [stdout]                                at /rustc/84c898d65adf2f39a5a98507f1fe0ce10a2b8dbc/library/test/src/lib.rs:573:39
[INFO] [stdout]   42:     0x55ecac93fdc1 - test::run_test::run_test_inner::{{closure}}::had56431adf24b4d6
[INFO] [stdout]                                at /rustc/84c898d65adf2f39a5a98507f1fe0ce10a2b8dbc/library/test/src/lib.rs:600:37
[INFO] [stdout]   43:     0x55ecac93fdc1 - std::sys_common::backtrace::__rust_begin_short_backtrace::ha8d9890e0c73bf13
[INFO] [stdout]                                at /rustc/84c898d65adf2f39a5a98507f1fe0ce10a2b8dbc/library/std/src/sys_common/backtrace.rs:134:18
[INFO] [stdout]   44:     0x55ecac9457db - std::thread::Builder::spawn_unchecked_::{{closure}}::{{closure}}::h251832bcb4a95327
[INFO] [stdout]                                at /rustc/84c898d65adf2f39a5a98507f1fe0ce10a2b8dbc/library/std/src/thread/mod.rs:560:17
[INFO] [stdout]   45:     0x55ecac9457db - <core::panic::unwind_safe::AssertUnwindSafe<F> as core::ops::function::FnOnce<()>>::call_once::h8fdff598fa414831
[INFO] [stdout]                                at /rustc/84c898d65adf2f39a5a98507f1fe0ce10a2b8dbc/library/core/src/panic/unwind_safe.rs:271:9
[INFO] [stdout]   46:     0x55ecac9457db - std::panicking::try::do_call::h455dd2f7764a950f
[INFO] [stdout]                                at /rustc/84c898d65adf2f39a5a98507f1fe0ce10a2b8dbc/library/std/src/panicking.rs:487:40
[INFO] [stdout]   47:     0x55ecac9457db - std::panicking::try::had6f23b7b73ae72a
[INFO] [stdout]                                at /rustc/84c898d65adf2f39a5a98507f1fe0ce10a2b8dbc/library/std/src/panicking.rs:451:19
[INFO] [stdout]   48:     0x55ecac9457db - std::panic::catch_unwind::ha6a5ca3915b4dad0
[INFO] [stdout]                                at /rustc/84c898d65adf2f39a5a98507f1fe0ce10a2b8dbc/library/std/src/panic.rs:140:14
[INFO] [stdout]   49:     0x55ecac9457db - std::thread::Builder::spawn_unchecked_::{{closure}}::h883b72ef75da6231
[INFO] [stdout]                                at /rustc/84c898d65adf2f39a5a98507f1fe0ce10a2b8dbc/library/std/src/thread/mod.rs:559:30
[INFO] [stdout]   50:     0x55ecac9457db - core::ops::function::FnOnce::call_once{{vtable.shim}}::hb7dff73dc8bd2ccb
[INFO] [stdout]                                at /rustc/84c898d65adf2f39a5a98507f1fe0ce10a2b8dbc/library/core/src/ops/function.rs:250:5
[INFO] [stdout]   51:     0x55ecacc2cca3 - <alloc::boxed::Box<F,A> as core::ops::function::FnOnce<Args>>::call_once::h39990b24eedef2ab
[INFO] [stdout]                                at /rustc/84c898d65adf2f39a5a98507f1fe0ce10a2b8dbc/library/alloc/src/boxed.rs:1987:9
[INFO] [stdout]   52:     0x55ecacc2cca3 - <alloc::boxed::Box<F,A> as core::ops::function::FnOnce<Args>>::call_once::h01a027258444143b
[INFO] [stdout]                                at /rustc/84c898d65adf2f39a5a98507f1fe0ce10a2b8dbc/library/alloc/src/boxed.rs:1987:9
[INFO] [stdout]   53:     0x55ecacc2cca3 - std::sys::unix::thread::Thread::new::thread_start::ha4f1cdd9c25884ba
[INFO] [stdout]                                at /rustc/84c898d65adf2f39a5a98507f1fe0ce10a2b8dbc/library/std/src/sys/unix/thread.rs:108:17
[INFO] [stdout]   54:     0x7f608973fb43 - <unknown>
[INFO] [stdout]   55:     0x7f60897d0bb4 - __clone
[INFO] [stdout]   56:                0x0 - <unknown>
[INFO] [stdout] 
[INFO] [stdout] 
[INFO] [stdout] failures:
[INFO] [stdout]     util::verify_code::tests::test_vc
[INFO] [stdout] 
[INFO] [stdout] test result: FAILED. 5 passed; 1 failed; 0 ignored; 0 measured; 0 filtered out; finished in 0.05s
[INFO] [stdout] 
[INFO] [stderr] error: test failed, to rerun pass `--bin rust-web-example`
[INFO] running `Command { std: "docker" "inspect" "17cfebfee2c4b6b459cf6087843e137da8898dae7e62084f1d0ab55aca8a87d1", kill_on_drop: false }`
[INFO] running `Command { std: "docker" "rm" "-f" "17cfebfee2c4b6b459cf6087843e137da8898dae7e62084f1d0ab55aca8a87d1", kill_on_drop: false }`
[INFO] [stdout] 17cfebfee2c4b6b459cf6087843e137da8898dae7e62084f1d0ab55aca8a87d1
