[INFO] cloning repository https://github.com/JasonVranek/rust_robot
[INFO] running `Command { std: "git" "-c" "credential.helper=" "-c" "credential.helper=/workspace/cargo-home/bin/git-credential-null" "clone" "--bare" "https://github.com/JasonVranek/rust_robot" "/workspace/cache/git-repos/https%3A%2F%2Fgithub.com%2FJasonVranek%2Frust_robot", kill_on_drop: false }`
[INFO] [stderr] Cloning into bare repository '/workspace/cache/git-repos/https%3A%2F%2Fgithub.com%2FJasonVranek%2Frust_robot'...
[INFO] running `Command { std: "git" "rev-parse" "HEAD", kill_on_drop: false }`
[INFO] [stdout] 480c922912d9398a330bc7c2e8561e2146a68192
[INFO] testing JasonVranek/rust_robot against beta-2023-04-20 for beta-1.70-1
[INFO] running `Command { std: "git" "clone" "/workspace/cache/git-repos/https%3A%2F%2Fgithub.com%2FJasonVranek%2Frust_robot" "/workspace/builds/worker-3-tc2/source", kill_on_drop: false }`
[INFO] [stderr] Cloning into '/workspace/builds/worker-3-tc2/source'...
[INFO] [stderr] done.
[INFO] validating manifest of git repo https://github.com/JasonVranek/rust_robot on toolchain beta-2023-04-20
[INFO] running `Command { std: CARGO_HOME="/workspace/cargo-home" RUSTUP_HOME="/workspace/rustup-home" "/workspace/cargo-home/bin/cargo" "+beta-2023-04-20" "metadata" "--manifest-path" "Cargo.toml" "--no-deps", kill_on_drop: false }`
[INFO] started tweaking git repo https://github.com/JasonVranek/rust_robot
[INFO] finished tweaking git repo https://github.com/JasonVranek/rust_robot
[INFO] tweaked toml for git repo https://github.com/JasonVranek/rust_robot written to /workspace/builds/worker-3-tc2/source/Cargo.toml
[INFO] crate git repo https://github.com/JasonVranek/rust_robot already has a lockfile, it will not be regenerated
[INFO] running `Command { std: CARGO_HOME="/workspace/cargo-home" RUSTUP_HOME="/workspace/rustup-home" "/workspace/cargo-home/bin/cargo" "+beta-2023-04-20" "fetch" "--manifest-path" "Cargo.toml", kill_on_drop: false }`
[INFO] [stderr]     Updating crates.io index
[INFO] [stderr]  Downloading crates ...
[INFO] [stderr]   Downloaded tokio-serde v0.3.0
[INFO] [stderr]   Downloaded tokio-serde-json v0.2.0
[INFO] [stderr]   Downloaded serde_json v1.0.38
[INFO] [stderr]   Downloaded serde v1.0.87
[INFO] [stderr]   Downloaded rand_jitter v0.1.2
[INFO] [stderr]   Downloaded serde_derive v1.0.87
[INFO] [stderr]   Downloaded proc-macro2 v0.4.27
[INFO] [stderr]   Downloaded tokio-sync v0.1.1
[INFO] [stderr]   Downloaded rppal v0.10.0
[INFO] running `Command { std: "docker" "create" "-v" "/var/lib/crater-agent-workspace/builds/worker-3-tc2/target:/opt/rustwide/target:rw,Z" "-v" "/var/lib/crater-agent-workspace/builds/worker-3-tc2/source:/opt/rustwide/workdir:ro,Z" "-v" "/var/lib/crater-agent-workspace/cargo-home:/opt/rustwide/cargo-home:ro,Z" "-v" "/var/lib/crater-agent-workspace/rustup-home:/opt/rustwide/rustup-home:ro,Z" "-e" "SOURCE_DIR=/opt/rustwide/workdir" "-e" "CARGO_TARGET_DIR=/opt/rustwide/target" "-e" "CARGO_HOME=/opt/rustwide/cargo-home" "-e" "RUSTUP_HOME=/opt/rustwide/rustup-home" "-w" "/opt/rustwide/workdir" "-m" "1610612736" "--user" "0:0" "--network" "none" "ghcr.io/rust-lang/crates-build-env/linux@sha256:5ff2268d62e97bff2cde7d5815dd6ed5b47097566f13b8d0ca110b04b60e07ed" "/opt/rustwide/cargo-home/bin/cargo" "+beta-2023-04-20" "metadata" "--no-deps" "--format-version=1", kill_on_drop: false }`
[INFO] [stdout] 22547cf7194ab550a8093f259d2966505cbf176b70b3670ee07c66f5199a81d0
[INFO] running `Command { std: "docker" "start" "-a" "22547cf7194ab550a8093f259d2966505cbf176b70b3670ee07c66f5199a81d0", kill_on_drop: false }`
[INFO] running `Command { std: "docker" "inspect" "22547cf7194ab550a8093f259d2966505cbf176b70b3670ee07c66f5199a81d0", kill_on_drop: false }`
[INFO] running `Command { std: "docker" "rm" "-f" "22547cf7194ab550a8093f259d2966505cbf176b70b3670ee07c66f5199a81d0", kill_on_drop: false }`
[INFO] [stdout] 22547cf7194ab550a8093f259d2966505cbf176b70b3670ee07c66f5199a81d0
[INFO] running `Command { std: "docker" "create" "-v" "/var/lib/crater-agent-workspace/builds/worker-3-tc2/target:/opt/rustwide/target:rw,Z" "-v" "/var/lib/crater-agent-workspace/builds/worker-3-tc2/source:/opt/rustwide/workdir:ro,Z" "-v" "/var/lib/crater-agent-workspace/cargo-home:/opt/rustwide/cargo-home:ro,Z" "-v" "/var/lib/crater-agent-workspace/rustup-home:/opt/rustwide/rustup-home:ro,Z" "-e" "SOURCE_DIR=/opt/rustwide/workdir" "-e" "CARGO_TARGET_DIR=/opt/rustwide/target" "-e" "CARGO_INCREMENTAL=0" "-e" "RUST_BACKTRACE=full" "-e" "RUSTFLAGS=--cap-lints=warn" "-e" "RUSTDOCFLAGS=--cap-lints=warn" "-e" "CARGO_HOME=/opt/rustwide/cargo-home" "-e" "RUSTUP_HOME=/opt/rustwide/rustup-home" "-w" "/opt/rustwide/workdir" "-m" "1610612736" "--user" "0:0" "--network" "none" "ghcr.io/rust-lang/crates-build-env/linux@sha256:5ff2268d62e97bff2cde7d5815dd6ed5b47097566f13b8d0ca110b04b60e07ed" "/opt/rustwide/cargo-home/bin/cargo" "+beta-2023-04-20" "build" "--frozen" "--message-format=json", kill_on_drop: false }`
[INFO] [stdout] a8378bddca2f53cb07d46066f5fdf59b54dabd9c707c4b74fc5fcb88e1203aa2
[INFO] running `Command { std: "docker" "start" "-a" "a8378bddca2f53cb07d46066f5fdf59b54dabd9c707c4b74fc5fcb88e1203aa2", kill_on_drop: false }`
[INFO] [stderr]    Compiling libc v0.2.48
[INFO] [stderr]    Compiling cfg-if v0.1.6
[INFO] [stderr]    Compiling rand_core v0.4.0
[INFO] [stderr]    Compiling autocfg v0.1.2
[INFO] [stderr]    Compiling lazy_static v1.2.0
[INFO] [stderr]    Compiling futures v0.1.25
[INFO] [stderr]    Compiling byteorder v1.3.1
[INFO] [stderr]    Compiling rand_pcg v0.1.1
[INFO] [stderr]    Compiling crossbeam-utils v0.6.5
[INFO] [stderr]    Compiling void v1.0.2
[INFO] [stderr]    Compiling unreachable v1.0.0
[INFO] [stderr]    Compiling rand_core v0.3.1
[INFO] [stderr]    Compiling scopeguard v0.3.3
[INFO] [stderr]    Compiling rand_hc v0.1.0
[INFO] [stderr]    Compiling rand_chacha v0.1.1
[INFO] [stderr]    Compiling rand v0.6.5
[INFO] [stderr]    Compiling rand_isaac v0.1.1
[INFO] [stderr]    Compiling rand_xorshift v0.1.1
[INFO] [stderr]    Compiling smallvec v0.6.8
[INFO] [stderr]    Compiling rand_jitter v0.1.2
[INFO] [stderr]    Compiling log v0.4.6
[INFO] [stderr]    Compiling iovec v0.1.2
[INFO] [stderr]    Compiling rand_os v0.1.2
[INFO] [stderr]    Compiling parking_lot_core v0.4.0
[INFO] [stderr]    Compiling stable_deref_trait v1.1.1
[INFO] [stderr]    Compiling num_cpus v1.9.0
[INFO] [stderr]    Compiling bytes v0.4.11
[INFO] [stderr]    Compiling owning_ref v0.4.0
[INFO] [stderr]    Compiling arrayvec v0.4.10
[INFO] [stderr]    Compiling lock_api v0.1.5
[INFO] [stderr]    Compiling tokio-executor v0.1.6
[INFO] [stderr]    Compiling net2 v0.2.33
[INFO] [stderr]    Compiling tokio-io v0.1.11
[INFO] [stderr]    Compiling nodrop v0.1.13
[INFO] [stderr]    Compiling lazycell v1.2.1
[INFO] [stderr]    Compiling memoffset v0.2.1
[INFO] [stderr]    Compiling proc-macro2 v0.4.27
[INFO] [stderr]    Compiling mio v0.6.16
[INFO] [stderr]    Compiling crossbeam-channel v0.3.8
[INFO] [stderr]    Compiling unicode-xid v0.1.0
[INFO] [stderr]    Compiling ryu v0.2.7
[INFO] [stderr]    Compiling serde v1.0.87
[INFO] [stderr]    Compiling crossbeam-epoch v0.7.1
[INFO] [stderr]    Compiling tokio-codec v0.1.1
[INFO] [stderr]    Compiling parking_lot v0.7.1
[INFO] [stderr]    Compiling crossbeam-deque v0.6.3
[INFO] [stderr]    Compiling mio-uds v0.6.7
[INFO] [stderr]    Compiling tokio-reactor v0.1.8
[INFO] [stderr]    Compiling crossbeam v0.6.0
[INFO] [stderr]    Compiling quote v0.6.11
[INFO] [stderr]    Compiling tokio-threadpool v0.1.11
[INFO] [stderr]    Compiling itoa v0.4.3
[INFO] [stderr]    Compiling tokio-udp v0.1.3
[INFO] [stderr]    Compiling tokio-tcp v0.1.3
[INFO] [stderr]    Compiling tokio-uds v0.2.5
[INFO] [stderr]    Compiling syn v0.15.26
[INFO] [stderr]    Compiling tokio-serde v0.3.0
[INFO] [stderr]    Compiling tokio-current-thread v0.1.4
[INFO] [stderr]    Compiling tokio-timer v0.2.10
[INFO] [stderr]    Compiling tokio-sync v0.1.1
[INFO] [stderr]    Compiling tokio-fs v0.1.5
[INFO] [stderr]    Compiling rppal v0.10.0
[INFO] [stderr]    Compiling tokio v0.1.15
[INFO] [stderr]    Compiling serde_derive v1.0.87
[INFO] [stderr]    Compiling serde_json v1.0.38
[INFO] [stderr]    Compiling tokio-serde-json v0.2.0
[INFO] [stderr]    Compiling robot v0.1.0 (/opt/rustwide/workdir)
[INFO] [stdout] warning: unused import: `std::thread`
[INFO] [stdout]  --> src/peripherals/motors.rs:2:5
[INFO] [stdout]   |
[INFO] [stdout] 2 | use std::thread;
[INFO] [stdout]   |     ^^^^^^^^^^^
[INFO] [stdout]   |
[INFO] [stdout]   = note: `#[warn(unused_imports)]` on by default
[INFO] [stdout] 
[INFO] [stdout] 
[INFO] [stdout] warning: unused import: `std::time::Duration`
[INFO] [stdout]  --> src/peripherals/motors.rs:3:5
[INFO] [stdout]   |
[INFO] [stdout] 3 | use std::time::Duration;
[INFO] [stdout]   |     ^^^^^^^^^^^^^^^^^^^
[INFO] [stdout] 
[INFO] [stdout] 
[INFO] [stdout] warning: unused `#[macro_use]` import
[INFO] [stdout]  --> src/lib.rs:8:1
[INFO] [stdout]   |
[INFO] [stdout] 8 | #[macro_use]
[INFO] [stdout]   | ^^^^^^^^^^^^
[INFO] [stdout] 
[INFO] [stdout] 
[INFO] [stdout] warning: trait objects without an explicit `dyn` are deprecated
[INFO] [stdout]   --> src/controller/mod.rs:39:26
[INFO] [stdout]    |
[INFO] [stdout] 39 | pub type AsyncTask = Box<Future<Item = (), Error = ()> + Send>;
[INFO] [stdout]    |                          ^^^^^^^^^^^^^^^^^^^^^^^^^^^^^^^^^^^^
[INFO] [stdout]    |
[INFO] [stdout]    = warning: this is accepted in the current edition (Rust 2018) but is a hard error in Rust 2021!
[INFO] [stdout]    = note: for more information, see <https://doc.rust-lang.org/nightly/edition-guide/rust-2021/warnings-promoted-to-error.html>
[INFO] [stdout]    = note: `#[warn(bare_trait_objects)]` on by default
[INFO] [stdout] help: use `dyn`
[INFO] [stdout]    |
[INFO] [stdout] 39 | pub type AsyncTask = Box<dyn Future<Item = (), Error = ()> + Send>;
[INFO] [stdout]    |                          +++
[INFO] [stdout] 
[INFO] [stdout] 
[INFO] [stdout] warning: fields `order_type`, `device`, and `cmd` are never read
[INFO] [stdout]   --> src/io/tcp_json.rs:22:2
[INFO] [stdout]    |
[INFO] [stdout] 21 | pub struct JsonMsg {
[INFO] [stdout]    |            ------- fields in this struct
[INFO] [stdout] 22 |     order_type: String,
[INFO] [stdout]    |     ^^^^^^^^^^
[INFO] [stdout] 23 |     device: String,
[INFO] [stdout]    |     ^^^^^^
[INFO] [stdout] 24 |     cmd: u64,   
[INFO] [stdout]    |     ^^^
[INFO] [stdout]    |
[INFO] [stdout]    = note: `JsonMsg` has a derived impl for the trait `Debug`, but this is intentionally ignored during dead code analysis
[INFO] [stdout]    = note: `#[warn(dead_code)]` on by default
[INFO] [stdout] 
[INFO] [stdout] 
[INFO] [stdout] warning: constant `ENA` is never used
[INFO] [stdout]  --> src/peripherals/motors.rs:9:7
[INFO] [stdout]   |
[INFO] [stdout] 9 | const ENA: u8 = 18;  //PWM0, Left Motor
[INFO] [stdout]   |       ^^^
[INFO] [stdout] 
[INFO] [stdout] 
[INFO] [stdout] warning: constant `ENB` is never used
[INFO] [stdout]   --> src/peripherals/motors.rs:13:7
[INFO] [stdout]    |
[INFO] [stdout] 13 | const ENB: u8 = 19;  //PWM1, Right Motor
[INFO] [stdout]    |       ^^^
[INFO] [stdout] 
[INFO] [stdout] 
[INFO] [stdout] warning: constant `L_ENC_YEL` is never used
[INFO] [stdout]   --> src/peripherals/motors.rs:18:7
[INFO] [stdout]    |
[INFO] [stdout] 18 | const L_ENC_YEL: u8 = 20;
[INFO] [stdout]    |       ^^^^^^^^^
[INFO] [stdout] 
[INFO] [stdout] 
[INFO] [stdout] warning: constant `L_ENC_GRE` is never used
[INFO] [stdout]   --> src/peripherals/motors.rs:19:7
[INFO] [stdout]    |
[INFO] [stdout] 19 | const L_ENC_GRE: u8 = 21;
[INFO] [stdout]    |       ^^^^^^^^^
[INFO] [stdout] 
[INFO] [stdout] 
[INFO] [stdout] warning: constant `R_ENC_YEL` is never used
[INFO] [stdout]   --> src/peripherals/motors.rs:21:7
[INFO] [stdout]    |
[INFO] [stdout] 21 | const R_ENC_YEL: u8 = 23;
[INFO] [stdout]    |       ^^^^^^^^^
[INFO] [stdout] 
[INFO] [stdout] 
[INFO] [stdout] warning: constant `R_ENC_GRE` is never used
[INFO] [stdout]   --> src/peripherals/motors.rs:22:7
[INFO] [stdout]    |
[INFO] [stdout] 22 | const R_ENC_GRE: u8 = 24;
[INFO] [stdout]    |       ^^^^^^^^^
[INFO] [stdout] 
[INFO] [stdout] 
[INFO] [stdout] warning: 11 warnings emitted
[INFO] [stdout] 
[INFO] [stdout] 
[INFO] [stdout] warning: unused import: `robot::io::tcp_server`
[INFO] [stdout]  --> src/main.rs:3:5
[INFO] [stdout]   |
[INFO] [stdout] 3 | use robot::io::tcp_server;
[INFO] [stdout]   |     ^^^^^^^^^^^^^^^^^^^^^
[INFO] [stdout]   |
[INFO] [stdout]   = note: `#[warn(unused_imports)]` on by default
[INFO] [stdout] 
[INFO] [stdout] 
[INFO] [stdout] warning: unused import: `robot::controller::Controller`
[INFO] [stdout]  --> src/main.rs:4:5
[INFO] [stdout]   |
[INFO] [stdout] 4 | use robot::controller::Controller;
[INFO] [stdout]   |     ^^^^^^^^^^^^^^^^^^^^^^^^^^^^^
[INFO] [stdout] 
[INFO] [stdout] 
[INFO] [stdout] warning: unused `Result` that must be used
[INFO] [stdout]   --> src/main.rs:28:5
[INFO] [stdout]    |
[INFO] [stdout] 28 |     motors.stop();
[INFO] [stdout]    |     ^^^^^^^^^^^^^
[INFO] [stdout]    |
[INFO] [stdout]    = note: this `Result` may be an `Err` variant, which should be handled
[INFO] [stdout]    = note: `#[warn(unused_must_use)]` on by default
[INFO] [stdout] help: use `let _ = ...` to ignore the resulting value
[INFO] [stdout]    |
[INFO] [stdout] 28 |     let _ = motors.stop();
[INFO] [stdout]    |     +++++++
[INFO] [stdout] 
[INFO] [stdout] 
[INFO] [stdout] warning: 3 warnings emitted
[INFO] [stdout] 
[INFO] [stdout] 
[INFO] [stderr]     Finished dev [unoptimized + debuginfo] target(s) in 10.44s
[INFO] running `Command { std: "docker" "inspect" "a8378bddca2f53cb07d46066f5fdf59b54dabd9c707c4b74fc5fcb88e1203aa2", kill_on_drop: false }`
[INFO] running `Command { std: "docker" "rm" "-f" "a8378bddca2f53cb07d46066f5fdf59b54dabd9c707c4b74fc5fcb88e1203aa2", kill_on_drop: false }`
[INFO] [stdout] a8378bddca2f53cb07d46066f5fdf59b54dabd9c707c4b74fc5fcb88e1203aa2
[INFO] running `Command { std: "docker" "create" "-v" "/var/lib/crater-agent-workspace/builds/worker-3-tc2/target:/opt/rustwide/target:rw,Z" "-v" "/var/lib/crater-agent-workspace/builds/worker-3-tc2/source:/opt/rustwide/workdir:ro,Z" "-v" "/var/lib/crater-agent-workspace/cargo-home:/opt/rustwide/cargo-home:ro,Z" "-v" "/var/lib/crater-agent-workspace/rustup-home:/opt/rustwide/rustup-home:ro,Z" "-e" "SOURCE_DIR=/opt/rustwide/workdir" "-e" "CARGO_TARGET_DIR=/opt/rustwide/target" "-e" "CARGO_INCREMENTAL=0" "-e" "RUST_BACKTRACE=full" "-e" "RUSTFLAGS=--cap-lints=warn" "-e" "RUSTDOCFLAGS=--cap-lints=warn" "-e" "CARGO_HOME=/opt/rustwide/cargo-home" "-e" "RUSTUP_HOME=/opt/rustwide/rustup-home" "-w" "/opt/rustwide/workdir" "-m" "1610612736" "--user" "0:0" "--network" "none" "ghcr.io/rust-lang/crates-build-env/linux@sha256:5ff2268d62e97bff2cde7d5815dd6ed5b47097566f13b8d0ca110b04b60e07ed" "/opt/rustwide/cargo-home/bin/cargo" "+beta-2023-04-20" "test" "--frozen" "--no-run" "--message-format=json", kill_on_drop: false }`
[INFO] [stdout] e6f31dfa8d31e64989f60dec69b05e8e640e2f941be020a8f80c61ec9d092781
[INFO] running `Command { std: "docker" "start" "-a" "e6f31dfa8d31e64989f60dec69b05e8e640e2f941be020a8f80c61ec9d092781", kill_on_drop: false }`
[INFO] [stdout] warning: unused import: `std::thread`
[INFO] [stdout]  --> src/peripherals/motors.rs:2:5
[INFO] [stdout]   |
[INFO] [stdout] 2 | use std::thread;
[INFO] [stdout]   |     ^^^^^^^^^^^
[INFO] [stdout]   |
[INFO] [stdout]   = note: `#[warn(unused_imports)]` on by default
[INFO] [stdout] 
[INFO] [stdout] 
[INFO] [stdout] warning: unused import: `std::time::Duration`
[INFO] [stdout]  --> src/peripherals/motors.rs:3:5
[INFO] [stdout]   |
[INFO] [stdout] 3 | use std::time::Duration;
[INFO] [stdout]   |     ^^^^^^^^^^^^^^^^^^^
[INFO] [stdout] 
[INFO] [stdout] 
[INFO] [stdout] warning: unused `#[macro_use]` import
[INFO] [stdout]  --> src/lib.rs:8:1
[INFO] [stdout]   |
[INFO] [stdout] 8 | #[macro_use]
[INFO] [stdout]   | ^^^^^^^^^^^^
[INFO] [stdout] 
[INFO] [stdout] 
[INFO] [stdout] warning: trait objects without an explicit `dyn` are deprecated
[INFO] [stdout]   --> src/controller/mod.rs:39:26
[INFO] [stdout]    |
[INFO] [stdout] 39 | pub type AsyncTask = Box<Future<Item = (), Error = ()> + Send>;
[INFO] [stdout]    |                          ^^^^^^^^^^^^^^^^^^^^^^^^^^^^^^^^^^^^
[INFO] [stdout]    |
[INFO] [stdout]    = warning: this is accepted in the current edition (Rust 2018) but is a hard error in Rust 2021!
[INFO] [stdout]    = note: for more information, see <https://doc.rust-lang.org/nightly/edition-guide/rust-2021/warnings-promoted-to-error.html>
[INFO] [stdout]    = note: `#[warn(bare_trait_objects)]` on by default
[INFO] [stdout] help: use `dyn`
[INFO] [stdout]    |
[INFO] [stdout] 39 | pub type AsyncTask = Box<dyn Future<Item = (), Error = ()> + Send>;
[INFO] [stdout]    |                          +++
[INFO] [stdout] 
[INFO] [stdout] 
[INFO] [stdout] warning: fields `order_type`, `device`, and `cmd` are never read
[INFO] [stdout]   --> src/io/tcp_json.rs:22:2
[INFO] [stdout]    |
[INFO] [stdout] 21 | pub struct JsonMsg {
[INFO] [stdout]    |            ------- fields in this struct
[INFO] [stdout] 22 |     order_type: String,
[INFO] [stdout]    |     ^^^^^^^^^^
[INFO] [stdout] 23 |     device: String,
[INFO] [stdout]    |     ^^^^^^
[INFO] [stdout] 24 |     cmd: u64,   
[INFO] [stdout]    |     ^^^
[INFO] [stdout]    |
[INFO] [stdout]    = note: `JsonMsg` has a derived impl for the trait `Debug`, but this is intentionally ignored during dead code analysis
[INFO] [stdout]    = note: `#[warn(dead_code)]` on by default
[INFO] [stdout] 
[INFO] [stdout] 
[INFO] [stdout] warning: constant `ENA` is never used
[INFO] [stdout]  --> src/peripherals/motors.rs:9:7
[INFO] [stdout]   |
[INFO] [stdout] 9 | const ENA: u8 = 18;  //PWM0, Left Motor
[INFO] [stdout]   |       ^^^
[INFO] [stdout] 
[INFO] [stdout] 
[INFO] [stdout] warning: constant `ENB` is never used
[INFO] [stdout]   --> src/peripherals/motors.rs:13:7
[INFO] [stdout]    |
[INFO] [stdout] 13 | const ENB: u8 = 19;  //PWM1, Right Motor
[INFO] [stdout]    |       ^^^
[INFO] [stdout] 
[INFO] [stdout] 
[INFO] [stdout] warning: constant `L_ENC_YEL` is never used
[INFO] [stdout]   --> src/peripherals/motors.rs:18:7
[INFO] [stdout]    |
[INFO] [stdout] 18 | const L_ENC_YEL: u8 = 20;
[INFO] [stdout]    |       ^^^^^^^^^
[INFO] [stdout] 
[INFO] [stdout] 
[INFO] [stderr]    Compiling robot v0.1.0 (/opt/rustwide/workdir)
[INFO] [stdout] warning: constant `L_ENC_GRE` is never used
[INFO] [stdout]   --> src/peripherals/motors.rs:19:7
[INFO] [stdout]    |
[INFO] [stdout] 19 | const L_ENC_GRE: u8 = 21;
[INFO] [stdout]    |       ^^^^^^^^^
[INFO] [stdout] 
[INFO] [stdout] 
[INFO] [stdout] warning: constant `R_ENC_YEL` is never used
[INFO] [stdout]   --> src/peripherals/motors.rs:21:7
[INFO] [stdout]    |
[INFO] [stdout] 21 | const R_ENC_YEL: u8 = 23;
[INFO] [stdout]    |       ^^^^^^^^^
[INFO] [stdout] 
[INFO] [stdout] 
[INFO] [stdout] warning: constant `R_ENC_GRE` is never used
[INFO] [stdout]   --> src/peripherals/motors.rs:22:7
[INFO] [stdout]    |
[INFO] [stdout] 22 | const R_ENC_GRE: u8 = 24;
[INFO] [stdout]    |       ^^^^^^^^^
[INFO] [stdout] 
[INFO] [stdout] 
[INFO] [stdout] warning: 11 warnings emitted
[INFO] [stdout] 
[INFO] [stdout] 
[INFO] [stdout] warning: unused import: `robot::io::tcp_server`
[INFO] [stdout]  --> src/main.rs:3:5
[INFO] [stdout]   |
[INFO] [stdout] 3 | use robot::io::tcp_server;
[INFO] [stdout]   |     ^^^^^^^^^^^^^^^^^^^^^
[INFO] [stdout]   |
[INFO] [stdout]   = note: `#[warn(unused_imports)]` on by default
[INFO] [stdout] 
[INFO] [stdout] 
[INFO] [stdout] warning: unused import: `robot::controller::Controller`
[INFO] [stdout]  --> src/main.rs:4:5
[INFO] [stdout]   |
[INFO] [stdout] 4 | use robot::controller::Controller;
[INFO] [stdout]   |     ^^^^^^^^^^^^^^^^^^^^^^^^^^^^^
[INFO] [stdout] 
[INFO] [stdout] 
[INFO] [stdout] warning: unused `#[macro_use]` import
[INFO] [stdout]  --> src/lib.rs:8:1
[INFO] [stdout]   |
[INFO] [stdout] 8 | #[macro_use]
[INFO] [stdout]   | ^^^^^^^^^^^^
[INFO] [stdout]   |
[INFO] [stdout]   = note: `#[warn(unused_imports)]` on by default
[INFO] [stdout] 
[INFO] [stdout] 
[INFO] [stdout] warning: trait objects without an explicit `dyn` are deprecated
[INFO] [stdout]   --> src/controller/mod.rs:39:26
[INFO] [stdout]    |
[INFO] [stdout] 39 | pub type AsyncTask = Box<Future<Item = (), Error = ()> + Send>;
[INFO] [stdout]    |                          ^^^^^^^^^^^^^^^^^^^^^^^^^^^^^^^^^^^^
[INFO] [stdout]    |
[INFO] [stdout]    = warning: this is accepted in the current edition (Rust 2018) but is a hard error in Rust 2021!
[INFO] [stdout]    = note: for more information, see <https://doc.rust-lang.org/nightly/edition-guide/rust-2021/warnings-promoted-to-error.html>
[INFO] [stdout]    = note: `#[warn(bare_trait_objects)]` on by default
[INFO] [stdout] help: use `dyn`
[INFO] [stdout]    |
[INFO] [stdout] 39 | pub type AsyncTask = Box<dyn Future<Item = (), Error = ()> + Send>;
[INFO] [stdout]    |                          +++
[INFO] [stdout] 
[INFO] [stdout] 
[INFO] [stdout] warning: unused `Result` that must be used
[INFO] [stdout]   --> src/main.rs:28:5
[INFO] [stdout]    |
[INFO] [stdout] 28 |     motors.stop();
[INFO] [stdout]    |     ^^^^^^^^^^^^^
[INFO] [stdout]    |
[INFO] [stdout]    = note: this `Result` may be an `Err` variant, which should be handled
[INFO] [stdout]    = note: `#[warn(unused_must_use)]` on by default
[INFO] [stdout] help: use `let _ = ...` to ignore the resulting value
[INFO] [stdout]    |
[INFO] [stdout] 28 |     let _ = motors.stop();
[INFO] [stdout]    |     +++++++
[INFO] [stdout] 
[INFO] [stdout] 
[INFO] [stdout] warning: fields `order_type`, `device`, and `cmd` are never read
[INFO] [stdout]   --> src/io/tcp_json.rs:22:2
[INFO] [stdout]    |
[INFO] [stdout] 21 | pub struct JsonMsg {
[INFO] [stdout]    |            ------- fields in this struct
[INFO] [stdout] 22 |     order_type: String,
[INFO] [stdout]    |     ^^^^^^^^^^
[INFO] [stdout] 23 |     device: String,
[INFO] [stdout]    |     ^^^^^^
[INFO] [stdout] 24 |     cmd: u64,   
[INFO] [stdout]    |     ^^^
[INFO] [stdout]    |
[INFO] [stdout]    = note: `JsonMsg` has a derived impl for the trait `Debug`, but this is intentionally ignored during dead code analysis
[INFO] [stdout]    = note: `#[warn(dead_code)]` on by default
[INFO] [stdout] 
[INFO] [stdout] 
[INFO] [stdout] warning: constant `ENA` is never used
[INFO] [stdout]  --> src/peripherals/motors.rs:9:7
[INFO] [stdout]   |
[INFO] [stdout] 9 | const ENA: u8 = 18;  //PWM0, Left Motor
[INFO] [stdout]   |       ^^^
[INFO] [stdout] 
[INFO] [stdout] 
[INFO] [stdout] warning: constant `ENB` is never used
[INFO] [stdout]   --> src/peripherals/motors.rs:13:7
[INFO] [stdout]    |
[INFO] [stdout] 13 | const ENB: u8 = 19;  //PWM1, Right Motor
[INFO] [stdout]    |       ^^^
[INFO] [stdout] 
[INFO] [stdout] 
[INFO] [stdout] warning: constant `L_ENC_YEL` is never used
[INFO] [stdout]   --> src/peripherals/motors.rs:18:7
[INFO] [stdout]    |
[INFO] [stdout] 18 | const L_ENC_YEL: u8 = 20;
[INFO] [stdout]    |       ^^^^^^^^^
[INFO] [stdout] 
[INFO] [stdout] 
[INFO] [stdout] warning: constant `L_ENC_GRE` is never used
[INFO] [stdout]   --> src/peripherals/motors.rs:19:7
[INFO] [stdout]    |
[INFO] [stdout] 19 | const L_ENC_GRE: u8 = 21;
[INFO] [stdout]    |       ^^^^^^^^^
[INFO] [stdout] 
[INFO] [stdout] 
[INFO] [stdout] warning: constant `R_ENC_YEL` is never used
[INFO] [stdout]   --> src/peripherals/motors.rs:21:7
[INFO] [stdout]    |
[INFO] [stdout] 21 | const R_ENC_YEL: u8 = 23;
[INFO] [stdout]    |       ^^^^^^^^^
[INFO] [stdout] 
[INFO] [stdout] 
[INFO] [stdout] warning: constant `R_ENC_GRE` is never used
[INFO] [stdout]   --> src/peripherals/motors.rs:22:7
[INFO] [stdout]    |
[INFO] [stdout] 22 | const R_ENC_GRE: u8 = 24;
[INFO] [stdout]    |       ^^^^^^^^^
[INFO] [stdout] 
[INFO] [stdout] 
[INFO] [stdout] warning: unused `Result` that must be used
[INFO] [stdout]    --> src/peripherals/motors.rs:182:3
[INFO] [stdout]     |
[INFO] [stdout] 182 |         motors.stop();
[INFO] [stdout]     |         ^^^^^^^^^^^^^
[INFO] [stdout]     |
[INFO] [stdout]     = note: this `Result` may be an `Err` variant, which should be handled
[INFO] [stdout]     = note: `#[warn(unused_must_use)]` on by default
[INFO] [stdout] help: use `let _ = ...` to ignore the resulting value
[INFO] [stdout]     |
[INFO] [stdout] 182 |         let _ = motors.stop();
[INFO] [stdout]     |         +++++++
[INFO] [stdout] 
[INFO] [stdout] 
[INFO] [stdout] warning: 3 warnings emitted
[INFO] [stdout] 
[INFO] [stdout] 
[INFO] [stdout] warning: 10 warnings emitted
[INFO] [stdout] 
[INFO] [stdout] 
[INFO] [stderr]     Finished test [unoptimized + debuginfo] target(s) in 0.77s
[INFO] running `Command { std: "docker" "inspect" "e6f31dfa8d31e64989f60dec69b05e8e640e2f941be020a8f80c61ec9d092781", kill_on_drop: false }`
[INFO] running `Command { std: "docker" "rm" "-f" "e6f31dfa8d31e64989f60dec69b05e8e640e2f941be020a8f80c61ec9d092781", kill_on_drop: false }`
[INFO] [stdout] e6f31dfa8d31e64989f60dec69b05e8e640e2f941be020a8f80c61ec9d092781
[INFO] running `Command { std: "docker" "create" "-v" "/var/lib/crater-agent-workspace/builds/worker-3-tc2/target:/opt/rustwide/target:rw,Z" "-v" "/var/lib/crater-agent-workspace/builds/worker-3-tc2/source:/opt/rustwide/workdir:ro,Z" "-v" "/var/lib/crater-agent-workspace/cargo-home:/opt/rustwide/cargo-home:ro,Z" "-v" "/var/lib/crater-agent-workspace/rustup-home:/opt/rustwide/rustup-home:ro,Z" "-e" "SOURCE_DIR=/opt/rustwide/workdir" "-e" "CARGO_TARGET_DIR=/opt/rustwide/target" "-e" "CARGO_INCREMENTAL=0" "-e" "RUST_BACKTRACE=full" "-e" "RUSTFLAGS=--cap-lints=warn" "-e" "RUSTDOCFLAGS=--cap-lints=warn" "-e" "CARGO_HOME=/opt/rustwide/cargo-home" "-e" "RUSTUP_HOME=/opt/rustwide/rustup-home" "-w" "/opt/rustwide/workdir" "-m" "1610612736" "--user" "0:0" "--network" "none" "ghcr.io/rust-lang/crates-build-env/linux@sha256:5ff2268d62e97bff2cde7d5815dd6ed5b47097566f13b8d0ca110b04b60e07ed" "/opt/rustwide/cargo-home/bin/cargo" "+beta-2023-04-20" "test" "--frozen", kill_on_drop: false }`
[INFO] [stdout] 21e6c997300d6acd9aad9858e1221f204ce48a18538c8be92f846fcfd1ebff5b
[INFO] running `Command { std: "docker" "start" "-a" "21e6c997300d6acd9aad9858e1221f204ce48a18538c8be92f846fcfd1ebff5b", kill_on_drop: false }`
[INFO] [stderr] warning: unused import: `std::thread`
[INFO] [stderr]  --> src/peripherals/motors.rs:2:5
[INFO] [stderr]   |
[INFO] [stderr] 2 | use std::thread;
[INFO] [stderr]   |     ^^^^^^^^^^^
[INFO] [stderr]   |
[INFO] [stderr]   = note: `#[warn(unused_imports)]` on by default
[INFO] [stderr] 
[INFO] [stderr] warning: unused import: `std::time::Duration`
[INFO] [stderr]  --> src/peripherals/motors.rs:3:5
[INFO] [stderr]   |
[INFO] [stderr] 3 | use std::time::Duration;
[INFO] [stderr]   |     ^^^^^^^^^^^^^^^^^^^
[INFO] [stderr] 
[INFO] [stderr] warning: unused `#[macro_use]` import
[INFO] [stderr]  --> src/lib.rs:8:1
[INFO] [stderr]   |
[INFO] [stderr] 8 | #[macro_use]
[INFO] [stderr]   | ^^^^^^^^^^^^
[INFO] [stderr] 
[INFO] [stderr] warning: trait objects without an explicit `dyn` are deprecated
[INFO] [stderr]   --> src/controller/mod.rs:39:26
[INFO] [stderr]    |
[INFO] [stderr] 39 | pub type AsyncTask = Box<Future<Item = (), Error = ()> + Send>;
[INFO] [stderr]    |                          ^^^^^^^^^^^^^^^^^^^^^^^^^^^^^^^^^^^^
[INFO] [stderr]    |
[INFO] [stderr]    = warning: this is accepted in the current edition (Rust 2018) but is a hard error in Rust 2021!
[INFO] [stderr]    = note: for more information, see <https://doc.rust-lang.org/nightly/edition-guide/rust-2021/warnings-promoted-to-error.html>
[INFO] [stderr]    = note: `#[warn(bare_trait_objects)]` on by default
[INFO] [stderr] help: use `dyn`
[INFO] [stderr]    |
[INFO] [stderr] 39 | pub type AsyncTask = Box<dyn Future<Item = (), Error = ()> + Send>;
[INFO] [stderr]    |                          +++
[INFO] [stderr] 
[INFO] [stderr] warning: fields `order_type`, `device`, and `cmd` are never read
[INFO] [stderr]   --> src/io/tcp_json.rs:22:2
[INFO] [stderr]    |
[INFO] [stderr] 21 | pub struct JsonMsg {
[INFO] [stderr]    |            ------- fields in this struct
[INFO] [stderr] 22 |     order_type: String,
[INFO] [stderr]    |     ^^^^^^^^^^
[INFO] [stderr] 23 |     device: String,
[INFO] [stderr]    |     ^^^^^^
[INFO] [stderr] 24 |     cmd: u64,   
[INFO] [stderr]    |     ^^^
[INFO] [stderr]    |
[INFO] [stderr]    = note: `JsonMsg` has a derived impl for the trait `Debug`, but this is intentionally ignored during dead code analysis
[INFO] [stderr]    = note: `#[warn(dead_code)]` on by default
[INFO] [stderr] 
[INFO] [stderr] warning: constant `ENA` is never used
[INFO] [stderr]  --> src/peripherals/motors.rs:9:7
[INFO] [stderr]   |
[INFO] [stderr] 9 | const ENA: u8 = 18;  //PWM0, Left Motor
[INFO] [stderr]   |       ^^^
[INFO] [stderr] 
[INFO] [stderr] warning: constant `ENB` is never used
[INFO] [stderr]   --> src/peripherals/motors.rs:13:7
[INFO] [stderr]    |
[INFO] [stderr] 13 | const ENB: u8 = 19;  //PWM1, Right Motor
[INFO] [stderr]    |       ^^^
[INFO] [stderr] 
[INFO] [stderr] warning: constant `L_ENC_YEL` is never used
[INFO] [stderr]   --> src/peripherals/motors.rs:18:7
[INFO] [stderr]    |
[INFO] [stderr] 18 | const L_ENC_YEL: u8 = 20;
[INFO] [stderr]    |       ^^^^^^^^^
[INFO] [stderr] 
[INFO] [stderr] warning: constant `L_ENC_GRE` is never used
[INFO] [stderr]   --> src/peripherals/motors.rs:19:7
[INFO] [stderr]    |
[INFO] [stderr] 19 | const L_ENC_GRE: u8 = 21;
[INFO] [stderr]    |       ^^^^^^^^^
[INFO] [stderr] 
[INFO] [stderr] warning: constant `R_ENC_YEL` is never used
[INFO] [stderr]   --> src/peripherals/motors.rs:21:7
[INFO] [stderr]    |
[INFO] [stderr] 21 | const R_ENC_YEL: u8 = 23;
[INFO] [stderr]    |       ^^^^^^^^^
[INFO] [stderr] 
[INFO] [stderr] warning: constant `R_ENC_GRE` is never used
[INFO] [stderr]   --> src/peripherals/motors.rs:22:7
[INFO] [stderr]    |
[INFO] [stderr] 22 | const R_ENC_GRE: u8 = 24;
[INFO] [stderr]    |       ^^^^^^^^^
[INFO] [stderr] 
[INFO] [stderr] warning: unused `#[macro_use]` import
[INFO] [stderr]  --> src/lib.rs:8:1
[INFO] [stderr]   |
[INFO] [stderr] 8 | #[macro_use]
[INFO] [stderr]   | ^^^^^^^^^^^^
[INFO] [stderr]   |
[INFO] [stderr]   = note: `#[warn(unused_imports)]` on by default
[INFO] [stderr] 
[INFO] [stderr] warning: unused `Result` that must be used
[INFO] [stderr]    --> src/peripherals/motors.rs:182:3
[INFO] [stderr]     |
[INFO] [stderr] 182 |         motors.stop();
[INFO] [stderr]     |         ^^^^^^^^^^^^^
[INFO] [stderr]     |
[INFO] [stderr]     = note: this `Result` may be an `Err` variant, which should be handled
[INFO] [stderr]     = note: `#[warn(unused_must_use)]` on by default
[INFO] [stderr] help: use `let _ = ...` to ignore the resulting value
[INFO] [stderr]     |
[INFO] [stderr] 182 |         let _ = motors.stop();
[INFO] [stderr]     |         +++++++
[INFO] [stderr] 
[INFO] [stderr] warning: `robot` (lib) generated 11 warnings (run `cargo fix --lib -p robot` to apply 3 suggestions)
[INFO] [stderr] warning: `robot` (lib test) generated 10 warnings (8 duplicates)
[INFO] [stderr] warning: unused import: `robot::io::tcp_server`
[INFO] [stderr]  --> src/main.rs:3:5
[INFO] [stderr]   |
[INFO] [stderr] 3 | use robot::io::tcp_server;
[INFO] [stderr]   |     ^^^^^^^^^^^^^^^^^^^^^
[INFO] [stderr]   |
[INFO] [stderr]   = note: `#[warn(unused_imports)]` on by default
[INFO] [stderr] 
[INFO] [stderr] warning: unused import: `robot::controller::Controller`
[INFO] [stderr]  --> src/main.rs:4:5
[INFO] [stderr]   |
[INFO] [stderr] 4 | use robot::controller::Controller;
[INFO] [stderr]   |     ^^^^^^^^^^^^^^^^^^^^^^^^^^^^^
[INFO] [stderr] 
[INFO] [stderr] warning: unused `Result` that must be used
[INFO] [stderr]   --> src/main.rs:28:5
[INFO] [stderr]    |
[INFO] [stderr] 28 |     motors.stop();
[INFO] [stderr]    |     ^^^^^^^^^^^^^
[INFO] [stderr]    |
[INFO] [stderr]    = note: this `Result` may be an `Err` variant, which should be handled
[INFO] [stderr]    = note: `#[warn(unused_must_use)]` on by default
[INFO] [stderr] help: use `let _ = ...` to ignore the resulting value
[INFO] [stderr]    |
[INFO] [stderr] 28 |     let _ = motors.stop();
[INFO] [stderr]    |     +++++++
[INFO] [stderr] 
[INFO] [stderr] warning: `robot` (bin "robot" test) generated 3 warnings (run `cargo fix --bin "robot" --tests` to apply 2 suggestions)
[INFO] [stderr]     Finished test [unoptimized + debuginfo] target(s) in 0.03s
[INFO] [stderr]      Running unittests src/lib.rs (/opt/rustwide/target/debug/deps/robot-ce57fcf13d86326d)
[INFO] [stdout] 
[INFO] [stdout] running 3 tests
[INFO] [stdout] test peripherals::motors::tests::test_forward ... FAILED
[INFO] [stdout] test peripherals::motors::tests::test_gpio ... FAILED
[INFO] [stdout] test controller::tests::test_new_task ... ok
[INFO] [stdout] 
[INFO] [stdout] failures:
[INFO] [stdout] 
[INFO] [stdout] ---- peripherals::motors::tests::test_forward stdout ----
[INFO] [stdout] thread 'peripherals::motors::tests::test_forward' panicked at 'called `Result::unwrap()` on an `Err` value: UnknownModel', src/peripherals/motors.rs:167:42
[INFO] [stdout] stack backtrace:
[INFO] [stdout]    0:     0x55921d2d2b5a - std::backtrace_rs::backtrace::libunwind::trace::h2f05d0192276a8f6
[INFO] [stdout]                                at /rustc/1b7dd2252b99671ce5d1cb9664c5f8636329436d/library/std/src/../../backtrace/src/backtrace/libunwind.rs:93:5
[INFO] [stdout]    1:     0x55921d2d2b5a - std::backtrace_rs::backtrace::trace_unsynchronized::hedc23dff7a1af150
[INFO] [stdout]                                at /rustc/1b7dd2252b99671ce5d1cb9664c5f8636329436d/library/std/src/../../backtrace/src/backtrace/mod.rs:66:5
[INFO] [stdout]    2:     0x55921d2d2b5a - std::sys_common::backtrace::_print_fmt::h17541ef7592f3ce2
[INFO] [stdout]                                at /rustc/1b7dd2252b99671ce5d1cb9664c5f8636329436d/library/std/src/sys_common/backtrace.rs:65:5
[INFO] [stdout]    3:     0x55921d2d2b5a - <std::sys_common::backtrace::_print::DisplayBacktrace as core::fmt::Display>::fmt::h20f75df5ab0c0792
[INFO] [stdout]                                at /rustc/1b7dd2252b99671ce5d1cb9664c5f8636329436d/library/std/src/sys_common/backtrace.rs:44:22
[INFO] [stdout]    4:     0x55921d2f709f - core::fmt::write::h78109e6f466b3af6
[INFO] [stdout]                                at /rustc/1b7dd2252b99671ce5d1cb9664c5f8636329436d/library/core/src/fmt/mod.rs:1254:17
[INFO] [stdout]    5:     0x55921d2cfe55 - std::io::Write::write_fmt::hd24bfb68a1b35a25
[INFO] [stdout]                                at /rustc/1b7dd2252b99671ce5d1cb9664c5f8636329436d/library/std/src/io/mod.rs:1698:15
[INFO] [stdout]    6:     0x55921d2d2925 - std::sys_common::backtrace::_print::h8dac57a9f8fbf9a5
[INFO] [stdout]                                at /rustc/1b7dd2252b99671ce5d1cb9664c5f8636329436d/library/std/src/sys_common/backtrace.rs:47:5
[INFO] [stdout]    7:     0x55921d2d2925 - std::sys_common::backtrace::print::hf9ecbf41d1aa712f
[INFO] [stdout]                                at /rustc/1b7dd2252b99671ce5d1cb9664c5f8636329436d/library/std/src/sys_common/backtrace.rs:34:9
[INFO] [stdout]    8:     0x55921d2d45de - std::panicking::default_hook::{{closure}}::h04c07acfc84ca028
[INFO] [stdout]                                at /rustc/1b7dd2252b99671ce5d1cb9664c5f8636329436d/library/std/src/panicking.rs:269:22
[INFO] [stdout]    9:     0x55921d2d4311 - std::panicking::default_hook::h01f6bb23e1eceb2c
[INFO] [stdout]                                at /rustc/1b7dd2252b99671ce5d1cb9664c5f8636329436d/library/std/src/panicking.rs:285:9
[INFO] [stdout]   10:     0x55921d1b4e3b - <alloc::boxed::Box<F,A> as core::ops::function::Fn<Args>>::call::h87fe9f7b2fd49e4c
[INFO] [stdout]                                at /rustc/1b7dd2252b99671ce5d1cb9664c5f8636329436d/library/alloc/src/boxed.rs:1987:9
[INFO] [stdout]   11:     0x55921d1b4e3b - test::test_main::{{closure}}::he94d679243a7531b
[INFO] [stdout]                                at /rustc/1b7dd2252b99671ce5d1cb9664c5f8636329436d/library/test/src/lib.rs:134:21
[INFO] [stdout]   12:     0x55921d2d4cc4 - <alloc::boxed::Box<F,A> as core::ops::function::Fn<Args>>::call::h3f2d6d8b14c4769f
[INFO] [stdout]                                at /rustc/1b7dd2252b99671ce5d1cb9664c5f8636329436d/library/alloc/src/boxed.rs:1987:9
[INFO] [stdout]   13:     0x55921d2d4cc4 - std::panicking::rust_panic_with_hook::h2bb3722bbaf2f6df
[INFO] [stdout]                                at /rustc/1b7dd2252b99671ce5d1cb9664c5f8636329436d/library/std/src/panicking.rs:695:13
[INFO] [stdout]   14:     0x55921d2d4a39 - std::panicking::begin_panic_handler::{{closure}}::h91bc7f36a4be011b
[INFO] [stdout]                                at /rustc/1b7dd2252b99671ce5d1cb9664c5f8636329436d/library/std/src/panicking.rs:582:13
[INFO] [stdout]   15:     0x55921d2d2fc6 - std::sys_common::backtrace::__rust_end_short_backtrace::h8b3d3717114f9e59
[INFO] [stdout]                                at /rustc/1b7dd2252b99671ce5d1cb9664c5f8636329436d/library/std/src/sys_common/backtrace.rs:150:18
[INFO] [stdout]   16:     0x55921d2d4792 - rust_begin_unwind
[INFO] [stdout]                                at /rustc/1b7dd2252b99671ce5d1cb9664c5f8636329436d/library/std/src/panicking.rs:578:5
[INFO] [stdout]   17:     0x55921d172bb3 - core::panicking::panic_fmt::hfd368e3fbdabea26
[INFO] [stdout]                                at /rustc/1b7dd2252b99671ce5d1cb9664c5f8636329436d/library/core/src/panicking.rs:67:14
[INFO] [stdout]   18:     0x55921d173153 - core::result::unwrap_failed::he54eb4b2f125b26f
[INFO] [stdout]                                at /rustc/1b7dd2252b99671ce5d1cb9664c5f8636329436d/library/core/src/result.rs:1687:5
[INFO] [stdout]   19:     0x55921d17e027 - core::result::Result<T,E>::unwrap::h5284f2ea5570272c
[INFO] [stdout]                                at /rustc/1b7dd2252b99671ce5d1cb9664c5f8636329436d/library/core/src/result.rs:1089:23
[INFO] [stdout]   20:     0x55921d180bef - robot::peripherals::motors::tests::test_forward::h4fca6b3c1666fa46
[INFO] [stdout]                                at /opt/rustwide/workdir/src/peripherals/motors.rs:167:20
[INFO] [stdout]   21:     0x55921d180ba7 - robot::peripherals::motors::tests::test_forward::{{closure}}::h8024589addf4ae21
[INFO] [stdout]                                at /opt/rustwide/workdir/src/peripherals/motors.rs:166:20
[INFO] [stdout]   22:     0x55921d178fb5 - core::ops::function::FnOnce::call_once::hffcd2b36d9e18818
[INFO] [stdout]                                at /rustc/1b7dd2252b99671ce5d1cb9664c5f8636329436d/library/core/src/ops/function.rs:250:5
[INFO] [stdout]   23:     0x55921d1b9d0f - core::ops::function::FnOnce::call_once::ha6a70e79f7481a7e
[INFO] [stdout]                                at /rustc/1b7dd2252b99671ce5d1cb9664c5f8636329436d/library/core/src/ops/function.rs:250:5
[INFO] [stdout]   24:     0x55921d1b9d0f - test::__rust_begin_short_backtrace::hce33033019b61e69
[INFO] [stdout]                                at /rustc/1b7dd2252b99671ce5d1cb9664c5f8636329436d/library/test/src/lib.rs:655:18
[INFO] [stdout]   25:     0x55921d1874fc - test::run_test::{{closure}}::h858d3528838ae3e5
[INFO] [stdout]                                at /rustc/1b7dd2252b99671ce5d1cb9664c5f8636329436d/library/test/src/lib.rs:646:30
[INFO] [stdout]   26:     0x55921d1874fc - core::ops::function::FnOnce::call_once{{vtable.shim}}::he8ac2b00f01ae79e
[INFO] [stdout]                                at /rustc/1b7dd2252b99671ce5d1cb9664c5f8636329436d/library/core/src/ops/function.rs:250:5
[INFO] [stdout]   27:     0x55921d1b8de6 - <alloc::boxed::Box<F,A> as core::ops::function::FnOnce<Args>>::call_once::h8093d25b522725ef
[INFO] [stdout]                                at /rustc/1b7dd2252b99671ce5d1cb9664c5f8636329436d/library/alloc/src/boxed.rs:1973:9
[INFO] [stdout]   28:     0x55921d1b8de6 - <core::panic::unwind_safe::AssertUnwindSafe<F> as core::ops::function::FnOnce<()>>::call_once::h5c334c204e4a3913
[INFO] [stdout]                                at /rustc/1b7dd2252b99671ce5d1cb9664c5f8636329436d/library/core/src/panic/unwind_safe.rs:271:9
[INFO] [stdout]   29:     0x55921d1b8de6 - std::panicking::try::do_call::ha8b740c7b9478074
[INFO] [stdout]                                at /rustc/1b7dd2252b99671ce5d1cb9664c5f8636329436d/library/std/src/panicking.rs:485:40
[INFO] [stdout]   30:     0x55921d1b8de6 - std::panicking::try::h5d34f63d0e41b64e
[INFO] [stdout]                                at /rustc/1b7dd2252b99671ce5d1cb9664c5f8636329436d/library/std/src/panicking.rs:449:19
[INFO] [stdout]   31:     0x55921d1b8de6 - std::panic::catch_unwind::hcfbb511e1aa7fc67
[INFO] [stdout]                                at /rustc/1b7dd2252b99671ce5d1cb9664c5f8636329436d/library/std/src/panic.rs:140:14
[INFO] [stdout]   32:     0x55921d1b8de6 - test::run_test_in_process::h9abda90f802eaf21
[INFO] [stdout]                                at /rustc/1b7dd2252b99671ce5d1cb9664c5f8636329436d/library/test/src/lib.rs:678:27
[INFO] [stdout]   33:     0x55921d1b8de6 - test::run_test::run_test_inner::{{closure}}::h0f058de91f6c6edf
[INFO] [stdout]                                at /rustc/1b7dd2252b99671ce5d1cb9664c5f8636329436d/library/test/src/lib.rs:572:39
[INFO] [stdout]   34:     0x55921d181d05 - test::run_test::run_test_inner::{{closure}}::h5ca48a4c59c6c1fb
[INFO] [stdout]                                at /rustc/1b7dd2252b99671ce5d1cb9664c5f8636329436d/library/test/src/lib.rs:599:37
[INFO] [stdout]   35:     0x55921d181d05 - std::sys_common::backtrace::__rust_begin_short_backtrace::h32bd51e1495d4a33
[INFO] [stdout]                                at /rustc/1b7dd2252b99671ce5d1cb9664c5f8636329436d/library/std/src/sys_common/backtrace.rs:134:18
[INFO] [stdout]   36:     0x55921d187241 - std::thread::Builder::spawn_unchecked_::{{closure}}::{{closure}}::hc086fae9b128b2db
[INFO] [stdout]                                at /rustc/1b7dd2252b99671ce5d1cb9664c5f8636329436d/library/std/src/thread/mod.rs:526:17
[INFO] [stdout]   37:     0x55921d187241 - <core::panic::unwind_safe::AssertUnwindSafe<F> as core::ops::function::FnOnce<()>>::call_once::hb66571888d270d43
[INFO] [stdout]                                at /rustc/1b7dd2252b99671ce5d1cb9664c5f8636329436d/library/core/src/panic/unwind_safe.rs:271:9
[INFO] [stdout]   38:     0x55921d187241 - std::panicking::try::do_call::h4fa2ef4f6e51fecf
[INFO] [stdout]                                at /rustc/1b7dd2252b99671ce5d1cb9664c5f8636329436d/library/std/src/panicking.rs:485:40
[INFO] [stdout]   39:     0x55921d187241 - std::panicking::try::h1e9e22b8584489b5
[INFO] [stdout]                                at /rustc/1b7dd2252b99671ce5d1cb9664c5f8636329436d/library/std/src/panicking.rs:449:19
[INFO] [stdout]   40:     0x55921d187241 - std::panic::catch_unwind::h44698a3de0e0769e
[INFO] [stdout]                                at /rustc/1b7dd2252b99671ce5d1cb9664c5f8636329436d/library/std/src/panic.rs:140:14
[INFO] [stdout]   41:     0x55921d187241 - std::thread::Builder::spawn_unchecked_::{{closure}}::h50153abde3fe239e
[INFO] [stdout]                                at /rustc/1b7dd2252b99671ce5d1cb9664c5f8636329436d/library/std/src/thread/mod.rs:525:30
[INFO] [stdout]   42:     0x55921d187241 - core::ops::function::FnOnce::call_once{{vtable.shim}}::hbe5bbf6f38394364
[INFO] [stdout]                                at /rustc/1b7dd2252b99671ce5d1cb9664c5f8636329436d/library/core/src/ops/function.rs:250:5
[INFO] [stdout]   43:     0x55921d2d91f5 - <alloc::boxed::Box<F,A> as core::ops::function::FnOnce<Args>>::call_once::h0d83cb2920a49046
[INFO] [stdout]                                at /rustc/1b7dd2252b99671ce5d1cb9664c5f8636329436d/library/alloc/src/boxed.rs:1973:9
[INFO] [stdout]   44:     0x55921d2d91f5 - <alloc::boxed::Box<F,A> as core::ops::function::FnOnce<Args>>::call_once::hbe0a008aa7d9ef59
[INFO] [stdout]                                at /rustc/1b7dd2252b99671ce5d1cb9664c5f8636329436d/library/alloc/src/boxed.rs:1973:9
[INFO] [stdout]   45:     0x55921d2d91f5 - std::sys::unix::thread::Thread::new::thread_start::h3a466996bdf6b1f9
[INFO] [stdout]                                at /rustc/1b7dd2252b99671ce5d1cb9664c5f8636329436d/library/std/src/sys/unix/thread.rs:108:17
[INFO] [stdout]   46:     0x7f6b5edecb43 - <unknown>
[INFO] [stdout]   47:     0x7f6b5ee7dbb4 - __clone
[INFO] [stdout]   48:                0x0 - <unknown>
[INFO] [stdout] 
[INFO] [stdout] ---- peripherals::motors::tests::test_gpio stdout ----
[INFO] [stdout] thread 'peripherals::motors::tests::test_gpio' panicked at 'called `Result::unwrap()` on an `Err` value: UnknownModel', src/peripherals/motors.rs:189:36
[INFO] [stdout] stack backtrace:
[INFO] [stdout]    0:     0x55921d2d2b5a - std::backtrace_rs::backtrace::libunwind::trace::h2f05d0192276a8f6
[INFO] [stdout]                                at /rustc/1b7dd2252b99671ce5d1cb9664c5f8636329436d/library/std/src/../../backtrace/src/backtrace/libunwind.rs:93:5
[INFO] [stdout]    1:     0x55921d2d2b5a - std::backtrace_rs::backtrace::trace_unsynchronized::hedc23dff7a1af150
[INFO] [stdout]                                at /rustc/1b7dd2252b99671ce5d1cb9664c5f8636329436d/library/std/src/../../backtrace/src/backtrace/mod.rs:66:5
[INFO] [stdout]    2:     0x55921d2d2b5a - std::sys_common::backtrace::_print_fmt::h17541ef7592f3ce2
[INFO] [stdout]                                at /rustc/1b7dd2252b99671ce5d1cb9664c5f8636329436d/library/std/src/sys_common/backtrace.rs:65:5
[INFO] [stdout]    3:     0x55921d2d2b5a - <std::sys_common::backtrace::_print::DisplayBacktrace as core::fmt::Display>::fmt::h20f75df5ab0c0792
[INFO] [stdout]                                at /rustc/1b7dd2252b99671ce5d1cb9664c5f8636329436d/library/std/src/sys_common/backtrace.rs:44:22
[INFO] [stdout]    4:     0x55921d2f709f - core::fmt::write::h78109e6f466b3af6
[INFO] [stdout]                                at /rustc/1b7dd2252b99671ce5d1cb9664c5f8636329436d/library/core/src/fmt/mod.rs:1254:17
[INFO] [stdout]    5:     0x55921d2cfe55 - std::io::Write::write_fmt::hd24bfb68a1b35a25
[INFO] [stdout]                                at /rustc/1b7dd2252b99671ce5d1cb9664c5f8636329436d/library/std/src/io/mod.rs:1698:15
[INFO] [stdout]    6:     0x55921d2d2925 - std::sys_common::backtrace::_print::h8dac57a9f8fbf9a5
[INFO] [stdout]                                at /rustc/1b7dd2252b99671ce5d1cb9664c5f8636329436d/library/std/src/sys_common/backtrace.rs:47:5
[INFO] [stdout]    7:     0x55921d2d2925 - std::sys_common::backtrace::print::hf9ecbf41d1aa712f
[INFO] [stdout]                                at /rustc/1b7dd2252b99671ce5d1cb9664c5f8636329436d/library/std/src/sys_common/backtrace.rs:34:9
[INFO] [stdout]    8:     0x55921d2d45de - std::panicking::default_hook::{{closure}}::h04c07acfc84ca028
[INFO] [stdout]                                at /rustc/1b7dd2252b99671ce5d1cb9664c5f8636329436d/library/std/src/panicking.rs:269:22
[INFO] [stdout]    9:     0x55921d2d4311 - std::panicking::default_hook::h01f6bb23e1eceb2c
[INFO] [stdout]                                at /rustc/1b7dd2252b99671ce5d1cb9664c5f8636329436d/library/std/src/panicking.rs:285:9
[INFO] [stdout]   10:     0x55921d1b4e3b - <alloc::boxed::Box<F,A> as core::ops::function::Fn<Args>>::call::h87fe9f7b2fd49e4c
[INFO] [stdout]                                at /rustc/1b7dd2252b99671ce5d1cb9664c5f8636329436d/library/alloc/src/boxed.rs:1987:9
[INFO] [stdout]   11:     0x55921d1b4e3b - test::test_main::{{closure}}::he94d679243a7531b
[INFO] [stdout]                                at /rustc/1b7dd2252b99671ce5d1cb9664c5f8636329436d/library/test/src/lib.rs:134:21
[INFO] [stdout]   12:     0x55921d2d4cc4 - <alloc::boxed::Box<F,A> as core::ops::function::Fn<Args>>::call::h3f2d6d8b14c4769f
[INFO] [stdout]                                at /rustc/1b7dd2252b99671ce5d1cb9664c5f8636329436d/library/alloc/src/boxed.rs:1987:9
[INFO] [stdout]   13:     0x55921d2d4cc4 - std::panicking::rust_panic_with_hook::h2bb3722bbaf2f6df
[INFO] [stdout]                                at /rustc/1b7dd2252b99671ce5d1cb9664c5f8636329436d/library/std/src/panicking.rs:695:13
[INFO] [stdout]   14:     0x55921d2d4a39 - std::panicking::begin_panic_handler::{{closure}}::h91bc7f36a4be011b
[INFO] [stdout]                                at /rustc/1b7dd2252b99671ce5d1cb9664c5f8636329436d/library/std/src/panicking.rs:582:13
[INFO] [stdout]   15:     0x55921d2d2fc6 - std::sys_common::backtrace::__rust_end_short_backtrace::h8b3d3717114f9e59
[INFO] [stdout]                                at /rustc/1b7dd2252b99671ce5d1cb9664c5f8636329436d/library/std/src/sys_common/backtrace.rs:150:18
[INFO] [stdout]   16:     0x55921d2d4792 - rust_begin_unwind
[INFO] [stdout]                                at /rustc/1b7dd2252b99671ce5d1cb9664c5f8636329436d/library/std/src/panicking.rs:578:5
[INFO] [stdout]   17:     0x55921d172bb3 - core::panicking::panic_fmt::hfd368e3fbdabea26
[INFO] [stdout]                                at /rustc/1b7dd2252b99671ce5d1cb9664c5f8636329436d/library/core/src/panicking.rs:67:14
[INFO] [stdout]   18:     0x55921d173153 - core::result::unwrap_failed::he54eb4b2f125b26f
[INFO] [stdout]                                at /rustc/1b7dd2252b99671ce5d1cb9664c5f8636329436d/library/core/src/result.rs:1687:5
[INFO] [stdout]   19:     0x55921d17e1ce - core::result::Result<T,E>::unwrap::h987a5c16e9ab1868
[INFO] [stdout]                                at /rustc/1b7dd2252b99671ce5d1cb9664c5f8636329436d/library/core/src/result.rs:1089:23
[INFO] [stdout]   20:     0x55921d180d4b - robot::peripherals::motors::tests::test_gpio::hce86702573c0730b
[INFO] [stdout]                                at /opt/rustwide/workdir/src/peripherals/motors.rs:189:18
[INFO] [stdout]   21:     0x55921d180d07 - robot::peripherals::motors::tests::test_gpio::{{closure}}::h559474fef786d823
[INFO] [stdout]                                at /opt/rustwide/workdir/src/peripherals/motors.rs:188:17
[INFO] [stdout]   22:     0x55921d178f25 - core::ops::function::FnOnce::call_once::h8b4c5f4fe6ccde77
[INFO] [stdout]                                at /rustc/1b7dd2252b99671ce5d1cb9664c5f8636329436d/library/core/src/ops/function.rs:250:5
[INFO] [stdout]   23:     0x55921d1b9d0f - core::ops::function::FnOnce::call_once::ha6a70e79f7481a7e
[INFO] [stdout]                                at /rustc/1b7dd2252b99671ce5d1cb9664c5f8636329436d/library/core/src/ops/function.rs:250:5
[INFO] [stdout]   24:     0x55921d1b9d0f - test::__rust_begin_short_backtrace::hce33033019b61e69
[INFO] [stdout]                                at /rustc/1b7dd2252b99671ce5d1cb9664c5f8636329436d/library/test/src/lib.rs:655:18
[INFO] [stdout]   25:     0x55921d1874fc - test::run_test::{{closure}}::h858d3528838ae3e5
[INFO] [stdout]                                at /rustc/1b7dd2252b99671ce5d1cb9664c5f8636329436d/library/test/src/lib.rs:646:30
[INFO] [stdout]   26:     0x55921d1874fc - core::ops::function::FnOnce::call_once{{vtable.shim}}::he8ac2b00f01ae79e
[INFO] [stdout]                                at /rustc/1b7dd2252b99671ce5d1cb9664c5f8636329436d/library/core/src/ops/function.rs:250:5
[INFO] [stdout]   27:     0x55921d1b8de6 - <alloc::boxed::Box<F,A> as core::ops::function::FnOnce<Args>>::call_once::h8093d25b522725ef
[INFO] [stdout]                                at /rustc/1b7dd2252b99671ce5d1cb9664c5f8636329436d/library/alloc/src/boxed.rs:1973:9
[INFO] [stdout]   28:     0x55921d1b8de6 - <core::panic::unwind_safe::AssertUnwindSafe<F> as core::ops::function::FnOnce<()>>::call_once::h5c334c204e4a3913
[INFO] [stdout]                                at /rustc/1b7dd2252b99671ce5d1cb9664c5f8636329436d/library/core/src/panic/unwind_safe.rs:271:9
[INFO] [stdout]   29:     0x55921d1b8de6 - std::panicking::try::do_call::ha8b740c7b9478074
[INFO] [stdout]                                at /rustc/1b7dd2252b99671ce5d1cb9664c5f8636329436d/library/std/src/panicking.rs:485:40
[INFO] [stdout]   30:     0x55921d1b8de6 - std::panicking::try::h5d34f63d0e41b64e
[INFO] [stdout]                                at /rustc/1b7dd2252b99671ce5d1cb9664c5f8636329436d/library/std/src/panicking.rs:449:19
[INFO] [stdout]   31:     0x55921d1b8de6 - std::panic::catch_unwind::hcfbb511e1aa7fc67
[INFO] [stdout]                                at /rustc/1b7dd2252b99671ce5d1cb9664c5f8636329436d/library/std/src/panic.rs:140:14
[INFO] [stdout]   32:     0x55921d1b8de6 - test::run_test_in_process::h9abda90f802eaf21
[INFO] [stdout]                                at /rustc/1b7dd2252b99671ce5d1cb9664c5f8636329436d/library/test/src/lib.rs:678:27
[INFO] [stdout]   33:     0x55921d1b8de6 - test::run_test::run_test_inner::{{closure}}::h0f058de91f6c6edf
[INFO] [stdout]                                at /rustc/1b7dd2252b99671ce5d1cb9664c5f8636329436d/library/test/src/lib.rs:572:39
[INFO] [stdout]   34:     0x55921d181d05 - test::run_test::run_test_inner::{{closure}}::h5ca48a4c59c6c1fb
[INFO] [stdout]                                at /rustc/1b7dd2252b99671ce5d1cb9664c5f8636329436d/library/test/src/lib.rs:599:37
[INFO] [stdout]   35:     0x55921d181d05 - std::sys_common::backtrace::__rust_begin_short_backtrace::h32bd51e1495d4a33
[INFO] [stdout]                                at /rustc/1b7dd2252b99671ce5d1cb9664c5f8636329436d/library/std/src/sys_common/backtrace.rs:134:18
[INFO] [stdout]   36:     0x55921d187241 - std::thread::Builder::spawn_unchecked_::{{closure}}::{{closure}}::hc086fae9b128b2db
[INFO] [stdout]                                at /rustc/1b7dd2252b99671ce5d1cb9664c5f8636329436d/library/std/src/thread/mod.rs:526:17
[INFO] [stdout]   37:     0x55921d187241 - <core::panic::unwind_safe::AssertUnwindSafe<F> as core::ops::function::FnOnce<()>>::call_once::hb66571888d270d43
[INFO] [stdout]                                at /rustc/1b7dd2252b99671ce5d1cb9664c5f8636329436d/library/core/src/panic/unwind_safe.rs:271:9
[INFO] [stdout]   38:     0x55921d187241 - std::panicking::try::do_call::h4fa2ef4f6e51fecf
[INFO] [stdout]                                at /rustc/1b7dd2252b99671ce5d1cb9664c5f8636329436d/library/std/src/panicking.rs:485:40
[INFO] [stdout]   39:     0x55921d187241 - std::panicking::try::h1e9e22b8584489b5
[INFO] [stdout]                                at /rustc/1b7dd2252b99671ce5d1cb9664c5f8636329436d/library/std/src/panicking.rs:449:19
[INFO] [stdout]   40:     0x55921d187241 - std::panic::catch_unwind::h44698a3de0e0769e
[INFO] [stdout]                                at /rustc/1b7dd2252b99671ce5d1cb9664c5f8636329436d/library/std/src/panic.rs:140:14
[INFO] [stdout]   41:     0x55921d187241 - std::thread::Builder::spawn_unchecked_::{{closure}}::h50153abde3fe239e
[INFO] [stdout]                                at /rustc/1b7dd2252b99671ce5d1cb9664c5f8636329436d/library/std/src/thread/mod.rs:525:30
[INFO] [stdout]   42:     0x55921d187241 - core::ops::function::FnOnce::call_once{{vtable.shim}}::hbe5bbf6f38394364
[INFO] [stdout]                                at /rustc/1b7dd2252b99671ce5d1cb9664c5f8636329436d/library/core/src/ops/function.rs:250:5
[INFO] [stdout]   43:     0x55921d2d91f5 - <alloc::boxed::Box<F,A> as core::ops::function::FnOnce<Args>>::call_once::h0d83cb2920a49046
[INFO] [stdout]                                at /rustc/1b7dd2252b99671ce5d1cb9664c5f8636329436d/library/alloc/src/boxed.rs:1973:9
[INFO] [stdout]   44:     0x55921d2d91f5 - <alloc::boxed::Box<F,A> as core::ops::function::FnOnce<Args>>::call_once::hbe0a008aa7d9ef59
[INFO] [stdout]                                at /rustc/1b7dd2252b99671ce5d1cb9664c5f8636329436d/library/alloc/src/boxed.rs:1973:9
[INFO] [stdout]   45:     0x55921d2d91f5 - std::sys::unix::thread::Thread::new::thread_start::h3a466996bdf6b1f9
[INFO] [stdout]                                at /rustc/1b7dd2252b99671ce5d1cb9664c5f8636329436d/library/std/src/sys/unix/thread.rs:108:17
[INFO] [stdout]   46:     0x7f6b5edecb43 - <unknown>
[INFO] [stdout]   47:     0x7f6b5ee7dbb4 - __clone
[INFO] [stdout]   48:                0x0 - <unknown>
[INFO] [stdout] 
[INFO] [stdout] 
[INFO] [stdout] failures:
[INFO] [stdout]     peripherals::motors::tests::test_forward
[INFO] [stdout]     peripherals::motors::tests::test_gpio
[INFO] [stdout] 
[INFO] [stdout] test result: FAILED. 1 passed; 2 failed; 0 ignored; 0 measured; 0 filtered out; finished in 1.00s
[INFO] [stdout] 
[INFO] [stderr] error: test failed, to rerun pass `--lib`
[INFO] running `Command { std: "docker" "inspect" "21e6c997300d6acd9aad9858e1221f204ce48a18538c8be92f846fcfd1ebff5b", kill_on_drop: false }`
[INFO] running `Command { std: "docker" "rm" "-f" "21e6c997300d6acd9aad9858e1221f204ce48a18538c8be92f846fcfd1ebff5b", kill_on_drop: false }`
[INFO] [stdout] 21e6c997300d6acd9aad9858e1221f204ce48a18538c8be92f846fcfd1ebff5b
