[INFO] cloning repository https://github.com/JVehaun/gb-emu
[INFO] running `Command { std: "git" "-c" "credential.helper=" "-c" "credential.helper=/workspace/cargo-home/bin/git-credential-null" "clone" "--bare" "https://github.com/JVehaun/gb-emu" "/workspace/cache/git-repos/https%3A%2F%2Fgithub.com%2FJVehaun%2Fgb-emu", kill_on_drop: false }`
[INFO] [stderr] Cloning into bare repository '/workspace/cache/git-repos/https%3A%2F%2Fgithub.com%2FJVehaun%2Fgb-emu'...
[INFO] running `Command { std: "git" "rev-parse" "HEAD", kill_on_drop: false }`
[INFO] [stdout] b7e4f9d90b1102be5ff444228df62cb0e61b8cc3
[INFO] testing JVehaun/gb-emu against beta-2023-04-20 for beta-1.70-1
[INFO] running `Command { std: "git" "clone" "/workspace/cache/git-repos/https%3A%2F%2Fgithub.com%2FJVehaun%2Fgb-emu" "/workspace/builds/worker-5-tc2/source", kill_on_drop: false }`
[INFO] [stderr] Cloning into '/workspace/builds/worker-5-tc2/source'...
[INFO] [stderr] done.
[INFO] validating manifest of git repo https://github.com/JVehaun/gb-emu on toolchain beta-2023-04-20
[INFO] running `Command { std: CARGO_HOME="/workspace/cargo-home" RUSTUP_HOME="/workspace/rustup-home" "/workspace/cargo-home/bin/cargo" "+beta-2023-04-20" "metadata" "--manifest-path" "Cargo.toml" "--no-deps", kill_on_drop: false }`
[INFO] started tweaking git repo https://github.com/JVehaun/gb-emu
[INFO] finished tweaking git repo https://github.com/JVehaun/gb-emu
[INFO] tweaked toml for git repo https://github.com/JVehaun/gb-emu written to /workspace/builds/worker-5-tc2/source/Cargo.toml
[INFO] crate git repo https://github.com/JVehaun/gb-emu already has a lockfile, it will not be regenerated
[INFO] running `Command { std: CARGO_HOME="/workspace/cargo-home" RUSTUP_HOME="/workspace/rustup-home" "/workspace/cargo-home/bin/cargo" "+beta-2023-04-20" "fetch" "--manifest-path" "Cargo.toml", kill_on_drop: false }`
[INFO] running `Command { std: "docker" "create" "-v" "/var/lib/crater-agent-workspace/builds/worker-5-tc2/target:/opt/rustwide/target:rw,Z" "-v" "/var/lib/crater-agent-workspace/builds/worker-5-tc2/source:/opt/rustwide/workdir:ro,Z" "-v" "/var/lib/crater-agent-workspace/cargo-home:/opt/rustwide/cargo-home:ro,Z" "-v" "/var/lib/crater-agent-workspace/rustup-home:/opt/rustwide/rustup-home:ro,Z" "-e" "SOURCE_DIR=/opt/rustwide/workdir" "-e" "CARGO_TARGET_DIR=/opt/rustwide/target" "-e" "CARGO_HOME=/opt/rustwide/cargo-home" "-e" "RUSTUP_HOME=/opt/rustwide/rustup-home" "-w" "/opt/rustwide/workdir" "-m" "1610612736" "--user" "0:0" "--network" "none" "ghcr.io/rust-lang/crates-build-env/linux@sha256:5ff2268d62e97bff2cde7d5815dd6ed5b47097566f13b8d0ca110b04b60e07ed" "/opt/rustwide/cargo-home/bin/cargo" "+beta-2023-04-20" "metadata" "--no-deps" "--format-version=1", kill_on_drop: false }`
[INFO] [stdout] d408b5f8d3c8d62ea0d01de6da1c2a485bcd5bf4d18e535bb2566a055ea5a5bd
[INFO] running `Command { std: "docker" "start" "-a" "d408b5f8d3c8d62ea0d01de6da1c2a485bcd5bf4d18e535bb2566a055ea5a5bd", kill_on_drop: false }`
[INFO] running `Command { std: "docker" "inspect" "d408b5f8d3c8d62ea0d01de6da1c2a485bcd5bf4d18e535bb2566a055ea5a5bd", kill_on_drop: false }`
[INFO] running `Command { std: "docker" "rm" "-f" "d408b5f8d3c8d62ea0d01de6da1c2a485bcd5bf4d18e535bb2566a055ea5a5bd", kill_on_drop: false }`
[INFO] [stdout] d408b5f8d3c8d62ea0d01de6da1c2a485bcd5bf4d18e535bb2566a055ea5a5bd
[INFO] running `Command { std: "docker" "create" "-v" "/var/lib/crater-agent-workspace/builds/worker-5-tc2/target:/opt/rustwide/target:rw,Z" "-v" "/var/lib/crater-agent-workspace/builds/worker-5-tc2/source:/opt/rustwide/workdir:ro,Z" "-v" "/var/lib/crater-agent-workspace/cargo-home:/opt/rustwide/cargo-home:ro,Z" "-v" "/var/lib/crater-agent-workspace/rustup-home:/opt/rustwide/rustup-home:ro,Z" "-e" "SOURCE_DIR=/opt/rustwide/workdir" "-e" "CARGO_TARGET_DIR=/opt/rustwide/target" "-e" "CARGO_INCREMENTAL=0" "-e" "RUST_BACKTRACE=full" "-e" "RUSTFLAGS=--cap-lints=warn" "-e" "RUSTDOCFLAGS=--cap-lints=warn" "-e" "CARGO_HOME=/opt/rustwide/cargo-home" "-e" "RUSTUP_HOME=/opt/rustwide/rustup-home" "-w" "/opt/rustwide/workdir" "-m" "1610612736" "--user" "0:0" "--network" "none" "ghcr.io/rust-lang/crates-build-env/linux@sha256:5ff2268d62e97bff2cde7d5815dd6ed5b47097566f13b8d0ca110b04b60e07ed" "/opt/rustwide/cargo-home/bin/cargo" "+beta-2023-04-20" "build" "--frozen" "--message-format=json", kill_on_drop: false }`
[INFO] [stdout] edf3a1f19f90df1b93b22bd51747c747ae12d05385762e119ea6dea46bdc1a4b
[INFO] running `Command { std: "docker" "start" "-a" "edf3a1f19f90df1b93b22bd51747c747ae12d05385762e119ea6dea46bdc1a4b", kill_on_drop: false }`
[INFO] [stderr]    Compiling gb-emu v0.1.0 (/opt/rustwide/workdir)
[INFO] [stdout] warning: unused import: `std::fs::File`
[INFO] [stdout]  --> src/tests.rs:1:5
[INFO] [stdout]   |
[INFO] [stdout] 1 | use std::fs::File;
[INFO] [stdout]   |     ^^^^^^^^^^^^^
[INFO] [stdout]   |
[INFO] [stdout] help: consider adding a `#[cfg(test)]` to the containing module
[INFO] [stdout]  --> src/main.rs:2:1
[INFO] [stdout]   |
[INFO] [stdout] 2 | mod tests;
[INFO] [stdout]   | ^^^^^^^^^^
[INFO] [stdout]   = note: `#[warn(unused_imports)]` on by default
[INFO] [stdout] 
[INFO] [stdout] 
[INFO] [stdout] warning: unused import: `std::io::prelude::*`
[INFO] [stdout]  --> src/tests.rs:2:5
[INFO] [stdout]   |
[INFO] [stdout] 2 | use std::io::prelude::*;
[INFO] [stdout]   |     ^^^^^^^^^^^^^^^^^^^
[INFO] [stdout]   |
[INFO] [stdout] help: consider adding a `#[cfg(test)]` to the containing module
[INFO] [stdout]  --> src/main.rs:2:1
[INFO] [stdout]   |
[INFO] [stdout] 2 | mod tests;
[INFO] [stdout]   | ^^^^^^^^^^
[INFO] [stdout] 
[INFO] [stdout] 
[INFO] [stdout] warning: unused import: `crate::gb::GB`
[INFO] [stdout]  --> src/tests.rs:3:5
[INFO] [stdout]   |
[INFO] [stdout] 3 | use crate::gb::GB;
[INFO] [stdout]   |     ^^^^^^^^^^^^^
[INFO] [stdout]   |
[INFO] [stdout] help: consider adding a `#[cfg(test)]` to the containing module
[INFO] [stdout]  --> src/main.rs:2:1
[INFO] [stdout]   |
[INFO] [stdout] 2 | mod tests;
[INFO] [stdout]   | ^^^^^^^^^^
[INFO] [stdout] 
[INFO] [stdout] 
[INFO] [stdout] warning: unused label
[INFO] [stdout]   --> src/main.rs:21:5
[INFO] [stdout]    |
[INFO] [stdout] 21 |     'main: loop {
[INFO] [stdout]    |     ^^^^^
[INFO] [stdout]    |
[INFO] [stdout]    = note: `#[warn(unused_labels)]` on by default
[INFO] [stdout] 
[INFO] [stdout] 
[INFO] [stdout] warning: trait objects without an explicit `dyn` are deprecated
[INFO] [stdout]    --> src/gb.rs:785:30
[INFO] [stdout]     |
[INFO] [stdout] 785 |                     getter: &Fn(&mut GB) -> u8,
[INFO] [stdout]     |                              ^^^^^^^^^^^^^^^^^
[INFO] [stdout]     |
[INFO] [stdout]     = warning: this is accepted in the current edition (Rust 2018) but is a hard error in Rust 2021!
[INFO] [stdout]     = note: for more information, see <https://doc.rust-lang.org/nightly/edition-guide/rust-2021/warnings-promoted-to-error.html>
[INFO] [stdout]     = note: `#[warn(bare_trait_objects)]` on by default
[INFO] [stdout] help: use `dyn`
[INFO] [stdout]     |
[INFO] [stdout] 785 |                     getter: &dyn Fn(&mut GB) -> u8,
[INFO] [stdout]     |                              +++
[INFO] [stdout] 
[INFO] [stdout] 
[INFO] [stdout] warning: trait objects without an explicit `dyn` are deprecated
[INFO] [stdout]    --> src/gb.rs:786:25
[INFO] [stdout]     |
[INFO] [stdout] 786 |                     f: &Fn(&mut GB, u8) -> u8,
[INFO] [stdout]     |                         ^^^^^^^^^^^^^^^^^^^^^
[INFO] [stdout]     |
[INFO] [stdout]     = warning: this is accepted in the current edition (Rust 2018) but is a hard error in Rust 2021!
[INFO] [stdout]     = note: for more information, see <https://doc.rust-lang.org/nightly/edition-guide/rust-2021/warnings-promoted-to-error.html>
[INFO] [stdout] help: use `dyn`
[INFO] [stdout]     |
[INFO] [stdout] 786 |                     f: &dyn Fn(&mut GB, u8) -> u8,
[INFO] [stdout]     |                         +++
[INFO] [stdout] 
[INFO] [stdout] 
[INFO] [stdout] warning: trait objects without an explicit `dyn` are deprecated
[INFO] [stdout]    --> src/gb.rs:787:30
[INFO] [stdout]     |
[INFO] [stdout] 787 |                     setter: &Fn(&mut GB, u8)) -> u32 {
[INFO] [stdout]     |                              ^^^^^^^^^^^^^^^
[INFO] [stdout]     |
[INFO] [stdout]     = warning: this is accepted in the current edition (Rust 2018) but is a hard error in Rust 2021!
[INFO] [stdout]     = note: for more information, see <https://doc.rust-lang.org/nightly/edition-guide/rust-2021/warnings-promoted-to-error.html>
[INFO] [stdout] help: use `dyn`
[INFO] [stdout]     |
[INFO] [stdout] 787 |                     setter: &dyn Fn(&mut GB, u8)) -> u32 {
[INFO] [stdout]     |                              +++
[INFO] [stdout] 
[INFO] [stdout] 
[INFO] [stdout] warning: trait objects without an explicit `dyn` are deprecated
[INFO] [stdout]    --> src/gb.rs:794:37
[INFO] [stdout]     |
[INFO] [stdout] 794 |     pub fn shift_mem(&mut self, f: &Fn(&mut GB, u8) -> u8) -> u32 {
[INFO] [stdout]     |                                     ^^^^^^^^^^^^^^^^^^^^^
[INFO] [stdout]     |
[INFO] [stdout]     = warning: this is accepted in the current edition (Rust 2018) but is a hard error in Rust 2021!
[INFO] [stdout]     = note: for more information, see <https://doc.rust-lang.org/nightly/edition-guide/rust-2021/warnings-promoted-to-error.html>
[INFO] [stdout] help: use `dyn`
[INFO] [stdout]     |
[INFO] [stdout] 794 |     pub fn shift_mem(&mut self, f: &dyn Fn(&mut GB, u8) -> u8) -> u32 {
[INFO] [stdout]     |                                     +++
[INFO] [stdout] 
[INFO] [stdout] 
[INFO] [stdout] warning: trait objects without an explicit `dyn` are deprecated
[INFO] [stdout]    --> src/gb.rs:962:37
[INFO] [stdout]     |
[INFO] [stdout] 962 |     fn ld_r8_r8(&mut self, setter: &Fn(&mut GB, u8), getter: &Fn(&mut GB) -> u8) -> u32 {
[INFO] [stdout]     |                                     ^^^^^^^^^^^^^^^
[INFO] [stdout]     |
[INFO] [stdout]     = warning: this is accepted in the current edition (Rust 2018) but is a hard error in Rust 2021!
[INFO] [stdout]     = note: for more information, see <https://doc.rust-lang.org/nightly/edition-guide/rust-2021/warnings-promoted-to-error.html>
[INFO] [stdout] help: use `dyn`
[INFO] [stdout]     |
[INFO] [stdout] 962 |     fn ld_r8_r8(&mut self, setter: &dyn Fn(&mut GB, u8), getter: &Fn(&mut GB) -> u8) -> u32 {
[INFO] [stdout]     |                                     +++
[INFO] [stdout] 
[INFO] [stdout] 
[INFO] [stdout] warning: trait objects without an explicit `dyn` are deprecated
[INFO] [stdout]    --> src/gb.rs:962:63
[INFO] [stdout]     |
[INFO] [stdout] 962 |     fn ld_r8_r8(&mut self, setter: &Fn(&mut GB, u8), getter: &Fn(&mut GB) -> u8) -> u32 {
[INFO] [stdout]     |                                                               ^^^^^^^^^^^^^^^^^
[INFO] [stdout]     |
[INFO] [stdout]     = warning: this is accepted in the current edition (Rust 2018) but is a hard error in Rust 2021!
[INFO] [stdout]     = note: for more information, see <https://doc.rust-lang.org/nightly/edition-guide/rust-2021/warnings-promoted-to-error.html>
[INFO] [stdout] help: use `dyn`
[INFO] [stdout]     |
[INFO] [stdout] 962 |     fn ld_r8_r8(&mut self, setter: &Fn(&mut GB, u8), getter: &dyn Fn(&mut GB) -> u8) -> u32 {
[INFO] [stdout]     |                                                               +++
[INFO] [stdout] 
[INFO] [stdout] 
[INFO] [stdout] warning: trait objects without an explicit `dyn` are deprecated
[INFO] [stdout]    --> src/gb.rs:968:62
[INFO] [stdout]     |
[INFO] [stdout] 968 |     fn ld_mem_r16_r8(&mut self, dest_addr: u16, src_getter: &Fn(&mut GB) -> u8) -> u32 {
[INFO] [stdout]     |                                                              ^^^^^^^^^^^^^^^^^
[INFO] [stdout]     |
[INFO] [stdout]     = warning: this is accepted in the current edition (Rust 2018) but is a hard error in Rust 2021!
[INFO] [stdout]     = note: for more information, see <https://doc.rust-lang.org/nightly/edition-guide/rust-2021/warnings-promoted-to-error.html>
[INFO] [stdout] help: use `dyn`
[INFO] [stdout]     |
[INFO] [stdout] 968 |     fn ld_mem_r16_r8(&mut self, dest_addr: u16, src_getter: &dyn Fn(&mut GB) -> u8) -> u32 {
[INFO] [stdout]     |                                                              +++
[INFO] [stdout] 
[INFO] [stdout] 
[INFO] [stdout] warning: trait objects without an explicit `dyn` are deprecated
[INFO] [stdout]    --> src/gb.rs:974:47
[INFO] [stdout]     |
[INFO] [stdout] 974 |     fn ld_r8_mem_r16(&mut self, dest_setter: &Fn(&mut GB, u8), src_addr: u16) -> u32 {
[INFO] [stdout]     |                                               ^^^^^^^^^^^^^^^
[INFO] [stdout]     |
[INFO] [stdout]     = warning: this is accepted in the current edition (Rust 2018) but is a hard error in Rust 2021!
[INFO] [stdout]     = note: for more information, see <https://doc.rust-lang.org/nightly/edition-guide/rust-2021/warnings-promoted-to-error.html>
[INFO] [stdout] help: use `dyn`
[INFO] [stdout]     |
[INFO] [stdout] 974 |     fn ld_r8_mem_r16(&mut self, dest_setter: &dyn Fn(&mut GB, u8), src_addr: u16) -> u32 {
[INFO] [stdout]     |                                               +++
[INFO] [stdout] 
[INFO] [stdout] 
[INFO] [stdout] warning: trait objects without an explicit `dyn` are deprecated
[INFO] [stdout]    --> src/gb.rs:980:37
[INFO] [stdout]     |
[INFO] [stdout] 980 |     fn ld_r8_d8(&mut self, setter: &Fn(&mut GB, u8), val: u8) -> u32 {
[INFO] [stdout]     |                                     ^^^^^^^^^^^^^^^
[INFO] [stdout]     |
[INFO] [stdout]     = warning: this is accepted in the current edition (Rust 2018) but is a hard error in Rust 2021!
[INFO] [stdout]     = note: for more information, see <https://doc.rust-lang.org/nightly/edition-guide/rust-2021/warnings-promoted-to-error.html>
[INFO] [stdout] help: use `dyn`
[INFO] [stdout]     |
[INFO] [stdout] 980 |     fn ld_r8_d8(&mut self, setter: &dyn Fn(&mut GB, u8), val: u8) -> u32 {
[INFO] [stdout]     |                                     +++
[INFO] [stdout] 
[INFO] [stdout] 
[INFO] [stdout] warning: trait objects without an explicit `dyn` are deprecated
[INFO] [stdout]     --> src/gb.rs:1012:57
[INFO] [stdout]      |
[INFO] [stdout] 1012 |     fn ldh_mem_a8_r8(&mut self, dest_addr: u8, getter: &Fn(&mut GB) -> u8) -> u32 {
[INFO] [stdout]      |                                                         ^^^^^^^^^^^^^^^^^
[INFO] [stdout]      |
[INFO] [stdout]      = warning: this is accepted in the current edition (Rust 2018) but is a hard error in Rust 2021!
[INFO] [stdout]      = note: for more information, see <https://doc.rust-lang.org/nightly/edition-guide/rust-2021/warnings-promoted-to-error.html>
[INFO] [stdout] help: use `dyn`
[INFO] [stdout]      |
[INFO] [stdout] 1012 |     fn ldh_mem_a8_r8(&mut self, dest_addr: u8, getter: &dyn Fn(&mut GB) -> u8) -> u32 {
[INFO] [stdout]      |                                                         +++
[INFO] [stdout] 
[INFO] [stdout] 
[INFO] [stdout] warning: trait objects without an explicit `dyn` are deprecated
[INFO] [stdout]     --> src/gb.rs:1019:42
[INFO] [stdout]      |
[INFO] [stdout] 1019 |     fn ldh_r8_mem_a8(&mut self, setter: &Fn(&mut GB, u8), src_addr: u8) -> u32 {
[INFO] [stdout]      |                                          ^^^^^^^^^^^^^^^
[INFO] [stdout]      |
[INFO] [stdout]      = warning: this is accepted in the current edition (Rust 2018) but is a hard error in Rust 2021!
[INFO] [stdout]      = note: for more information, see <https://doc.rust-lang.org/nightly/edition-guide/rust-2021/warnings-promoted-to-error.html>
[INFO] [stdout] help: use `dyn`
[INFO] [stdout]      |
[INFO] [stdout] 1019 |     fn ldh_r8_mem_a8(&mut self, setter: &dyn Fn(&mut GB, u8), src_addr: u8) -> u32 {
[INFO] [stdout]      |                                          +++
[INFO] [stdout] 
[INFO] [stdout] 
[INFO] [stdout] warning: trait objects without an explicit `dyn` are deprecated
[INFO] [stdout]     --> src/gb.rs:1026:46
[INFO] [stdout]      |
[INFO] [stdout] 1026 |     fn ld_mem_r8_r8(&mut self, dest_getter: &Fn(&mut GB) -> u8, src_getter: &Fn(&mut GB) -> u8) -> u32 {
[INFO] [stdout]      |                                              ^^^^^^^^^^^^^^^^^
[INFO] [stdout]      |
[INFO] [stdout]      = warning: this is accepted in the current edition (Rust 2018) but is a hard error in Rust 2021!
[INFO] [stdout]      = note: for more information, see <https://doc.rust-lang.org/nightly/edition-guide/rust-2021/warnings-promoted-to-error.html>
[INFO] [stdout] help: use `dyn`
[INFO] [stdout]      |
[INFO] [stdout] 1026 |     fn ld_mem_r8_r8(&mut self, dest_getter: &dyn Fn(&mut GB) -> u8, src_getter: &Fn(&mut GB) -> u8) -> u32 {
[INFO] [stdout]      |                                              +++
[INFO] [stdout] 
[INFO] [stdout] 
[INFO] [stdout] warning: trait objects without an explicit `dyn` are deprecated
[INFO] [stdout]     --> src/gb.rs:1026:78
[INFO] [stdout]      |
[INFO] [stdout] 1026 |     fn ld_mem_r8_r8(&mut self, dest_getter: &Fn(&mut GB) -> u8, src_getter: &Fn(&mut GB) -> u8) -> u32 {
[INFO] [stdout]      |                                                                              ^^^^^^^^^^^^^^^^^
[INFO] [stdout]      |
[INFO] [stdout]      = warning: this is accepted in the current edition (Rust 2018) but is a hard error in Rust 2021!
[INFO] [stdout]      = note: for more information, see <https://doc.rust-lang.org/nightly/edition-guide/rust-2021/warnings-promoted-to-error.html>
[INFO] [stdout] help: use `dyn`
[INFO] [stdout]      |
[INFO] [stdout] 1026 |     fn ld_mem_r8_r8(&mut self, dest_getter: &Fn(&mut GB) -> u8, src_getter: &dyn Fn(&mut GB) -> u8) -> u32 {
[INFO] [stdout]      |                                                                              +++
[INFO] [stdout] 
[INFO] [stdout] 
[INFO] [stdout] warning: trait objects without an explicit `dyn` are deprecated
[INFO] [stdout]     --> src/gb.rs:1034:46
[INFO] [stdout]      |
[INFO] [stdout] 1034 |     fn ld_r8_mem_r8(&mut self, dest_setter: &Fn(&mut GB, u8), src_getter: &Fn(&mut GB) -> u8) -> u32 {
[INFO] [stdout]      |                                              ^^^^^^^^^^^^^^^
[INFO] [stdout]      |
[INFO] [stdout]      = warning: this is accepted in the current edition (Rust 2018) but is a hard error in Rust 2021!
[INFO] [stdout]      = note: for more information, see <https://doc.rust-lang.org/nightly/edition-guide/rust-2021/warnings-promoted-to-error.html>
[INFO] [stdout] help: use `dyn`
[INFO] [stdout]      |
[INFO] [stdout] 1034 |     fn ld_r8_mem_r8(&mut self, dest_setter: &dyn Fn(&mut GB, u8), src_getter: &Fn(&mut GB) -> u8) -> u32 {
[INFO] [stdout]      |                                              +++
[INFO] [stdout] 
[INFO] [stdout] 
[INFO] [stdout] warning: trait objects without an explicit `dyn` are deprecated
[INFO] [stdout]     --> src/gb.rs:1034:76
[INFO] [stdout]      |
[INFO] [stdout] 1034 |     fn ld_r8_mem_r8(&mut self, dest_setter: &Fn(&mut GB, u8), src_getter: &Fn(&mut GB) -> u8) -> u32 {
[INFO] [stdout]      |                                                                            ^^^^^^^^^^^^^^^^^
[INFO] [stdout]      |
[INFO] [stdout]      = warning: this is accepted in the current edition (Rust 2018) but is a hard error in Rust 2021!
[INFO] [stdout]      = note: for more information, see <https://doc.rust-lang.org/nightly/edition-guide/rust-2021/warnings-promoted-to-error.html>
[INFO] [stdout] help: use `dyn`
[INFO] [stdout]      |
[INFO] [stdout] 1034 |     fn ld_r8_mem_r8(&mut self, dest_setter: &Fn(&mut GB, u8), src_getter: &dyn Fn(&mut GB) -> u8) -> u32 {
[INFO] [stdout]      |                                                                            +++
[INFO] [stdout] 
[INFO] [stdout] 
[INFO] [stdout] warning: trait objects without an explicit `dyn` are deprecated
[INFO] [stdout]     --> src/gb.rs:1471:35
[INFO] [stdout]      |
[INFO] [stdout] 1471 |     fn dec_r8(&mut self, setter: &Fn(&mut GB, u8), getter: &Fn(&mut GB) -> u8) -> u32 {
[INFO] [stdout]      |                                   ^^^^^^^^^^^^^^^
[INFO] [stdout]      |
[INFO] [stdout]      = warning: this is accepted in the current edition (Rust 2018) but is a hard error in Rust 2021!
[INFO] [stdout]      = note: for more information, see <https://doc.rust-lang.org/nightly/edition-guide/rust-2021/warnings-promoted-to-error.html>
[INFO] [stdout] help: use `dyn`
[INFO] [stdout]      |
[INFO] [stdout] 1471 |     fn dec_r8(&mut self, setter: &dyn Fn(&mut GB, u8), getter: &Fn(&mut GB) -> u8) -> u32 {
[INFO] [stdout]      |                                   +++
[INFO] [stdout] 
[INFO] [stdout] 
[INFO] [stdout] warning: trait objects without an explicit `dyn` are deprecated
[INFO] [stdout]     --> src/gb.rs:1471:61
[INFO] [stdout]      |
[INFO] [stdout] 1471 |     fn dec_r8(&mut self, setter: &Fn(&mut GB, u8), getter: &Fn(&mut GB) -> u8) -> u32 {
[INFO] [stdout]      |                                                             ^^^^^^^^^^^^^^^^^
[INFO] [stdout]      |
[INFO] [stdout]      = warning: this is accepted in the current edition (Rust 2018) but is a hard error in Rust 2021!
[INFO] [stdout]      = note: for more information, see <https://doc.rust-lang.org/nightly/edition-guide/rust-2021/warnings-promoted-to-error.html>
[INFO] [stdout] help: use `dyn`
[INFO] [stdout]      |
[INFO] [stdout] 1471 |     fn dec_r8(&mut self, setter: &Fn(&mut GB, u8), getter: &dyn Fn(&mut GB) -> u8) -> u32 {
[INFO] [stdout]      |                                                             +++
[INFO] [stdout] 
[INFO] [stdout] 
[INFO] [stdout] warning: trait objects without an explicit `dyn` are deprecated
[INFO] [stdout]     --> src/gb.rs:1548:35
[INFO] [stdout]      |
[INFO] [stdout] 1548 |     fn inc_r8(&mut self, setter: &Fn(&mut GB, u8), getter: &Fn(&mut GB) -> u8) -> u32 {
[INFO] [stdout]      |                                   ^^^^^^^^^^^^^^^
[INFO] [stdout]      |
[INFO] [stdout]      = warning: this is accepted in the current edition (Rust 2018) but is a hard error in Rust 2021!
[INFO] [stdout]      = note: for more information, see <https://doc.rust-lang.org/nightly/edition-guide/rust-2021/warnings-promoted-to-error.html>
[INFO] [stdout] help: use `dyn`
[INFO] [stdout]      |
[INFO] [stdout] 1548 |     fn inc_r8(&mut self, setter: &dyn Fn(&mut GB, u8), getter: &Fn(&mut GB) -> u8) -> u32 {
[INFO] [stdout]      |                                   +++
[INFO] [stdout] 
[INFO] [stdout] 
[INFO] [stdout] warning: trait objects without an explicit `dyn` are deprecated
[INFO] [stdout]     --> src/gb.rs:1548:61
[INFO] [stdout]      |
[INFO] [stdout] 1548 |     fn inc_r8(&mut self, setter: &Fn(&mut GB, u8), getter: &Fn(&mut GB) -> u8) -> u32 {
[INFO] [stdout]      |                                                             ^^^^^^^^^^^^^^^^^
[INFO] [stdout]      |
[INFO] [stdout]      = warning: this is accepted in the current edition (Rust 2018) but is a hard error in Rust 2021!
[INFO] [stdout]      = note: for more information, see <https://doc.rust-lang.org/nightly/edition-guide/rust-2021/warnings-promoted-to-error.html>
[INFO] [stdout] help: use `dyn`
[INFO] [stdout]      |
[INFO] [stdout] 1548 |     fn inc_r8(&mut self, setter: &Fn(&mut GB, u8), getter: &dyn Fn(&mut GB) -> u8) -> u32 {
[INFO] [stdout]      |                                                             +++
[INFO] [stdout] 
[INFO] [stdout] 
[INFO] [stdout] warning: unreachable pattern
[INFO] [stdout]    --> src/gb.rs:568:13
[INFO] [stdout]     |
[INFO] [stdout] 568 |             (0x66, _) => { self.ld_r8_mem_r16(&GB::set_a, self.hl) }
[INFO] [stdout]     |             ^^^^^^^^^
[INFO] [stdout]     |
[INFO] [stdout]     = note: `#[warn(unreachable_patterns)]` on by default
[INFO] [stdout] 
[INFO] [stdout] 
[INFO] [stdout] warning: unreachable pattern
[INFO] [stdout]    --> src/gb.rs:726:13
[INFO] [stdout]     |
[INFO] [stdout] 726 |             (0x18, val) => { self.jr_nz_a8(val as i8) }
[INFO] [stdout]     |             ^^^^^^^^^^^
[INFO] [stdout] 
[INFO] [stdout] 
[INFO] [stdout] warning: unreachable pattern
[INFO] [stdout]    --> src/gb.rs:743:13
[INFO] [stdout]     |
[INFO] [stdout] 743 |             (0xC8, _) => { self.ret_c_a16() }
[INFO] [stdout]     |             ^^^^^^^^^
[INFO] [stdout] 
[INFO] [stdout] 
[INFO] [stdout] warning: unreachable pattern
[INFO] [stdout]    --> src/gb.rs:770:13
[INFO] [stdout]     |
[INFO] [stdout] 770 |             (0xF1, _) => { self.pop_af() }
[INFO] [stdout]     |             ^^^^^^^^^
[INFO] [stdout] 
[INFO] [stdout] 
[INFO] [stdout] warning: unreachable pattern
[INFO] [stdout]    --> src/gb.rs:776:13
[INFO] [stdout]     |
[INFO] [stdout] 776 |             (0x27, _) => { self.daa() }
[INFO] [stdout]     |             ^^^^^^^^^
[INFO] [stdout] 
[INFO] [stdout] 
[INFO] [stdout] warning: unused variable: `pc_inc`
[INFO] [stdout]    --> src/gb.rs:194:17
[INFO] [stdout]     |
[INFO] [stdout] 194 |         let mut pc_inc: u16 = 0;
[INFO] [stdout]     |                 ^^^^^^ help: if this is intentional, prefix it with an underscore: `_pc_inc`
[INFO] [stdout]     |
[INFO] [stdout]     = note: `#[warn(unused_variables)]` on by default
[INFO] [stdout] 
[INFO] [stdout] 
[INFO] [stdout] warning: unused variable: `val`
[INFO] [stdout]    --> src/gb.rs:665:20
[INFO] [stdout]     |
[INFO] [stdout] 665 |             (0xE2, val) => { self.ld_mem_r8_r8(&GB::get_c, &GB::get_a) }
[INFO] [stdout]     |                    ^^^ help: if this is intentional, prefix it with an underscore: `_val`
[INFO] [stdout] 
[INFO] [stdout] 
[INFO] [stdout] warning: unused variable: `val`
[INFO] [stdout]    --> src/gb.rs:666:20
[INFO] [stdout]     |
[INFO] [stdout] 666 |             (0xF2, val) => { self.ld_r8_mem_r8(&GB::set_a, &GB::get_c) }
[INFO] [stdout]     |                    ^^^ help: if this is intentional, prefix it with an underscore: `_val`
[INFO] [stdout] 
[INFO] [stdout] 
[INFO] [stdout] warning: unused variable: `val`
[INFO] [stdout]    --> src/gb.rs:669:20
[INFO] [stdout]     |
[INFO] [stdout] 669 |             (0xF9, val) => { self.ld_sp_hl() }
[INFO] [stdout]     |                    ^^^ help: if this is intentional, prefix it with an underscore: `_val`
[INFO] [stdout] 
[INFO] [stdout] 
[INFO] [stdout] warning: unused variable: `sign`
[INFO] [stdout]    --> src/gb.rs:860:13
[INFO] [stdout]     |
[INFO] [stdout] 860 |         let sign = r >> 7;
[INFO] [stdout]     |             ^^^^ help: if this is intentional, prefix it with an underscore: `_sign`
[INFO] [stdout] 
[INFO] [stdout] 
[INFO] [stdout] warning: unused variable: `a`
[INFO] [stdout]     --> src/gb.rs:1819:18
[INFO] [stdout]      |
[INFO] [stdout] 1819 |             let (a, result) = a.overflowing_add(0x06);
[INFO] [stdout]      |                  ^ help: if this is intentional, prefix it with an underscore: `_a`
[INFO] [stdout] 
[INFO] [stdout] 
[INFO] [stdout] warning: unused variable: `result`
[INFO] [stdout]     --> src/gb.rs:1819:21
[INFO] [stdout]      |
[INFO] [stdout] 1819 |             let (a, result) = a.overflowing_add(0x06);
[INFO] [stdout]      |                     ^^^^^^ help: if this is intentional, prefix it with an underscore: `_result`
[INFO] [stdout] 
[INFO] [stdout] 
[INFO] [stdout] warning: unused variable: `a`
[INFO] [stdout]     --> src/gb.rs:1821:18
[INFO] [stdout]      |
[INFO] [stdout] 1821 |             let (a, _) = a.overflowing_add(0x60);
[INFO] [stdout]      |                  ^ help: if this is intentional, prefix it with an underscore: `_a`
[INFO] [stdout] 
[INFO] [stdout] 
[INFO] [stdout] warning: unused variable: `a`
[INFO] [stdout]     --> src/gb.rs:1823:18
[INFO] [stdout]      |
[INFO] [stdout] 1823 |             let (a, _) = a.overflowing_sub(0x06);
[INFO] [stdout]      |                  ^ help: if this is intentional, prefix it with an underscore: `_a`
[INFO] [stdout] 
[INFO] [stdout] 
[INFO] [stdout] warning: unused variable: `a`
[INFO] [stdout]     --> src/gb.rs:1825:18
[INFO] [stdout]      |
[INFO] [stdout] 1825 |             let (a, _) = a.overflowing_sub(0x60);
[INFO] [stdout]      |                  ^ help: if this is intentional, prefix it with an underscore: `_a`
[INFO] [stdout] 
[INFO] [stdout] 
[INFO] [stdout] warning: unused variable: `timer`
[INFO] [stdout]  --> src/main.rs:7:13
[INFO] [stdout]   |
[INFO] [stdout] 7 |     let mut timer = 0;
[INFO] [stdout]   |             ^^^^^ help: if this is intentional, prefix it with an underscore: `_timer`
[INFO] [stdout] 
[INFO] [stdout] 
[INFO] [stdout] warning: variable does not need to be mutable
[INFO] [stdout]   --> src/gb.rs:49:13
[INFO] [stdout]    |
[INFO] [stdout] 49 |         let mut cartridge = Cartridge {
[INFO] [stdout]    |             ----^^^^^^^^^
[INFO] [stdout]    |             |
[INFO] [stdout]    |             help: remove this `mut`
[INFO] [stdout]    |
[INFO] [stdout]    = note: `#[warn(unused_mut)]` on by default
[INFO] [stdout] 
[INFO] [stdout] 
[INFO] [stdout] warning: variable does not need to be mutable
[INFO] [stdout]    --> src/gb.rs:134:21
[INFO] [stdout]     |
[INFO] [stdout] 134 |                 let mut address = format!("{:2X}{:2X} ",
[INFO] [stdout]     |                     ----^^^^^^^
[INFO] [stdout]     |                     |
[INFO] [stdout]     |                     help: remove this `mut`
[INFO] [stdout] 
[INFO] [stdout] 
[INFO] [stdout] warning: variable does not need to be mutable
[INFO] [stdout]    --> src/gb.rs:194:13
[INFO] [stdout]     |
[INFO] [stdout] 194 |         let mut pc_inc: u16 = 0;
[INFO] [stdout]     |             ----^^^^^^
[INFO] [stdout]     |             |
[INFO] [stdout]     |             help: remove this `mut`
[INFO] [stdout] 
[INFO] [stdout] 
[INFO] [stdout] warning: variable does not need to be mutable
[INFO] [stdout]    --> src/gb.rs:813:12
[INFO] [stdout]     |
[INFO] [stdout] 813 |     fn rrc(mut gb: &mut GB, mut r: u8) -> u8 {
[INFO] [stdout]     |            ----^^
[INFO] [stdout]     |            |
[INFO] [stdout]     |            help: remove this `mut`
[INFO] [stdout] 
[INFO] [stdout] 
[INFO] [stdout] warning: variable does not need to be mutable
[INFO] [stdout]     --> src/gb.rs:1091:14
[INFO] [stdout]      |
[INFO] [stdout] 1091 |         let (mut result, _) = a.overflowing_add(val);
[INFO] [stdout]      |              ----^^^^^^
[INFO] [stdout]      |              |
[INFO] [stdout]      |              help: remove this `mut`
[INFO] [stdout] 
[INFO] [stdout] 
[INFO] [stdout] warning: variable does not need to be mutable
[INFO] [stdout]     --> src/gb.rs:1186:14
[INFO] [stdout]      |
[INFO] [stdout] 1186 |         let (mut result, _) = a.overflowing_sub(val);
[INFO] [stdout]      |              ----^^^^^^
[INFO] [stdout]      |              |
[INFO] [stdout]      |              help: remove this `mut`
[INFO] [stdout] 
[INFO] [stdout] 
[INFO] [stdout] warning: variable does not need to be mutable
[INFO] [stdout]     --> src/gb.rs:1246:14
[INFO] [stdout]      |
[INFO] [stdout] 1246 |         let (mut result, _) = a.overflowing_sub(val);
[INFO] [stdout]      |              ----^^^^^^
[INFO] [stdout]      |              |
[INFO] [stdout]      |              help: remove this `mut`
[INFO] [stdout] 
[INFO] [stdout] 
[INFO] [stdout] warning: variable does not need to be mutable
[INFO] [stdout]     --> src/gb.rs:1472:13
[INFO] [stdout]      |
[INFO] [stdout] 1472 |         let mut val = getter(self);
[INFO] [stdout]      |             ----^^^
[INFO] [stdout]      |             |
[INFO] [stdout]      |             help: remove this `mut`
[INFO] [stdout] 
[INFO] [stdout] 
[INFO] [stdout] warning: variable does not need to be mutable
[INFO] [stdout]     --> src/gb.rs:1497:13
[INFO] [stdout]      |
[INFO] [stdout] 1497 |         let mut val = self.mem_read(self.hl);
[INFO] [stdout]      |             ----^^^
[INFO] [stdout]      |             |
[INFO] [stdout]      |             help: remove this `mut`
[INFO] [stdout] 
[INFO] [stdout] 
[INFO] [stdout] warning: variable does not need to be mutable
[INFO] [stdout]     --> src/gb.rs:1549:13
[INFO] [stdout]      |
[INFO] [stdout] 1549 |         let mut val = getter(self);
[INFO] [stdout]      |             ----^^^
[INFO] [stdout]      |             |
[INFO] [stdout]      |             help: remove this `mut`
[INFO] [stdout] 
[INFO] [stdout] 
[INFO] [stdout] warning: variable does not need to be mutable
[INFO] [stdout]     --> src/gb.rs:1574:13
[INFO] [stdout]      |
[INFO] [stdout] 1574 |         let mut val = self.mem_read(self.hl);
[INFO] [stdout]      |             ----^^^
[INFO] [stdout]      |             |
[INFO] [stdout]      |             help: remove this `mut`
[INFO] [stdout] 
[INFO] [stdout] 
[INFO] [stdout] warning: variable does not need to be mutable
[INFO] [stdout]     --> src/gb.rs:1817:13
[INFO] [stdout]      |
[INFO] [stdout] 1817 |         let mut a = self.get_a();
[INFO] [stdout]      |             ----^
[INFO] [stdout]      |             |
[INFO] [stdout]      |             help: remove this `mut`
[INFO] [stdout] 
[INFO] [stdout] 
[INFO] [stdout] warning: variable does not need to be mutable
[INFO] [stdout]  --> src/main.rs:7:9
[INFO] [stdout]   |
[INFO] [stdout] 7 |     let mut timer = 0;
[INFO] [stdout]   |         ----^^^^^
[INFO] [stdout]   |         |
[INFO] [stdout]   |         help: remove this `mut`
[INFO] [stdout] 
[INFO] [stdout] 
[INFO] [stdout] warning: method `set_hl` is never used
[INFO] [stdout]    --> src/gb.rs:160:12
[INFO] [stdout]     |
[INFO] [stdout] 80  | impl GB {
[INFO] [stdout]     | ------- method in this implementation
[INFO] [stdout] ...
[INFO] [stdout] 160 |     pub fn set_hl(&mut self, val: u16) { self.hl = val }
[INFO] [stdout]     |            ^^^^^^
[INFO] [stdout]     |
[INFO] [stdout]     = note: `#[warn(dead_code)]` on by default
[INFO] [stdout] 
[INFO] [stdout] 
[INFO] [stdout] warning: methods `ld_mem_a16_r16`, `ld_mem_a16_a`, and `ld_a_mem_a16` are never used
[INFO] [stdout]     --> src/gb.rs:992:8
[INFO] [stdout]      |
[INFO] [stdout] 191  | impl GB {
[INFO] [stdout]      | ------- methods in this implementation
[INFO] [stdout] ...
[INFO] [stdout] 992  |     fn ld_mem_a16_r16(&mut self, dest_addr: u16, val: u16) -> u32 {
[INFO] [stdout]      |        ^^^^^^^^^^^^^^
[INFO] [stdout] ...
[INFO] [stdout] 1073 |     fn ld_mem_a16_a(&mut self) -> u32 {
[INFO] [stdout]      |        ^^^^^^^^^^^^
[INFO] [stdout] ...
[INFO] [stdout] 1080 |     fn ld_a_mem_a16(&mut self) -> u32 {
[INFO] [stdout]      |        ^^^^^^^^^^^^
[INFO] [stdout] 
[INFO] [stdout] 
[INFO] [stdout] warning: 54 warnings emitted
[INFO] [stdout] 
[INFO] [stdout] 
[INFO] [stderr]     Finished dev [unoptimized + debuginfo] target(s) in 0.90s
[INFO] running `Command { std: "docker" "inspect" "edf3a1f19f90df1b93b22bd51747c747ae12d05385762e119ea6dea46bdc1a4b", kill_on_drop: false }`
[INFO] running `Command { std: "docker" "rm" "-f" "edf3a1f19f90df1b93b22bd51747c747ae12d05385762e119ea6dea46bdc1a4b", kill_on_drop: false }`
[INFO] [stdout] edf3a1f19f90df1b93b22bd51747c747ae12d05385762e119ea6dea46bdc1a4b
[INFO] running `Command { std: "docker" "create" "-v" "/var/lib/crater-agent-workspace/builds/worker-5-tc2/target:/opt/rustwide/target:rw,Z" "-v" "/var/lib/crater-agent-workspace/builds/worker-5-tc2/source:/opt/rustwide/workdir:ro,Z" "-v" "/var/lib/crater-agent-workspace/cargo-home:/opt/rustwide/cargo-home:ro,Z" "-v" "/var/lib/crater-agent-workspace/rustup-home:/opt/rustwide/rustup-home:ro,Z" "-e" "SOURCE_DIR=/opt/rustwide/workdir" "-e" "CARGO_TARGET_DIR=/opt/rustwide/target" "-e" "CARGO_INCREMENTAL=0" "-e" "RUST_BACKTRACE=full" "-e" "RUSTFLAGS=--cap-lints=warn" "-e" "RUSTDOCFLAGS=--cap-lints=warn" "-e" "CARGO_HOME=/opt/rustwide/cargo-home" "-e" "RUSTUP_HOME=/opt/rustwide/rustup-home" "-w" "/opt/rustwide/workdir" "-m" "1610612736" "--user" "0:0" "--network" "none" "ghcr.io/rust-lang/crates-build-env/linux@sha256:5ff2268d62e97bff2cde7d5815dd6ed5b47097566f13b8d0ca110b04b60e07ed" "/opt/rustwide/cargo-home/bin/cargo" "+beta-2023-04-20" "test" "--frozen" "--no-run" "--message-format=json", kill_on_drop: false }`
[INFO] [stdout] de710478d7a705250cb21ff99123b57b3ac3fc3bf0fad7b4e76c4d0457520c08
[INFO] running `Command { std: "docker" "start" "-a" "de710478d7a705250cb21ff99123b57b3ac3fc3bf0fad7b4e76c4d0457520c08", kill_on_drop: false }`
[INFO] [stderr]    Compiling gb-emu v0.1.0 (/opt/rustwide/workdir)
[INFO] [stdout] warning: unnecessary parentheses around assigned value
[INFO] [stdout]     --> src/gb.rs:2690:13
[INFO] [stdout]      |
[INFO] [stdout] 2690 |     gb.bc = (0x1111);
[INFO] [stdout]      |             ^      ^
[INFO] [stdout]      |
[INFO] [stdout]      = note: `#[warn(unused_parens)]` on by default
[INFO] [stdout] help: remove these parentheses
[INFO] [stdout]      |
[INFO] [stdout] 2690 -     gb.bc = (0x1111);
[INFO] [stdout] 2690 +     gb.bc = 0x1111;
[INFO] [stdout]      |
[INFO] [stdout] 
[INFO] [stdout] 
[INFO] [stdout] warning: unnecessary parentheses around assigned value
[INFO] [stdout]     --> src/gb.rs:2697:13
[INFO] [stdout]      |
[INFO] [stdout] 2697 |     gb.bc = (0x1111);
[INFO] [stdout]      |             ^      ^
[INFO] [stdout]      |
[INFO] [stdout] help: remove these parentheses
[INFO] [stdout]      |
[INFO] [stdout] 2697 -     gb.bc = (0x1111);
[INFO] [stdout] 2697 +     gb.bc = 0x1111;
[INFO] [stdout]      |
[INFO] [stdout] 
[INFO] [stdout] 
[INFO] [stdout] warning: unused import: `std::fs::File`
[INFO] [stdout]  --> src/tests.rs:1:5
[INFO] [stdout]   |
[INFO] [stdout] 1 | use std::fs::File;
[INFO] [stdout]   |     ^^^^^^^^^^^^^
[INFO] [stdout]   |
[INFO] [stdout]   = note: `#[warn(unused_imports)]` on by default
[INFO] [stdout] 
[INFO] [stdout] 
[INFO] [stdout] warning: unused import: `std::io::prelude::*`
[INFO] [stdout]  --> src/tests.rs:2:5
[INFO] [stdout]   |
[INFO] [stdout] 2 | use std::io::prelude::*;
[INFO] [stdout]   |     ^^^^^^^^^^^^^^^^^^^
[INFO] [stdout] 
[INFO] [stdout] 
[INFO] [stdout] warning: unused import: `crate::gb::GB`
[INFO] [stdout]  --> src/tests.rs:3:5
[INFO] [stdout]   |
[INFO] [stdout] 3 | use crate::gb::GB;
[INFO] [stdout]   |     ^^^^^^^^^^^^^
[INFO] [stdout] 
[INFO] [stdout] 
[INFO] [stdout] warning: unused label
[INFO] [stdout]   --> src/main.rs:21:5
[INFO] [stdout]    |
[INFO] [stdout] 21 |     'main: loop {
[INFO] [stdout]    |     ^^^^^
[INFO] [stdout]    |
[INFO] [stdout]    = note: `#[warn(unused_labels)]` on by default
[INFO] [stdout] 
[INFO] [stdout] 
[INFO] [stdout] warning: trait objects without an explicit `dyn` are deprecated
[INFO] [stdout]    --> src/gb.rs:785:30
[INFO] [stdout]     |
[INFO] [stdout] 785 |                     getter: &Fn(&mut GB) -> u8,
[INFO] [stdout]     |                              ^^^^^^^^^^^^^^^^^
[INFO] [stdout]     |
[INFO] [stdout]     = warning: this is accepted in the current edition (Rust 2018) but is a hard error in Rust 2021!
[INFO] [stdout]     = note: for more information, see <https://doc.rust-lang.org/nightly/edition-guide/rust-2021/warnings-promoted-to-error.html>
[INFO] [stdout]     = note: `#[warn(bare_trait_objects)]` on by default
[INFO] [stdout] help: use `dyn`
[INFO] [stdout]     |
[INFO] [stdout] 785 |                     getter: &dyn Fn(&mut GB) -> u8,
[INFO] [stdout]     |                              +++
[INFO] [stdout] 
[INFO] [stdout] 
[INFO] [stdout] warning: trait objects without an explicit `dyn` are deprecated
[INFO] [stdout]    --> src/gb.rs:786:25
[INFO] [stdout]     |
[INFO] [stdout] 786 |                     f: &Fn(&mut GB, u8) -> u8,
[INFO] [stdout]     |                         ^^^^^^^^^^^^^^^^^^^^^
[INFO] [stdout]     |
[INFO] [stdout]     = warning: this is accepted in the current edition (Rust 2018) but is a hard error in Rust 2021!
[INFO] [stdout]     = note: for more information, see <https://doc.rust-lang.org/nightly/edition-guide/rust-2021/warnings-promoted-to-error.html>
[INFO] [stdout] help: use `dyn`
[INFO] [stdout]     |
[INFO] [stdout] 786 |                     f: &dyn Fn(&mut GB, u8) -> u8,
[INFO] [stdout]     |                         +++
[INFO] [stdout] 
[INFO] [stdout] 
[INFO] [stdout] warning: trait objects without an explicit `dyn` are deprecated
[INFO] [stdout]    --> src/gb.rs:787:30
[INFO] [stdout]     |
[INFO] [stdout] 787 |                     setter: &Fn(&mut GB, u8)) -> u32 {
[INFO] [stdout]     |                              ^^^^^^^^^^^^^^^
[INFO] [stdout]     |
[INFO] [stdout]     = warning: this is accepted in the current edition (Rust 2018) but is a hard error in Rust 2021!
[INFO] [stdout]     = note: for more information, see <https://doc.rust-lang.org/nightly/edition-guide/rust-2021/warnings-promoted-to-error.html>
[INFO] [stdout] help: use `dyn`
[INFO] [stdout]     |
[INFO] [stdout] 787 |                     setter: &dyn Fn(&mut GB, u8)) -> u32 {
[INFO] [stdout]     |                              +++
[INFO] [stdout] 
[INFO] [stdout] 
[INFO] [stdout] warning: trait objects without an explicit `dyn` are deprecated
[INFO] [stdout]    --> src/gb.rs:794:37
[INFO] [stdout]     |
[INFO] [stdout] 794 |     pub fn shift_mem(&mut self, f: &Fn(&mut GB, u8) -> u8) -> u32 {
[INFO] [stdout]     |                                     ^^^^^^^^^^^^^^^^^^^^^
[INFO] [stdout]     |
[INFO] [stdout]     = warning: this is accepted in the current edition (Rust 2018) but is a hard error in Rust 2021!
[INFO] [stdout]     = note: for more information, see <https://doc.rust-lang.org/nightly/edition-guide/rust-2021/warnings-promoted-to-error.html>
[INFO] [stdout] help: use `dyn`
[INFO] [stdout]     |
[INFO] [stdout] 794 |     pub fn shift_mem(&mut self, f: &dyn Fn(&mut GB, u8) -> u8) -> u32 {
[INFO] [stdout]     |                                     +++
[INFO] [stdout] 
[INFO] [stdout] 
[INFO] [stdout] warning: trait objects without an explicit `dyn` are deprecated
[INFO] [stdout]    --> src/gb.rs:962:37
[INFO] [stdout]     |
[INFO] [stdout] 962 |     fn ld_r8_r8(&mut self, setter: &Fn(&mut GB, u8), getter: &Fn(&mut GB) -> u8) -> u32 {
[INFO] [stdout]     |                                     ^^^^^^^^^^^^^^^
[INFO] [stdout]     |
[INFO] [stdout]     = warning: this is accepted in the current edition (Rust 2018) but is a hard error in Rust 2021!
[INFO] [stdout]     = note: for more information, see <https://doc.rust-lang.org/nightly/edition-guide/rust-2021/warnings-promoted-to-error.html>
[INFO] [stdout] help: use `dyn`
[INFO] [stdout]     |
[INFO] [stdout] 962 |     fn ld_r8_r8(&mut self, setter: &dyn Fn(&mut GB, u8), getter: &Fn(&mut GB) -> u8) -> u32 {
[INFO] [stdout]     |                                     +++
[INFO] [stdout] 
[INFO] [stdout] 
[INFO] [stdout] warning: trait objects without an explicit `dyn` are deprecated
[INFO] [stdout]    --> src/gb.rs:962:63
[INFO] [stdout]     |
[INFO] [stdout] 962 |     fn ld_r8_r8(&mut self, setter: &Fn(&mut GB, u8), getter: &Fn(&mut GB) -> u8) -> u32 {
[INFO] [stdout]     |                                                               ^^^^^^^^^^^^^^^^^
[INFO] [stdout]     |
[INFO] [stdout]     = warning: this is accepted in the current edition (Rust 2018) but is a hard error in Rust 2021!
[INFO] [stdout]     = note: for more information, see <https://doc.rust-lang.org/nightly/edition-guide/rust-2021/warnings-promoted-to-error.html>
[INFO] [stdout] help: use `dyn`
[INFO] [stdout]     |
[INFO] [stdout] 962 |     fn ld_r8_r8(&mut self, setter: &Fn(&mut GB, u8), getter: &dyn Fn(&mut GB) -> u8) -> u32 {
[INFO] [stdout]     |                                                               +++
[INFO] [stdout] 
[INFO] [stdout] 
[INFO] [stdout] warning: trait objects without an explicit `dyn` are deprecated
[INFO] [stdout]    --> src/gb.rs:968:62
[INFO] [stdout]     |
[INFO] [stdout] 968 |     fn ld_mem_r16_r8(&mut self, dest_addr: u16, src_getter: &Fn(&mut GB) -> u8) -> u32 {
[INFO] [stdout]     |                                                              ^^^^^^^^^^^^^^^^^
[INFO] [stdout]     |
[INFO] [stdout]     = warning: this is accepted in the current edition (Rust 2018) but is a hard error in Rust 2021!
[INFO] [stdout]     = note: for more information, see <https://doc.rust-lang.org/nightly/edition-guide/rust-2021/warnings-promoted-to-error.html>
[INFO] [stdout] help: use `dyn`
[INFO] [stdout]     |
[INFO] [stdout] 968 |     fn ld_mem_r16_r8(&mut self, dest_addr: u16, src_getter: &dyn Fn(&mut GB) -> u8) -> u32 {
[INFO] [stdout]     |                                                              +++
[INFO] [stdout] 
[INFO] [stdout] 
[INFO] [stdout] warning: trait objects without an explicit `dyn` are deprecated
[INFO] [stdout]    --> src/gb.rs:974:47
[INFO] [stdout]     |
[INFO] [stdout] 974 |     fn ld_r8_mem_r16(&mut self, dest_setter: &Fn(&mut GB, u8), src_addr: u16) -> u32 {
[INFO] [stdout]     |                                               ^^^^^^^^^^^^^^^
[INFO] [stdout]     |
[INFO] [stdout]     = warning: this is accepted in the current edition (Rust 2018) but is a hard error in Rust 2021!
[INFO] [stdout]     = note: for more information, see <https://doc.rust-lang.org/nightly/edition-guide/rust-2021/warnings-promoted-to-error.html>
[INFO] [stdout] help: use `dyn`
[INFO] [stdout]     |
[INFO] [stdout] 974 |     fn ld_r8_mem_r16(&mut self, dest_setter: &dyn Fn(&mut GB, u8), src_addr: u16) -> u32 {
[INFO] [stdout]     |                                               +++
[INFO] [stdout] 
[INFO] [stdout] 
[INFO] [stdout] warning: trait objects without an explicit `dyn` are deprecated
[INFO] [stdout]    --> src/gb.rs:980:37
[INFO] [stdout]     |
[INFO] [stdout] 980 |     fn ld_r8_d8(&mut self, setter: &Fn(&mut GB, u8), val: u8) -> u32 {
[INFO] [stdout]     |                                     ^^^^^^^^^^^^^^^
[INFO] [stdout]     |
[INFO] [stdout]     = warning: this is accepted in the current edition (Rust 2018) but is a hard error in Rust 2021!
[INFO] [stdout]     = note: for more information, see <https://doc.rust-lang.org/nightly/edition-guide/rust-2021/warnings-promoted-to-error.html>
[INFO] [stdout] help: use `dyn`
[INFO] [stdout]     |
[INFO] [stdout] 980 |     fn ld_r8_d8(&mut self, setter: &dyn Fn(&mut GB, u8), val: u8) -> u32 {
[INFO] [stdout]     |                                     +++
[INFO] [stdout] 
[INFO] [stdout] 
[INFO] [stdout] warning: trait objects without an explicit `dyn` are deprecated
[INFO] [stdout]     --> src/gb.rs:1012:57
[INFO] [stdout]      |
[INFO] [stdout] 1012 |     fn ldh_mem_a8_r8(&mut self, dest_addr: u8, getter: &Fn(&mut GB) -> u8) -> u32 {
[INFO] [stdout]      |                                                         ^^^^^^^^^^^^^^^^^
[INFO] [stdout]      |
[INFO] [stdout]      = warning: this is accepted in the current edition (Rust 2018) but is a hard error in Rust 2021!
[INFO] [stdout]      = note: for more information, see <https://doc.rust-lang.org/nightly/edition-guide/rust-2021/warnings-promoted-to-error.html>
[INFO] [stdout] help: use `dyn`
[INFO] [stdout]      |
[INFO] [stdout] 1012 |     fn ldh_mem_a8_r8(&mut self, dest_addr: u8, getter: &dyn Fn(&mut GB) -> u8) -> u32 {
[INFO] [stdout]      |                                                         +++
[INFO] [stdout] 
[INFO] [stdout] 
[INFO] [stdout] warning: trait objects without an explicit `dyn` are deprecated
[INFO] [stdout]     --> src/gb.rs:1019:42
[INFO] [stdout]      |
[INFO] [stdout] 1019 |     fn ldh_r8_mem_a8(&mut self, setter: &Fn(&mut GB, u8), src_addr: u8) -> u32 {
[INFO] [stdout]      |                                          ^^^^^^^^^^^^^^^
[INFO] [stdout]      |
[INFO] [stdout]      = warning: this is accepted in the current edition (Rust 2018) but is a hard error in Rust 2021!
[INFO] [stdout]      = note: for more information, see <https://doc.rust-lang.org/nightly/edition-guide/rust-2021/warnings-promoted-to-error.html>
[INFO] [stdout] help: use `dyn`
[INFO] [stdout]      |
[INFO] [stdout] 1019 |     fn ldh_r8_mem_a8(&mut self, setter: &dyn Fn(&mut GB, u8), src_addr: u8) -> u32 {
[INFO] [stdout]      |                                          +++
[INFO] [stdout] 
[INFO] [stdout] 
[INFO] [stdout] warning: trait objects without an explicit `dyn` are deprecated
[INFO] [stdout]     --> src/gb.rs:1026:46
[INFO] [stdout]      |
[INFO] [stdout] 1026 |     fn ld_mem_r8_r8(&mut self, dest_getter: &Fn(&mut GB) -> u8, src_getter: &Fn(&mut GB) -> u8) -> u32 {
[INFO] [stdout]      |                                              ^^^^^^^^^^^^^^^^^
[INFO] [stdout]      |
[INFO] [stdout]      = warning: this is accepted in the current edition (Rust 2018) but is a hard error in Rust 2021!
[INFO] [stdout]      = note: for more information, see <https://doc.rust-lang.org/nightly/edition-guide/rust-2021/warnings-promoted-to-error.html>
[INFO] [stdout] help: use `dyn`
[INFO] [stdout]      |
[INFO] [stdout] 1026 |     fn ld_mem_r8_r8(&mut self, dest_getter: &dyn Fn(&mut GB) -> u8, src_getter: &Fn(&mut GB) -> u8) -> u32 {
[INFO] [stdout]      |                                              +++
[INFO] [stdout] 
[INFO] [stdout] 
[INFO] [stdout] warning: trait objects without an explicit `dyn` are deprecated
[INFO] [stdout]     --> src/gb.rs:1026:78
[INFO] [stdout]      |
[INFO] [stdout] 1026 |     fn ld_mem_r8_r8(&mut self, dest_getter: &Fn(&mut GB) -> u8, src_getter: &Fn(&mut GB) -> u8) -> u32 {
[INFO] [stdout]      |                                                                              ^^^^^^^^^^^^^^^^^
[INFO] [stdout]      |
[INFO] [stdout]      = warning: this is accepted in the current edition (Rust 2018) but is a hard error in Rust 2021!
[INFO] [stdout]      = note: for more information, see <https://doc.rust-lang.org/nightly/edition-guide/rust-2021/warnings-promoted-to-error.html>
[INFO] [stdout] help: use `dyn`
[INFO] [stdout]      |
[INFO] [stdout] 1026 |     fn ld_mem_r8_r8(&mut self, dest_getter: &Fn(&mut GB) -> u8, src_getter: &dyn Fn(&mut GB) -> u8) -> u32 {
[INFO] [stdout]      |                                                                              +++
[INFO] [stdout] 
[INFO] [stdout] 
[INFO] [stdout] warning: trait objects without an explicit `dyn` are deprecated
[INFO] [stdout]     --> src/gb.rs:1034:46
[INFO] [stdout]      |
[INFO] [stdout] 1034 |     fn ld_r8_mem_r8(&mut self, dest_setter: &Fn(&mut GB, u8), src_getter: &Fn(&mut GB) -> u8) -> u32 {
[INFO] [stdout]      |                                              ^^^^^^^^^^^^^^^
[INFO] [stdout]      |
[INFO] [stdout]      = warning: this is accepted in the current edition (Rust 2018) but is a hard error in Rust 2021!
[INFO] [stdout]      = note: for more information, see <https://doc.rust-lang.org/nightly/edition-guide/rust-2021/warnings-promoted-to-error.html>
[INFO] [stdout] help: use `dyn`
[INFO] [stdout]      |
[INFO] [stdout] 1034 |     fn ld_r8_mem_r8(&mut self, dest_setter: &dyn Fn(&mut GB, u8), src_getter: &Fn(&mut GB) -> u8) -> u32 {
[INFO] [stdout]      |                                              +++
[INFO] [stdout] 
[INFO] [stdout] 
[INFO] [stdout] warning: trait objects without an explicit `dyn` are deprecated
[INFO] [stdout]     --> src/gb.rs:1034:76
[INFO] [stdout]      |
[INFO] [stdout] 1034 |     fn ld_r8_mem_r8(&mut self, dest_setter: &Fn(&mut GB, u8), src_getter: &Fn(&mut GB) -> u8) -> u32 {
[INFO] [stdout]      |                                                                            ^^^^^^^^^^^^^^^^^
[INFO] [stdout]      |
[INFO] [stdout]      = warning: this is accepted in the current edition (Rust 2018) but is a hard error in Rust 2021!
[INFO] [stdout]      = note: for more information, see <https://doc.rust-lang.org/nightly/edition-guide/rust-2021/warnings-promoted-to-error.html>
[INFO] [stdout] help: use `dyn`
[INFO] [stdout]      |
[INFO] [stdout] 1034 |     fn ld_r8_mem_r8(&mut self, dest_setter: &Fn(&mut GB, u8), src_getter: &dyn Fn(&mut GB) -> u8) -> u32 {
[INFO] [stdout]      |                                                                            +++
[INFO] [stdout] 
[INFO] [stdout] 
[INFO] [stdout] warning: trait objects without an explicit `dyn` are deprecated
[INFO] [stdout]     --> src/gb.rs:1471:35
[INFO] [stdout]      |
[INFO] [stdout] 1471 |     fn dec_r8(&mut self, setter: &Fn(&mut GB, u8), getter: &Fn(&mut GB) -> u8) -> u32 {
[INFO] [stdout]      |                                   ^^^^^^^^^^^^^^^
[INFO] [stdout]      |
[INFO] [stdout]      = warning: this is accepted in the current edition (Rust 2018) but is a hard error in Rust 2021!
[INFO] [stdout]      = note: for more information, see <https://doc.rust-lang.org/nightly/edition-guide/rust-2021/warnings-promoted-to-error.html>
[INFO] [stdout] help: use `dyn`
[INFO] [stdout]      |
[INFO] [stdout] 1471 |     fn dec_r8(&mut self, setter: &dyn Fn(&mut GB, u8), getter: &Fn(&mut GB) -> u8) -> u32 {
[INFO] [stdout]      |                                   +++
[INFO] [stdout] 
[INFO] [stdout] 
[INFO] [stdout] warning: trait objects without an explicit `dyn` are deprecated
[INFO] [stdout]     --> src/gb.rs:1471:61
[INFO] [stdout]      |
[INFO] [stdout] 1471 |     fn dec_r8(&mut self, setter: &Fn(&mut GB, u8), getter: &Fn(&mut GB) -> u8) -> u32 {
[INFO] [stdout]      |                                                             ^^^^^^^^^^^^^^^^^
[INFO] [stdout]      |
[INFO] [stdout]      = warning: this is accepted in the current edition (Rust 2018) but is a hard error in Rust 2021!
[INFO] [stdout]      = note: for more information, see <https://doc.rust-lang.org/nightly/edition-guide/rust-2021/warnings-promoted-to-error.html>
[INFO] [stdout] help: use `dyn`
[INFO] [stdout]      |
[INFO] [stdout] 1471 |     fn dec_r8(&mut self, setter: &Fn(&mut GB, u8), getter: &dyn Fn(&mut GB) -> u8) -> u32 {
[INFO] [stdout]      |                                                             +++
[INFO] [stdout] 
[INFO] [stdout] 
[INFO] [stdout] warning: trait objects without an explicit `dyn` are deprecated
[INFO] [stdout]     --> src/gb.rs:1548:35
[INFO] [stdout]      |
[INFO] [stdout] 1548 |     fn inc_r8(&mut self, setter: &Fn(&mut GB, u8), getter: &Fn(&mut GB) -> u8) -> u32 {
[INFO] [stdout]      |                                   ^^^^^^^^^^^^^^^
[INFO] [stdout]      |
[INFO] [stdout]      = warning: this is accepted in the current edition (Rust 2018) but is a hard error in Rust 2021!
[INFO] [stdout]      = note: for more information, see <https://doc.rust-lang.org/nightly/edition-guide/rust-2021/warnings-promoted-to-error.html>
[INFO] [stdout] help: use `dyn`
[INFO] [stdout]      |
[INFO] [stdout] 1548 |     fn inc_r8(&mut self, setter: &dyn Fn(&mut GB, u8), getter: &Fn(&mut GB) -> u8) -> u32 {
[INFO] [stdout]      |                                   +++
[INFO] [stdout] 
[INFO] [stdout] 
[INFO] [stdout] warning: trait objects without an explicit `dyn` are deprecated
[INFO] [stdout]     --> src/gb.rs:1548:61
[INFO] [stdout]      |
[INFO] [stdout] 1548 |     fn inc_r8(&mut self, setter: &Fn(&mut GB, u8), getter: &Fn(&mut GB) -> u8) -> u32 {
[INFO] [stdout]      |                                                             ^^^^^^^^^^^^^^^^^
[INFO] [stdout]      |
[INFO] [stdout]      = warning: this is accepted in the current edition (Rust 2018) but is a hard error in Rust 2021!
[INFO] [stdout]      = note: for more information, see <https://doc.rust-lang.org/nightly/edition-guide/rust-2021/warnings-promoted-to-error.html>
[INFO] [stdout] help: use `dyn`
[INFO] [stdout]      |
[INFO] [stdout] 1548 |     fn inc_r8(&mut self, setter: &Fn(&mut GB, u8), getter: &dyn Fn(&mut GB) -> u8) -> u32 {
[INFO] [stdout]      |                                                             +++
[INFO] [stdout] 
[INFO] [stdout] 
[INFO] [stdout] warning: unreachable pattern
[INFO] [stdout]    --> src/gb.rs:568:13
[INFO] [stdout]     |
[INFO] [stdout] 568 |             (0x66, _) => { self.ld_r8_mem_r16(&GB::set_a, self.hl) }
[INFO] [stdout]     |             ^^^^^^^^^
[INFO] [stdout]     |
[INFO] [stdout]     = note: `#[warn(unreachable_patterns)]` on by default
[INFO] [stdout] 
[INFO] [stdout] 
[INFO] [stdout] warning: unreachable pattern
[INFO] [stdout]    --> src/gb.rs:726:13
[INFO] [stdout]     |
[INFO] [stdout] 726 |             (0x18, val) => { self.jr_nz_a8(val as i8) }
[INFO] [stdout]     |             ^^^^^^^^^^^
[INFO] [stdout] 
[INFO] [stdout] 
[INFO] [stdout] warning: unreachable pattern
[INFO] [stdout]    --> src/gb.rs:743:13
[INFO] [stdout]     |
[INFO] [stdout] 743 |             (0xC8, _) => { self.ret_c_a16() }
[INFO] [stdout]     |             ^^^^^^^^^
[INFO] [stdout] 
[INFO] [stdout] 
[INFO] [stdout] warning: unreachable pattern
[INFO] [stdout]    --> src/gb.rs:770:13
[INFO] [stdout]     |
[INFO] [stdout] 770 |             (0xF1, _) => { self.pop_af() }
[INFO] [stdout]     |             ^^^^^^^^^
[INFO] [stdout] 
[INFO] [stdout] 
[INFO] [stdout] warning: unreachable pattern
[INFO] [stdout]    --> src/gb.rs:776:13
[INFO] [stdout]     |
[INFO] [stdout] 776 |             (0x27, _) => { self.daa() }
[INFO] [stdout]     |             ^^^^^^^^^
[INFO] [stdout] 
[INFO] [stdout] 
[INFO] [stdout] warning: unused variable: `pc_inc`
[INFO] [stdout]    --> src/gb.rs:194:17
[INFO] [stdout]     |
[INFO] [stdout] 194 |         let mut pc_inc: u16 = 0;
[INFO] [stdout]     |                 ^^^^^^ help: if this is intentional, prefix it with an underscore: `_pc_inc`
[INFO] [stdout]     |
[INFO] [stdout]     = note: `#[warn(unused_variables)]` on by default
[INFO] [stdout] 
[INFO] [stdout] 
[INFO] [stdout] warning: unused variable: `val`
[INFO] [stdout]    --> src/gb.rs:665:20
[INFO] [stdout]     |
[INFO] [stdout] 665 |             (0xE2, val) => { self.ld_mem_r8_r8(&GB::get_c, &GB::get_a) }
[INFO] [stdout]     |                    ^^^ help: if this is intentional, prefix it with an underscore: `_val`
[INFO] [stdout] 
[INFO] [stdout] 
[INFO] [stdout] warning: unused variable: `val`
[INFO] [stdout]    --> src/gb.rs:666:20
[INFO] [stdout]     |
[INFO] [stdout] 666 |             (0xF2, val) => { self.ld_r8_mem_r8(&GB::set_a, &GB::get_c) }
[INFO] [stdout]     |                    ^^^ help: if this is intentional, prefix it with an underscore: `_val`
[INFO] [stdout] 
[INFO] [stdout] 
[INFO] [stdout] warning: unused variable: `val`
[INFO] [stdout]    --> src/gb.rs:669:20
[INFO] [stdout]     |
[INFO] [stdout] 669 |             (0xF9, val) => { self.ld_sp_hl() }
[INFO] [stdout]     |                    ^^^ help: if this is intentional, prefix it with an underscore: `_val`
[INFO] [stdout] 
[INFO] [stdout] 
[INFO] [stdout] warning: unused variable: `sign`
[INFO] [stdout]    --> src/gb.rs:860:13
[INFO] [stdout]     |
[INFO] [stdout] 860 |         let sign = r >> 7;
[INFO] [stdout]     |             ^^^^ help: if this is intentional, prefix it with an underscore: `_sign`
[INFO] [stdout] 
[INFO] [stdout] 
[INFO] [stdout] warning: unused variable: `a`
[INFO] [stdout]     --> src/gb.rs:1819:18
[INFO] [stdout]      |
[INFO] [stdout] 1819 |             let (a, result) = a.overflowing_add(0x06);
[INFO] [stdout]      |                  ^ help: if this is intentional, prefix it with an underscore: `_a`
[INFO] [stdout] 
[INFO] [stdout] 
[INFO] [stdout] warning: unused variable: `result`
[INFO] [stdout]     --> src/gb.rs:1819:21
[INFO] [stdout]      |
[INFO] [stdout] 1819 |             let (a, result) = a.overflowing_add(0x06);
[INFO] [stdout]      |                     ^^^^^^ help: if this is intentional, prefix it with an underscore: `_result`
[INFO] [stdout] 
[INFO] [stdout] 
[INFO] [stdout] warning: unused variable: `a`
[INFO] [stdout]     --> src/gb.rs:1821:18
[INFO] [stdout]      |
[INFO] [stdout] 1821 |             let (a, _) = a.overflowing_add(0x60);
[INFO] [stdout]      |                  ^ help: if this is intentional, prefix it with an underscore: `_a`
[INFO] [stdout] 
[INFO] [stdout] 
[INFO] [stdout] warning: unused variable: `a`
[INFO] [stdout]     --> src/gb.rs:1823:18
[INFO] [stdout]      |
[INFO] [stdout] 1823 |             let (a, _) = a.overflowing_sub(0x06);
[INFO] [stdout]      |                  ^ help: if this is intentional, prefix it with an underscore: `_a`
[INFO] [stdout] 
[INFO] [stdout] 
[INFO] [stdout] warning: unused variable: `a`
[INFO] [stdout]     --> src/gb.rs:1825:18
[INFO] [stdout]      |
[INFO] [stdout] 1825 |             let (a, _) = a.overflowing_sub(0x60);
[INFO] [stdout]      |                  ^ help: if this is intentional, prefix it with an underscore: `_a`
[INFO] [stdout] 
[INFO] [stdout] 
[INFO] [stdout] warning: unused variable: `timer`
[INFO] [stdout]  --> src/main.rs:7:13
[INFO] [stdout]   |
[INFO] [stdout] 7 |     let mut timer = 0;
[INFO] [stdout]   |             ^^^^^ help: if this is intentional, prefix it with an underscore: `_timer`
[INFO] [stdout] 
[INFO] [stdout] 
[INFO] [stdout] warning: variable does not need to be mutable
[INFO] [stdout]   --> src/gb.rs:49:13
[INFO] [stdout]    |
[INFO] [stdout] 49 |         let mut cartridge = Cartridge {
[INFO] [stdout]    |             ----^^^^^^^^^
[INFO] [stdout]    |             |
[INFO] [stdout]    |             help: remove this `mut`
[INFO] [stdout]    |
[INFO] [stdout]    = note: `#[warn(unused_mut)]` on by default
[INFO] [stdout] 
[INFO] [stdout] 
[INFO] [stdout] warning: variable does not need to be mutable
[INFO] [stdout]    --> src/gb.rs:134:21
[INFO] [stdout]     |
[INFO] [stdout] 134 |                 let mut address = format!("{:2X}{:2X} ",
[INFO] [stdout]     |                     ----^^^^^^^
[INFO] [stdout]     |                     |
[INFO] [stdout]     |                     help: remove this `mut`
[INFO] [stdout] 
[INFO] [stdout] 
[INFO] [stdout] warning: variable does not need to be mutable
[INFO] [stdout]    --> src/gb.rs:194:13
[INFO] [stdout]     |
[INFO] [stdout] 194 |         let mut pc_inc: u16 = 0;
[INFO] [stdout]     |             ----^^^^^^
[INFO] [stdout]     |             |
[INFO] [stdout]     |             help: remove this `mut`
[INFO] [stdout] 
[INFO] [stdout] 
[INFO] [stdout] warning: variable does not need to be mutable
[INFO] [stdout]    --> src/gb.rs:813:12
[INFO] [stdout]     |
[INFO] [stdout] 813 |     fn rrc(mut gb: &mut GB, mut r: u8) -> u8 {
[INFO] [stdout]     |            ----^^
[INFO] [stdout]     |            |
[INFO] [stdout]     |            help: remove this `mut`
[INFO] [stdout] 
[INFO] [stdout] 
[INFO] [stdout] warning: variable does not need to be mutable
[INFO] [stdout]     --> src/gb.rs:1091:14
[INFO] [stdout]      |
[INFO] [stdout] 1091 |         let (mut result, _) = a.overflowing_add(val);
[INFO] [stdout]      |              ----^^^^^^
[INFO] [stdout]      |              |
[INFO] [stdout]      |              help: remove this `mut`
[INFO] [stdout] 
[INFO] [stdout] 
[INFO] [stdout] warning: variable does not need to be mutable
[INFO] [stdout]     --> src/gb.rs:1186:14
[INFO] [stdout]      |
[INFO] [stdout] 1186 |         let (mut result, _) = a.overflowing_sub(val);
[INFO] [stdout]      |              ----^^^^^^
[INFO] [stdout]      |              |
[INFO] [stdout]      |              help: remove this `mut`
[INFO] [stdout] 
[INFO] [stdout] 
[INFO] [stdout] warning: variable does not need to be mutable
[INFO] [stdout]     --> src/gb.rs:1246:14
[INFO] [stdout]      |
[INFO] [stdout] 1246 |         let (mut result, _) = a.overflowing_sub(val);
[INFO] [stdout]      |              ----^^^^^^
[INFO] [stdout]      |              |
[INFO] [stdout]      |              help: remove this `mut`
[INFO] [stdout] 
[INFO] [stdout] 
[INFO] [stdout] warning: variable does not need to be mutable
[INFO] [stdout]     --> src/gb.rs:1472:13
[INFO] [stdout]      |
[INFO] [stdout] 1472 |         let mut val = getter(self);
[INFO] [stdout]      |             ----^^^
[INFO] [stdout]      |             |
[INFO] [stdout]      |             help: remove this `mut`
[INFO] [stdout] 
[INFO] [stdout] 
[INFO] [stdout] warning: variable does not need to be mutable
[INFO] [stdout]     --> src/gb.rs:1497:13
[INFO] [stdout]      |
[INFO] [stdout] 1497 |         let mut val = self.mem_read(self.hl);
[INFO] [stdout]      |             ----^^^
[INFO] [stdout]      |             |
[INFO] [stdout]      |             help: remove this `mut`
[INFO] [stdout] 
[INFO] [stdout] 
[INFO] [stdout] warning: variable does not need to be mutable
[INFO] [stdout]     --> src/gb.rs:1549:13
[INFO] [stdout]      |
[INFO] [stdout] 1549 |         let mut val = getter(self);
[INFO] [stdout]      |             ----^^^
[INFO] [stdout]      |             |
[INFO] [stdout]      |             help: remove this `mut`
[INFO] [stdout] 
[INFO] [stdout] 
[INFO] [stdout] warning: variable does not need to be mutable
[INFO] [stdout]     --> src/gb.rs:1574:13
[INFO] [stdout]      |
[INFO] [stdout] 1574 |         let mut val = self.mem_read(self.hl);
[INFO] [stdout]      |             ----^^^
[INFO] [stdout]      |             |
[INFO] [stdout]      |             help: remove this `mut`
[INFO] [stdout] 
[INFO] [stdout] 
[INFO] [stdout] warning: variable does not need to be mutable
[INFO] [stdout]     --> src/gb.rs:1817:13
[INFO] [stdout]      |
[INFO] [stdout] 1817 |         let mut a = self.get_a();
[INFO] [stdout]      |             ----^
[INFO] [stdout]      |             |
[INFO] [stdout]      |             help: remove this `mut`
[INFO] [stdout] 
[INFO] [stdout] 
[INFO] [stdout] warning: variable does not need to be mutable
[INFO] [stdout]  --> src/main.rs:7:9
[INFO] [stdout]   |
[INFO] [stdout] 7 |     let mut timer = 0;
[INFO] [stdout]   |         ----^^^^^
[INFO] [stdout]   |         |
[INFO] [stdout]   |         help: remove this `mut`
[INFO] [stdout] 
[INFO] [stdout] 
[INFO] [stdout] warning: 54 warnings emitted
[INFO] [stdout] 
[INFO] [stdout] 
[INFO] [stderr]     Finished test [unoptimized + debuginfo] target(s) in 1.22s
[INFO] running `Command { std: "docker" "inspect" "de710478d7a705250cb21ff99123b57b3ac3fc3bf0fad7b4e76c4d0457520c08", kill_on_drop: false }`
[INFO] running `Command { std: "docker" "rm" "-f" "de710478d7a705250cb21ff99123b57b3ac3fc3bf0fad7b4e76c4d0457520c08", kill_on_drop: false }`
[INFO] [stdout] de710478d7a705250cb21ff99123b57b3ac3fc3bf0fad7b4e76c4d0457520c08
[INFO] running `Command { std: "docker" "create" "-v" "/var/lib/crater-agent-workspace/builds/worker-5-tc2/target:/opt/rustwide/target:rw,Z" "-v" "/var/lib/crater-agent-workspace/builds/worker-5-tc2/source:/opt/rustwide/workdir:ro,Z" "-v" "/var/lib/crater-agent-workspace/cargo-home:/opt/rustwide/cargo-home:ro,Z" "-v" "/var/lib/crater-agent-workspace/rustup-home:/opt/rustwide/rustup-home:ro,Z" "-e" "SOURCE_DIR=/opt/rustwide/workdir" "-e" "CARGO_TARGET_DIR=/opt/rustwide/target" "-e" "CARGO_INCREMENTAL=0" "-e" "RUST_BACKTRACE=full" "-e" "RUSTFLAGS=--cap-lints=warn" "-e" "RUSTDOCFLAGS=--cap-lints=warn" "-e" "CARGO_HOME=/opt/rustwide/cargo-home" "-e" "RUSTUP_HOME=/opt/rustwide/rustup-home" "-w" "/opt/rustwide/workdir" "-m" "1610612736" "--user" "0:0" "--network" "none" "ghcr.io/rust-lang/crates-build-env/linux@sha256:5ff2268d62e97bff2cde7d5815dd6ed5b47097566f13b8d0ca110b04b60e07ed" "/opt/rustwide/cargo-home/bin/cargo" "+beta-2023-04-20" "test" "--frozen", kill_on_drop: false }`
[INFO] [stdout] c2ce944d66270077600fd60dbf0e1283681dc42d9ca6fb629f90b7c6494f4e48
[INFO] running `Command { std: "docker" "start" "-a" "c2ce944d66270077600fd60dbf0e1283681dc42d9ca6fb629f90b7c6494f4e48", kill_on_drop: false }`
[INFO] [stderr] warning: unnecessary parentheses around assigned value
[INFO] [stderr]     --> src/gb.rs:2690:13
[INFO] [stderr]      |
[INFO] [stderr] 2690 |     gb.bc = (0x1111);
[INFO] [stderr]      |             ^      ^
[INFO] [stderr]      |
[INFO] [stderr]      = note: `#[warn(unused_parens)]` on by default
[INFO] [stderr] help: remove these parentheses
[INFO] [stderr]      |
[INFO] [stderr] 2690 -     gb.bc = (0x1111);
[INFO] [stderr] 2690 +     gb.bc = 0x1111;
[INFO] [stderr]      |
[INFO] [stderr] 
[INFO] [stderr] warning: unnecessary parentheses around assigned value
[INFO] [stderr]     --> src/gb.rs:2697:13
[INFO] [stderr]      |
[INFO] [stderr] 2697 |     gb.bc = (0x1111);
[INFO] [stderr]      |             ^      ^
[INFO] [stderr]      |
[INFO] [stderr] help: remove these parentheses
[INFO] [stderr]      |
[INFO] [stderr] 2697 -     gb.bc = (0x1111);
[INFO] [stderr] 2697 +     gb.bc = 0x1111;
[INFO] [stderr]      |
[INFO] [stderr] 
[INFO] [stderr] warning: unused import: `std::fs::File`
[INFO] [stderr]  --> src/tests.rs:1:5
[INFO] [stderr]   |
[INFO] [stderr] 1 | use std::fs::File;
[INFO] [stderr]   |     ^^^^^^^^^^^^^
[INFO] [stderr]   |
[INFO] [stderr]   = note: `#[warn(unused_imports)]` on by default
[INFO] [stderr] 
[INFO] [stderr] warning: unused import: `std::io::prelude::*`
[INFO] [stderr]  --> src/tests.rs:2:5
[INFO] [stderr]   |
[INFO] [stderr] 2 | use std::io::prelude::*;
[INFO] [stderr]   |     ^^^^^^^^^^^^^^^^^^^
[INFO] [stderr] 
[INFO] [stderr] warning: unused import: `crate::gb::GB`
[INFO] [stderr]  --> src/tests.rs:3:5
[INFO] [stderr]   |
[INFO] [stderr] 3 | use crate::gb::GB;
[INFO] [stderr]   |     ^^^^^^^^^^^^^
[INFO] [stderr] 
[INFO] [stderr] warning: unused label
[INFO] [stderr]   --> src/main.rs:21:5
[INFO] [stderr]    |
[INFO] [stderr] 21 |     'main: loop {
[INFO] [stderr]    |     ^^^^^
[INFO] [stderr]    |
[INFO] [stderr]    = note: `#[warn(unused_labels)]` on by default
[INFO] [stderr] 
[INFO] [stderr] warning: trait objects without an explicit `dyn` are deprecated
[INFO] [stderr]    --> src/gb.rs:785:30
[INFO] [stderr]     |
[INFO] [stderr] 785 |                     getter: &Fn(&mut GB) -> u8,
[INFO] [stderr]     |                              ^^^^^^^^^^^^^^^^^
[INFO] [stderr]     |
[INFO] [stderr]     = warning: this is accepted in the current edition (Rust 2018) but is a hard error in Rust 2021!
[INFO] [stderr]     = note: for more information, see <https://doc.rust-lang.org/nightly/edition-guide/rust-2021/warnings-promoted-to-error.html>
[INFO] [stderr]     = note: `#[warn(bare_trait_objects)]` on by default
[INFO] [stderr] help: use `dyn`
[INFO] [stderr]     |
[INFO] [stderr] 785 |                     getter: &dyn Fn(&mut GB) -> u8,
[INFO] [stderr]     |                              +++
[INFO] [stderr] 
[INFO] [stderr] warning: trait objects without an explicit `dyn` are deprecated
[INFO] [stderr]    --> src/gb.rs:786:25
[INFO] [stderr]     |
[INFO] [stderr] 786 |                     f: &Fn(&mut GB, u8) -> u8,
[INFO] [stderr]     |                         ^^^^^^^^^^^^^^^^^^^^^
[INFO] [stderr]     |
[INFO] [stderr]     = warning: this is accepted in the current edition (Rust 2018) but is a hard error in Rust 2021!
[INFO] [stderr]     = note: for more information, see <https://doc.rust-lang.org/nightly/edition-guide/rust-2021/warnings-promoted-to-error.html>
[INFO] [stderr] help: use `dyn`
[INFO] [stderr]     |
[INFO] [stderr] 786 |                     f: &dyn Fn(&mut GB, u8) -> u8,
[INFO] [stderr]     |                         +++
[INFO] [stderr] 
[INFO] [stderr] warning: trait objects without an explicit `dyn` are deprecated
[INFO] [stderr]    --> src/gb.rs:787:30
[INFO] [stderr]     |
[INFO] [stderr] 787 |                     setter: &Fn(&mut GB, u8)) -> u32 {
[INFO] [stderr]     |                              ^^^^^^^^^^^^^^^
[INFO] [stderr]     |
[INFO] [stderr]     = warning: this is accepted in the current edition (Rust 2018) but is a hard error in Rust 2021!
[INFO] [stderr]     = note: for more information, see <https://doc.rust-lang.org/nightly/edition-guide/rust-2021/warnings-promoted-to-error.html>
[INFO] [stderr] help: use `dyn`
[INFO] [stderr]     |
[INFO] [stderr] 787 |                     setter: &dyn Fn(&mut GB, u8)) -> u32 {
[INFO] [stderr]     |                              +++
[INFO] [stderr] 
[INFO] [stderr] warning: trait objects without an explicit `dyn` are deprecated
[INFO] [stderr]    --> src/gb.rs:794:37
[INFO] [stderr]     |
[INFO] [stderr] 794 |     pub fn shift_mem(&mut self, f: &Fn(&mut GB, u8) -> u8) -> u32 {
[INFO] [stderr]     |                                     ^^^^^^^^^^^^^^^^^^^^^
[INFO] [stderr]     |
[INFO] [stderr]     = warning: this is accepted in the current edition (Rust 2018) but is a hard error in Rust 2021!
[INFO] [stderr]     = note: for more information, see <https://doc.rust-lang.org/nightly/edition-guide/rust-2021/warnings-promoted-to-error.html>
[INFO] [stderr] help: use `dyn`
[INFO] [stderr]     |
[INFO] [stderr] 794 |     pub fn shift_mem(&mut self, f: &dyn Fn(&mut GB, u8) -> u8) -> u32 {
[INFO] [stderr]     |                                     +++
[INFO] [stderr] 
[INFO] [stderr] warning: trait objects without an explicit `dyn` are deprecated
[INFO] [stderr]    --> src/gb.rs:962:37
[INFO] [stderr]     |
[INFO] [stderr] 962 |     fn ld_r8_r8(&mut self, setter: &Fn(&mut GB, u8), getter: &Fn(&mut GB) -> u8) -> u32 {
[INFO] [stderr]     |                                     ^^^^^^^^^^^^^^^
[INFO] [stderr]     |
[INFO] [stderr]     = warning: this is accepted in the current edition (Rust 2018) but is a hard error in Rust 2021!
[INFO] [stderr]     = note: for more information, see <https://doc.rust-lang.org/nightly/edition-guide/rust-2021/warnings-promoted-to-error.html>
[INFO] [stderr] help: use `dyn`
[INFO] [stderr]     |
[INFO] [stderr] 962 |     fn ld_r8_r8(&mut self, setter: &dyn Fn(&mut GB, u8), getter: &Fn(&mut GB) -> u8) -> u32 {
[INFO] [stderr]     |                                     +++
[INFO] [stderr] 
[INFO] [stderr] warning: trait objects without an explicit `dyn` are deprecated
[INFO] [stderr]    --> src/gb.rs:962:63
[INFO] [stderr]     |
[INFO] [stderr] 962 |     fn ld_r8_r8(&mut self, setter: &Fn(&mut GB, u8), getter: &Fn(&mut GB) -> u8) -> u32 {
[INFO] [stderr]     |                                                               ^^^^^^^^^^^^^^^^^
[INFO] [stderr]     |
[INFO] [stderr]     = warning: this is accepted in the current edition (Rust 2018) but is a hard error in Rust 2021!
[INFO] [stderr]     = note: for more information, see <https://doc.rust-lang.org/nightly/edition-guide/rust-2021/warnings-promoted-to-error.html>
[INFO] [stderr] help: use `dyn`
[INFO] [stderr]     |
[INFO] [stderr] 962 |     fn ld_r8_r8(&mut self, setter: &Fn(&mut GB, u8), getter: &dyn Fn(&mut GB) -> u8) -> u32 {
[INFO] [stderr]     |                                                               +++
[INFO] [stderr] 
[INFO] [stderr] warning: trait objects without an explicit `dyn` are deprecated
[INFO] [stderr]    --> src/gb.rs:968:62
[INFO] [stderr]     |
[INFO] [stderr] 968 |     fn ld_mem_r16_r8(&mut self, dest_addr: u16, src_getter: &Fn(&mut GB) -> u8) -> u32 {
[INFO] [stderr]     |                                                              ^^^^^^^^^^^^^^^^^
[INFO] [stderr]     |
[INFO] [stderr]     = warning: this is accepted in the current edition (Rust 2018) but is a hard error in Rust 2021!
[INFO] [stderr]     = note: for more information, see <https://doc.rust-lang.org/nightly/edition-guide/rust-2021/warnings-promoted-to-error.html>
[INFO] [stderr] help: use `dyn`
[INFO] [stderr]     |
[INFO] [stderr] 968 |     fn ld_mem_r16_r8(&mut self, dest_addr: u16, src_getter: &dyn Fn(&mut GB) -> u8) -> u32 {
[INFO] [stderr]     |                                                              +++
[INFO] [stderr] 
[INFO] [stderr] warning: trait objects without an explicit `dyn` are deprecated
[INFO] [stderr]    --> src/gb.rs:974:47
[INFO] [stderr]     |
[INFO] [stderr] 974 |     fn ld_r8_mem_r16(&mut self, dest_setter: &Fn(&mut GB, u8), src_addr: u16) -> u32 {
[INFO] [stderr]     |                                               ^^^^^^^^^^^^^^^
[INFO] [stderr]     |
[INFO] [stderr]     = warning: this is accepted in the current edition (Rust 2018) but is a hard error in Rust 2021!
[INFO] [stderr]     = note: for more information, see <https://doc.rust-lang.org/nightly/edition-guide/rust-2021/warnings-promoted-to-error.html>
[INFO] [stderr] help: use `dyn`
[INFO] [stderr]     |
[INFO] [stderr] 974 |     fn ld_r8_mem_r16(&mut self, dest_setter: &dyn Fn(&mut GB, u8), src_addr: u16) -> u32 {
[INFO] [stderr]     |                                               +++
[INFO] [stderr] 
[INFO] [stderr] warning: trait objects without an explicit `dyn` are deprecated
[INFO] [stderr]    --> src/gb.rs:980:37
[INFO] [stderr]     |
[INFO] [stderr] 980 |     fn ld_r8_d8(&mut self, setter: &Fn(&mut GB, u8), val: u8) -> u32 {
[INFO] [stderr]     |                                     ^^^^^^^^^^^^^^^
[INFO] [stderr]     |
[INFO] [stderr]     = warning: this is accepted in the current edition (Rust 2018) but is a hard error in Rust 2021!
[INFO] [stderr]     = note: for more information, see <https://doc.rust-lang.org/nightly/edition-guide/rust-2021/warnings-promoted-to-error.html>
[INFO] [stderr] help: use `dyn`
[INFO] [stderr]     |
[INFO] [stderr] 980 |     fn ld_r8_d8(&mut self, setter: &dyn Fn(&mut GB, u8), val: u8) -> u32 {
[INFO] [stderr]     |                                     +++
[INFO] [stderr] 
[INFO] [stderr] warning: trait objects without an explicit `dyn` are deprecated
[INFO] [stderr]     --> src/gb.rs:1012:57
[INFO] [stderr]      |
[INFO] [stderr] 1012 |     fn ldh_mem_a8_r8(&mut self, dest_addr: u8, getter: &Fn(&mut GB) -> u8) -> u32 {
[INFO] [stderr]      |                                                         ^^^^^^^^^^^^^^^^^
[INFO] [stderr]      |
[INFO] [stderr]      = warning: this is accepted in the current edition (Rust 2018) but is a hard error in Rust 2021!
[INFO] [stderr]      = note: for more information, see <https://doc.rust-lang.org/nightly/edition-guide/rust-2021/warnings-promoted-to-error.html>
[INFO] [stderr] help: use `dyn`
[INFO] [stderr]      |
[INFO] [stderr] 1012 |     fn ldh_mem_a8_r8(&mut self, dest_addr: u8, getter: &dyn Fn(&mut GB) -> u8) -> u32 {
[INFO] [stderr]      |                                                         +++
[INFO] [stderr] 
[INFO] [stderr] warning: trait objects without an explicit `dyn` are deprecated
[INFO] [stderr]     --> src/gb.rs:1019:42
[INFO] [stderr]      |
[INFO] [stderr] 1019 |     fn ldh_r8_mem_a8(&mut self, setter: &Fn(&mut GB, u8), src_addr: u8) -> u32 {
[INFO] [stderr]      |                                          ^^^^^^^^^^^^^^^
[INFO] [stderr]      |
[INFO] [stderr]      = warning: this is accepted in the current edition (Rust 2018) but is a hard error in Rust 2021!
[INFO] [stderr]      = note: for more information, see <https://doc.rust-lang.org/nightly/edition-guide/rust-2021/warnings-promoted-to-error.html>
[INFO] [stderr] help: use `dyn`
[INFO] [stderr]      |
[INFO] [stderr] 1019 |     fn ldh_r8_mem_a8(&mut self, setter: &dyn Fn(&mut GB, u8), src_addr: u8) -> u32 {
[INFO] [stderr]      |                                          +++
[INFO] [stderr] 
[INFO] [stderr] warning: trait objects without an explicit `dyn` are deprecated
[INFO] [stderr]     --> src/gb.rs:1026:46
[INFO] [stderr]      |
[INFO] [stderr] 1026 |     fn ld_mem_r8_r8(&mut self, dest_getter: &Fn(&mut GB) -> u8, src_getter: &Fn(&mut GB) -> u8) -> u32 {
[INFO] [stderr]      |                                              ^^^^^^^^^^^^^^^^^
[INFO] [stderr]      |
[INFO] [stderr]      = warning: this is accepted in the current edition (Rust 2018) but is a hard error in Rust 2021!
[INFO] [stderr]      = note: for more information, see <https://doc.rust-lang.org/nightly/edition-guide/rust-2021/warnings-promoted-to-error.html>
[INFO] [stderr] help: use `dyn`
[INFO] [stderr]      |
[INFO] [stderr] 1026 |     fn ld_mem_r8_r8(&mut self, dest_getter: &dyn Fn(&mut GB) -> u8, src_getter: &Fn(&mut GB) -> u8) -> u32 {
[INFO] [stderr]      |                                              +++
[INFO] [stderr] 
[INFO] [stderr] warning: trait objects without an explicit `dyn` are deprecated
[INFO] [stderr]     --> src/gb.rs:1026:78
[INFO] [stderr]      |
[INFO] [stderr] 1026 |     fn ld_mem_r8_r8(&mut self, dest_getter: &Fn(&mut GB) -> u8, src_getter: &Fn(&mut GB) -> u8) -> u32 {
[INFO] [stderr]      |                                                                              ^^^^^^^^^^^^^^^^^
[INFO] [stderr]      |
[INFO] [stderr]      = warning: this is accepted in the current edition (Rust 2018) but is a hard error in Rust 2021!
[INFO] [stderr]      = note: for more information, see <https://doc.rust-lang.org/nightly/edition-guide/rust-2021/warnings-promoted-to-error.html>
[INFO] [stderr] help: use `dyn`
[INFO] [stderr]      |
[INFO] [stderr] 1026 |     fn ld_mem_r8_r8(&mut self, dest_getter: &Fn(&mut GB) -> u8, src_getter: &dyn Fn(&mut GB) -> u8) -> u32 {
[INFO] [stderr]      |                                                                              +++
[INFO] [stderr] 
[INFO] [stderr] warning: trait objects without an explicit `dyn` are deprecated
[INFO] [stderr]     --> src/gb.rs:1034:46
[INFO] [stderr]      |
[INFO] [stderr] 1034 |     fn ld_r8_mem_r8(&mut self, dest_setter: &Fn(&mut GB, u8), src_getter: &Fn(&mut GB) -> u8) -> u32 {
[INFO] [stderr]      |                                              ^^^^^^^^^^^^^^^
[INFO] [stderr]      |
[INFO] [stderr]      = warning: this is accepted in the current edition (Rust 2018) but is a hard error in Rust 2021!
[INFO] [stderr]      = note: for more information, see <https://doc.rust-lang.org/nightly/edition-guide/rust-2021/warnings-promoted-to-error.html>
[INFO] [stderr] help: use `dyn`
[INFO] [stderr]      |
[INFO] [stderr] 1034 |     fn ld_r8_mem_r8(&mut self, dest_setter: &dyn Fn(&mut GB, u8), src_getter: &Fn(&mut GB) -> u8) -> u32 {
[INFO] [stderr]      |                                              +++
[INFO] [stderr] 
[INFO] [stderr] warning: trait objects without an explicit `dyn` are deprecated
[INFO] [stderr]     --> src/gb.rs:1034:76
[INFO] [stderr]      |
[INFO] [stderr] 1034 |     fn ld_r8_mem_r8(&mut self, dest_setter: &Fn(&mut GB, u8), src_getter: &Fn(&mut GB) -> u8) -> u32 {
[INFO] [stderr]      |                                                                            ^^^^^^^^^^^^^^^^^
[INFO] [stderr]      |
[INFO] [stderr]      = warning: this is accepted in the current edition (Rust 2018) but is a hard error in Rust 2021!
[INFO] [stderr]      = note: for more information, see <https://doc.rust-lang.org/nightly/edition-guide/rust-2021/warnings-promoted-to-error.html>
[INFO] [stderr] help: use `dyn`
[INFO] [stderr]      |
[INFO] [stderr] 1034 |     fn ld_r8_mem_r8(&mut self, dest_setter: &Fn(&mut GB, u8), src_getter: &dyn Fn(&mut GB) -> u8) -> u32 {
[INFO] [stderr]      |                                                                            +++
[INFO] [stderr] 
[INFO] [stderr] warning: trait objects without an explicit `dyn` are deprecated
[INFO] [stderr]     --> src/gb.rs:1471:35
[INFO] [stderr]      |
[INFO] [stderr] 1471 |     fn dec_r8(&mut self, setter: &Fn(&mut GB, u8), getter: &Fn(&mut GB) -> u8) -> u32 {
[INFO] [stderr]      |                                   ^^^^^^^^^^^^^^^
[INFO] [stderr]      |
[INFO] [stderr]      = warning: this is accepted in the current edition (Rust 2018) but is a hard error in Rust 2021!
[INFO] [stderr]      = note: for more information, see <https://doc.rust-lang.org/nightly/edition-guide/rust-2021/warnings-promoted-to-error.html>
[INFO] [stderr] help: use `dyn`
[INFO] [stderr]      |
[INFO] [stderr] 1471 |     fn dec_r8(&mut self, setter: &dyn Fn(&mut GB, u8), getter: &Fn(&mut GB) -> u8) -> u32 {
[INFO] [stderr]      |                                   +++
[INFO] [stderr] 
[INFO] [stderr] warning: trait objects without an explicit `dyn` are deprecated
[INFO] [stderr]     --> src/gb.rs:1471:61
[INFO] [stderr]      |
[INFO] [stderr] 1471 |     fn dec_r8(&mut self, setter: &Fn(&mut GB, u8), getter: &Fn(&mut GB) -> u8) -> u32 {
[INFO] [stderr]      |                                                             ^^^^^^^^^^^^^^^^^
[INFO] [stderr]      |
[INFO] [stderr]      = warning: this is accepted in the current edition (Rust 2018) but is a hard error in Rust 2021!
[INFO] [stderr]      = note: for more information, see <https://doc.rust-lang.org/nightly/edition-guide/rust-2021/warnings-promoted-to-error.html>
[INFO] [stderr] help: use `dyn`
[INFO] [stderr]      |
[INFO] [stderr] 1471 |     fn dec_r8(&mut self, setter: &Fn(&mut GB, u8), getter: &dyn Fn(&mut GB) -> u8) -> u32 {
[INFO] [stderr]      |                                                             +++
[INFO] [stderr] 
[INFO] [stderr] warning: trait objects without an explicit `dyn` are deprecated
[INFO] [stderr]     --> src/gb.rs:1548:35
[INFO] [stderr]      |
[INFO] [stderr] 1548 |     fn inc_r8(&mut self, setter: &Fn(&mut GB, u8), getter: &Fn(&mut GB) -> u8) -> u32 {
[INFO] [stderr]      |                                   ^^^^^^^^^^^^^^^
[INFO] [stderr]      |
[INFO] [stderr]      = warning: this is accepted in the current edition (Rust 2018) but is a hard error in Rust 2021!
[INFO] [stderr]      = note: for more information, see <https://doc.rust-lang.org/nightly/edition-guide/rust-2021/warnings-promoted-to-error.html>
[INFO] [stderr] help: use `dyn`
[INFO] [stderr]      |
[INFO] [stderr] 1548 |     fn inc_r8(&mut self, setter: &dyn Fn(&mut GB, u8), getter: &Fn(&mut GB) -> u8) -> u32 {
[INFO] [stderr]      |                                   +++
[INFO] [stderr] 
[INFO] [stderr] warning: trait objects without an explicit `dyn` are deprecated
[INFO] [stderr]     --> src/gb.rs:1548:61
[INFO] [stderr]      |
[INFO] [stderr] 1548 |     fn inc_r8(&mut self, setter: &Fn(&mut GB, u8), getter: &Fn(&mut GB) -> u8) -> u32 {
[INFO] [stderr]      |                                                             ^^^^^^^^^^^^^^^^^
[INFO] [stderr]      |
[INFO] [stderr]      = warning: this is accepted in the current edition (Rust 2018) but is a hard error in Rust 2021!
[INFO] [stderr]      = note: for more information, see <https://doc.rust-lang.org/nightly/edition-guide/rust-2021/warnings-promoted-to-error.html>
[INFO] [stderr] help: use `dyn`
[INFO] [stderr]      |
[INFO] [stderr] 1548 |     fn inc_r8(&mut self, setter: &Fn(&mut GB, u8), getter: &dyn Fn(&mut GB) -> u8) -> u32 {
[INFO] [stderr]      |                                                             +++
[INFO] [stderr] 
[INFO] [stderr] warning: unreachable pattern
[INFO] [stderr]    --> src/gb.rs:568:13
[INFO] [stderr]     |
[INFO] [stderr] 568 |             (0x66, _) => { self.ld_r8_mem_r16(&GB::set_a, self.hl) }
[INFO] [stderr]     |             ^^^^^^^^^
[INFO] [stderr]     |
[INFO] [stderr]     = note: `#[warn(unreachable_patterns)]` on by default
[INFO] [stderr] 
[INFO] [stderr] warning: unreachable pattern
[INFO] [stderr]    --> src/gb.rs:726:13
[INFO] [stderr]     |
[INFO] [stderr] 726 |             (0x18, val) => { self.jr_nz_a8(val as i8) }
[INFO] [stderr]     |             ^^^^^^^^^^^
[INFO] [stderr] 
[INFO] [stderr] warning: unreachable pattern
[INFO] [stderr]    --> src/gb.rs:743:13
[INFO] [stderr]     |
[INFO] [stderr] 743 |             (0xC8, _) => { self.ret_c_a16() }
[INFO] [stderr]     |             ^^^^^^^^^
[INFO] [stderr] 
[INFO] [stderr] warning: unreachable pattern
[INFO] [stderr]    --> src/gb.rs:770:13
[INFO] [stderr]     |
[INFO] [stderr] 770 |             (0xF1, _) => { self.pop_af() }
[INFO] [stderr]     |             ^^^^^^^^^
[INFO] [stderr] 
[INFO] [stderr] warning: unreachable pattern
[INFO] [stderr]    --> src/gb.rs:776:13
[INFO] [stderr]     |
[INFO] [stderr] 776 |             (0x27, _) => { self.daa() }
[INFO] [stderr]     |             ^^^^^^^^^
[INFO] [stderr] 
[INFO] [stderr] warning: unused variable: `pc_inc`
[INFO] [stderr]    --> src/gb.rs:194:17
[INFO] [stderr]     |
[INFO] [stderr] 194 |         let mut pc_inc: u16 = 0;
[INFO] [stderr]     |                 ^^^^^^ help: if this is intentional, prefix it with an underscore: `_pc_inc`
[INFO] [stderr]     |
[INFO] [stderr]     = note: `#[warn(unused_variables)]` on by default
[INFO] [stderr] 
[INFO] [stderr] warning: unused variable: `val`
[INFO] [stderr]    --> src/gb.rs:665:20
[INFO] [stderr]     |
[INFO] [stderr] 665 |             (0xE2, val) => { self.ld_mem_r8_r8(&GB::get_c, &GB::get_a) }
[INFO] [stderr]     |                    ^^^ help: if this is intentional, prefix it with an underscore: `_val`
[INFO] [stderr] 
[INFO] [stderr] warning: unused variable: `val`
[INFO] [stderr]    --> src/gb.rs:666:20
[INFO] [stderr]     |
[INFO] [stderr] 666 |             (0xF2, val) => { self.ld_r8_mem_r8(&GB::set_a, &GB::get_c) }
[INFO] [stderr]     |                    ^^^ help: if this is intentional, prefix it with an underscore: `_val`
[INFO] [stderr] 
[INFO] [stderr] warning: unused variable: `val`
[INFO] [stderr]    --> src/gb.rs:669:20
[INFO] [stderr]     |
[INFO] [stderr] 669 |             (0xF9, val) => { self.ld_sp_hl() }
[INFO] [stderr]     |                    ^^^ help: if this is intentional, prefix it with an underscore: `_val`
[INFO] [stderr] 
[INFO] [stderr] warning: unused variable: `sign`
[INFO] [stderr]    --> src/gb.rs:860:13
[INFO] [stderr]     |
[INFO] [stderr] 860 |         let sign = r >> 7;
[INFO] [stderr]     |             ^^^^ help: if this is intentional, prefix it with an underscore: `_sign`
[INFO] [stderr] 
[INFO] [stderr] warning: unused variable: `a`
[INFO] [stderr]     --> src/gb.rs:1819:18
[INFO] [stderr]      |
[INFO] [stderr] 1819 |             let (a, result) = a.overflowing_add(0x06);
[INFO] [stderr]      |                  ^ help: if this is intentional, prefix it with an underscore: `_a`
[INFO] [stderr] 
[INFO] [stderr] warning: unused variable: `result`
[INFO] [stderr]     --> src/gb.rs:1819:21
[INFO] [stderr]      |
[INFO] [stderr] 1819 |             let (a, result) = a.overflowing_add(0x06);
[INFO] [stderr]      |                     ^^^^^^ help: if this is intentional, prefix it with an underscore: `_result`
[INFO] [stderr] 
[INFO] [stderr] warning: unused variable: `a`
[INFO] [stderr]     --> src/gb.rs:1821:18
[INFO] [stderr]      |
[INFO] [stderr] 1821 |             let (a, _) = a.overflowing_add(0x60);
[INFO] [stderr]      |                  ^ help: if this is intentional, prefix it with an underscore: `_a`
[INFO] [stderr] 
[INFO] [stderr] warning: unused variable: `a`
[INFO] [stderr]     --> src/gb.rs:1823:18
[INFO] [stderr]      |
[INFO] [stderr] 1823 |             let (a, _) = a.overflowing_sub(0x06);
[INFO] [stderr]      |                  ^ help: if this is intentional, prefix it with an underscore: `_a`
[INFO] [stderr] 
[INFO] [stderr] warning: unused variable: `a`
[INFO] [stderr]     --> src/gb.rs:1825:18
[INFO] [stderr]      |
[INFO] [stderr] 1825 |             let (a, _) = a.overflowing_sub(0x60);
[INFO] [stderr]      |                  ^ help: if this is intentional, prefix it with an underscore: `_a`
[INFO] [stderr] 
[INFO] [stderr] warning: unused variable: `timer`
[INFO] [stderr]  --> src/main.rs:7:13
[INFO] [stderr]   |
[INFO] [stderr] 7 |     let mut timer = 0;
[INFO] [stderr]   |             ^^^^^ help: if this is intentional, prefix it with an underscore: `_timer`
[INFO] [stderr] 
[INFO] [stderr] warning: variable does not need to be mutable
[INFO] [stderr]   --> src/gb.rs:49:13
[INFO] [stderr]    |
[INFO] [stderr] 49 |         let mut cartridge = Cartridge {
[INFO] [stderr]    |             ----^^^^^^^^^
[INFO] [stderr]    |             |
[INFO] [stderr]    |             help: remove this `mut`
[INFO] [stderr]    |
[INFO] [stderr]    = note: `#[warn(unused_mut)]` on by default
[INFO] [stderr] 
[INFO] [stderr] warning: variable does not need to be mutable
[INFO] [stderr]    --> src/gb.rs:134:21
[INFO] [stderr]     |
[INFO] [stderr] 134 |                 let mut address = format!("{:2X}{:2X} ",
[INFO] [stderr]     |                     ----^^^^^^^
[INFO] [stderr]     |                     |
[INFO] [stderr]     |                     help: remove this `mut`
[INFO] [stderr] 
[INFO] [stderr] warning: variable does not need to be mutable
[INFO] [stderr]    --> src/gb.rs:194:13
[INFO] [stderr]     |
[INFO] [stderr] 194 |         let mut pc_inc: u16 = 0;
[INFO] [stderr]     |             ----^^^^^^
[INFO] [stderr]     |             |
[INFO] [stderr]     |             help: remove this `mut`
[INFO] [stderr] 
[INFO] [stderr] warning: variable does not need to be mutable
[INFO] [stderr]    --> src/gb.rs:813:12
[INFO] [stderr]     |
[INFO] [stderr] 813 |     fn rrc(mut gb: &mut GB, mut r: u8) -> u8 {
[INFO] [stderr]     |            ----^^
[INFO] [stderr]     |            |
[INFO] [stderr]     |            help: remove this `mut`
[INFO] [stderr] 
[INFO] [stderr] warning: variable does not need to be mutable
[INFO] [stderr]     --> src/gb.rs:1091:14
[INFO] [stderr]      |
[INFO] [stderr] 1091 |         let (mut result, _) = a.overflowing_add(val);
[INFO] [stderr]      |              ----^^^^^^
[INFO] [stderr]      |              |
[INFO] [stderr]      |              help: remove this `mut`
[INFO] [stderr] 
[INFO] [stderr] warning: variable does not need to be mutable
[INFO] [stderr]     --> src/gb.rs:1186:14
[INFO] [stderr]      |
[INFO] [stderr] 1186 |         let (mut result, _) = a.overflowing_sub(val);
[INFO] [stderr]      |              ----^^^^^^
[INFO] [stderr]      |              |
[INFO] [stderr]      |              help: remove this `mut`
[INFO] [stderr] 
[INFO] [stderr] warning: variable does not need to be mutable
[INFO] [stderr]     --> src/gb.rs:1246:14
[INFO] [stderr]      |
[INFO] [stderr] 1246 |         let (mut result, _) = a.overflowing_sub(val);
[INFO] [stderr]      |              ----^^^^^^
[INFO] [stderr]      |              |
[INFO] [stderr]      |              help: remove this `mut`
[INFO] [stderr] 
[INFO] [stderr] warning: variable does not need to be mutable
[INFO] [stderr]     --> src/gb.rs:1472:13
[INFO] [stderr]      |
[INFO] [stderr] 1472 |         let mut val = getter(self);
[INFO] [stderr]      |             ----^^^
[INFO] [stderr]      |             |
[INFO] [stderr]      |             help: remove this `mut`
[INFO] [stderr] 
[INFO] [stderr] warning: variable does not need to be mutable
[INFO] [stderr]     --> src/gb.rs:1497:13
[INFO] [stderr]      |
[INFO] [stderr] 1497 |         let mut val = self.mem_read(self.hl);
[INFO] [stderr]      |             ----^^^
[INFO] [stderr]      |             |
[INFO] [stderr]      |             help: remove this `mut`
[INFO] [stderr] 
[INFO] [stderr] warning: variable does not need to be mutable
[INFO] [stderr]     --> src/gb.rs:1549:13
[INFO] [stderr]      |
[INFO] [stderr] 1549 |         let mut val = getter(self);
[INFO] [stderr]      |             ----^^^
[INFO] [stderr]      |             |
[INFO] [stderr]      |             help: remove this `mut`
[INFO] [stderr] 
[INFO] [stderr] warning: variable does not need to be mutable
[INFO] [stderr]     --> src/gb.rs:1574:13
[INFO] [stderr]      |
[INFO] [stderr] 1574 |         let mut val = self.mem_read(self.hl);
[INFO] [stderr]      |             ----^^^
[INFO] [stderr]      |             |
[INFO] [stderr]      |             help: remove this `mut`
[INFO] [stderr] 
[INFO] [stderr] warning: variable does not need to be mutable
[INFO] [stderr]     --> src/gb.rs:1817:13
[INFO] [stderr]      |
[INFO] [stderr] 1817 |         let mut a = self.get_a();
[INFO] [stderr]      |             ----^
[INFO] [stderr]      |             |
[INFO] [stderr]      |             help: remove this `mut`
[INFO] [stderr] 
[INFO] [stderr] warning: variable does not need to be mutable
[INFO] [stderr]  --> src/main.rs:7:9
[INFO] [stderr]   |
[INFO] [stderr] 7 |     let mut timer = 0;
[INFO] [stderr]   |         ----^^^^^
[INFO] [stderr]   |         |
[INFO] [stderr]   |         help: remove this `mut`
[INFO] [stderr] 
[INFO] [stderr] warning: `gb-emu` (bin "gb-emu" test) generated 54 warnings (run `cargo fix --bin "gb-emu" --tests` to apply 48 suggestions)
[INFO] [stderr]     Finished test [unoptimized + debuginfo] target(s) in 0.01s
[INFO] [stderr]      Running unittests src/main.rs (/opt/rustwide/target/debug/deps/gb_emu-8ae49a35b2df3961)
[INFO] [stdout] 
[INFO] [stdout] running 119 tests
[INFO] [stdout] test gb::adc_r8_test ... ok
[INFO] [stdout] test gb::add_r8_test ... ok
[INFO] [stdout] test gb::add_hl_bc_test ... ok
[INFO] [stdout] test gb::bit_6_b_off ... ok
[INFO] [stdout] test gb::bit_0_b_on ... ok
[INFO] [stdout] test gb::bit_0_b_off ... ok
[INFO] [stdout] test gb::bit_0_hl_on ... ok
[INFO] [stdout] test gb::bit_6_hl_off ... ok
[INFO] [stdout] test gb::and_r8_test ... ok
[INFO] [stdout] test gb::bit_6_hl_on ... ok
[INFO] [stdout] test gb::call_c_a16_test ... ok
[INFO] [stdout] test gb::bit_6_b_on ... ok
[INFO] [stdout] test gb::call_nc_a16_test ... ok
[INFO] [stdout] test gb::bit_0_hl_off ... ok
[INFO] [stdout] test gb::call_nz_a16_test ... ok
[INFO] [stdout] test gb::call_a16_test ... ok
[INFO] [stdout] test gb::call_z_a16_test ... ok
[INFO] [stdout] test gb::cp_r8_test ... ok
[INFO] [stdout] test gb::dec_bc_test ... ok
[INFO] [stdout] test gb::cpl_test ... ok
[INFO] [stdout] test gb::daa_cy_sub_test ... ok
[INFO] [stdout] test gb::dec_r8_test ... ok
[INFO] [stdout] test gb::inc_bc_test ... ok
[INFO] [stdout] test gb::dec_r8_mem_test ... ok
[INFO] [stdout] test gb::di_test ... ok
[INFO] [stdout] test gb::ei_test ... ok
[INFO] [stdout] test gb::inc_r8_mem_test ... ok
[INFO] [stdout] test gb::inc_r8_test ... ok
[INFO] [stdout] test gb::daa_cf_add_test ... FAILED
[INFO] [stdout] test gb::jp_c_test ... ok
[INFO] [stdout] test gb::jp_a16_test ... ok
[INFO] [stdout] test gb::jp_z_test ... ok
[INFO] [stdout] test gb::jp_hl_test ... ok
[INFO] [stdout] test gb::jp_nc_test ... ok
[INFO] [stdout] test gb::jr_nc_a8_test ... ok
[INFO] [stdout] test gb::jr_c_a8_test ... ok
[INFO] [stdout] test gb::jp_nz_test ... ok
[INFO] [stdout] test gb::daa_hf_sub_test ... FAILED
[INFO] [stdout] test gb::ld_a_mem_bc_test ... ok
[INFO] [stdout] test gb::jr_a8_pos_test ... ok
[INFO] [stdout] test gb::jr_z_a8_test ... ok
[INFO] [stdout] test gb::jr_nz_a8_test ... ok
[INFO] [stdout] test gb::daa_hf_add_test ... FAILED
[INFO] [stdout] test gb::ld_a_mem_a16_test ... ok
[INFO] [stdout] test gb::jr_a8_neg_test ... ok
[INFO] [stdout] test gb::ld_b_mem_hl_test ... ok
[INFO] [stdout] test gb::ld_b_d8_test ... ok
[INFO] [stdout] test gb::ld_a_mem_hl_inc_test ... ok
[INFO] [stdout] test gb::ld_bc_d16_test ... ok
[INFO] [stdout] test gb::ld_b_c_test ... ok
[INFO] [stdout] test gb::ld_hl_mem_inc_test ... ok
[INFO] [stdout] test gb::ld_hl_d16_test ... ok
[INFO] [stdout] test gb::ld_hl_mem_dec_test ... ok
[INFO] [stdout] test gb::ld_a_mem_hl_dec_test ... ok
[INFO] [stdout] test gb::ld_de_d16_test ... ok
[INFO] [stdout] test gb::ld_bc_mem_test ... ok
[INFO] [stdout] test gb::ld_de_mem_test ... ok
[INFO] [stdout] test gb::ld_mem_r8_r8_test ... ok
[INFO] [stdout] test gb::ld_r8_mem_r8_test ... ok
[INFO] [stdout] test gb::ld_mem_a16_a_test ... ok
[INFO] [stdout] test gb::ld_mem_hl_d8_test ... ok
[INFO] [stdout] test gb::ldh_mem_a8_r8_test ... ok
[INFO] [stdout] test gb::ld_mem_a16_sp_test ... ok
[INFO] [stdout] test gb::push_a16_test ... ok
[INFO] [stdout] test gb::res_0_b ... ok
[INFO] [stdout] test gb::res_0_hl ... ok
[INFO] [stdout] test gb::res_6_b ... ok
[INFO] [stdout] test gb::ld_hl_sp_plus_r8_test ... ok
[INFO] [stdout] test gb::ret_a16_test ... ok
[INFO] [stdout] test gb::ret_c_a16_test ... ok
[INFO] [stdout] test gb::ret_nc_a16_test ... ok
[INFO] [stdout] test gb::ret_nz_a16_test ... ok
[INFO] [stdout] test gb::ret_z_a16_test ... ok
[INFO] [stdout] test gb::reti_a16_test ... ok
[INFO] [stdout] test gb::rl_b_carry ... ok
[INFO] [stdout] test gb::or_r8_test ... ok
[INFO] [stdout] test gb::rl_hl_carry ... ok
[INFO] [stdout] test gb::res_6_hl ... ok
[INFO] [stdout] test gb::ld_sp_hl_test ... ok
[INFO] [stdout] test gb::rl_b_no_carry ... ok
[INFO] [stdout] test gb::ldh_r8_mem_a8_test ... ok
[INFO] [stdout] test gb::rlc_hl_no_carry ... ok
[INFO] [stdout] test gb::rl_hl_no_carry ... ok
[INFO] [stdout] test gb::pop_a16_test ... ok
[INFO] [stdout] test gb::rr_b_carry ... ok
[INFO] [stdout] test gb::rlc_b_no_carry ... ok
[INFO] [stdout] test gb::rlc_b_carry ... ok
[INFO] [stdout] test gb::rr_hl_no_carry ... ok
[INFO] [stdout] test gb::ld_mem_hl_b_test ... ok
[INFO] [stdout] test gb::rr_b_no_carry ... ok
[INFO] [stdout] test gb::rst_n8_test ... ok
[INFO] [stdout] test gb::sbc_r8_test ... ok
[INFO] [stdout] test gb::rlc_hl_carry ... ok
[INFO] [stdout] test gb::rrc_b_carry ... ok
[INFO] [stdout] test gb::rrc_hl_carry ... ok
[INFO] [stdout] test gb::rrc_hl_no_carry ... ok
[INFO] [stdout] test gb::set_6_hl ... ok
[INFO] [stdout] test gb::set_0_hl ... ok
[INFO] [stdout] test gb::set_6_b ... ok
[INFO] [stdout] test gb::ld_sp_d16_test ... ok
[INFO] [stdout] test gb::sla_hl_carry ... ok
[INFO] [stdout] test gb::sla_hl_no_carry ... ok
[INFO] [stdout] test gb::rr_hl_carry ... ok
[INFO] [stdout] test gb::sla_b_no_carry ... ok
[INFO] [stdout] test gb::set_0_b ... ok
[INFO] [stdout] test gb::sra_hl_negative ... ok
[INFO] [stdout] test gb::sra_b_negative ... ok
[INFO] [stdout] test gb::rrc_b_no_carry ... ok
[INFO] [stdout] test gb::sla_b_carry ... ok
[INFO] [stdout] test gb::sra_b_positive ... ok
[INFO] [stdout] test gb::sra_hl_positive ... ok
[INFO] [stdout] test gb::swap_hl ... ok
[INFO] [stdout] test gb::srl_hl_negative ... ok
[INFO] [stdout] test gb::sub_r8_test ... ok
[INFO] [stdout] test gb::srl_hl_positive ... ok
[INFO] [stdout] test gb::srl_b_negative ... ok
[INFO] [stdout] test gb::swap_b ... ok
[INFO] [stdout] test gb::srl_b_positive ... ok
[INFO] [stdout] test gb::xor_r8_test ... ok
[INFO] [stdout] 
[INFO] [stdout] failures:
[INFO] [stdout] 
[INFO] [stdout] ---- gb::daa_cf_add_test stdout ----
[INFO] [stdout] thread 'gb::daa_cf_add_test' panicked at 'assertion failed: `(left == right)`
[INFO] [stdout]   left: `160`,
[INFO] [stdout]  right: `0`', src/gb.rs:3046:5
[INFO] [stdout] stack backtrace:
[INFO] [stdout]    0:     0x5629d37b7b3a - std::backtrace_rs::backtrace::libunwind::trace::h2f05d0192276a8f6
[INFO] [stdout]                                at /rustc/1b7dd2252b99671ce5d1cb9664c5f8636329436d/library/std/src/../../backtrace/src/backtrace/libunwind.rs:93:5
[INFO] [stdout]    1:     0x5629d37b7b3a - std::backtrace_rs::backtrace::trace_unsynchronized::hedc23dff7a1af150
[INFO] [stdout]                                at /rustc/1b7dd2252b99671ce5d1cb9664c5f8636329436d/library/std/src/../../backtrace/src/backtrace/mod.rs:66:5
[INFO] [stdout]    2:     0x5629d37b7b3a - std::sys_common::backtrace::_print_fmt::h17541ef7592f3ce2
[INFO] [stdout]                                at /rustc/1b7dd2252b99671ce5d1cb9664c5f8636329436d/library/std/src/sys_common/backtrace.rs:65:5
[INFO] [stdout]    3:     0x5629d37b7b3a - <std::sys_common::backtrace::_print::DisplayBacktrace as core::fmt::Display>::fmt::h20f75df5ab0c0792
[INFO] [stdout]                                at /rustc/1b7dd2252b99671ce5d1cb9664c5f8636329436d/library/std/src/sys_common/backtrace.rs:44:22
[INFO] [stdout]    4:     0x5629d37db78f - core::fmt::write::h78109e6f466b3af6
[INFO] [stdout]                                at /rustc/1b7dd2252b99671ce5d1cb9664c5f8636329436d/library/core/src/fmt/mod.rs:1254:17
[INFO] [stdout]    5:     0x5629d37b4e85 - std::io::Write::write_fmt::hd24bfb68a1b35a25
[INFO] [stdout]                                at /rustc/1b7dd2252b99671ce5d1cb9664c5f8636329436d/library/std/src/io/mod.rs:1698:15
[INFO] [stdout]    6:     0x5629d37b7905 - std::sys_common::backtrace::_print::h8dac57a9f8fbf9a5
[INFO] [stdout]                                at /rustc/1b7dd2252b99671ce5d1cb9664c5f8636329436d/library/std/src/sys_common/backtrace.rs:47:5
[INFO] [stdout]    7:     0x5629d37b7905 - std::sys_common::backtrace::print::hf9ecbf41d1aa712f
[INFO] [stdout]                                at /rustc/1b7dd2252b99671ce5d1cb9664c5f8636329436d/library/std/src/sys_common/backtrace.rs:34:9
[INFO] [stdout]    8:     0x5629d37b95be - std::panicking::default_hook::{{closure}}::h04c07acfc84ca028
[INFO] [stdout]                                at /rustc/1b7dd2252b99671ce5d1cb9664c5f8636329436d/library/std/src/panicking.rs:269:22
[INFO] [stdout]    9:     0x5629d37b92f1 - std::panicking::default_hook::h01f6bb23e1eceb2c
[INFO] [stdout]                                at /rustc/1b7dd2252b99671ce5d1cb9664c5f8636329436d/library/std/src/panicking.rs:285:9
[INFO] [stdout]   10:     0x5629d378cc8b - <alloc::boxed::Box<F,A> as core::ops::function::Fn<Args>>::call::h87fe9f7b2fd49e4c
[INFO] [stdout]                                at /rustc/1b7dd2252b99671ce5d1cb9664c5f8636329436d/library/alloc/src/boxed.rs:1987:9
[INFO] [stdout]   11:     0x5629d378cc8b - test::test_main::{{closure}}::he94d679243a7531b
[INFO] [stdout]                                at /rustc/1b7dd2252b99671ce5d1cb9664c5f8636329436d/library/test/src/lib.rs:134:21
[INFO] [stdout]   12:     0x5629d37b9ca4 - <alloc::boxed::Box<F,A> as core::ops::function::Fn<Args>>::call::h3f2d6d8b14c4769f
[INFO] [stdout]                                at /rustc/1b7dd2252b99671ce5d1cb9664c5f8636329436d/library/alloc/src/boxed.rs:1987:9
[INFO] [stdout]   13:     0x5629d37b9ca4 - std::panicking::rust_panic_with_hook::h2bb3722bbaf2f6df
[INFO] [stdout]                                at /rustc/1b7dd2252b99671ce5d1cb9664c5f8636329436d/library/std/src/panicking.rs:695:13
[INFO] [stdout]   14:     0x5629d37b9a19 - std::panicking::begin_panic_handler::{{closure}}::h91bc7f36a4be011b
[INFO] [stdout]                                at /rustc/1b7dd2252b99671ce5d1cb9664c5f8636329436d/library/std/src/panicking.rs:582:13
[INFO] [stdout]   15:     0x5629d37b7fa6 - std::sys_common::backtrace::__rust_end_short_backtrace::h8b3d3717114f9e59
[INFO] [stdout]                                at /rustc/1b7dd2252b99671ce5d1cb9664c5f8636329436d/library/std/src/sys_common/backtrace.rs:150:18
[INFO] [stdout]   16:     0x5629d37b9772 - rust_begin_unwind
[INFO] [stdout]                                at /rustc/1b7dd2252b99671ce5d1cb9664c5f8636329436d/library/std/src/panicking.rs:578:5
[INFO] [stdout]   17:     0x5629d3738ba3 - core::panicking::panic_fmt::hfd368e3fbdabea26
[INFO] [stdout]                                at /rustc/1b7dd2252b99671ce5d1cb9664c5f8636329436d/library/core/src/panicking.rs:67:14
[INFO] [stdout]   18:     0x5629d3738e7f - core::panicking::assert_failed_inner::haef49168e1798a91
[INFO] [stdout]   19:     0x5629d37582da - core::panicking::assert_failed::h8b6198c2d54fd540
[INFO] [stdout]                                at /rustc/1b7dd2252b99671ce5d1cb9664c5f8636329436d/library/core/src/panicking.rs:228:5
[INFO] [stdout]   20:     0x5629d3753b52 - gb_emu::gb::daa_cf_add_test::h9e33746da42891c9
[INFO] [stdout]                                at /opt/rustwide/workdir/src/gb.rs:3046:5
[INFO] [stdout]   21:     0x5629d3753a07 - gb_emu::gb::daa_cf_add_test::{{closure}}::he9b194eb084cb6a2
[INFO] [stdout]                                at /opt/rustwide/workdir/src/gb.rs:3041:22
[INFO] [stdout]   22:     0x5629d3757c45 - core::ops::function::FnOnce::call_once::hf26f64996ce275ce
[INFO] [stdout]                                at /rustc/1b7dd2252b99671ce5d1cb9664c5f8636329436d/library/core/src/ops/function.rs:250:5
[INFO] [stdout]   23:     0x5629d3791b5f - core::ops::function::FnOnce::call_once::ha6a70e79f7481a7e
[INFO] [stdout]                                at /rustc/1b7dd2252b99671ce5d1cb9664c5f8636329436d/library/core/src/ops/function.rs:250:5
[INFO] [stdout]   24:     0x5629d3791b5f - test::__rust_begin_short_backtrace::hce33033019b61e69
[INFO] [stdout]                                at /rustc/1b7dd2252b99671ce5d1cb9664c5f8636329436d/library/test/src/lib.rs:655:18
[INFO] [stdout]   25:     0x5629d375f34c - test::run_test::{{closure}}::h858d3528838ae3e5
[INFO] [stdout]                                at /rustc/1b7dd2252b99671ce5d1cb9664c5f8636329436d/library/test/src/lib.rs:646:30
[INFO] [stdout]   26:     0x5629d375f34c - core::ops::function::FnOnce::call_once{{vtable.shim}}::he8ac2b00f01ae79e
[INFO] [stdout]                                at /rustc/1b7dd2252b99671ce5d1cb9664c5f8636329436d/library/core/src/ops/function.rs:250:5
[INFO] [stdout]   27:     0x5629d3790c36 - <alloc::boxed::Box<F,A> as core::ops::function::FnOnce<Args>>::call_once::h8093d25b522725ef
[INFO] [stdout]                                at /rustc/1b7dd2252b99671ce5d1cb9664c5f8636329436d/library/alloc/src/boxed.rs:1973:9
[INFO] [stdout]   28:     0x5629d3790c36 - <core::panic::unwind_safe::AssertUnwindSafe<F> as core::ops::function::FnOnce<()>>::call_once::h5c334c204e4a3913
[INFO] [stdout]                                at /rustc/1b7dd2252b99671ce5d1cb9664c5f8636329436d/library/core/src/panic/unwind_safe.rs:271:9
[INFO] [stdout]   29:     0x5629d3790c36 - std::panicking::try::do_call::ha8b740c7b9478074
[INFO] [stdout]                                at /rustc/1b7dd2252b99671ce5d1cb9664c5f8636329436d/library/std/src/panicking.rs:485:40
[INFO] [stdout]   30:     0x5629d3790c36 - std::panicking::try::h5d34f63d0e41b64e
[INFO] [stdout]                                at /rustc/1b7dd2252b99671ce5d1cb9664c5f8636329436d/library/std/src/panicking.rs:449:19
[INFO] [stdout]   31:     0x5629d3790c36 - std::panic::catch_unwind::hcfbb511e1aa7fc67
[INFO] [stdout]                                at /rustc/1b7dd2252b99671ce5d1cb9664c5f8636329436d/library/std/src/panic.rs:140:14
[INFO] [stdout]   32:     0x5629d3790c36 - test::run_test_in_process::h9abda90f802eaf21
[INFO] [stdout]                                at /rustc/1b7dd2252b99671ce5d1cb9664c5f8636329436d/library/test/src/lib.rs:678:27
[INFO] [stdout]   33:     0x5629d3790c36 - test::run_test::run_test_inner::{{closure}}::h0f058de91f6c6edf
[INFO] [stdout]                                at /rustc/1b7dd2252b99671ce5d1cb9664c5f8636329436d/library/test/src/lib.rs:572:39
[INFO] [stdout]   34:     0x5629d3759b55 - test::run_test::run_test_inner::{{closure}}::h5ca48a4c59c6c1fb
[INFO] [stdout]                                at /rustc/1b7dd2252b99671ce5d1cb9664c5f8636329436d/library/test/src/lib.rs:599:37
[INFO] [stdout]   35:     0x5629d3759b55 - std::sys_common::backtrace::__rust_begin_short_backtrace::h32bd51e1495d4a33
[INFO] [stdout]                                at /rustc/1b7dd2252b99671ce5d1cb9664c5f8636329436d/library/std/src/sys_common/backtrace.rs:134:18
[INFO] [stdout]   36:     0x5629d375f091 - std::thread::Builder::spawn_unchecked_::{{closure}}::{{closure}}::hc086fae9b128b2db
[INFO] [stdout]                                at /rustc/1b7dd2252b99671ce5d1cb9664c5f8636329436d/library/std/src/thread/mod.rs:526:17
[INFO] [stdout]   37:     0x5629d375f091 - <core::panic::unwind_safe::AssertUnwindSafe<F> as core::ops::function::FnOnce<()>>::call_once::hb66571888d270d43
[INFO] [stdout]                                at /rustc/1b7dd2252b99671ce5d1cb9664c5f8636329436d/library/core/src/panic/unwind_safe.rs:271:9
[INFO] [stdout]   38:     0x5629d375f091 - std::panicking::try::do_call::h4fa2ef4f6e51fecf
[INFO] [stdout]                                at /rustc/1b7dd2252b99671ce5d1cb9664c5f8636329436d/library/std/src/panicking.rs:485:40
[INFO] [stdout]   39:     0x5629d375f091 - std::panicking::try::h1e9e22b8584489b5
[INFO] [stdout]                                at /rustc/1b7dd2252b99671ce5d1cb9664c5f8636329436d/library/std/src/panicking.rs:449:19
[INFO] [stdout]   40:     0x5629d375f091 - std::panic::catch_unwind::h44698a3de0e0769e
[INFO] [stdout]                                at /rustc/1b7dd2252b99671ce5d1cb9664c5f8636329436d/library/std/src/panic.rs:140:14
[INFO] [stdout]   41:     0x5629d375f091 - std::thread::Builder::spawn_unchecked_::{{closure}}::h50153abde3fe239e
[INFO] [stdout]                                at /rustc/1b7dd2252b99671ce5d1cb9664c5f8636329436d/library/std/src/thread/mod.rs:525:30
[INFO] [stdout]   42:     0x5629d375f091 - core::ops::function::FnOnce::call_once{{vtable.shim}}::hbe5bbf6f38394364
[INFO] [stdout]                                at /rustc/1b7dd2252b99671ce5d1cb9664c5f8636329436d/library/core/src/ops/function.rs:250:5
[INFO] [stdout]   43:     0x5629d37be175 - <alloc::boxed::Box<F,A> as core::ops::function::FnOnce<Args>>::call_once::h0d83cb2920a49046
[INFO] [stdout]                                at /rustc/1b7dd2252b99671ce5d1cb9664c5f8636329436d/library/alloc/src/boxed.rs:1973:9
[INFO] [stdout]   44:     0x5629d37be175 - <alloc::boxed::Box<F,A> as core::ops::function::FnOnce<Args>>::call_once::hbe0a008aa7d9ef59
[INFO] [stdout]                                at /rustc/1b7dd2252b99671ce5d1cb9664c5f8636329436d/library/alloc/src/boxed.rs:1973:9
[INFO] [stdout]   45:     0x5629d37be175 - std::sys::unix::thread::Thread::new::thread_start::h3a466996bdf6b1f9
[INFO] [stdout]                                at /rustc/1b7dd2252b99671ce5d1cb9664c5f8636329436d/library/std/src/sys/unix/thread.rs:108:17
[INFO] [stdout]   46:     0x7fe1c51bbb43 - <unknown>
[INFO] [stdout]   47:     0x7fe1c524cbb4 - __clone
[INFO] [stdout]   48:                0x0 - <unknown>
[INFO] [stdout] 
[INFO] [stdout] ---- gb::daa_hf_sub_test stdout ----
[INFO] [stdout] thread 'gb::daa_hf_sub_test' panicked at 'assertion failed: `(left == right)`
[INFO] [stdout]   left: `7`,
[INFO] [stdout]  right: `1`', src/gb.rs:3068:5
[INFO] [stdout] stack backtrace:
[INFO] [stdout]    0:     0x5629d37b7b3a - std::backtrace_rs::backtrace::libunwind::trace::h2f05d0192276a8f6
[INFO] [stdout]                                at /rustc/1b7dd2252b99671ce5d1cb9664c5f8636329436d/library/std/src/../../backtrace/src/backtrace/libunwind.rs:93:5
[INFO] [stdout]    1:     0x5629d37b7b3a - std::backtrace_rs::backtrace::trace_unsynchronized::hedc23dff7a1af150
[INFO] [stdout]                                at /rustc/1b7dd2252b99671ce5d1cb9664c5f8636329436d/library/std/src/../../backtrace/src/backtrace/mod.rs:66:5
[INFO] [stdout]    2:     0x5629d37b7b3a - std::sys_common::backtrace::_print_fmt::h17541ef7592f3ce2
[INFO] [stdout]                                at /rustc/1b7dd2252b99671ce5d1cb9664c5f8636329436d/library/std/src/sys_common/backtrace.rs:65:5
[INFO] [stdout]    3:     0x5629d37b7b3a - <std::sys_common::backtrace::_print::DisplayBacktrace as core::fmt::Display>::fmt::h20f75df5ab0c0792
[INFO] [stdout]                                at /rustc/1b7dd2252b99671ce5d1cb9664c5f8636329436d/library/std/src/sys_common/backtrace.rs:44:22
[INFO] [stdout]    4:     0x5629d37db78f - core::fmt::write::h78109e6f466b3af6
[INFO] [stdout]                                at /rustc/1b7dd2252b99671ce5d1cb9664c5f8636329436d/library/core/src/fmt/mod.rs:1254:17
[INFO] [stdout]    5:     0x5629d37b4e85 - std::io::Write::write_fmt::hd24bfb68a1b35a25
[INFO] [stdout]                                at /rustc/1b7dd2252b99671ce5d1cb9664c5f8636329436d/library/std/src/io/mod.rs:1698:15
[INFO] [stdout]    6:     0x5629d37b7905 - std::sys_common::backtrace::_print::h8dac57a9f8fbf9a5
[INFO] [stdout]                                at /rustc/1b7dd2252b99671ce5d1cb9664c5f8636329436d/library/std/src/sys_common/backtrace.rs:47:5
[INFO] [stdout]    7:     0x5629d37b7905 - std::sys_common::backtrace::print::hf9ecbf41d1aa712f
[INFO] [stdout]                                at /rustc/1b7dd2252b99671ce5d1cb9664c5f8636329436d/library/std/src/sys_common/backtrace.rs:34:9
[INFO] [stdout]    8:     0x5629d37b95be - std::panicking::default_hook::{{closure}}::h04c07acfc84ca028
[INFO] [stdout]                                at /rustc/1b7dd2252b99671ce5d1cb9664c5f8636329436d/library/std/src/panicking.rs:269:22
[INFO] [stdout]    9:     0x5629d37b92f1 - std::panicking::default_hook::h01f6bb23e1eceb2c
[INFO] [stdout]                                at /rustc/1b7dd2252b99671ce5d1cb9664c5f8636329436d/library/std/src/panicking.rs:285:9
[INFO] [stdout]   10:     0x5629d378cc8b - <alloc::boxed::Box<F,A> as core::ops::function::Fn<Args>>::call::h87fe9f7b2fd49e4c
[INFO] [stdout]                                at /rustc/1b7dd2252b99671ce5d1cb9664c5f8636329436d/library/alloc/src/boxed.rs:1987:9
[INFO] [stdout]   11:     0x5629d378cc8b - test::test_main::{{closure}}::he94d679243a7531b
[INFO] [stdout]                                at /rustc/1b7dd2252b99671ce5d1cb9664c5f8636329436d/library/test/src/lib.rs:134:21
[INFO] [stdout]   12:     0x5629d37b9ca4 - <alloc::boxed::Box<F,A> as core::ops::function::Fn<Args>>::call::h3f2d6d8b14c4769f
[INFO] [stdout]                                at /rustc/1b7dd2252b99671ce5d1cb9664c5f8636329436d/library/alloc/src/boxed.rs:1987:9
[INFO] [stdout]   13:     0x5629d37b9ca4 - std::panicking::rust_panic_with_hook::h2bb3722bbaf2f6df
[INFO] [stdout]                                at /rustc/1b7dd2252b99671ce5d1cb9664c5f8636329436d/library/std/src/panicking.rs:695:13
[INFO] [stdout]   14:     0x5629d37b9a19 - std::panicking::begin_panic_handler::{{closure}}::h91bc7f36a4be011b
[INFO] [stdout]                                at /rustc/1b7dd2252b99671ce5d1cb9664c5f8636329436d/library/std/src/panicking.rs:582:13
[INFO] [stdout]   15:     0x5629d37b7fa6 - std::sys_common::backtrace::__rust_end_short_backtrace::h8b3d3717114f9e59
[INFO] [stdout]                                at /rustc/1b7dd2252b99671ce5d1cb9664c5f8636329436d/library/std/src/sys_common/backtrace.rs:150:18
[INFO] [stdout]   16:     0x5629d37b9772 - rust_begin_unwind
[INFO] [stdout]                                at /rustc/1b7dd2252b99671ce5d1cb9664c5f8636329436d/library/std/src/panicking.rs:578:5
[INFO] [stdout]   17:     0x5629d3738ba3 - core::panicking::panic_fmt::hfd368e3fbdabea26
[INFO] [stdout]                                at /rustc/1b7dd2252b99671ce5d1cb9664c5f8636329436d/library/core/src/panicking.rs:67:14
[INFO] [stdout]   18:     0x5629d3738e7f - core::panicking::assert_failed_inner::haef49168e1798a91
[INFO] [stdout]   19:     0x5629d37582da - core::panicking::assert_failed::h8b6198c2d54fd540
[INFO] [stdout]                                at /rustc/1b7dd2252b99671ce5d1cb9664c5f8636329436d/library/core/src/panicking.rs:228:5
[INFO] [stdout]   20:     0x5629d3753e5d - gb_emu::gb::daa_hf_sub_test::h83cd90c6dbf67c6d
[INFO] [stdout]                                at /opt/rustwide/workdir/src/gb.rs:3068:5
[INFO] [stdout]   21:     0x5629d3753d37 - gb_emu::gb::daa_hf_sub_test::{{closure}}::h410bb7f40dd967c7
[INFO] [stdout]                                at /opt/rustwide/workdir/src/gb.rs:3062:22
[INFO] [stdout]   22:     0x5629d3756265 - core::ops::function::FnOnce::call_once::h51de7728d4327c8d
[INFO] [stdout]                                at /rustc/1b7dd2252b99671ce5d1cb9664c5f8636329436d/library/core/src/ops/function.rs:250:5
[INFO] [stdout]   23:     0x5629d3791b5f - core::ops::function::FnOnce::call_once::ha6a70e79f7481a7e
[INFO] [stdout]                                at /rustc/1b7dd2252b99671ce5d1cb9664c5f8636329436d/library/core/src/ops/function.rs:250:5
[INFO] [stdout]   24:     0x5629d3791b5f - test::__rust_begin_short_backtrace::hce33033019b61e69
[INFO] [stdout]                                at /rustc/1b7dd2252b99671ce5d1cb9664c5f8636329436d/library/test/src/lib.rs:655:18
[INFO] [stdout]   25:     0x5629d375f34c - test::run_test::{{closure}}::h858d3528838ae3e5
[INFO] [stdout]                                at /rustc/1b7dd2252b99671ce5d1cb9664c5f8636329436d/library/test/src/lib.rs:646:30
[INFO] [stdout]   26:     0x5629d375f34c - core::ops::function::FnOnce::call_once{{vtable.shim}}::he8ac2b00f01ae79e
[INFO] [stdout]                                at /rustc/1b7dd2252b99671ce5d1cb9664c5f8636329436d/library/core/src/ops/function.rs:250:5
[INFO] [stdout]   27:     0x5629d3790c36 - <alloc::boxed::Box<F,A> as core::ops::function::FnOnce<Args>>::call_once::h8093d25b522725ef
[INFO] [stdout]                                at /rustc/1b7dd2252b99671ce5d1cb9664c5f8636329436d/library/alloc/src/boxed.rs:1973:9
[INFO] [stdout]   28:     0x5629d3790c36 - <core::panic::unwind_safe::AssertUnwindSafe<F> as core::ops::function::FnOnce<()>>::call_once::h5c334c204e4a3913
[INFO] [stdout]                                at /rustc/1b7dd2252b99671ce5d1cb9664c5f8636329436d/library/core/src/panic/unwind_safe.rs:271:9
[INFO] [stdout]   29:     0x5629d3790c36 - std::panicking::try::do_call::ha8b740c7b9478074
[INFO] [stdout]                                at /rustc/1b7dd2252b99671ce5d1cb9664c5f8636329436d/library/std/src/panicking.rs:485:40
[INFO] [stdout]   30:     0x5629d3790c36 - std::panicking::try::h5d34f63d0e41b64e
[INFO] [stdout]                                at /rustc/1b7dd2252b99671ce5d1cb9664c5f8636329436d/library/std/src/panicking.rs:449:19
[INFO] [stdout]   31:     0x5629d3790c36 - std::panic::catch_unwind::hcfbb511e1aa7fc67
[INFO] [stdout]                                at /rustc/1b7dd2252b99671ce5d1cb9664c5f8636329436d/library/std/src/panic.rs:140:14
[INFO] [stdout]   32:     0x5629d3790c36 - test::run_test_in_process::h9abda90f802eaf21
[INFO] [stdout]                                at /rustc/1b7dd2252b99671ce5d1cb9664c5f8636329436d/library/test/src/lib.rs:678:27
[INFO] [stdout]   33:     0x5629d3790c36 - test::run_test::run_test_inner::{{closure}}::h0f058de91f6c6edf
[INFO] [stdout]                                at /rustc/1b7dd2252b99671ce5d1cb9664c5f8636329436d/library/test/src/lib.rs:572:39
[INFO] [stdout]   34:     0x5629d3759b55 - test::run_test::run_test_inner::{{closure}}::h5ca48a4c59c6c1fb
[INFO] [stdout]                                at /rustc/1b7dd2252b99671ce5d1cb9664c5f8636329436d/library/test/src/lib.rs:599:37
[INFO] [stdout]   35:     0x5629d3759b55 - std::sys_common::backtrace::__rust_begin_short_backtrace::h32bd51e1495d4a33
[INFO] [stdout]                                at /rustc/1b7dd2252b99671ce5d1cb9664c5f8636329436d/library/std/src/sys_common/backtrace.rs:134:18
[INFO] [stdout]   36:     0x5629d375f091 - std::thread::Builder::spawn_unchecked_::{{closure}}::{{closure}}::hc086fae9b128b2db
[INFO] [stdout]                                at /rustc/1b7dd2252b99671ce5d1cb9664c5f8636329436d/library/std/src/thread/mod.rs:526:17
[INFO] [stdout]   37:     0x5629d375f091 - <core::panic::unwind_safe::AssertUnwindSafe<F> as core::ops::function::FnOnce<()>>::call_once::hb66571888d270d43
[INFO] [stdout]                                at /rustc/1b7dd2252b99671ce5d1cb9664c5f8636329436d/library/core/src/panic/unwind_safe.rs:271:9
[INFO] [stdout]   38:     0x5629d375f091 - std::panicking::try::do_call::h4fa2ef4f6e51fecf
[INFO] [stdout]                                at /rustc/1b7dd2252b99671ce5d1cb9664c5f8636329436d/library/std/src/panicking.rs:485:40
[INFO] [stdout]   39:     0x5629d375f091 - std::panicking::try::h1e9e22b8584489b5
[INFO] [stdout]                                at /rustc/1b7dd2252b99671ce5d1cb9664c5f8636329436d/library/std/src/panicking.rs:449:19
[INFO] [stdout]   40:     0x5629d375f091 - std::panic::catch_unwind::h44698a3de0e0769e
[INFO] [stdout]                                at /rustc/1b7dd2252b99671ce5d1cb9664c5f8636329436d/library/std/src/panic.rs:140:14
[INFO] [stdout]   41:     0x5629d375f091 - std::thread::Builder::spawn_unchecked_::{{closure}}::h50153abde3fe239e
[INFO] [stdout]                                at /rustc/1b7dd2252b99671ce5d1cb9664c5f8636329436d/library/std/src/thread/mod.rs:525:30
[INFO] [stdout]   42:     0x5629d375f091 - core::ops::function::FnOnce::call_once{{vtable.shim}}::hbe5bbf6f38394364
[INFO] [stdout]                                at /rustc/1b7dd2252b99671ce5d1cb9664c5f8636329436d/library/core/src/ops/function.rs:250:5
[INFO] [stdout]   43:     0x5629d37be175 - <alloc::boxed::Box<F,A> as core::ops::function::FnOnce<Args>>::call_once::h0d83cb2920a49046
[INFO] [stdout]                                at /rustc/1b7dd2252b99671ce5d1cb9664c5f8636329436d/library/alloc/src/boxed.rs:1973:9
[INFO] [stdout]   44:     0x5629d37be175 - <alloc::boxed::Box<F,A> as core::ops::function::FnOnce<Args>>::call_once::hbe0a008aa7d9ef59
[INFO] [stdout]                                at /rustc/1b7dd2252b99671ce5d1cb9664c5f8636329436d/library/alloc/src/boxed.rs:1973:9
[INFO] [stdout]   45:     0x5629d37be175 - std::sys::unix::thread::Thread::new::thread_start::h3a466996bdf6b1f9
[INFO] [stdout]                                at /rustc/1b7dd2252b99671ce5d1cb9664c5f8636329436d/library/std/src/sys/unix/thread.rs:108:17
[INFO] [stdout]   46:     0x7fe1c51bbb43 - <unknown>
[INFO] [stdout]   47:     0x7fe1c524cbb4 - __clone
[INFO] [stdout]   48:                0x0 - <unknown>
[INFO] [stdout] 
[INFO] [stdout] ---- gb::daa_hf_add_test stdout ----
[INFO] [stdout] thread 'gb::daa_hf_add_test' panicked at 'assertion failed: `(left == right)`
[INFO] [stdout]   left: `10`,
[INFO] [stdout]  right: `16`', src/gb.rs:3055:5
[INFO] [stdout] stack backtrace:
[INFO] [stdout]    0:     0x5629d37b7b3a - std::backtrace_rs::backtrace::libunwind::trace::h2f05d0192276a8f6
[INFO] [stdout]                                at /rustc/1b7dd2252b99671ce5d1cb9664c5f8636329436d/library/std/src/../../backtrace/src/backtrace/libunwind.rs:93:5
[INFO] [stdout]    1:     0x5629d37b7b3a - std::backtrace_rs::backtrace::trace_unsynchronized::hedc23dff7a1af150
[INFO] [stdout]                                at /rustc/1b7dd2252b99671ce5d1cb9664c5f8636329436d/library/std/src/../../backtrace/src/backtrace/mod.rs:66:5
[INFO] [stdout]    2:     0x5629d37b7b3a - std::sys_common::backtrace::_print_fmt::h17541ef7592f3ce2
[INFO] [stdout]                                at /rustc/1b7dd2252b99671ce5d1cb9664c5f8636329436d/library/std/src/sys_common/backtrace.rs:65:5
[INFO] [stdout]    3:     0x5629d37b7b3a - <std::sys_common::backtrace::_print::DisplayBacktrace as core::fmt::Display>::fmt::h20f75df5ab0c0792
[INFO] [stdout]                                at /rustc/1b7dd2252b99671ce5d1cb9664c5f8636329436d/library/std/src/sys_common/backtrace.rs:44:22
[INFO] [stdout]    4:     0x5629d37db78f - core::fmt::write::h78109e6f466b3af6
[INFO] [stdout]                                at /rustc/1b7dd2252b99671ce5d1cb9664c5f8636329436d/library/core/src/fmt/mod.rs:1254:17
[INFO] [stdout]    5:     0x5629d37b4e85 - std::io::Write::write_fmt::hd24bfb68a1b35a25
[INFO] [stdout]                                at /rustc/1b7dd2252b99671ce5d1cb9664c5f8636329436d/library/std/src/io/mod.rs:1698:15
[INFO] [stdout]    6:     0x5629d37b7905 - std::sys_common::backtrace::_print::h8dac57a9f8fbf9a5
[INFO] [stdout]                                at /rustc/1b7dd2252b99671ce5d1cb9664c5f8636329436d/library/std/src/sys_common/backtrace.rs:47:5
[INFO] [stdout]    7:     0x5629d37b7905 - std::sys_common::backtrace::print::hf9ecbf41d1aa712f
[INFO] [stdout]                                at /rustc/1b7dd2252b99671ce5d1cb9664c5f8636329436d/library/std/src/sys_common/backtrace.rs:34:9
[INFO] [stdout]    8:     0x5629d37b95be - std::panicking::default_hook::{{closure}}::h04c07acfc84ca028
[INFO] [stdout]                                at /rustc/1b7dd2252b99671ce5d1cb9664c5f8636329436d/library/std/src/panicking.rs:269:22
[INFO] [stdout]    9:     0x5629d37b92f1 - std::panicking::default_hook::h01f6bb23e1eceb2c
[INFO] [stdout]                                at /rustc/1b7dd2252b99671ce5d1cb9664c5f8636329436d/library/std/src/panicking.rs:285:9
[INFO] [stdout]   10:     0x5629d378cc8b - <alloc::boxed::Box<F,A> as core::ops::function::Fn<Args>>::call::h87fe9f7b2fd49e4c
[INFO] [stdout]                                at /rustc/1b7dd2252b99671ce5d1cb9664c5f8636329436d/library/alloc/src/boxed.rs:1987:9
[INFO] [stdout]   11:     0x5629d378cc8b - test::test_main::{{closure}}::he94d679243a7531b
[INFO] [stdout]                                at /rustc/1b7dd2252b99671ce5d1cb9664c5f8636329436d/library/test/src/lib.rs:134:21
[INFO] [stdout]   12:     0x5629d37b9ca4 - <alloc::boxed::Box<F,A> as core::ops::function::Fn<Args>>::call::h3f2d6d8b14c4769f
[INFO] [stdout]                                at /rustc/1b7dd2252b99671ce5d1cb9664c5f8636329436d/library/alloc/src/boxed.rs:1987:9
[INFO] [stdout]   13:     0x5629d37b9ca4 - std::panicking::rust_panic_with_hook::h2bb3722bbaf2f6df
[INFO] [stdout]                                at /rustc/1b7dd2252b99671ce5d1cb9664c5f8636329436d/library/std/src/panicking.rs:695:13
[INFO] [stdout]   14:     0x5629d37b9a19 - std::panicking::begin_panic_handler::{{closure}}::h91bc7f36a4be011b
[INFO] [stdout]                                at /rustc/1b7dd2252b99671ce5d1cb9664c5f8636329436d/library/std/src/panicking.rs:582:13
[INFO] [stdout]   15:     0x5629d37b7fa6 - std::sys_common::backtrace::__rust_end_short_backtrace::h8b3d3717114f9e59
[INFO] [stdout]                                at /rustc/1b7dd2252b99671ce5d1cb9664c5f8636329436d/library/std/src/sys_common/backtrace.rs:150:18
[INFO] [stdout]   16:     0x5629d37b9772 - rust_begin_unwind
[INFO] [stdout]                                at /rustc/1b7dd2252b99671ce5d1cb9664c5f8636329436d/library/std/src/panicking.rs:578:5
[INFO] [stdout]   17:     0x5629d3738ba3 - core::panicking::panic_fmt::hfd368e3fbdabea26
[INFO] [stdout]                                at /rustc/1b7dd2252b99671ce5d1cb9664c5f8636329436d/library/core/src/panicking.rs:67:14
[INFO] [stdout]   18:     0x5629d3738e7f - core::panicking::assert_failed_inner::haef49168e1798a91
[INFO] [stdout]   19:     0x5629d37582da - core::panicking::assert_failed::h8b6198c2d54fd540
[INFO] [stdout]                                at /rustc/1b7dd2252b99671ce5d1cb9664c5f8636329436d/library/core/src/panicking.rs:228:5
[INFO] [stdout]   20:     0x5629d3753cd1 - gb_emu::gb::daa_hf_add_test::h5ac2937dd8ca4823
[INFO] [stdout]                                at /opt/rustwide/workdir/src/gb.rs:3055:5
[INFO] [stdout]   21:     0x5629d3753b77 - gb_emu::gb::daa_hf_add_test::{{closure}}::h632f137d4861cad1
[INFO] [stdout]                                at /opt/rustwide/workdir/src/gb.rs:3049:22
[INFO] [stdout]   22:     0x5629d37574f5 - core::ops::function::FnOnce::call_once::hbff733911ca3304e
[INFO] [stdout]                                at /rustc/1b7dd2252b99671ce5d1cb9664c5f8636329436d/library/core/src/ops/function.rs:250:5
[INFO] [stdout]   23:     0x5629d3791b5f - core::ops::function::FnOnce::call_once::ha6a70e79f7481a7e
[INFO] [stdout]                                at /rustc/1b7dd2252b99671ce5d1cb9664c5f8636329436d/library/core/src/ops/function.rs:250:5
[INFO] [stdout]   24:     0x5629d3791b5f - test::__rust_begin_short_backtrace::hce33033019b61e69
[INFO] [stdout]                                at /rustc/1b7dd2252b99671ce5d1cb9664c5f8636329436d/library/test/src/lib.rs:655:18
[INFO] [stdout]   25:     0x5629d375f34c - test::run_test::{{closure}}::h858d3528838ae3e5
[INFO] [stdout]                                at /rustc/1b7dd2252b99671ce5d1cb9664c5f8636329436d/library/test/src/lib.rs:646:30
[INFO] [stdout]   26:     0x5629d375f34c - core::ops::function::FnOnce::call_once{{vtable.shim}}::he8ac2b00f01ae79e
[INFO] [stdout]                                at /rustc/1b7dd2252b99671ce5d1cb9664c5f8636329436d/library/core/src/ops/function.rs:250:5
[INFO] [stdout]   27:     0x5629d3790c36 - <alloc::boxed::Box<F,A> as core::ops::function::FnOnce<Args>>::call_once::h8093d25b522725ef
[INFO] [stdout]                                at /rustc/1b7dd2252b99671ce5d1cb9664c5f8636329436d/library/alloc/src/boxed.rs:1973:9
[INFO] [stdout]   28:     0x5629d3790c36 - <core::panic::unwind_safe::AssertUnwindSafe<F> as core::ops::function::FnOnce<()>>::call_once::h5c334c204e4a3913
[INFO] [stdout]                                at /rustc/1b7dd2252b99671ce5d1cb9664c5f8636329436d/library/core/src/panic/unwind_safe.rs:271:9
[INFO] [stdout]   29:     0x5629d3790c36 - std::panicking::try::do_call::ha8b740c7b9478074
[INFO] [stdout]                                at /rustc/1b7dd2252b99671ce5d1cb9664c5f8636329436d/library/std/src/panicking.rs:485:40
[INFO] [stdout]   30:     0x5629d3790c36 - std::panicking::try::h5d34f63d0e41b64e
[INFO] [stdout]                                at /rustc/1b7dd2252b99671ce5d1cb9664c5f8636329436d/library/std/src/panicking.rs:449:19
[INFO] [stdout]   31:     0x5629d3790c36 - std::panic::catch_unwind::hcfbb511e1aa7fc67
[INFO] [stdout]                                at /rustc/1b7dd2252b99671ce5d1cb9664c5f8636329436d/library/std/src/panic.rs:140:14
[INFO] [stdout]   32:     0x5629d3790c36 - test::run_test_in_process::h9abda90f802eaf21
[INFO] [stdout]                                at /rustc/1b7dd2252b99671ce5d1cb9664c5f8636329436d/library/test/src/lib.rs:678:27
[INFO] [stdout]   33:     0x5629d3790c36 - test::run_test::run_test_inner::{{closure}}::h0f058de91f6c6edf
[INFO] [stdout]                                at /rustc/1b7dd2252b99671ce5d1cb9664c5f8636329436d/library/test/src/lib.rs:572:39
[INFO] [stdout]   34:     0x5629d3759b55 - test::run_test::run_test_inner::{{closure}}::h5ca48a4c59c6c1fb
[INFO] [stdout]                                at /rustc/1b7dd2252b99671ce5d1cb9664c5f8636329436d/library/test/src/lib.rs:599:37
[INFO] [stdout]   35:     0x5629d3759b55 - std::sys_common::backtrace::__rust_begin_short_backtrace::h32bd51e1495d4a33
[INFO] [stdout]                                at /rustc/1b7dd2252b99671ce5d1cb9664c5f8636329436d/library/std/src/sys_common/backtrace.rs:134:18
[INFO] [stdout]   36:     0x5629d375f091 - std::thread::Builder::spawn_unchecked_::{{closure}}::{{closure}}::hc086fae9b128b2db
[INFO] [stdout]                                at /rustc/1b7dd2252b99671ce5d1cb9664c5f8636329436d/library/std/src/thread/mod.rs:526:17
[INFO] [stdout]   37:     0x5629d375f091 - <core::panic::unwind_safe::AssertUnwindSafe<F> as core::ops::function::FnOnce<()>>::call_once::hb66571888d270d43
[INFO] [stdout]                                at /rustc/1b7dd2252b99671ce5d1cb9664c5f8636329436d/library/core/src/panic/unwind_safe.rs:271:9
[INFO] [stdout]   38:     0x5629d375f091 - std::panicking::try::do_call::h4fa2ef4f6e51fecf
[INFO] [stdout]                                at /rustc/1b7dd2252b99671ce5d1cb9664c5f8636329436d/library/std/src/panicking.rs:485:40
[INFO] [stdout]   39:     0x5629d375f091 - std::panicking::try::h1e9e22b8584489b5
[INFO] [stdout]                                at /rustc/1b7dd2252b99671ce5d1cb9664c5f8636329436d/library/std/src/panicking.rs:449:19
[INFO] [stdout]   40:     0x5629d375f091 - std::panic::catch_unwind::h44698a3de0e0769e
[INFO] [stdout]                                at /rustc/1b7dd2252b99671ce5d1cb9664c5f8636329436d/library/std/src/panic.rs:140:14
[INFO] [stdout]   41:     0x5629d375f091 - std::thread::Builder::spawn_unchecked_::{{closure}}::h50153abde3fe239e
[INFO] [stdout]                                at /rustc/1b7dd2252b99671ce5d1cb9664c5f8636329436d/library/std/src/thread/mod.rs:525:30
[INFO] [stdout]   42:     0x5629d375f091 - core::ops::function::FnOnce::call_once{{vtable.shim}}::hbe5bbf6f38394364
[INFO] [stdout]                                at /rustc/1b7dd2252b99671ce5d1cb9664c5f8636329436d/library/core/src/ops/function.rs:250:5
[INFO] [stdout]   43:     0x5629d37be175 - <alloc::boxed::Box<F,A> as core::ops::function::FnOnce<Args>>::call_once::h0d83cb2920a49046
[INFO] [stdout]                                at /rustc/1b7dd2252b99671ce5d1cb9664c5f8636329436d/library/alloc/src/boxed.rs:1973:9
[INFO] [stdout]   44:     0x5629d37be175 - <alloc::boxed::Box<F,A> as core::ops::function::FnOnce<Args>>::call_once::hbe0a008aa7d9ef59
[INFO] [stdout]                                at /rustc/1b7dd2252b99671ce5d1cb9664c5f8636329436d/library/alloc/src/boxed.rs:1973:9
[INFO] [stdout]   45:     0x5629d37be175 - std::sys::unix::thread::Thread::new::thread_start::h3a466996bdf6b1f9
[INFO] [stdout]                                at /rustc/1b7dd2252b99671ce5d1cb9664c5f8636329436d/library/std/src/sys/unix/thread.rs:108:17
[INFO] [stdout]   46:     0x7fe1c51bbb43 - <unknown>
[INFO] [stdout]   47:     0x7fe1c524cbb4 - __clone
[INFO] [stdout]   48:                0x0 - <unknown>
[INFO] [stdout] 
[INFO] [stdout] 
[INFO] [stdout] failures:
[INFO] [stdout]     gb::daa_cf_add_test
[INFO] [stdout]     gb::daa_hf_add_test
[INFO] [stdout]     gb::daa_hf_sub_test
[INFO] [stdout] 
[INFO] [stdout] test result: FAILED. 116 passed; 3 failed; 0 ignored; 0 measured; 0 filtered out; finished in 0.23s
[INFO] [stdout] 
[INFO] [stderr] error: test failed, to rerun pass `--bin gb-emu`
[INFO] running `Command { std: "docker" "inspect" "c2ce944d66270077600fd60dbf0e1283681dc42d9ca6fb629f90b7c6494f4e48", kill_on_drop: false }`
[INFO] running `Command { std: "docker" "rm" "-f" "c2ce944d66270077600fd60dbf0e1283681dc42d9ca6fb629f90b7c6494f4e48", kill_on_drop: false }`
[INFO] [stdout] c2ce944d66270077600fd60dbf0e1283681dc42d9ca6fb629f90b7c6494f4e48
