[INFO] cloning repository https://github.com/Inpulsgor/gem-farm-app-v2
[INFO] running `Command { std: "git" "-c" "credential.helper=" "-c" "credential.helper=/workspace/cargo-home/bin/git-credential-null" "clone" "--bare" "https://github.com/Inpulsgor/gem-farm-app-v2" "/workspace/cache/git-repos/https%3A%2F%2Fgithub.com%2FInpulsgor%2Fgem-farm-app-v2", kill_on_drop: false }`
[INFO] [stderr] Cloning into bare repository '/workspace/cache/git-repos/https%3A%2F%2Fgithub.com%2FInpulsgor%2Fgem-farm-app-v2'...
[INFO] running `Command { std: "git" "rev-parse" "HEAD", kill_on_drop: false }`
[INFO] [stdout] 1cce14bb80dc16e985569ef6074e43bb25b2ecb6
[INFO] testing Inpulsgor/gem-farm-app-v2 against 1.69.0 for beta-1.70-1
[INFO] running `Command { std: "git" "clone" "/workspace/cache/git-repos/https%3A%2F%2Fgithub.com%2FInpulsgor%2Fgem-farm-app-v2" "/workspace/builds/worker-0-tc1/source", kill_on_drop: false }`
[INFO] [stderr] Cloning into '/workspace/builds/worker-0-tc1/source'...
[INFO] [stderr] done.
[INFO] validating manifest of git repo https://github.com/Inpulsgor/gem-farm-app-v2 on toolchain 1.69.0
[INFO] running `Command { std: CARGO_HOME="/workspace/cargo-home" RUSTUP_HOME="/workspace/rustup-home" "/workspace/cargo-home/bin/cargo" "+1.69.0" "metadata" "--manifest-path" "Cargo.toml" "--no-deps", kill_on_drop: false }`
[INFO] started tweaking git repo https://github.com/Inpulsgor/gem-farm-app-v2
[INFO] finished tweaking git repo https://github.com/Inpulsgor/gem-farm-app-v2
[INFO] tweaked toml for git repo https://github.com/Inpulsgor/gem-farm-app-v2 written to /workspace/builds/worker-0-tc1/source/Cargo.toml
[INFO] crate git repo https://github.com/Inpulsgor/gem-farm-app-v2 already has a lockfile, it will not be regenerated
[INFO] running `Command { std: CARGO_HOME="/workspace/cargo-home" RUSTUP_HOME="/workspace/rustup-home" "/workspace/cargo-home/bin/cargo" "+1.69.0" "fetch" "--manifest-path" "Cargo.toml", kill_on_drop: false }`
[INFO] [stderr]  Downloading crates ...
[INFO] [stderr]   Downloaded metaplex-token-vault v0.0.1
[INFO] [stderr]   Downloaded metaplex-token-metadata v0.0.1
[INFO] running `Command { std: "docker" "create" "-v" "/var/lib/crater-agent-workspace/builds/worker-0-tc1/target:/opt/rustwide/target:rw,Z" "-v" "/var/lib/crater-agent-workspace/builds/worker-0-tc1/source:/opt/rustwide/workdir:ro,Z" "-v" "/var/lib/crater-agent-workspace/cargo-home:/opt/rustwide/cargo-home:ro,Z" "-v" "/var/lib/crater-agent-workspace/rustup-home:/opt/rustwide/rustup-home:ro,Z" "-e" "SOURCE_DIR=/opt/rustwide/workdir" "-e" "CARGO_TARGET_DIR=/opt/rustwide/target" "-e" "CARGO_HOME=/opt/rustwide/cargo-home" "-e" "RUSTUP_HOME=/opt/rustwide/rustup-home" "-w" "/opt/rustwide/workdir" "-m" "1610612736" "--user" "0:0" "--network" "none" "ghcr.io/rust-lang/crates-build-env/linux@sha256:5ff2268d62e97bff2cde7d5815dd6ed5b47097566f13b8d0ca110b04b60e07ed" "/opt/rustwide/cargo-home/bin/cargo" "+1.69.0" "metadata" "--no-deps" "--format-version=1", kill_on_drop: false }`
[INFO] [stdout] 89aa7f759862a5e0ca8df42d5ee5702c7a77815a3c98198c4fe63fbc81bf60d5
[INFO] running `Command { std: "docker" "start" "-a" "89aa7f759862a5e0ca8df42d5ee5702c7a77815a3c98198c4fe63fbc81bf60d5", kill_on_drop: false }`
[INFO] running `Command { std: "docker" "inspect" "89aa7f759862a5e0ca8df42d5ee5702c7a77815a3c98198c4fe63fbc81bf60d5", kill_on_drop: false }`
[INFO] running `Command { std: "docker" "rm" "-f" "89aa7f759862a5e0ca8df42d5ee5702c7a77815a3c98198c4fe63fbc81bf60d5", kill_on_drop: false }`
[INFO] [stdout] 89aa7f759862a5e0ca8df42d5ee5702c7a77815a3c98198c4fe63fbc81bf60d5
[INFO] running `Command { std: "docker" "create" "-v" "/var/lib/crater-agent-workspace/builds/worker-0-tc1/target:/opt/rustwide/target:rw,Z" "-v" "/var/lib/crater-agent-workspace/builds/worker-0-tc1/source:/opt/rustwide/workdir:ro,Z" "-v" "/var/lib/crater-agent-workspace/cargo-home:/opt/rustwide/cargo-home:ro,Z" "-v" "/var/lib/crater-agent-workspace/rustup-home:/opt/rustwide/rustup-home:ro,Z" "-e" "SOURCE_DIR=/opt/rustwide/workdir" "-e" "CARGO_TARGET_DIR=/opt/rustwide/target" "-e" "CARGO_INCREMENTAL=0" "-e" "RUST_BACKTRACE=full" "-e" "RUSTFLAGS=--cap-lints=warn" "-e" "RUSTDOCFLAGS=--cap-lints=warn" "-e" "CARGO_HOME=/opt/rustwide/cargo-home" "-e" "RUSTUP_HOME=/opt/rustwide/rustup-home" "-w" "/opt/rustwide/workdir" "-m" "1610612736" "--user" "0:0" "--network" "none" "ghcr.io/rust-lang/crates-build-env/linux@sha256:5ff2268d62e97bff2cde7d5815dd6ed5b47097566f13b8d0ca110b04b60e07ed" "/opt/rustwide/cargo-home/bin/cargo" "+1.69.0" "build" "--frozen" "--message-format=json", kill_on_drop: false }`
[INFO] [stdout] d49deffbb2043e418d3b142b976639638083b7ed1046749739d08944b301370f
[INFO] running `Command { std: "docker" "start" "-a" "d49deffbb2043e418d3b142b976639638083b7ed1046749739d08944b301370f", kill_on_drop: false }`
[INFO] [stderr]    Compiling proc-macro2 v1.0.32
[INFO] [stderr]    Compiling unicode-xid v0.2.2
[INFO] [stderr]    Compiling syn v1.0.82
[INFO] [stderr]    Compiling serde_derive v1.0.130
[INFO] [stderr]    Compiling serde v1.0.130
[INFO] [stderr]    Compiling version_check v0.9.3
[INFO] [stderr]    Compiling typenum v1.14.0
[INFO] [stderr]    Compiling libc v0.2.108
[INFO] [stderr]    Compiling cpufeatures v0.2.1
[INFO] [stderr]    Compiling subtle v2.4.1
[INFO] [stderr]    Compiling semver v1.0.7
[INFO] [stderr]    Compiling log v0.4.14
[INFO] [stderr]    Compiling ryu v1.0.6
[INFO] [stderr]    Compiling serde_json v1.0.72
[INFO] [stderr]    Compiling wasm-bindgen-shared v0.2.80
[INFO] [stderr]    Compiling anyhow v1.0.51
[INFO] [stderr]    Compiling yansi v0.5.0
[INFO] [stderr]    Compiling unicode-segmentation v1.8.0
[INFO] [stderr]    Compiling itoa v0.4.8
[INFO] [stderr]    Compiling bs58 v0.3.1
[INFO] [stderr]    Compiling rustversion v1.0.5
[INFO] [stderr]    Compiling generic-array v0.14.4
[INFO] [stderr]    Compiling proc-macro2-diagnostics v0.9.1
[INFO] [stderr]    Compiling feature-probe v0.1.1
[INFO] [stderr]    Compiling bumpalo v3.9.1
[INFO] [stderr]    Compiling ppv-lite86 v0.2.15
[INFO] [stderr]    Compiling heck v0.3.3
[INFO] [stderr]    Compiling termcolor v1.1.2
[INFO] [stderr]    Compiling cc v1.0.72
[INFO] [stderr]    Compiling bv v0.11.1
[INFO] [stderr]    Compiling num-traits v0.2.14
[INFO] [stderr]    Compiling ahash v0.4.7
[INFO] [stderr]    Compiling rustc_version v0.4.0
[INFO] [stderr]    Compiling byteorder v1.4.3
[INFO] [stderr]    Compiling wasm-bindgen v0.2.80
[INFO] [stderr]    Compiling hashbrown v0.9.1
[INFO] [stderr]    Compiling either v1.6.1
[INFO] [stderr]    Compiling zeroize v1.3.0
[INFO] [stderr]    Compiling base64 v0.12.3
[INFO] [stderr]    Compiling arrayvec v0.7.2
[INFO] [stderr]    Compiling uint v0.8.5
[INFO] [stderr]    Compiling quote v1.0.10
[INFO] [stderr]    Compiling itertools v0.10.3
[INFO] [stderr]    Compiling getrandom v0.1.16
[INFO] [stderr]    Compiling solana-frozen-abi-macro v1.9.18
[INFO] [stderr]    Compiling atty v0.2.14
[INFO] [stderr]    Compiling solana-frozen-abi v1.9.18
[INFO] [stderr]    Compiling solana-program v1.9.18
[INFO] [stderr]    Compiling memmap2 v0.5.3
[INFO] [stderr]    Compiling env_logger v0.9.0
[INFO] [stderr]    Compiling rand_core v0.5.1
[INFO] [stderr]    Compiling rand_chacha v0.2.2
[INFO] [stderr]    Compiling blake3 v1.3.1
[INFO] [stderr]    Compiling solana-logger v1.9.18
[INFO] [stderr]    Compiling rand v0.7.3
[INFO] [stderr]    Compiling wasm-bindgen-backend v0.2.80
[INFO] [stderr]    Compiling borsh-derive-internal v0.9.1
[INFO] [stderr]    Compiling borsh-schema-derive-internal v0.9.1
[INFO] [stderr]    Compiling borsh-derive-internal v0.7.2
[INFO] [stderr]    Compiling borsh-schema-derive-internal v0.7.2
[INFO] [stderr]    Compiling borsh-derive-internal v0.8.2
[INFO] [stderr]    Compiling borsh-schema-derive-internal v0.8.2
[INFO] [stderr]    Compiling thiserror-impl v1.0.30
[INFO] [stderr]    Compiling bytemuck_derive v1.0.1
[INFO] [stderr]    Compiling solana-sdk-macro v1.9.18
[INFO] [stderr]    Compiling num-derive v0.3.3
[INFO] [stderr]    Compiling derivative v2.2.0
[INFO] [stderr]    Compiling borsh-derive v0.7.2
[INFO] [stderr]    Compiling proc_macros v0.1.0 (/opt/rustwide/workdir/lib/proc_macros)
[INFO] [stderr]    Compiling wasm-bindgen-macro-support v0.2.80
[INFO] [stderr]    Compiling borsh v0.7.2
[INFO] [stderr]    Compiling bytemuck v1.7.2
[INFO] [stderr]    Compiling wasm-bindgen-macro v0.2.80
[INFO] [stderr]    Compiling thiserror v1.0.30
[INFO] [stderr]    Compiling toml v0.5.8
[INFO] [stderr]    Compiling bincode v1.3.3
[INFO] [stderr]    Compiling serde_bytes v0.11.5
[INFO] [stderr]    Compiling digest v0.9.0
[INFO] [stderr]    Compiling block-buffer v0.9.0
[INFO] [stderr]    Compiling crypto-mac v0.8.0
[INFO] [stderr]    Compiling block-buffer v0.10.2
[INFO] [stderr]    Compiling crypto-common v0.1.3
[INFO] [stderr]    Compiling sha2 v0.9.8
[INFO] [stderr]    Compiling libsecp256k1-core v0.2.2
[INFO] [stderr]    Compiling hmac v0.8.1
[INFO] [stderr]    Compiling curve25519-dalek v3.2.1
[INFO] [stderr]    Compiling sha3 v0.9.1
[INFO] [stderr]    Compiling digest v0.10.3
[INFO] [stderr]    Compiling proc-macro-crate v0.1.5
[INFO] [stderr]    Compiling proc-macro-crate v1.1.0
[INFO] [stderr]    Compiling hmac-drbg v0.3.0
[INFO] [stderr]    Compiling anchor-syn v0.24.2
[INFO] [stderr]    Compiling borsh-derive v0.9.1
[INFO] [stderr]    Compiling num_enum_derive v0.5.4
[INFO] [stderr]    Compiling borsh-derive v0.8.2
[INFO] [stderr]    Compiling libsecp256k1-gen-ecmult v0.2.1
[INFO] [stderr]    Compiling libsecp256k1-gen-genmult v0.2.1
[INFO] [stderr]    Compiling libsecp256k1 v0.6.0
[INFO] [stderr]    Compiling num_enum v0.5.4
[INFO] [stderr]    Compiling borsh v0.9.1
[INFO] [stderr]    Compiling anchor-attribute-constant v0.24.2
[INFO] [stderr]    Compiling anchor-attribute-event v0.24.2
[INFO] [stderr]    Compiling anchor-attribute-state v0.24.2
[INFO] [stderr]    Compiling anchor-attribute-account v0.24.2
[INFO] [stderr]    Compiling anchor-derive-accounts v0.24.2
[INFO] [stderr]    Compiling anchor-attribute-interface v0.24.2
[INFO] [stderr]    Compiling anchor-attribute-access-control v0.24.2
[INFO] [stderr]    Compiling anchor-attribute-program v0.24.2
[INFO] [stderr]    Compiling anchor-attribute-error v0.24.2
[INFO] [stderr]    Compiling spl-token v3.2.0
[INFO] [stderr]    Compiling anchor-lang v0.24.2
[INFO] [stderr]    Compiling spl-math v0.1.0
[INFO] [stderr]    Compiling spl-associated-token-account v1.0.3
[INFO] [stderr]    Compiling metaplex-token-vault v0.0.1
[INFO] [stderr]    Compiling anchor-spl v0.24.2
[INFO] [stderr]    Compiling gem_common v0.1.0 (/opt/rustwide/workdir/lib/gem_common)
[INFO] [stderr]    Compiling metaplex-token-metadata v0.0.1
[INFO] [stderr]    Compiling gem_bank v0.1.0 (/opt/rustwide/workdir/programs/gem_bank)
[INFO] [stderr]    Compiling gem_farm v0.1.0 (/opt/rustwide/workdir/programs/gem_farm)
[INFO] [stderr]     Finished dev [unoptimized + debuginfo] target(s) in 38.01s
[INFO] running `Command { std: "docker" "inspect" "d49deffbb2043e418d3b142b976639638083b7ed1046749739d08944b301370f", kill_on_drop: false }`
[INFO] running `Command { std: "docker" "rm" "-f" "d49deffbb2043e418d3b142b976639638083b7ed1046749739d08944b301370f", kill_on_drop: false }`
[INFO] [stdout] d49deffbb2043e418d3b142b976639638083b7ed1046749739d08944b301370f
[INFO] running `Command { std: "docker" "create" "-v" "/var/lib/crater-agent-workspace/builds/worker-0-tc1/target:/opt/rustwide/target:rw,Z" "-v" "/var/lib/crater-agent-workspace/builds/worker-0-tc1/source:/opt/rustwide/workdir:ro,Z" "-v" "/var/lib/crater-agent-workspace/cargo-home:/opt/rustwide/cargo-home:ro,Z" "-v" "/var/lib/crater-agent-workspace/rustup-home:/opt/rustwide/rustup-home:ro,Z" "-e" "SOURCE_DIR=/opt/rustwide/workdir" "-e" "CARGO_TARGET_DIR=/opt/rustwide/target" "-e" "CARGO_INCREMENTAL=0" "-e" "RUST_BACKTRACE=full" "-e" "RUSTFLAGS=--cap-lints=warn" "-e" "RUSTDOCFLAGS=--cap-lints=warn" "-e" "CARGO_HOME=/opt/rustwide/cargo-home" "-e" "RUSTUP_HOME=/opt/rustwide/rustup-home" "-w" "/opt/rustwide/workdir" "-m" "1610612736" "--user" "0:0" "--network" "none" "ghcr.io/rust-lang/crates-build-env/linux@sha256:5ff2268d62e97bff2cde7d5815dd6ed5b47097566f13b8d0ca110b04b60e07ed" "/opt/rustwide/cargo-home/bin/cargo" "+1.69.0" "test" "--frozen" "--no-run" "--message-format=json", kill_on_drop: false }`
[INFO] [stdout] e678e16472da80a116a430a953c36c5da32fd66ca896544f188b80df37aa11f6
[INFO] running `Command { std: "docker" "start" "-a" "e678e16472da80a116a430a953c36c5da32fd66ca896544f188b80df37aa11f6", kill_on_drop: false }`
[INFO] [stderr]     Blocking waiting for file lock on package cache
[INFO] [stderr]    Compiling proc_macros v0.1.0 (/opt/rustwide/workdir/lib/proc_macros)
[INFO] [stderr]    Compiling gem_common v0.1.0 (/opt/rustwide/workdir/lib/gem_common)
[INFO] [stderr]    Compiling gem_bank v0.1.0 (/opt/rustwide/workdir/programs/gem_bank)
[INFO] [stderr]    Compiling gem_farm v0.1.0 (/opt/rustwide/workdir/programs/gem_farm)
[INFO] [stderr]     Finished test [unoptimized + debuginfo] target(s) in 6.92s
[INFO] running `Command { std: "docker" "inspect" "e678e16472da80a116a430a953c36c5da32fd66ca896544f188b80df37aa11f6", kill_on_drop: false }`
[INFO] running `Command { std: "docker" "rm" "-f" "e678e16472da80a116a430a953c36c5da32fd66ca896544f188b80df37aa11f6", kill_on_drop: false }`
[INFO] [stdout] e678e16472da80a116a430a953c36c5da32fd66ca896544f188b80df37aa11f6
[INFO] running `Command { std: "docker" "create" "-v" "/var/lib/crater-agent-workspace/builds/worker-0-tc1/target:/opt/rustwide/target:rw,Z" "-v" "/var/lib/crater-agent-workspace/builds/worker-0-tc1/source:/opt/rustwide/workdir:ro,Z" "-v" "/var/lib/crater-agent-workspace/cargo-home:/opt/rustwide/cargo-home:ro,Z" "-v" "/var/lib/crater-agent-workspace/rustup-home:/opt/rustwide/rustup-home:ro,Z" "-e" "SOURCE_DIR=/opt/rustwide/workdir" "-e" "CARGO_TARGET_DIR=/opt/rustwide/target" "-e" "CARGO_INCREMENTAL=0" "-e" "RUST_BACKTRACE=full" "-e" "RUSTFLAGS=--cap-lints=warn" "-e" "RUSTDOCFLAGS=--cap-lints=warn" "-e" "CARGO_HOME=/opt/rustwide/cargo-home" "-e" "RUSTUP_HOME=/opt/rustwide/rustup-home" "-w" "/opt/rustwide/workdir" "-m" "1610612736" "--user" "0:0" "--network" "none" "ghcr.io/rust-lang/crates-build-env/linux@sha256:5ff2268d62e97bff2cde7d5815dd6ed5b47097566f13b8d0ca110b04b60e07ed" "/opt/rustwide/cargo-home/bin/cargo" "+1.69.0" "test" "--frozen", kill_on_drop: false }`
[INFO] [stdout] eee1a6ecf1cc32d04c6eb5ab32265815bfe95b8ea482a9a298719fe3c673ef86
[INFO] running `Command { std: "docker" "start" "-a" "eee1a6ecf1cc32d04c6eb5ab32265815bfe95b8ea482a9a298719fe3c673ef86", kill_on_drop: false }`
[INFO] [stderr]     Finished test [unoptimized + debuginfo] target(s) in 0.15s
[INFO] [stderr]      Running unittests src/lib.rs (/opt/rustwide/target/debug/deps/gem_bank-5f62a919b96b5276)
[INFO] [stdout] 
[INFO] [stdout] running 1 test
[INFO] [stdout] test test_id ... ok
[INFO] [stdout] 
[INFO] [stdout] test result: ok. 1 passed; 0 failed; 0 ignored; 0 measured; 0 filtered out; finished in 0.00s
[INFO] [stdout] 
[INFO] [stderr]      Running unittests src/lib.rs (/opt/rustwide/target/debug/deps/gem_common-732188f0ef02c5c7)
[INFO] [stdout] 
[INFO] [stdout] running 12 tests
[INFO] [stdout] test try_math::tests::test_add_assign ... ok
[INFO] [stdout] test try_math::tests::test_div_assign ... ok
[INFO] [stdout] test try_math::tests::test_mul_assign ... ok
[INFO] [stdout] test try_math::tests::test_ceil_div ... ok
[INFO] [stdout] test try_math::tests::test_rounded_div_assign ... ok
[INFO] [stdout] test try_math::tests::test_sqrt_assign ... ok
[INFO] [stdout] test try_math::tests::test_pow_assign ... ok
[INFO] [stdout] test try_math::tests::test_div ... ok
[INFO] [stdout] test try_math::tests::test_ceil_div_assign ... ok
[INFO] [stdout] test try_math::tests::test_rounded_div ... ok
[INFO] [stdout] test try_math::tests::test_sub_assign ... ok
[INFO] [stdout] test try_math::tests::test_try_cast - should panic ... ok
[INFO] [stdout] 
[INFO] [stdout] test result: ok. 12 passed; 0 failed; 0 ignored; 0 measured; 0 filtered out; finished in 0.03s
[INFO] [stdout] 
[INFO] [stderr]      Running unittests src/lib.rs (/opt/rustwide/target/debug/deps/gem_farm-cda26cb633c4420f)
[INFO] [stdout] 
[INFO] [stdout] running 44 tests
[INFO] [stdout] test number128::tests2::ceil_gt_one ... ok
[INFO] [stdout] test number128::tests2::ceil_of_int ... ok
[INFO] [stdout] test number128::tests2::multiply_by_u64 ... ok
[INFO] [stdout] test number128::tests2::one_plus_one_equals_two ... ok
[INFO] [stdout] test number128::tests2::one_times_one_equals_one ... ok
[INFO] [stdout] test number128::tests2::one_minus_one_equals_zero ... ok
[INFO] [stdout] test number128::tests2::one_divided_by_one_equals_one ... ok
[INFO] [stdout] test number128::tests2::one_equals_one ... ok
[INFO] [stdout] test number128::tests2::ten_div_100_equals_point_1 ... ok
[INFO] [stdout] test number128::tests2::test_add_assign ... ok
[INFO] [stdout] test number128::tests2::test_sub_assign ... ok
[INFO] [stdout] test state::farm::tests::test_time_tracker ... ok
[INFO] [stdout] test number128::tests2::test_mul_assign ... ok
[INFO] [stdout] test number128::tests2::test_pow_assign ... ok
[INFO] [stdout] test number128::tests2::to_string ... ok
[INFO] [stdout] test number128::tests2::zero_equals_zero ... ok
[INFO] [stdout] test number128::tests2::test_div ... ok
[INFO] [stdout] test state::fixed_rewards::tests::test_good_schedule_invariants ... ok
[INFO] [stdout] test number128::tests2::test_div_assign ... ok
[INFO] [stdout] test state::fixed_rewards::tests::test_t1_reward_amounts ... ok
[INFO] [stdout] test state::fixed_rewards::tests::test_t2_reward_amounts ... ok
[INFO] [stdout] test state::farmer::tests::test_farmer_reward_update_variable ... ok
[INFO] [stdout] test state::farm::tests::test_funds_tracker ... ok
[INFO] [stdout] test state::farm::tests::test_time_tracker_end_reward ... ok
[INFO] [stdout] test state::fixed_rewards::tests::test_base_reward_amounts ... ok
[INFO] [stdout] test state::fixed_rewards::tests::test_base_reward_amounts_with_denominator ... ok
[INFO] [stdout] test state::fixed_rewards::tests::test_base_reward_amounts_with_inconvenient_denominator ... ok
[INFO] [stdout] test state::fixed_rewards::tests::test_t3_reward_amounts ... ok
[INFO] [stdout] test state::farmer::tests::test_farmer_reward_update_fixed ... ok
[INFO] [stdout] test state::farmer::tests::test_farmer_fixed_rate_reward ... ok
[INFO] [stdout] test state::variable_rewards::tests::test_fund_reward_fresh ... ok
[INFO] [stdout] test state::variable_rewards::tests::test_fund_reward_merged_1 ... ok
[INFO] [stdout] test state::variable_rewards::tests::test_fund_reward_merged_2 ... ok
[INFO] [stdout] test test_id ... ok
[INFO] [stdout] test state::variable_rewards::tests::test_accrued_reward_per_rarity_point ... ok
[INFO] [stdout] test state::farmer::tests::test_farmer_reward_claim ... ok
[INFO] [stdout] test number128::tests2::ceil_lt_one ... FAILED
[INFO] [stdout] test state::fixed_rewards::tests::test_t3_bad_gap_t1 - should panic ... ok
[INFO] [stdout] test state::fixed_rewards::tests::test_t2_bad_tenure - should panic ... ok
[INFO] [stdout] test state::fixed_rewards::tests::test_t2_bad_gap - should panic ... ok
[INFO] [stdout] test state::fixed_rewards::tests::test_t3_bad_tenure_t2 - should panic ... ok
[INFO] [stdout] test state::fixed_rewards::tests::test_base_bad_denominator - should panic ... ok
[INFO] [stdout] test state::fixed_rewards::tests::test_t3_bad_tenure_t3 - should panic ... ok
[INFO] [stdout] test state::fixed_rewards::tests::test_t3_bad_gap_t2 - should panic ... ok
[INFO] [stdout] 
[INFO] [stdout] failures:
[INFO] [stdout] 
[INFO] [stdout] ---- number128::tests2::ceil_lt_one stdout ----
[INFO] [stdout] thread 'number128::tests2::ceil_lt_one' panicked at 'assertion failed: `(left == right)`
[INFO] [stdout]   left: `0`,
[INFO] [stdout]  right: `1`', programs/gem_farm/src/number128.rs:324:9
[INFO] [stdout] stack backtrace:
[INFO] [stdout]    0:     0x558385a741ba - std::backtrace_rs::backtrace::libunwind::trace::ha9053a9a07ca49cb
[INFO] [stdout]                                at /rustc/84c898d65adf2f39a5a98507f1fe0ce10a2b8dbc/library/std/src/../../backtrace/src/backtrace/libunwind.rs:93:5
[INFO] [stdout]    1:     0x558385a741ba - std::backtrace_rs::backtrace::trace_unsynchronized::h9c2852a457ad564e
[INFO] [stdout]                                at /rustc/84c898d65adf2f39a5a98507f1fe0ce10a2b8dbc/library/std/src/../../backtrace/src/backtrace/mod.rs:66:5
[INFO] [stdout]    2:     0x558385a741ba - std::sys_common::backtrace::_print_fmt::h457936fbfaa0070f
[INFO] [stdout]                                at /rustc/84c898d65adf2f39a5a98507f1fe0ce10a2b8dbc/library/std/src/sys_common/backtrace.rs:65:5
[INFO] [stdout]    3:     0x558385a741ba - <std::sys_common::backtrace::_print::DisplayBacktrace as core::fmt::Display>::fmt::h5779d7bf7f70cb0c
[INFO] [stdout]                                at /rustc/84c898d65adf2f39a5a98507f1fe0ce10a2b8dbc/library/std/src/sys_common/backtrace.rs:44:22
[INFO] [stdout]    4:     0x558385a97f0e - core::fmt::write::h5a4baaff1bcd3eb5
[INFO] [stdout]                                at /rustc/84c898d65adf2f39a5a98507f1fe0ce10a2b8dbc/library/core/src/fmt/mod.rs:1232:17
[INFO] [stdout]    5:     0x558385a71635 - std::io::Write::write_fmt::h478f79c628ef31d1
[INFO] [stdout]                                at /rustc/84c898d65adf2f39a5a98507f1fe0ce10a2b8dbc/library/std/src/io/mod.rs:1684:15
[INFO] [stdout]    6:     0x558385a73f85 - std::sys_common::backtrace::_print::h5fcdc36060f177e8
[INFO] [stdout]                                at /rustc/84c898d65adf2f39a5a98507f1fe0ce10a2b8dbc/library/std/src/sys_common/backtrace.rs:47:5
[INFO] [stdout]    7:     0x558385a73f85 - std::sys_common::backtrace::print::h54ca9458b876c8bf
[INFO] [stdout]                                at /rustc/84c898d65adf2f39a5a98507f1fe0ce10a2b8dbc/library/std/src/sys_common/backtrace.rs:34:9
[INFO] [stdout]    8:     0x558385a75d4f - std::panicking::default_hook::{{closure}}::hbe471161c7664ed6
[INFO] [stdout]                                at /rustc/84c898d65adf2f39a5a98507f1fe0ce10a2b8dbc/library/std/src/panicking.rs:271:22
[INFO] [stdout]    9:     0x558385a75a0f - std::panicking::default_hook::ha3500da57aa4ac4f
[INFO] [stdout]                                at /rustc/84c898d65adf2f39a5a98507f1fe0ce10a2b8dbc/library/std/src/panicking.rs:287:9
[INFO] [stdout]   10:     0x558385a31e67 - <alloc::boxed::Box<F,A> as core::ops::function::Fn<Args>>::call::hdf1b89dd137ece34
[INFO] [stdout]                                at /rustc/84c898d65adf2f39a5a98507f1fe0ce10a2b8dbc/library/alloc/src/boxed.rs:2001:9
[INFO] [stdout]   11:     0x558385a31e67 - test::test_main::{{closure}}::h9081a79f20e75698
[INFO] [stdout]                                at /rustc/84c898d65adf2f39a5a98507f1fe0ce10a2b8dbc/library/test/src/lib.rs:135:21
[INFO] [stdout]   12:     0x558385a7647d - <alloc::boxed::Box<F,A> as core::ops::function::Fn<Args>>::call::h6507bddc3eebb4a5
[INFO] [stdout]                                at /rustc/84c898d65adf2f39a5a98507f1fe0ce10a2b8dbc/library/alloc/src/boxed.rs:2001:9
[INFO] [stdout]   13:     0x558385a7647d - std::panicking::rust_panic_with_hook::h50c09d000dc561d2
[INFO] [stdout]                                at /rustc/84c898d65adf2f39a5a98507f1fe0ce10a2b8dbc/library/std/src/panicking.rs:696:13
[INFO] [stdout]   14:     0x558385a761f9 - std::panicking::begin_panic_handler::{{closure}}::h9e2b2176e00e0d9c
[INFO] [stdout]                                at /rustc/84c898d65adf2f39a5a98507f1fe0ce10a2b8dbc/library/std/src/panicking.rs:583:13
[INFO] [stdout]   15:     0x558385a74626 - std::sys_common::backtrace::__rust_end_short_backtrace::h5739b8e512c09d02
[INFO] [stdout]                                at /rustc/84c898d65adf2f39a5a98507f1fe0ce10a2b8dbc/library/std/src/sys_common/backtrace.rs:150:18
[INFO] [stdout]   16:     0x558385a75f02 - rust_begin_unwind
[INFO] [stdout]                                at /rustc/84c898d65adf2f39a5a98507f1fe0ce10a2b8dbc/library/std/src/panicking.rs:579:5
[INFO] [stdout]   17:     0x5583859eeb83 - core::panicking::panic_fmt::hf33a1475b4dc5c3e
[INFO] [stdout]                                at /rustc/84c898d65adf2f39a5a98507f1fe0ce10a2b8dbc/library/core/src/panicking.rs:64:14
[INFO] [stdout]   18:     0x5583859eee5f - core::panicking::assert_failed_inner::haf9816227b20b6f2
[INFO] [stdout]   19:     0x558385a4d6ca - core::panicking::assert_failed::h0481af145c34f241
[INFO] [stdout]                                at /rustc/84c898d65adf2f39a5a98507f1fe0ce10a2b8dbc/library/core/src/panicking.rs:211:5
[INFO] [stdout]   20:     0x5583859fcb5f - gem_farm::number128::tests2::ceil_lt_one::h54c4181cf0441ae8
[INFO] [stdout]                                at /opt/rustwide/workdir/programs/gem_farm/src/number128.rs:324:9
[INFO] [stdout]   21:     0x5583859fc987 - gem_farm::number128::tests2::ceil_lt_one::{{closure}}::hebefea578b33a037
[INFO] [stdout]                                at /opt/rustwide/workdir/programs/gem_farm/src/number128.rs:317:22
[INFO] [stdout]   22:     0x5583859ff635 - core::ops::function::FnOnce::call_once::hc95d3fd0be05b833
[INFO] [stdout]                                at /rustc/84c898d65adf2f39a5a98507f1fe0ce10a2b8dbc/library/core/src/ops/function.rs:250:5
[INFO] [stdout]   23:     0x558385a3724f - core::ops::function::FnOnce::call_once::h7d969581be7d0075
[INFO] [stdout]                                at /rustc/84c898d65adf2f39a5a98507f1fe0ce10a2b8dbc/library/core/src/ops/function.rs:250:5
[INFO] [stdout]   24:     0x558385a3724f - test::__rust_begin_short_backtrace::hca25a52684e56655
[INFO] [stdout]                                at /rustc/84c898d65adf2f39a5a98507f1fe0ce10a2b8dbc/library/test/src/lib.rs:656:18
[INFO] [stdout]   25:     0x558385a0886c - test::run_test::{{closure}}::ha8ac744c4af1a4bb
[INFO] [stdout]                                at /rustc/84c898d65adf2f39a5a98507f1fe0ce10a2b8dbc/library/test/src/lib.rs:647:30
[INFO] [stdout]   26:     0x558385a0886c - core::ops::function::FnOnce::call_once{{vtable.shim}}::h7b411a9ed45bdecf
[INFO] [stdout]                                at /rustc/84c898d65adf2f39a5a98507f1fe0ce10a2b8dbc/library/core/src/ops/function.rs:250:5
[INFO] [stdout]   27:     0x558385a36216 - <alloc::boxed::Box<F,A> as core::ops::function::FnOnce<Args>>::call_once::hd05328869a8ed200
[INFO] [stdout]                                at /rustc/84c898d65adf2f39a5a98507f1fe0ce10a2b8dbc/library/alloc/src/boxed.rs:1987:9
[INFO] [stdout]   28:     0x558385a36216 - <core::panic::unwind_safe::AssertUnwindSafe<F> as core::ops::function::FnOnce<()>>::call_once::h0c601ce20bd5b2be
[INFO] [stdout]                                at /rustc/84c898d65adf2f39a5a98507f1fe0ce10a2b8dbc/library/core/src/panic/unwind_safe.rs:271:9
[INFO] [stdout]   29:     0x558385a36216 - std::panicking::try::do_call::ha4be5c164fe30854
[INFO] [stdout]                                at /rustc/84c898d65adf2f39a5a98507f1fe0ce10a2b8dbc/library/std/src/panicking.rs:487:40
[INFO] [stdout]   30:     0x558385a36216 - std::panicking::try::h604546f3609af05f
[INFO] [stdout]                                at /rustc/84c898d65adf2f39a5a98507f1fe0ce10a2b8dbc/library/std/src/panicking.rs:451:19
[INFO] [stdout]   31:     0x558385a36216 - std::panic::catch_unwind::h5bfa8afe44c9c2f9
[INFO] [stdout]                                at /rustc/84c898d65adf2f39a5a98507f1fe0ce10a2b8dbc/library/std/src/panic.rs:140:14
[INFO] [stdout]   32:     0x558385a36216 - test::run_test_in_process::hd50dee55dd63e6aa
[INFO] [stdout]                                at /rustc/84c898d65adf2f39a5a98507f1fe0ce10a2b8dbc/library/test/src/lib.rs:679:27
[INFO] [stdout]   33:     0x558385a36216 - test::run_test::run_test_inner::{{closure}}::h4aa0f433aa85cea8
[INFO] [stdout]                                at /rustc/84c898d65adf2f39a5a98507f1fe0ce10a2b8dbc/library/test/src/lib.rs:573:39
[INFO] [stdout]   34:     0x558385a02ee1 - test::run_test::run_test_inner::{{closure}}::had56431adf24b4d6
[INFO] [stdout]                                at /rustc/84c898d65adf2f39a5a98507f1fe0ce10a2b8dbc/library/test/src/lib.rs:600:37
[INFO] [stdout]   35:     0x558385a02ee1 - std::sys_common::backtrace::__rust_begin_short_backtrace::ha8d9890e0c73bf13
[INFO] [stdout]                                at /rustc/84c898d65adf2f39a5a98507f1fe0ce10a2b8dbc/library/std/src/sys_common/backtrace.rs:134:18
[INFO] [stdout]   36:     0x558385a088fb - std::thread::Builder::spawn_unchecked_::{{closure}}::{{closure}}::h251832bcb4a95327
[INFO] [stdout]                                at /rustc/84c898d65adf2f39a5a98507f1fe0ce10a2b8dbc/library/std/src/thread/mod.rs:560:17
[INFO] [stdout]   37:     0x558385a088fb - <core::panic::unwind_safe::AssertUnwindSafe<F> as core::ops::function::FnOnce<()>>::call_once::h8fdff598fa414831
[INFO] [stdout]                                at /rustc/84c898d65adf2f39a5a98507f1fe0ce10a2b8dbc/library/core/src/panic/unwind_safe.rs:271:9
[INFO] [stdout]   38:     0x558385a088fb - std::panicking::try::do_call::h455dd2f7764a950f
[INFO] [stdout]                                at /rustc/84c898d65adf2f39a5a98507f1fe0ce10a2b8dbc/library/std/src/panicking.rs:487:40
[INFO] [stdout]   39:     0x558385a088fb - std::panicking::try::had6f23b7b73ae72a
[INFO] [stdout]                                at /rustc/84c898d65adf2f39a5a98507f1fe0ce10a2b8dbc/library/std/src/panicking.rs:451:19
[INFO] [stdout]   40:     0x558385a088fb - std::panic::catch_unwind::ha6a5ca3915b4dad0
[INFO] [stdout]                                at /rustc/84c898d65adf2f39a5a98507f1fe0ce10a2b8dbc/library/std/src/panic.rs:140:14
[INFO] [stdout]   41:     0x558385a088fb - std::thread::Builder::spawn_unchecked_::{{closure}}::h883b72ef75da6231
[INFO] [stdout]                                at /rustc/84c898d65adf2f39a5a98507f1fe0ce10a2b8dbc/library/std/src/thread/mod.rs:559:30
[INFO] [stdout]   42:     0x558385a088fb - core::ops::function::FnOnce::call_once{{vtable.shim}}::hb7dff73dc8bd2ccb
[INFO] [stdout]                                at /rustc/84c898d65adf2f39a5a98507f1fe0ce10a2b8dbc/library/core/src/ops/function.rs:250:5
[INFO] [stdout]   43:     0x558385a7a7e3 - <alloc::boxed::Box<F,A> as core::ops::function::FnOnce<Args>>::call_once::h39990b24eedef2ab
[INFO] [stdout]                                at /rustc/84c898d65adf2f39a5a98507f1fe0ce10a2b8dbc/library/alloc/src/boxed.rs:1987:9
[INFO] [stdout]   44:     0x558385a7a7e3 - <alloc::boxed::Box<F,A> as core::ops::function::FnOnce<Args>>::call_once::h01a027258444143b
[INFO] [stdout]                                at /rustc/84c898d65adf2f39a5a98507f1fe0ce10a2b8dbc/library/alloc/src/boxed.rs:1987:9
[INFO] [stdout]   45:     0x558385a7a7e3 - std::sys::unix::thread::Thread::new::thread_start::ha4f1cdd9c25884ba
[INFO] [stdout]                                at /rustc/84c898d65adf2f39a5a98507f1fe0ce10a2b8dbc/library/std/src/sys/unix/thread.rs:108:17
[INFO] [stdout]   46:     0x7fe299020b43 - <unknown>
[INFO] [stdout]   47:     0x7fe2990b1bb4 - __clone
[INFO] [stdout]   48:                0x0 - <unknown>
[INFO] [stdout] 
[INFO] [stdout] 
[INFO] [stdout] failures:
[INFO] [stdout]     number128::tests2::ceil_lt_one
[INFO] [stdout] 
[INFO] [stdout] test result: FAILED. 43 passed; 1 failed; 0 ignored; 0 measured; 0 filtered out; finished in 0.08s
[INFO] [stdout] 
[INFO] [stderr] error: test failed, to rerun pass `-p gem_farm --lib`
[INFO] running `Command { std: "docker" "inspect" "eee1a6ecf1cc32d04c6eb5ab32265815bfe95b8ea482a9a298719fe3c673ef86", kill_on_drop: false }`
[INFO] running `Command { std: "docker" "rm" "-f" "eee1a6ecf1cc32d04c6eb5ab32265815bfe95b8ea482a9a298719fe3c673ef86", kill_on_drop: false }`
[INFO] [stdout] eee1a6ecf1cc32d04c6eb5ab32265815bfe95b8ea482a9a298719fe3c673ef86
