[INFO] cloning repository https://github.com/InnPatron/plank
[INFO] running `Command { std: "git" "-c" "credential.helper=" "-c" "credential.helper=/workspace/cargo-home/bin/git-credential-null" "clone" "--bare" "https://github.com/InnPatron/plank" "/workspace/cache/git-repos/https%3A%2F%2Fgithub.com%2FInnPatron%2Fplank", kill_on_drop: false }`
[INFO] [stderr] Cloning into bare repository '/workspace/cache/git-repos/https%3A%2F%2Fgithub.com%2FInnPatron%2Fplank'...
[INFO] running `Command { std: "git" "rev-parse" "HEAD", kill_on_drop: false }`
[INFO] [stdout] 7559f05a51c1dad6bca5d468470a2f345c55e119
[INFO] testing InnPatron/plank against 1.69.0 for beta-1.70-1
[INFO] running `Command { std: "git" "clone" "/workspace/cache/git-repos/https%3A%2F%2Fgithub.com%2FInnPatron%2Fplank" "/workspace/builds/worker-1-tc1/source", kill_on_drop: false }`
[INFO] [stderr] Cloning into '/workspace/builds/worker-1-tc1/source'...
[INFO] [stderr] done.
[INFO] validating manifest of git repo https://github.com/InnPatron/plank on toolchain 1.69.0
[INFO] running `Command { std: CARGO_HOME="/workspace/cargo-home" RUSTUP_HOME="/workspace/rustup-home" "/workspace/cargo-home/bin/cargo" "+1.69.0" "metadata" "--manifest-path" "Cargo.toml" "--no-deps", kill_on_drop: false }`
[INFO] started tweaking git repo https://github.com/InnPatron/plank
[INFO] finished tweaking git repo https://github.com/InnPatron/plank
[INFO] tweaked toml for git repo https://github.com/InnPatron/plank written to /workspace/builds/worker-1-tc1/source/Cargo.toml
[INFO] crate git repo https://github.com/InnPatron/plank already has a lockfile, it will not be regenerated
[INFO] running `Command { std: CARGO_HOME="/workspace/cargo-home" RUSTUP_HOME="/workspace/rustup-home" "/workspace/cargo-home/bin/cargo" "+1.69.0" "fetch" "--manifest-path" "Cargo.toml", kill_on_drop: false }`
[INFO] [stderr]  Downloading crates ...
[INFO] [stderr]   Downloaded if_chain v1.0.0
[INFO] [stderr]   Downloaded ast_node v0.7.0
[INFO] [stderr]   Downloaded is-macro v0.1.8
[INFO] [stderr]   Downloaded string_enum v0.3.0
[INFO] [stderr]   Downloaded swc_macros_common v0.3.1
[INFO] [stderr]   Downloaded swc_ecma_parser_macros v0.4.1
[INFO] [stderr]   Downloaded enum_kind v0.2.0
[INFO] [stderr]   Downloaded from_variant v0.1.2
[INFO] [stderr]   Downloaded sourcemap v6.0.1
[INFO] [stderr]   Downloaded swc_atoms v0.2.2
[INFO] [stderr]   Downloaded dashmap v3.5.1
[INFO] [stderr]   Downloaded swc_ecma_parser v0.31.0
[INFO] [stderr]   Downloaded swc_common v0.7.0
[INFO] [stderr]   Downloaded swc_ecma_ast v0.26.0
[INFO] [stderr]   Downloaded swc_ecma_visit v0.11.0
[INFO] [stderr]   Downloaded swc_visit v0.1.0
[INFO] [stderr]   Downloaded swc_visit_macros v0.1.0
[INFO] running `Command { std: "docker" "create" "-v" "/var/lib/crater-agent-workspace/builds/worker-1-tc1/target:/opt/rustwide/target:rw,Z" "-v" "/var/lib/crater-agent-workspace/builds/worker-1-tc1/source:/opt/rustwide/workdir:ro,Z" "-v" "/var/lib/crater-agent-workspace/cargo-home:/opt/rustwide/cargo-home:ro,Z" "-v" "/var/lib/crater-agent-workspace/rustup-home:/opt/rustwide/rustup-home:ro,Z" "-e" "SOURCE_DIR=/opt/rustwide/workdir" "-e" "CARGO_TARGET_DIR=/opt/rustwide/target" "-e" "CARGO_HOME=/opt/rustwide/cargo-home" "-e" "RUSTUP_HOME=/opt/rustwide/rustup-home" "-w" "/opt/rustwide/workdir" "-m" "1610612736" "--user" "0:0" "--network" "none" "ghcr.io/rust-lang/crates-build-env/linux@sha256:5ff2268d62e97bff2cde7d5815dd6ed5b47097566f13b8d0ca110b04b60e07ed" "/opt/rustwide/cargo-home/bin/cargo" "+1.69.0" "metadata" "--no-deps" "--format-version=1", kill_on_drop: false }`
[INFO] [stdout] 3075a8684a0d63cedef33d2181256f67f0c5b295948aa741bf6acd708f415519
[INFO] running `Command { std: "docker" "start" "-a" "3075a8684a0d63cedef33d2181256f67f0c5b295948aa741bf6acd708f415519", kill_on_drop: false }`
[INFO] running `Command { std: "docker" "inspect" "3075a8684a0d63cedef33d2181256f67f0c5b295948aa741bf6acd708f415519", kill_on_drop: false }`
[INFO] running `Command { std: "docker" "rm" "-f" "3075a8684a0d63cedef33d2181256f67f0c5b295948aa741bf6acd708f415519", kill_on_drop: false }`
[INFO] [stdout] 3075a8684a0d63cedef33d2181256f67f0c5b295948aa741bf6acd708f415519
[INFO] running `Command { std: "docker" "create" "-v" "/var/lib/crater-agent-workspace/builds/worker-1-tc1/target:/opt/rustwide/target:rw,Z" "-v" "/var/lib/crater-agent-workspace/builds/worker-1-tc1/source:/opt/rustwide/workdir:ro,Z" "-v" "/var/lib/crater-agent-workspace/cargo-home:/opt/rustwide/cargo-home:ro,Z" "-v" "/var/lib/crater-agent-workspace/rustup-home:/opt/rustwide/rustup-home:ro,Z" "-e" "SOURCE_DIR=/opt/rustwide/workdir" "-e" "CARGO_TARGET_DIR=/opt/rustwide/target" "-e" "CARGO_INCREMENTAL=0" "-e" "RUST_BACKTRACE=full" "-e" "RUSTFLAGS=--cap-lints=warn" "-e" "RUSTDOCFLAGS=--cap-lints=warn" "-e" "CARGO_HOME=/opt/rustwide/cargo-home" "-e" "RUSTUP_HOME=/opt/rustwide/rustup-home" "-w" "/opt/rustwide/workdir" "-m" "1610612736" "--user" "0:0" "--network" "none" "ghcr.io/rust-lang/crates-build-env/linux@sha256:5ff2268d62e97bff2cde7d5815dd6ed5b47097566f13b8d0ca110b04b60e07ed" "/opt/rustwide/cargo-home/bin/cargo" "+1.69.0" "build" "--frozen" "--message-format=json", kill_on_drop: false }`
[INFO] [stdout] fc7d8d863aee7be58589d9a3c42baa0d489c124f18e4fde8c7e0812e0d0f1c9a
[INFO] running `Command { std: "docker" "start" "-a" "fc7d8d863aee7be58589d9a3c42baa0d489c124f18e4fde8c7e0812e0d0f1c9a", kill_on_drop: false }`
[INFO] [stderr]    Compiling proc-macro2 v1.0.19
[INFO] [stderr]    Compiling unicode-xid v0.2.1
[INFO] [stderr]    Compiling syn v1.0.36
[INFO] [stderr]    Compiling libc v0.2.73
[INFO] [stderr]    Compiling getrandom v0.1.14
[INFO] [stderr]    Compiling cfg-if v0.1.10
[INFO] [stderr]    Compiling autocfg v1.0.0
[INFO] [stderr]    Compiling rand_core v0.4.2
[INFO] [stderr]    Compiling autocfg v0.1.7
[INFO] [stderr]    Compiling lazy_static v1.4.0
[INFO] [stderr]    Compiling memchr v2.3.3
[INFO] [stderr]    Compiling serde_derive v1.0.114
[INFO] [stderr]    Compiling rand_core v0.3.1
[INFO] [stderr]    Compiling serde v1.0.114
[INFO] [stderr]    Compiling siphasher v0.3.3
[INFO] [stderr]    Compiling thread_local v1.0.1
[INFO] [stderr]    Compiling semver-parser v0.7.0
[INFO] [stderr]    Compiling phf_shared v0.8.0
[INFO] [stderr]    Compiling quote v1.0.7
[INFO] [stderr]    Compiling aho-corasick v0.7.13
[INFO] [stderr]    Compiling ident_case v1.0.1
[INFO] [stderr]    Compiling strsim v0.9.3
[INFO] [stderr]    Compiling ppv-lite86 v0.2.8
[INFO] [stderr]    Compiling fnv v1.0.7
[INFO] [stderr]    Compiling regex-syntax v0.6.18
[INFO] [stderr]    Compiling semver v0.9.0
[INFO] [stderr]    Compiling rand_pcg v0.1.2
[INFO] [stderr]    Compiling rand_core v0.5.1
[INFO] [stderr]    Compiling rand_chacha v0.1.1
[INFO] [stderr]    Compiling maybe-uninit v2.0.0
[INFO] [stderr]    Compiling rand_chacha v0.2.2
[INFO] [stderr]    Compiling rand_pcg v0.2.1
[INFO] [stderr]    Compiling rustc_version v0.2.3
[INFO] [stderr]    Compiling rand v0.6.5
[INFO] [stderr]    Compiling rand v0.7.3
[INFO] [stderr]    Compiling matches v0.1.8
[INFO] [stderr]    Compiling proc-macro-hack v0.5.18
[INFO] [stderr]    Compiling ryu v1.0.5
[INFO] [stderr]    Compiling tinyvec v0.3.3
[INFO] [stderr]    Compiling unicode-normalization v0.1.13
[INFO] [stderr]    Compiling parking_lot_core v0.4.0
[INFO] [stderr]    Compiling unicode-bidi v0.3.4
[INFO] [stderr]    Compiling rand_os v0.1.3
[INFO] [stderr]    Compiling phf_generator v0.8.0
[INFO] [stderr]    Compiling regex v1.3.9
[INFO] [stderr]    Compiling num-traits v0.2.12
[INFO] [stderr]    Compiling rand_isaac v0.1.1
[INFO] [stderr]    Compiling const-random-macro v0.1.8
[INFO] [stderr]    Compiling rand_hc v0.1.0
[INFO] [stderr]    Compiling rand_xorshift v0.1.1
[INFO] [stderr]    Compiling rand_jitter v0.1.4
[INFO] [stderr]    Compiling byteorder v1.3.4
[INFO] [stderr]    Compiling stable_deref_trait v1.2.0
[INFO] [stderr]    Compiling serde_json v1.0.57
[INFO] [stderr]    Compiling const-random v0.1.8
[INFO] [stderr]    Compiling owning_ref v0.4.1
[INFO] [stderr]    Compiling idna v0.2.0
[INFO] [stderr]    Compiling string_cache_codegen v0.5.1
[INFO] [stderr]    Compiling smallvec v0.6.13
[INFO] [stderr]    Compiling Inflector v0.11.4
[INFO] [stderr]    Compiling num-integer v0.1.43
[INFO] [stderr]    Compiling percent-encoding v2.1.0
[INFO] [stderr]    Compiling unicode-width v0.1.8
[INFO] [stderr]    Compiling new_debug_unreachable v1.0.4
[INFO] [stderr]    Compiling itoa v0.4.6
[INFO] [stderr]    Compiling scopeguard v0.3.3
[INFO] [stderr]    Compiling log v0.4.11
[INFO] [stderr]    Compiling precomputed-hash v0.1.1
[INFO] [stderr]    Compiling lock_api v0.1.5
[INFO] [stderr]    Compiling url v2.1.1
[INFO] [stderr]    Compiling swc_atoms v0.2.2
[INFO] [stderr]    Compiling ahash v0.3.8
[INFO] [stderr]    Compiling atty v0.2.14
[INFO] [stderr]    Compiling num_cpus v1.13.0
[INFO] [stderr]    Compiling num-bigint v0.2.6
[INFO] [stderr]    Compiling base64 v0.11.0
[INFO] [stderr]    Compiling either v1.5.3
[INFO] [stderr]    Compiling if_chain v1.0.0
[INFO] [stderr]    Compiling dashmap v3.5.1
[INFO] [stderr]    Compiling fxhash v0.2.1
[INFO] [stderr]    Compiling parking_lot v0.7.1
[INFO] [stderr]    Compiling pmutil v0.5.3
[INFO] [stderr]    Compiling darling_core v0.10.2
[INFO] [stderr]    Compiling swc_macros_common v0.3.1
[INFO] [stderr]    Compiling termcolor v1.1.0
[INFO] [stderr]    Compiling scoped-tls v1.0.0
[INFO] [stderr]    Compiling hashbrown v0.8.1
[INFO] [stderr]    Compiling bitflags v1.2.1
[INFO] [stderr]    Compiling indexmap v1.5.0
[INFO] [stderr]    Compiling derive_builder v0.9.0
[INFO] [stderr]    Compiling textwrap v0.11.0
[INFO] [stderr]    Compiling once_cell v1.4.0
[INFO] [stderr]    Compiling smallvec v1.4.1
[INFO] [stderr]    Compiling vec_map v0.8.2
[INFO] [stderr]    Compiling ansi_term v0.11.0
[INFO] [stderr]    Compiling strsim v0.8.0
[INFO] [stderr]    Compiling clap v2.33.1
[INFO] [stderr]    Compiling darling_macro v0.10.2
[INFO] [stderr]    Compiling swc_visit_macros v0.1.0
[INFO] [stderr]    Compiling from_variant v0.1.2
[INFO] [stderr]    Compiling enum_kind v0.2.0
[INFO] [stderr]    Compiling string_enum v0.3.0
[INFO] [stderr]    Compiling is-macro v0.1.8
[INFO] [stderr]    Compiling darling v0.10.2
[INFO] [stderr]    Compiling derive_builder_core v0.9.0
[INFO] [stderr]    Compiling ast_node v0.7.0
[INFO] [stderr]    Compiling swc_ecma_parser_macros v0.4.1
[INFO] [stderr]    Compiling swc_visit v0.1.0
[INFO] [stderr]    Compiling string_cache v0.8.0
[INFO] [stderr]    Compiling sourcemap v6.0.1
[INFO] [stderr]    Compiling swc_common v0.7.0
[INFO] [stderr]    Compiling swc_ecma_ast v0.26.0
[INFO] [stderr]    Compiling swc_ecma_visit v0.11.0
[INFO] [stderr]    Compiling swc_ecma_parser v0.31.0
[INFO] [stderr]    Compiling jetsam v0.1.0 (/opt/rustwide/workdir)
[INFO] [stdout] warning: unused macro definition: `opaque_type`
[INFO] [stdout]   --> src/generate/emit/ts_num_json_emit.rs:65:22
[INFO] [stdout]    |
[INFO] [stdout] 65 |         macro_rules! opaque_type {
[INFO] [stdout]    |                      ^^^^^^^^^^^
[INFO] [stdout]    |
[INFO] [stdout]    = note: `#[warn(unused_macros)]` on by default
[INFO] [stdout] 
[INFO] [stdout] 
[INFO] [stdout] warning: unnecessary braces around block return value
[INFO] [stdout]  --> src/generate/js_pp.rs:9:9
[INFO] [stdout]   |
[INFO] [stdout] 9 |         $b
[INFO] [stdout]   |         ^^
[INFO] [stdout]   |
[INFO] [stdout]   = note: `#[warn(unused_braces)]` on by default
[INFO] [stdout] 
[INFO] [stdout] 
[INFO] [stdout] warning: unused import: `ClassType`
[INFO] [stdout]  --> src/generate/ts_flavor_detector.rs:6:27
[INFO] [stdout]   |
[INFO] [stdout] 6 | use super::type_structs::{ClassType, FnType, Type};
[INFO] [stdout]   |                           ^^^^^^^^^
[INFO] [stdout]   |
[INFO] [stdout]   = note: `#[warn(unused_imports)]` on by default
[INFO] [stdout] 
[INFO] [stdout] 
[INFO] [stdout] warning: unused import: `ModuleNode`
[INFO] [stdout]  --> src/generate/ts_flavor_detector.rs:7:40
[INFO] [stdout]   |
[INFO] [stdout] 7 | use super::typify_graph::{ModuleGraph, ModuleNode};
[INFO] [stdout]   |                                        ^^^^^^^^^^
[INFO] [stdout] 
[INFO] [stdout] 
[INFO] [stdout] warning: unused variable: `cache`
[INFO] [stdout]    --> src/generate/bind_graph_init.rs:118:9
[INFO] [stdout]     |
[INFO] [stdout] 118 |         cache: &ModuleCache,
[INFO] [stdout]     |         ^^^^^ help: if this is intentional, prefix it with an underscore: `_cache`
[INFO] [stdout]     |
[INFO] [stdout]     = note: `#[warn(unused_variables)]` on by default
[INFO] [stdout] 
[INFO] [stdout] 
[INFO] [stdout] warning: unused variable: `occupied`
[INFO] [stdout]    --> src/generate/bind_graph_init.rs:166:41
[INFO] [stdout]     |
[INFO] [stdout] 166 |                 Entry::Occupied(ref mut occupied) => (),
[INFO] [stdout]     |                                         ^^^^^^^^ help: if this is intentional, prefix it with an underscore: `_occupied`
[INFO] [stdout] 
[INFO] [stdout] 
[INFO] [stdout] warning: unused variable: `occupied`
[INFO] [stdout]    --> src/generate/bind_graph_init.rs:173:41
[INFO] [stdout]     |
[INFO] [stdout] 173 |                 Entry::Occupied(ref mut occupied) => (),
[INFO] [stdout]     |                                         ^^^^^^^^ help: if this is intentional, prefix it with an underscore: `_occupied`
[INFO] [stdout] 
[INFO] [stdout] 
[INFO] [stdout] warning: unused variable: `occupied`
[INFO] [stdout]    --> src/generate/bind_graph_init.rs:181:45
[INFO] [stdout]     |
[INFO] [stdout] 181 |                     Entry::Occupied(ref mut occupied) => (),
[INFO] [stdout]     |                                             ^^^^^^^^ help: if this is intentional, prefix it with an underscore: `_occupied`
[INFO] [stdout] 
[INFO] [stdout] 
[INFO] [stdout] warning: unused variable: `occupied`
[INFO] [stdout]    --> src/generate/bind_graph_init.rs:188:45
[INFO] [stdout]     |
[INFO] [stdout] 188 |                     Entry::Occupied(ref mut occupied) => (),
[INFO] [stdout]     |                                             ^^^^^^^^ help: if this is intentional, prefix it with an underscore: `_occupied`
[INFO] [stdout] 
[INFO] [stdout] 
[INFO] [stdout] warning: unused variable: `current_module`
[INFO] [stdout]    --> src/generate/emit/ts_num_js_emit.rs:250:23
[INFO] [stdout]     |
[INFO] [stdout] 250 |     fn finalize(self, current_module: &Path)
[INFO] [stdout]     |                       ^^^^^^^^^^^^^^ help: if this is intentional, prefix it with an underscore: `_current_module`
[INFO] [stdout] 
[INFO] [stdout] 
[INFO] [stdout] warning: unused variable: `options`
[INFO] [stdout]   --> src/generate/emit.rs:82:5
[INFO] [stdout]    |
[INFO] [stdout] 82 |     options: &CompileOpt,
[INFO] [stdout]    |     ^^^^^^^ help: if this is intentional, prefix it with an underscore: `_options`
[INFO] [stdout] 
[INFO] [stdout] 
[INFO] [stdout] warning: unused variable: `root_module_path`
[INFO] [stdout]   --> src/generate/emit.rs:83:5
[INFO] [stdout]    |
[INFO] [stdout] 83 |     root_module_path: &CanonPath,
[INFO] [stdout]    |     ^^^^^^^^^^^^^^^^ help: if this is intentional, prefix it with an underscore: `_root_module_path`
[INFO] [stdout] 
[INFO] [stdout] 
[INFO] [stdout] warning: unused variable: `typed_graph`
[INFO] [stdout]   --> src/generate/emit.rs:84:5
[INFO] [stdout]    |
[INFO] [stdout] 84 |     typed_graph: &ModuleGraph,
[INFO] [stdout]    |     ^^^^^^^^^^^ help: if this is intentional, prefix it with an underscore: `_typed_graph`
[INFO] [stdout] 
[INFO] [stdout] 
[INFO] [stdout] warning: unused variable: `canon_path`
[INFO] [stdout]   --> src/generate/ts_flavor_detector.rs:21:10
[INFO] [stdout]    |
[INFO] [stdout] 21 |     for (canon_path, node) in graph.nodes.iter() {
[INFO] [stdout]    |          ^^^^^^^^^^ help: if this is intentional, prefix it with an underscore: `_canon_path`
[INFO] [stdout] 
[INFO] [stdout] 
[INFO] [stdout] warning: unused variable: `ann_span`
[INFO] [stdout]    --> src/generate/type_construction.rs:327:13
[INFO] [stdout]     |
[INFO] [stdout] 327 |         let ann_span = ann.span;
[INFO] [stdout]     |             ^^^^^^^^ help: if this is intentional, prefix it with an underscore: `_ann_span`
[INFO] [stdout] 
[INFO] [stdout] 
[INFO] [stdout] warning: unused variable: `span`
[INFO] [stdout]    --> src/generate/type_construction.rs:334:51
[INFO] [stdout]     |
[INFO] [stdout] 334 |             TsType::TsKeywordType(TsKeywordType { ref span, ref kind }) => {
[INFO] [stdout]     |                                                   ^^^^^^^^ help: try ignoring the field: `span: _`
[INFO] [stdout] 
[INFO] [stdout] 
[INFO] [stdout] warning: unused variable: `span`
[INFO] [stdout]    --> src/generate/type_construction.rs:353:45
[INFO] [stdout]     |
[INFO] [stdout] 353 |             TsType::TsThisType(TsThisType { ref span }) => {
[INFO] [stdout]     |                                             ^^^^^^^^ help: try ignoring the field: `span: _`
[INFO] [stdout] 
[INFO] [stdout] 
[INFO] [stdout] warning: unused variable: `span`
[INFO] [stdout]    --> src/generate/type_construction.rs:361:17
[INFO] [stdout]     |
[INFO] [stdout] 361 |                 ref span,
[INFO] [stdout]     |                 ^^^^^^^^ help: try ignoring the field: `span: _`
[INFO] [stdout] 
[INFO] [stdout] 
[INFO] [stdout] warning: unused variable: `type_params`
[INFO] [stdout]    --> src/generate/type_construction.rs:363:17
[INFO] [stdout]     |
[INFO] [stdout] 363 |                 ref type_params,
[INFO] [stdout]     |                 ^^^^^^^^^^^^^^^ help: try ignoring the field: `type_params: _`
[INFO] [stdout] 
[INFO] [stdout] 
[INFO] [stdout] warning: unused variable: `span`
[INFO] [stdout]    --> src/generate/type_construction.rs:388:21
[INFO] [stdout]     |
[INFO] [stdout] 388 |                     ref span,
[INFO] [stdout]     |                     ^^^^^^^^ help: try ignoring the field: `span: _`
[INFO] [stdout] 
[INFO] [stdout] 
[INFO] [stdout] warning: unused variable: `params`
[INFO] [stdout]    --> src/generate/type_construction.rs:389:21
[INFO] [stdout]     |
[INFO] [stdout] 389 |                     ref params,
[INFO] [stdout]     |                     ^^^^^^^^^^ help: try ignoring the field: `params: _`
[INFO] [stdout] 
[INFO] [stdout] 
[INFO] [stdout] warning: unused variable: `type_params`
[INFO] [stdout]    --> src/generate/type_construction.rs:390:21
[INFO] [stdout]     |
[INFO] [stdout] 390 |                     ref type_params,
[INFO] [stdout]     |                     ^^^^^^^^^^^^^^^ help: try ignoring the field: `type_params: _`
[INFO] [stdout] 
[INFO] [stdout] 
[INFO] [stdout] warning: unused variable: `type_ann`
[INFO] [stdout]    --> src/generate/type_construction.rs:391:21
[INFO] [stdout]     |
[INFO] [stdout] 391 |                     ref type_ann,
[INFO] [stdout]     |                     ^^^^^^^^^^^^ help: try ignoring the field: `type_ann: _`
[INFO] [stdout] 
[INFO] [stdout] 
[INFO] [stdout] warning: unused variable: `span`
[INFO] [stdout]    --> src/generate/type_construction.rs:400:17
[INFO] [stdout]     |
[INFO] [stdout] 400 |                 ref span,
[INFO] [stdout]     |                 ^^^^^^^^ help: try ignoring the field: `span: _`
[INFO] [stdout] 
[INFO] [stdout] 
[INFO] [stdout] warning: unused variable: `type_params`
[INFO] [stdout]    --> src/generate/type_construction.rs:402:17
[INFO] [stdout]     |
[INFO] [stdout] 402 |                 ref type_params,
[INFO] [stdout]     |                 ^^^^^^^^^^^^^^^ help: try ignoring the field: `type_params: _`
[INFO] [stdout] 
[INFO] [stdout] 
[INFO] [stdout] warning: unused variable: `span`
[INFO] [stdout]    --> src/generate/type_construction.rs:445:17
[INFO] [stdout]     |
[INFO] [stdout] 445 |                 ref span,
[INFO] [stdout]     |                 ^^^^^^^^ help: try ignoring the field: `span: _`
[INFO] [stdout] 
[INFO] [stdout] 
[INFO] [stdout] warning: unused variable: `span`
[INFO] [stdout]    --> src/generate/type_construction.rs:453:17
[INFO] [stdout]     |
[INFO] [stdout] 453 |                 ref span,
[INFO] [stdout]     |                 ^^^^^^^^ help: try ignoring the field: `span: _`
[INFO] [stdout] 
[INFO] [stdout] 
[INFO] [stdout] warning: unused variable: `elem_types`
[INFO] [stdout]    --> src/generate/type_construction.rs:454:17
[INFO] [stdout]     |
[INFO] [stdout] 454 |                 ref elem_types,
[INFO] [stdout]     |                 ^^^^^^^^^^^^^^ help: try ignoring the field: `elem_types: _`
[INFO] [stdout] 
[INFO] [stdout] 
[INFO] [stdout] warning: unused variable: `span`
[INFO] [stdout]    --> src/generate/type_construction.rs:470:21
[INFO] [stdout]     |
[INFO] [stdout] 470 |                     ref span,
[INFO] [stdout]     |                     ^^^^^^^^ help: try ignoring the field: `span: _`
[INFO] [stdout] 
[INFO] [stdout] 
[INFO] [stdout] warning: unused variable: `types`
[INFO] [stdout]    --> src/generate/type_construction.rs:471:21
[INFO] [stdout]     |
[INFO] [stdout] 471 |                     ref types,
[INFO] [stdout]     |                     ^^^^^^^^^ help: try ignoring the field: `types: _`
[INFO] [stdout] 
[INFO] [stdout] 
[INFO] [stdout] warning: unused variable: `span`
[INFO] [stdout]    --> src/generate/type_construction.rs:494:17
[INFO] [stdout]     |
[INFO] [stdout] 494 |                 ref span,
[INFO] [stdout]     |                 ^^^^^^^^ help: try ignoring the field: `span: _`
[INFO] [stdout] 
[INFO] [stdout] 
[INFO] [stdout] warning: unused variable: `type_ann`
[INFO] [stdout]    --> src/generate/type_construction.rs:495:17
[INFO] [stdout]     |
[INFO] [stdout] 495 |                 ref type_ann,
[INFO] [stdout]     |                 ^^^^^^^^^^^^ help: try ignoring the field: `type_ann: _`
[INFO] [stdout] 
[INFO] [stdout] 
[INFO] [stdout] warning: unused variable: `span`
[INFO] [stdout]    --> src/generate/type_construction.rs:512:43
[INFO] [stdout]     |
[INFO] [stdout] 512 |             TsType::TsLitType(TsLitType { ref span, ref lit }) => {
[INFO] [stdout]     |                                           ^^^^^^^^ help: try ignoring the field: `span: _`
[INFO] [stdout] 
[INFO] [stdout] 
[INFO] [stdout] warning: unused variable: `lit`
[INFO] [stdout]    --> src/generate/type_construction.rs:512:53
[INFO] [stdout]     |
[INFO] [stdout] 512 |             TsType::TsLitType(TsLitType { ref span, ref lit }) => {
[INFO] [stdout]     |                                                     ^^^^^^^ help: try ignoring the field: `lit: _`
[INFO] [stdout] 
[INFO] [stdout] 
[INFO] [stdout] warning: unused variable: `src`
[INFO] [stdout]    --> src/generate/typify_graph.rs:141:47
[INFO] [stdout]     |
[INFO] [stdout] 141 |             ModuleDecl::ExportAll(ExportAll { ref src, .. }) => Ok(()),
[INFO] [stdout]     |                                               ^^^^^^^ help: try ignoring the field: `src: _`
[INFO] [stdout] 
[INFO] [stdout] 
[INFO] [stdout] warning: unused variable: `src`
[INFO] [stdout]    --> src/generate/typify_graph.rs:199:22
[INFO] [stdout]     |
[INFO] [stdout] 199 |             Some(ref src) => Ok(()),
[INFO] [stdout]     |                      ^^^ help: if this is intentional, prefix it with an underscore: `_src`
[INFO] [stdout] 
[INFO] [stdout] 
[INFO] [stdout] warning: variable does not need to be mutable
[INFO] [stdout]    --> src/generate/bind_init.rs:225:61
[INFO] [stdout]     |
[INFO] [stdout] 225 |     let mut module: Module = parser.parse_module().map_err(|mut e| {
[INFO] [stdout]     |                                                             ----^
[INFO] [stdout]     |                                                             |
[INFO] [stdout]     |                                                             help: remove this `mut`
[INFO] [stdout]     |
[INFO] [stdout]     = note: `#[warn(unused_mut)]` on by default
[INFO] [stdout] 
[INFO] [stdout] 
[INFO] [stdout] warning: variable does not need to be mutable
[INFO] [stdout]    --> src/generate/graph_reduce.rs:536:23
[INFO] [stdout]     |
[INFO] [stdout] 536 |     fn expand_exports(mut self) -> HashMap<CanonPath, Vec<Export>> {
[INFO] [stdout]     |                       ----^^^^
[INFO] [stdout]     |                       |
[INFO] [stdout]     |                       help: remove this `mut`
[INFO] [stdout] 
[INFO] [stdout] 
[INFO] [stdout] warning: method `module_instantiated` is never used
[INFO] [stdout]   --> src/generate/bind_graph_init.rs:91:8
[INFO] [stdout]    |
[INFO] [stdout] 91 |     fn module_instantiated(&self, p: &CanonPath) -> bool {
[INFO] [stdout]    |        ^^^^^^^^^^^^^^^^^^^
[INFO] [stdout]    |
[INFO] [stdout]    = note: `#[warn(dead_code)]` on by default
[INFO] [stdout] 
[INFO] [stdout] 
[INFO] [stdout] warning: method `get` is never used
[INFO] [stdout]   --> src/generate/bind_init.rs:20:12
[INFO] [stdout]    |
[INFO] [stdout] 20 |     pub fn get(&self, path: &CanonPath) -> &ModuleData {
[INFO] [stdout]    |            ^^^
[INFO] [stdout] 
[INFO] [stdout] 
[INFO] [stdout] warning: variant `NamespaceImport` is never constructed
[INFO] [stdout]   --> src/generate/error.rs:29:5
[INFO] [stdout]    |
[INFO] [stdout] 28 | pub enum UnsupportedFeature {
[INFO] [stdout]    |          ------------------ variant in this enum
[INFO] [stdout] 29 |     NamespaceImport,
[INFO] [stdout]    |     ^^^^^^^^^^^^^^^
[INFO] [stdout]    |
[INFO] [stdout]    = note: `UnsupportedFeature` has a derived impl for the trait `Debug`, but this is intentionally ignored during dead code analysis
[INFO] [stdout] 
[INFO] [stdout] 
[INFO] [stdout] warning: method `is_sink` is never used
[INFO] [stdout]    --> src/generate/graph_reduce.rs:598:8
[INFO] [stdout]     |
[INFO] [stdout] 598 |     fn is_sink(&self) -> bool {
[INFO] [stdout]     |        ^^^^^^^
[INFO] [stdout] 
[INFO] [stdout] 
[INFO] [stdout] warning: variants `RecursiveType` and `InterfaceType` are never constructed
[INFO] [stdout]   --> src/generate/ts_flavor_compat.rs:5:5
[INFO] [stdout]    |
[INFO] [stdout] 4  | pub enum CompatError {
[INFO] [stdout]    |          ----------- variants in this enum
[INFO] [stdout] 5  |     RecursiveType,
[INFO] [stdout]    |     ^^^^^^^^^^^^^
[INFO] [stdout] ...
[INFO] [stdout] 14 |     InterfaceType,
[INFO] [stdout]    |     ^^^^^^^^^^^^^
[INFO] [stdout]    |
[INFO] [stdout]    = note: `CompatError` has derived impls for the traits `Clone` and `Debug`, but these are intentionally ignored during dead code analysis
[INFO] [stdout] 
[INFO] [stdout] 
[INFO] [stdout] warning: variants `Alias` and `Array` are never constructed
[INFO] [stdout]   --> src/generate/type_structs.rs:23:5
[INFO] [stdout]    |
[INFO] [stdout] 8  | pub enum Type {
[INFO] [stdout]    |          ---- variants in this enum
[INFO] [stdout] ...
[INFO] [stdout] 23 |     Alias {
[INFO] [stdout]    |     ^^^^^
[INFO] [stdout] ...
[INFO] [stdout] 32 |     Array(Box<Type>, usize),
[INFO] [stdout]    |     ^^^^^
[INFO] [stdout]    |
[INFO] [stdout]    = note: `Type` has derived impls for the traits `Clone` and `Debug`, but these are intentionally ignored during dead code analysis
[INFO] [stdout] 
[INFO] [stdout] 
[INFO] [stdout] warning: method `module_instantiated` is never used
[INFO] [stdout]   --> src/generate/typify_graph.rs:47:8
[INFO] [stdout]    |
[INFO] [stdout] 47 |     fn module_instantiated(&self, p: &CanonPath) -> bool {
[INFO] [stdout]    |        ^^^^^^^^^^^^^^^^^^^
[INFO] [stdout] 
[INFO] [stdout] 
[INFO] [stdout] warning: variant `TsCustom` is never constructed
[INFO] [stdout]  --> src/ts.rs:4:5
[INFO] [stdout]   |
[INFO] [stdout] 1 | pub enum TsFlavor {
[INFO] [stdout]   |          -------- variant in this enum
[INFO] [stdout] ...
[INFO] [stdout] 4 |     TsCustom(TsFeatures),
[INFO] [stdout]   |     ^^^^^^^^
[INFO] [stdout] 
[INFO] [stdout] 
[INFO] [stdout] warning: associated function `empty` is never used
[INFO] [stdout]    --> src/ts.rs:113:12
[INFO] [stdout]     |
[INFO] [stdout] 113 |     pub fn empty() -> Self {
[INFO] [stdout]     |            ^^^^^
[INFO] [stdout] 
[INFO] [stdout] 
[INFO] [stdout] warning: 47 warnings emitted
[INFO] [stdout] 
[INFO] [stdout] 
[INFO] [stderr]     Finished dev [unoptimized + debuginfo] target(s) in 1m 58s
[INFO] running `Command { std: "docker" "inspect" "fc7d8d863aee7be58589d9a3c42baa0d489c124f18e4fde8c7e0812e0d0f1c9a", kill_on_drop: false }`
[INFO] running `Command { std: "docker" "rm" "-f" "fc7d8d863aee7be58589d9a3c42baa0d489c124f18e4fde8c7e0812e0d0f1c9a", kill_on_drop: false }`
[INFO] [stdout] fc7d8d863aee7be58589d9a3c42baa0d489c124f18e4fde8c7e0812e0d0f1c9a
[INFO] running `Command { std: "docker" "create" "-v" "/var/lib/crater-agent-workspace/builds/worker-1-tc1/target:/opt/rustwide/target:rw,Z" "-v" "/var/lib/crater-agent-workspace/builds/worker-1-tc1/source:/opt/rustwide/workdir:ro,Z" "-v" "/var/lib/crater-agent-workspace/cargo-home:/opt/rustwide/cargo-home:ro,Z" "-v" "/var/lib/crater-agent-workspace/rustup-home:/opt/rustwide/rustup-home:ro,Z" "-e" "SOURCE_DIR=/opt/rustwide/workdir" "-e" "CARGO_TARGET_DIR=/opt/rustwide/target" "-e" "CARGO_INCREMENTAL=0" "-e" "RUST_BACKTRACE=full" "-e" "RUSTFLAGS=--cap-lints=warn" "-e" "RUSTDOCFLAGS=--cap-lints=warn" "-e" "CARGO_HOME=/opt/rustwide/cargo-home" "-e" "RUSTUP_HOME=/opt/rustwide/rustup-home" "-w" "/opt/rustwide/workdir" "-m" "1610612736" "--user" "0:0" "--network" "none" "ghcr.io/rust-lang/crates-build-env/linux@sha256:5ff2268d62e97bff2cde7d5815dd6ed5b47097566f13b8d0ca110b04b60e07ed" "/opt/rustwide/cargo-home/bin/cargo" "+1.69.0" "test" "--frozen" "--no-run" "--message-format=json", kill_on_drop: false }`
[INFO] [stdout] 073a60db6129dc33bf19b9a5f06000c1ef91c3d801c6b2d32a3b3d4d485b24eb
[INFO] running `Command { std: "docker" "start" "-a" "073a60db6129dc33bf19b9a5f06000c1ef91c3d801c6b2d32a3b3d4d485b24eb", kill_on_drop: false }`
[INFO] [stderr]    Compiling jetsam v0.1.0 (/opt/rustwide/workdir)
[INFO] [stdout] warning: unused macro definition: `opaque_type`
[INFO] [stdout]   --> src/generate/emit/ts_num_json_emit.rs:65:22
[INFO] [stdout]    |
[INFO] [stdout] 65 |         macro_rules! opaque_type {
[INFO] [stdout]    |                      ^^^^^^^^^^^
[INFO] [stdout]    |
[INFO] [stdout]    = note: `#[warn(unused_macros)]` on by default
[INFO] [stdout] 
[INFO] [stdout] 
[INFO] [stdout] warning: unnecessary braces around block return value
[INFO] [stdout]  --> src/generate/js_pp.rs:9:9
[INFO] [stdout]   |
[INFO] [stdout] 9 |         $b
[INFO] [stdout]   |         ^^
[INFO] [stdout]   |
[INFO] [stdout]   = note: `#[warn(unused_braces)]` on by default
[INFO] [stdout] 
[INFO] [stdout] 
[INFO] [stdout] warning: unused import: `ClassType`
[INFO] [stdout]  --> src/generate/ts_flavor_detector.rs:6:27
[INFO] [stdout]   |
[INFO] [stdout] 6 | use super::type_structs::{ClassType, FnType, Type};
[INFO] [stdout]   |                           ^^^^^^^^^
[INFO] [stdout]   |
[INFO] [stdout]   = note: `#[warn(unused_imports)]` on by default
[INFO] [stdout] 
[INFO] [stdout] 
[INFO] [stdout] warning: unused import: `ModuleNode`
[INFO] [stdout]  --> src/generate/ts_flavor_detector.rs:7:40
[INFO] [stdout]   |
[INFO] [stdout] 7 | use super::typify_graph::{ModuleGraph, ModuleNode};
[INFO] [stdout]   |                                        ^^^^^^^^^^
[INFO] [stdout] 
[INFO] [stdout] 
[INFO] [stdout] warning: unused variable: `cache`
[INFO] [stdout]    --> src/generate/bind_graph_init.rs:118:9
[INFO] [stdout]     |
[INFO] [stdout] 118 |         cache: &ModuleCache,
[INFO] [stdout]     |         ^^^^^ help: if this is intentional, prefix it with an underscore: `_cache`
[INFO] [stdout]     |
[INFO] [stdout]     = note: `#[warn(unused_variables)]` on by default
[INFO] [stdout] 
[INFO] [stdout] 
[INFO] [stdout] warning: unused variable: `occupied`
[INFO] [stdout]    --> src/generate/bind_graph_init.rs:166:41
[INFO] [stdout]     |
[INFO] [stdout] 166 |                 Entry::Occupied(ref mut occupied) => (),
[INFO] [stdout]     |                                         ^^^^^^^^ help: if this is intentional, prefix it with an underscore: `_occupied`
[INFO] [stdout] 
[INFO] [stdout] 
[INFO] [stdout] warning: unused variable: `occupied`
[INFO] [stdout]    --> src/generate/bind_graph_init.rs:173:41
[INFO] [stdout]     |
[INFO] [stdout] 173 |                 Entry::Occupied(ref mut occupied) => (),
[INFO] [stdout]     |                                         ^^^^^^^^ help: if this is intentional, prefix it with an underscore: `_occupied`
[INFO] [stdout] 
[INFO] [stdout] 
[INFO] [stdout] warning: unused variable: `occupied`
[INFO] [stdout]    --> src/generate/bind_graph_init.rs:181:45
[INFO] [stdout]     |
[INFO] [stdout] 181 |                     Entry::Occupied(ref mut occupied) => (),
[INFO] [stdout]     |                                             ^^^^^^^^ help: if this is intentional, prefix it with an underscore: `_occupied`
[INFO] [stdout] 
[INFO] [stdout] 
[INFO] [stdout] warning: unused variable: `occupied`
[INFO] [stdout]    --> src/generate/bind_graph_init.rs:188:45
[INFO] [stdout]     |
[INFO] [stdout] 188 |                     Entry::Occupied(ref mut occupied) => (),
[INFO] [stdout]     |                                             ^^^^^^^^ help: if this is intentional, prefix it with an underscore: `_occupied`
[INFO] [stdout] 
[INFO] [stdout] 
[INFO] [stdout] warning: unused variable: `current_module`
[INFO] [stdout]    --> src/generate/emit/ts_num_js_emit.rs:250:23
[INFO] [stdout]     |
[INFO] [stdout] 250 |     fn finalize(self, current_module: &Path)
[INFO] [stdout]     |                       ^^^^^^^^^^^^^^ help: if this is intentional, prefix it with an underscore: `_current_module`
[INFO] [stdout] 
[INFO] [stdout] 
[INFO] [stdout] warning: unused variable: `options`
[INFO] [stdout]   --> src/generate/emit.rs:82:5
[INFO] [stdout]    |
[INFO] [stdout] 82 |     options: &CompileOpt,
[INFO] [stdout]    |     ^^^^^^^ help: if this is intentional, prefix it with an underscore: `_options`
[INFO] [stdout] 
[INFO] [stdout] 
[INFO] [stdout] warning: unused variable: `root_module_path`
[INFO] [stdout]   --> src/generate/emit.rs:83:5
[INFO] [stdout]    |
[INFO] [stdout] 83 |     root_module_path: &CanonPath,
[INFO] [stdout]    |     ^^^^^^^^^^^^^^^^ help: if this is intentional, prefix it with an underscore: `_root_module_path`
[INFO] [stdout] 
[INFO] [stdout] 
[INFO] [stdout] warning: unused variable: `typed_graph`
[INFO] [stdout]   --> src/generate/emit.rs:84:5
[INFO] [stdout]    |
[INFO] [stdout] 84 |     typed_graph: &ModuleGraph,
[INFO] [stdout]    |     ^^^^^^^^^^^ help: if this is intentional, prefix it with an underscore: `_typed_graph`
[INFO] [stdout] 
[INFO] [stdout] 
[INFO] [stdout] warning: unused variable: `canon_path`
[INFO] [stdout]   --> src/generate/ts_flavor_detector.rs:21:10
[INFO] [stdout]    |
[INFO] [stdout] 21 |     for (canon_path, node) in graph.nodes.iter() {
[INFO] [stdout]    |          ^^^^^^^^^^ help: if this is intentional, prefix it with an underscore: `_canon_path`
[INFO] [stdout] 
[INFO] [stdout] 
[INFO] [stdout] warning: unused variable: `ann_span`
[INFO] [stdout]    --> src/generate/type_construction.rs:327:13
[INFO] [stdout]     |
[INFO] [stdout] 327 |         let ann_span = ann.span;
[INFO] [stdout]     |             ^^^^^^^^ help: if this is intentional, prefix it with an underscore: `_ann_span`
[INFO] [stdout] 
[INFO] [stdout] 
[INFO] [stdout] warning: unused variable: `span`
[INFO] [stdout]    --> src/generate/type_construction.rs:334:51
[INFO] [stdout]     |
[INFO] [stdout] 334 |             TsType::TsKeywordType(TsKeywordType { ref span, ref kind }) => {
[INFO] [stdout]     |                                                   ^^^^^^^^ help: try ignoring the field: `span: _`
[INFO] [stdout] 
[INFO] [stdout] 
[INFO] [stdout] warning: unused variable: `span`
[INFO] [stdout]    --> src/generate/type_construction.rs:353:45
[INFO] [stdout]     |
[INFO] [stdout] 353 |             TsType::TsThisType(TsThisType { ref span }) => {
[INFO] [stdout]     |                                             ^^^^^^^^ help: try ignoring the field: `span: _`
[INFO] [stdout] 
[INFO] [stdout] 
[INFO] [stdout] warning: unused variable: `span`
[INFO] [stdout]    --> src/generate/type_construction.rs:361:17
[INFO] [stdout]     |
[INFO] [stdout] 361 |                 ref span,
[INFO] [stdout]     |                 ^^^^^^^^ help: try ignoring the field: `span: _`
[INFO] [stdout] 
[INFO] [stdout] 
[INFO] [stdout] warning: unused variable: `type_params`
[INFO] [stdout]    --> src/generate/type_construction.rs:363:17
[INFO] [stdout]     |
[INFO] [stdout] 363 |                 ref type_params,
[INFO] [stdout]     |                 ^^^^^^^^^^^^^^^ help: try ignoring the field: `type_params: _`
[INFO] [stdout] 
[INFO] [stdout] 
[INFO] [stdout] warning: unused variable: `span`
[INFO] [stdout]    --> src/generate/type_construction.rs:388:21
[INFO] [stdout]     |
[INFO] [stdout] 388 |                     ref span,
[INFO] [stdout]     |                     ^^^^^^^^ help: try ignoring the field: `span: _`
[INFO] [stdout] 
[INFO] [stdout] 
[INFO] [stdout] warning: unused variable: `params`
[INFO] [stdout]    --> src/generate/type_construction.rs:389:21
[INFO] [stdout]     |
[INFO] [stdout] 389 |                     ref params,
[INFO] [stdout]     |                     ^^^^^^^^^^ help: try ignoring the field: `params: _`
[INFO] [stdout] 
[INFO] [stdout] 
[INFO] [stdout] warning: unused variable: `type_params`
[INFO] [stdout]    --> src/generate/type_construction.rs:390:21
[INFO] [stdout]     |
[INFO] [stdout] 390 |                     ref type_params,
[INFO] [stdout]     |                     ^^^^^^^^^^^^^^^ help: try ignoring the field: `type_params: _`
[INFO] [stdout] 
[INFO] [stdout] 
[INFO] [stdout] warning: unused variable: `type_ann`
[INFO] [stdout]    --> src/generate/type_construction.rs:391:21
[INFO] [stdout]     |
[INFO] [stdout] 391 |                     ref type_ann,
[INFO] [stdout]     |                     ^^^^^^^^^^^^ help: try ignoring the field: `type_ann: _`
[INFO] [stdout] 
[INFO] [stdout] 
[INFO] [stdout] warning: unused variable: `span`
[INFO] [stdout]    --> src/generate/type_construction.rs:400:17
[INFO] [stdout]     |
[INFO] [stdout] 400 |                 ref span,
[INFO] [stdout]     |                 ^^^^^^^^ help: try ignoring the field: `span: _`
[INFO] [stdout] 
[INFO] [stdout] 
[INFO] [stdout] warning: unused variable: `type_params`
[INFO] [stdout]    --> src/generate/type_construction.rs:402:17
[INFO] [stdout]     |
[INFO] [stdout] 402 |                 ref type_params,
[INFO] [stdout]     |                 ^^^^^^^^^^^^^^^ help: try ignoring the field: `type_params: _`
[INFO] [stdout] 
[INFO] [stdout] 
[INFO] [stdout] warning: unused variable: `span`
[INFO] [stdout]    --> src/generate/type_construction.rs:445:17
[INFO] [stdout]     |
[INFO] [stdout] 445 |                 ref span,
[INFO] [stdout]     |                 ^^^^^^^^ help: try ignoring the field: `span: _`
[INFO] [stdout] 
[INFO] [stdout] 
[INFO] [stdout] warning: unused variable: `span`
[INFO] [stdout]    --> src/generate/type_construction.rs:453:17
[INFO] [stdout]     |
[INFO] [stdout] 453 |                 ref span,
[INFO] [stdout]     |                 ^^^^^^^^ help: try ignoring the field: `span: _`
[INFO] [stdout] 
[INFO] [stdout] 
[INFO] [stdout] warning: unused variable: `elem_types`
[INFO] [stdout]    --> src/generate/type_construction.rs:454:17
[INFO] [stdout]     |
[INFO] [stdout] 454 |                 ref elem_types,
[INFO] [stdout]     |                 ^^^^^^^^^^^^^^ help: try ignoring the field: `elem_types: _`
[INFO] [stdout] 
[INFO] [stdout] 
[INFO] [stdout] warning: unused variable: `span`
[INFO] [stdout]    --> src/generate/type_construction.rs:470:21
[INFO] [stdout]     |
[INFO] [stdout] 470 |                     ref span,
[INFO] [stdout]     |                     ^^^^^^^^ help: try ignoring the field: `span: _`
[INFO] [stdout] 
[INFO] [stdout] 
[INFO] [stdout] warning: unused variable: `types`
[INFO] [stdout]    --> src/generate/type_construction.rs:471:21
[INFO] [stdout]     |
[INFO] [stdout] 471 |                     ref types,
[INFO] [stdout]     |                     ^^^^^^^^^ help: try ignoring the field: `types: _`
[INFO] [stdout] 
[INFO] [stdout] 
[INFO] [stdout] warning: unused variable: `span`
[INFO] [stdout]    --> src/generate/type_construction.rs:494:17
[INFO] [stdout]     |
[INFO] [stdout] 494 |                 ref span,
[INFO] [stdout]     |                 ^^^^^^^^ help: try ignoring the field: `span: _`
[INFO] [stdout] 
[INFO] [stdout] 
[INFO] [stdout] warning: unused variable: `type_ann`
[INFO] [stdout]    --> src/generate/type_construction.rs:495:17
[INFO] [stdout]     |
[INFO] [stdout] 495 |                 ref type_ann,
[INFO] [stdout]     |                 ^^^^^^^^^^^^ help: try ignoring the field: `type_ann: _`
[INFO] [stdout] 
[INFO] [stdout] 
[INFO] [stdout] warning: unused variable: `span`
[INFO] [stdout]    --> src/generate/type_construction.rs:512:43
[INFO] [stdout]     |
[INFO] [stdout] 512 |             TsType::TsLitType(TsLitType { ref span, ref lit }) => {
[INFO] [stdout]     |                                           ^^^^^^^^ help: try ignoring the field: `span: _`
[INFO] [stdout] 
[INFO] [stdout] 
[INFO] [stdout] warning: unused variable: `lit`
[INFO] [stdout]    --> src/generate/type_construction.rs:512:53
[INFO] [stdout]     |
[INFO] [stdout] 512 |             TsType::TsLitType(TsLitType { ref span, ref lit }) => {
[INFO] [stdout]     |                                                     ^^^^^^^ help: try ignoring the field: `lit: _`
[INFO] [stdout] 
[INFO] [stdout] 
[INFO] [stdout] warning: unused variable: `src`
[INFO] [stdout]    --> src/generate/typify_graph.rs:141:47
[INFO] [stdout]     |
[INFO] [stdout] 141 |             ModuleDecl::ExportAll(ExportAll { ref src, .. }) => Ok(()),
[INFO] [stdout]     |                                               ^^^^^^^ help: try ignoring the field: `src: _`
[INFO] [stdout] 
[INFO] [stdout] 
[INFO] [stdout] warning: unused variable: `src`
[INFO] [stdout]    --> src/generate/typify_graph.rs:199:22
[INFO] [stdout]     |
[INFO] [stdout] 199 |             Some(ref src) => Ok(()),
[INFO] [stdout]     |                      ^^^ help: if this is intentional, prefix it with an underscore: `_src`
[INFO] [stdout] 
[INFO] [stdout] 
[INFO] [stdout] warning: variable does not need to be mutable
[INFO] [stdout]    --> src/generate/bind_init.rs:225:61
[INFO] [stdout]     |
[INFO] [stdout] 225 |     let mut module: Module = parser.parse_module().map_err(|mut e| {
[INFO] [stdout]     |                                                             ----^
[INFO] [stdout]     |                                                             |
[INFO] [stdout]     |                                                             help: remove this `mut`
[INFO] [stdout]     |
[INFO] [stdout]     = note: `#[warn(unused_mut)]` on by default
[INFO] [stdout] 
[INFO] [stdout] 
[INFO] [stdout] warning: variable does not need to be mutable
[INFO] [stdout]    --> src/generate/graph_reduce.rs:536:23
[INFO] [stdout]     |
[INFO] [stdout] 536 |     fn expand_exports(mut self) -> HashMap<CanonPath, Vec<Export>> {
[INFO] [stdout]     |                       ----^^^^
[INFO] [stdout]     |                       |
[INFO] [stdout]     |                       help: remove this `mut`
[INFO] [stdout] 
[INFO] [stdout] 
[INFO] [stdout] warning: method `module_instantiated` is never used
[INFO] [stdout]   --> src/generate/bind_graph_init.rs:91:8
[INFO] [stdout]    |
[INFO] [stdout] 91 |     fn module_instantiated(&self, p: &CanonPath) -> bool {
[INFO] [stdout]    |        ^^^^^^^^^^^^^^^^^^^
[INFO] [stdout]    |
[INFO] [stdout]    = note: `#[warn(dead_code)]` on by default
[INFO] [stdout] 
[INFO] [stdout] 
[INFO] [stdout] warning: method `get` is never used
[INFO] [stdout]   --> src/generate/bind_init.rs:20:12
[INFO] [stdout]    |
[INFO] [stdout] 20 |     pub fn get(&self, path: &CanonPath) -> &ModuleData {
[INFO] [stdout]    |            ^^^
[INFO] [stdout] 
[INFO] [stdout] 
[INFO] [stdout] warning: variant `NamespaceImport` is never constructed
[INFO] [stdout]   --> src/generate/error.rs:29:5
[INFO] [stdout]    |
[INFO] [stdout] 28 | pub enum UnsupportedFeature {
[INFO] [stdout]    |          ------------------ variant in this enum
[INFO] [stdout] 29 |     NamespaceImport,
[INFO] [stdout]    |     ^^^^^^^^^^^^^^^
[INFO] [stdout]    |
[INFO] [stdout]    = note: `UnsupportedFeature` has a derived impl for the trait `Debug`, but this is intentionally ignored during dead code analysis
[INFO] [stdout] 
[INFO] [stdout] 
[INFO] [stdout] warning: method `is_sink` is never used
[INFO] [stdout]    --> src/generate/graph_reduce.rs:598:8
[INFO] [stdout]     |
[INFO] [stdout] 598 |     fn is_sink(&self) -> bool {
[INFO] [stdout]     |        ^^^^^^^
[INFO] [stdout] 
[INFO] [stdout] 
[INFO] [stdout] warning: variants `RecursiveType` and `InterfaceType` are never constructed
[INFO] [stdout]   --> src/generate/ts_flavor_compat.rs:5:5
[INFO] [stdout]    |
[INFO] [stdout] 4  | pub enum CompatError {
[INFO] [stdout]    |          ----------- variants in this enum
[INFO] [stdout] 5  |     RecursiveType,
[INFO] [stdout]    |     ^^^^^^^^^^^^^
[INFO] [stdout] ...
[INFO] [stdout] 14 |     InterfaceType,
[INFO] [stdout]    |     ^^^^^^^^^^^^^
[INFO] [stdout]    |
[INFO] [stdout]    = note: `CompatError` has derived impls for the traits `Clone` and `Debug`, but these are intentionally ignored during dead code analysis
[INFO] [stdout] 
[INFO] [stdout] 
[INFO] [stdout] warning: variants `Alias` and `Array` are never constructed
[INFO] [stdout]   --> src/generate/type_structs.rs:23:5
[INFO] [stdout]    |
[INFO] [stdout] 8  | pub enum Type {
[INFO] [stdout]    |          ---- variants in this enum
[INFO] [stdout] ...
[INFO] [stdout] 23 |     Alias {
[INFO] [stdout]    |     ^^^^^
[INFO] [stdout] ...
[INFO] [stdout] 32 |     Array(Box<Type>, usize),
[INFO] [stdout]    |     ^^^^^
[INFO] [stdout]    |
[INFO] [stdout]    = note: `Type` has derived impls for the traits `Clone` and `Debug`, but these are intentionally ignored during dead code analysis
[INFO] [stdout] 
[INFO] [stdout] 
[INFO] [stdout] warning: method `module_instantiated` is never used
[INFO] [stdout]   --> src/generate/typify_graph.rs:47:8
[INFO] [stdout]    |
[INFO] [stdout] 47 |     fn module_instantiated(&self, p: &CanonPath) -> bool {
[INFO] [stdout]    |        ^^^^^^^^^^^^^^^^^^^
[INFO] [stdout] 
[INFO] [stdout] 
[INFO] [stdout] warning: variant `TsCustom` is never constructed
[INFO] [stdout]  --> src/ts.rs:4:5
[INFO] [stdout]   |
[INFO] [stdout] 1 | pub enum TsFlavor {
[INFO] [stdout]   |          -------- variant in this enum
[INFO] [stdout] ...
[INFO] [stdout] 4 |     TsCustom(TsFeatures),
[INFO] [stdout]   |     ^^^^^^^^
[INFO] [stdout] 
[INFO] [stdout] 
[INFO] [stdout] warning: associated function `empty` is never used
[INFO] [stdout]    --> src/ts.rs:113:12
[INFO] [stdout]     |
[INFO] [stdout] 113 |     pub fn empty() -> Self {
[INFO] [stdout]     |            ^^^^^
[INFO] [stdout] 
[INFO] [stdout] 
[INFO] [stdout] warning: 47 warnings emitted
[INFO] [stdout] 
[INFO] [stdout] 
[INFO] [stdout] warning: unused macro definition: `binding_file`
[INFO] [stdout]  --> tests/macros.rs:1:14
[INFO] [stdout]   |
[INFO] [stdout] 1 | macro_rules! binding_file {
[INFO] [stdout]   |              ^^^^^^^^^^^^
[INFO] [stdout]   |
[INFO] [stdout]   = note: `#[warn(unused_macros)]` on by default
[INFO] [stdout] 
[INFO] [stdout] 
[INFO] [stdout] warning: unused macro definition: `src_file`
[INFO] [stdout]  --> tests/macros.rs:7:14
[INFO] [stdout]   |
[INFO] [stdout] 7 | macro_rules! src_file {
[INFO] [stdout]   |              ^^^^^^^^
[INFO] [stdout] 
[INFO] [stdout] 
[INFO] [stdout] warning: unused macro definition: `py_compiled_file`
[INFO] [stdout]   --> tests/macros.rs:13:14
[INFO] [stdout]    |
[INFO] [stdout] 13 | macro_rules! py_compiled_file {
[INFO] [stdout]    |              ^^^^^^^^^^^^^^^^
[INFO] [stdout] 
[INFO] [stdout] 
[INFO] [stdout] warning: unused macro definition: `make_test`
[INFO] [stdout]   --> tests/macros.rs:24:14
[INFO] [stdout]    |
[INFO] [stdout] 24 | macro_rules! make_test {
[INFO] [stdout]    |              ^^^^^^^^^
[INFO] [stdout] 
[INFO] [stdout] 
[INFO] [stdout] warning: unused import: `self`
[INFO] [stdout]   --> tests/common.rs:30:20
[INFO] [stdout]    |
[INFO] [stdout] 30 | use std::process::{self, Command};
[INFO] [stdout]    |                    ^^^^
[INFO] [stdout]    |
[INFO] [stdout]    = note: `#[warn(unused_imports)]` on by default
[INFO] [stdout] 
[INFO] [stdout] 
[INFO] [stdout] warning: unused import: `std::env`
[INFO] [stdout]    --> tests/macros.rs:132:21
[INFO] [stdout]     |
[INFO] [stdout] 132 |                   use std::env;
[INFO] [stdout]     |                       ^^^^^^^^
[INFO] [stdout]     |
[INFO] [stdout]    ::: tests/ts_num.rs:7:1
[INFO] [stdout]     |
[INFO] [stdout] 7   | / make_test!(BASIC(basic_ts_num) expects:
[INFO] [stdout] 8   | |     common::line_separated_expected(&["40", "-20", "-55", "99", "9000", "Done"])
[INFO] [stdout] 9   | | );
[INFO] [stdout]     | |_- in this macro invocation
[INFO] [stdout]     |
[INFO] [stdout]     = note: this warning originates in the macro `make_test` (in Nightly builds, run with -Z macro-backtrace for more info)
[INFO] [stdout] 
[INFO] [stdout] 
[INFO] [stdout] warning: unused import: `std::env`
[INFO] [stdout]    --> tests/macros.rs:132:21
[INFO] [stdout]     |
[INFO] [stdout] 132 |                   use std::env;
[INFO] [stdout]     |                       ^^^^^^^^
[INFO] [stdout]     |
[INFO] [stdout]    ::: tests/ts_num.rs:11:1
[INFO] [stdout]     |
[INFO] [stdout] 11  | / make_test!(BASIC(unwrapped_ts_num)
[INFO] [stdout] 12  | |     jetsam-compile: |_, mut c: std::process::Command| {
[INFO] [stdout] 13  | |         c
[INFO] [stdout] 14  | |             .arg("--wrap-top-level-vars")
[INFO] [stdout] ...   |
[INFO] [stdout] 20  | |     => expects: common::line_separated_expected(&["40", "-20", "-55", "99", "9000", "Done"])
[INFO] [stdout] 21  | | );
[INFO] [stdout]     | |_- in this macro invocation
[INFO] [stdout]     |
[INFO] [stdout]     = note: this warning originates in the macro `make_test` (in Nightly builds, run with -Z macro-backtrace for more info)
[INFO] [stdout] 
[INFO] [stdout] 
[INFO] [stdout] warning: unused import: `std::env`
[INFO] [stdout]    --> tests/macros.rs:132:21
[INFO] [stdout]     |
[INFO] [stdout] 132 |                   use std::env;
[INFO] [stdout]     |                       ^^^^^^^^
[INFO] [stdout]     |
[INFO] [stdout]    ::: tests/ts_num.rs:23:1
[INFO] [stdout]     |
[INFO] [stdout] 23  | / make_test!(FULL(test => config_unwrapped_ts_num, data => unwrapped_ts_num)
[INFO] [stdout] 24  | |     jetsam-compile: |env: &common::TestEnv, mut c: std::process::Command| {
[INFO] [stdout] 25  | |         env.create_tmp_file(
[INFO] [stdout] 26  | |             "config.json",
[INFO] [stdout] ...   |
[INFO] [stdout] 38  | |     => expects: common::line_separated_expected(&["40", "-20", "-55", "99", "9000", "Done"])
[INFO] [stdout] 39  | | );
[INFO] [stdout]     | |_- in this macro invocation
[INFO] [stdout]     |
[INFO] [stdout]     = note: this warning originates in the macro `make_test` (in Nightly builds, run with -Z macro-backtrace for more info)
[INFO] [stdout] 
[INFO] [stdout] 
[INFO] [stdout] warning: unused import: `self`
[INFO] [stdout]   --> tests/common.rs:30:20
[INFO] [stdout]    |
[INFO] [stdout] 30 | use std::process::{self, Command};
[INFO] [stdout]    |                    ^^^^
[INFO] [stdout]    |
[INFO] [stdout]    = note: `#[warn(unused_imports)]` on by default
[INFO] [stdout] 
[INFO] [stdout] 
[INFO] [stdout] warning: variable does not need to be mutable
[INFO] [stdout]    --> tests/common.rs:107:17
[INFO] [stdout]     |
[INFO] [stdout] 107 |             let mut pyret_runtime_dir = env::var_os(PYRET_RUNTIME_DIR)
[INFO] [stdout]     |                 ----^^^^^^^^^^^^^^^^^
[INFO] [stdout]     |                 |
[INFO] [stdout]     |                 help: remove this `mut`
[INFO] [stdout]     |
[INFO] [stdout]     = note: `#[warn(unused_mut)]` on by default
[INFO] [stdout] 
[INFO] [stdout] 
[INFO] [stdout] warning: unused macro definition: `opaque_type`
[INFO] [stdout]   --> src/generate/emit/ts_num_json_emit.rs:65:22
[INFO] [stdout]    |
[INFO] [stdout] 65 |         macro_rules! opaque_type {
[INFO] [stdout]    |                      ^^^^^^^^^^^
[INFO] [stdout]    |
[INFO] [stdout]    = note: `#[warn(unused_macros)]` on by default
[INFO] [stdout] 
[INFO] [stdout] 
[INFO] [stdout] warning: unnecessary braces around block return value
[INFO] [stdout]  --> src/generate/js_pp.rs:9:9
[INFO] [stdout]   |
[INFO] [stdout] 9 |         $b
[INFO] [stdout]   |         ^^
[INFO] [stdout]   |
[INFO] [stdout]   = note: `#[warn(unused_braces)]` on by default
[INFO] [stdout] 
[INFO] [stdout] 
[INFO] [stdout] warning: unused import: `ClassType`
[INFO] [stdout]  --> src/generate/ts_flavor_detector.rs:6:27
[INFO] [stdout]   |
[INFO] [stdout] 6 | use super::type_structs::{ClassType, FnType, Type};
[INFO] [stdout]   |                           ^^^^^^^^^
[INFO] [stdout]   |
[INFO] [stdout]   = note: `#[warn(unused_imports)]` on by default
[INFO] [stdout] 
[INFO] [stdout] 
[INFO] [stdout] warning: unused import: `ModuleNode`
[INFO] [stdout]  --> src/generate/ts_flavor_detector.rs:7:40
[INFO] [stdout]   |
[INFO] [stdout] 7 | use super::typify_graph::{ModuleGraph, ModuleNode};
[INFO] [stdout]   |                                        ^^^^^^^^^^
[INFO] [stdout] 
[INFO] [stdout] 
[INFO] [stdout] warning: variable does not need to be mutable
[INFO] [stdout]    --> tests/common.rs:107:17
[INFO] [stdout]     |
[INFO] [stdout] 107 |             let mut pyret_runtime_dir = env::var_os(PYRET_RUNTIME_DIR)
[INFO] [stdout]     |                 ----^^^^^^^^^^^^^^^^^
[INFO] [stdout]     |                 |
[INFO] [stdout]     |                 help: remove this `mut`
[INFO] [stdout]     |
[INFO] [stdout]     = note: `#[warn(unused_mut)]` on by default
[INFO] [stdout] 
[INFO] [stdout] 
[INFO] [stdout] warning: function `check_aux_bins` is never used
[INFO] [stdout]    --> tests/common.rs:225:8
[INFO] [stdout]     |
[INFO] [stdout] 225 | pub fn check_aux_bins() -> Result<(), String> {
[INFO] [stdout]     |        ^^^^^^^^^^^^^^
[INFO] [stdout]     |
[INFO] [stdout]     = note: `#[warn(dead_code)]` on by default
[INFO] [stdout] 
[INFO] [stdout] 
[INFO] [stdout] warning: 4 warnings emitted
[INFO] [stdout] 
[INFO] [stdout] 
[INFO] [stdout] warning: 2 warnings emitted
[INFO] [stdout] 
[INFO] [stdout] 
[INFO] [stdout] warning: unused variable: `cache`
[INFO] [stdout]    --> src/generate/bind_graph_init.rs:118:9
[INFO] [stdout]     |
[INFO] [stdout] 118 |         cache: &ModuleCache,
[INFO] [stdout]     |         ^^^^^ help: if this is intentional, prefix it with an underscore: `_cache`
[INFO] [stdout]     |
[INFO] [stdout]     = note: `#[warn(unused_variables)]` on by default
[INFO] [stdout] 
[INFO] [stdout] 
[INFO] [stdout] warning: unused variable: `occupied`
[INFO] [stdout]    --> src/generate/bind_graph_init.rs:166:41
[INFO] [stdout]     |
[INFO] [stdout] 166 |                 Entry::Occupied(ref mut occupied) => (),
[INFO] [stdout]     |                                         ^^^^^^^^ help: if this is intentional, prefix it with an underscore: `_occupied`
[INFO] [stdout] 
[INFO] [stdout] 
[INFO] [stdout] warning: unused variable: `occupied`
[INFO] [stdout]    --> src/generate/bind_graph_init.rs:173:41
[INFO] [stdout]     |
[INFO] [stdout] 173 |                 Entry::Occupied(ref mut occupied) => (),
[INFO] [stdout]     |                                         ^^^^^^^^ help: if this is intentional, prefix it with an underscore: `_occupied`
[INFO] [stdout] 
[INFO] [stdout] 
[INFO] [stdout] warning: unused variable: `occupied`
[INFO] [stdout]    --> src/generate/bind_graph_init.rs:181:45
[INFO] [stdout]     |
[INFO] [stdout] 181 |                     Entry::Occupied(ref mut occupied) => (),
[INFO] [stdout]     |                                             ^^^^^^^^ help: if this is intentional, prefix it with an underscore: `_occupied`
[INFO] [stdout] 
[INFO] [stdout] 
[INFO] [stdout] warning: unused variable: `occupied`
[INFO] [stdout]    --> src/generate/bind_graph_init.rs:188:45
[INFO] [stdout]     |
[INFO] [stdout] 188 |                     Entry::Occupied(ref mut occupied) => (),
[INFO] [stdout]     |                                             ^^^^^^^^ help: if this is intentional, prefix it with an underscore: `_occupied`
[INFO] [stdout] 
[INFO] [stdout] 
[INFO] [stdout] warning: unused variable: `current_module`
[INFO] [stdout]    --> src/generate/emit/ts_num_js_emit.rs:250:23
[INFO] [stdout]     |
[INFO] [stdout] 250 |     fn finalize(self, current_module: &Path)
[INFO] [stdout]     |                       ^^^^^^^^^^^^^^ help: if this is intentional, prefix it with an underscore: `_current_module`
[INFO] [stdout] 
[INFO] [stdout] 
[INFO] [stdout] warning: unused variable: `options`
[INFO] [stdout]   --> src/generate/emit.rs:82:5
[INFO] [stdout]    |
[INFO] [stdout] 82 |     options: &CompileOpt,
[INFO] [stdout]    |     ^^^^^^^ help: if this is intentional, prefix it with an underscore: `_options`
[INFO] [stdout] 
[INFO] [stdout] 
[INFO] [stdout] warning: unused variable: `root_module_path`
[INFO] [stdout]   --> src/generate/emit.rs:83:5
[INFO] [stdout]    |
[INFO] [stdout] 83 |     root_module_path: &CanonPath,
[INFO] [stdout]    |     ^^^^^^^^^^^^^^^^ help: if this is intentional, prefix it with an underscore: `_root_module_path`
[INFO] [stdout] 
[INFO] [stdout] 
[INFO] [stdout] warning: unused variable: `typed_graph`
[INFO] [stdout]   --> src/generate/emit.rs:84:5
[INFO] [stdout]    |
[INFO] [stdout] 84 |     typed_graph: &ModuleGraph,
[INFO] [stdout]    |     ^^^^^^^^^^^ help: if this is intentional, prefix it with an underscore: `_typed_graph`
[INFO] [stdout] 
[INFO] [stdout] 
[INFO] [stdout] warning: unused variable: `canon_path`
[INFO] [stdout]   --> src/generate/ts_flavor_detector.rs:21:10
[INFO] [stdout]    |
[INFO] [stdout] 21 |     for (canon_path, node) in graph.nodes.iter() {
[INFO] [stdout]    |          ^^^^^^^^^^ help: if this is intentional, prefix it with an underscore: `_canon_path`
[INFO] [stdout] 
[INFO] [stdout] 
[INFO] [stdout] warning: unused variable: `ann_span`
[INFO] [stdout]    --> src/generate/type_construction.rs:327:13
[INFO] [stdout]     |
[INFO] [stdout] 327 |         let ann_span = ann.span;
[INFO] [stdout]     |             ^^^^^^^^ help: if this is intentional, prefix it with an underscore: `_ann_span`
[INFO] [stdout] 
[INFO] [stdout] 
[INFO] [stdout] warning: unused variable: `span`
[INFO] [stdout]    --> src/generate/type_construction.rs:334:51
[INFO] [stdout]     |
[INFO] [stdout] 334 |             TsType::TsKeywordType(TsKeywordType { ref span, ref kind }) => {
[INFO] [stdout]     |                                                   ^^^^^^^^ help: try ignoring the field: `span: _`
[INFO] [stdout] 
[INFO] [stdout] 
[INFO] [stdout] warning: unused variable: `span`
[INFO] [stdout]    --> src/generate/type_construction.rs:353:45
[INFO] [stdout]     |
[INFO] [stdout] 353 |             TsType::TsThisType(TsThisType { ref span }) => {
[INFO] [stdout]     |                                             ^^^^^^^^ help: try ignoring the field: `span: _`
[INFO] [stdout] 
[INFO] [stdout] 
[INFO] [stdout] warning: unused variable: `span`
[INFO] [stdout]    --> src/generate/type_construction.rs:361:17
[INFO] [stdout]     |
[INFO] [stdout] 361 |                 ref span,
[INFO] [stdout]     |                 ^^^^^^^^ help: try ignoring the field: `span: _`
[INFO] [stdout] 
[INFO] [stdout] 
[INFO] [stdout] warning: unused variable: `type_params`
[INFO] [stdout]    --> src/generate/type_construction.rs:363:17
[INFO] [stdout]     |
[INFO] [stdout] 363 |                 ref type_params,
[INFO] [stdout]     |                 ^^^^^^^^^^^^^^^ help: try ignoring the field: `type_params: _`
[INFO] [stdout] 
[INFO] [stdout] 
[INFO] [stdout] warning: unused variable: `span`
[INFO] [stdout]    --> src/generate/type_construction.rs:388:21
[INFO] [stdout]     |
[INFO] [stdout] 388 |                     ref span,
[INFO] [stdout]     |                     ^^^^^^^^ help: try ignoring the field: `span: _`
[INFO] [stdout] 
[INFO] [stdout] 
[INFO] [stdout] warning: unused variable: `params`
[INFO] [stdout]    --> src/generate/type_construction.rs:389:21
[INFO] [stdout]     |
[INFO] [stdout] 389 |                     ref params,
[INFO] [stdout]     |                     ^^^^^^^^^^ help: try ignoring the field: `params: _`
[INFO] [stdout] 
[INFO] [stdout] 
[INFO] [stdout] warning: unused variable: `type_params`
[INFO] [stdout]    --> src/generate/type_construction.rs:390:21
[INFO] [stdout]     |
[INFO] [stdout] 390 |                     ref type_params,
[INFO] [stdout]     |                     ^^^^^^^^^^^^^^^ help: try ignoring the field: `type_params: _`
[INFO] [stdout] 
[INFO] [stdout] 
[INFO] [stdout] warning: unused variable: `type_ann`
[INFO] [stdout]    --> src/generate/type_construction.rs:391:21
[INFO] [stdout]     |
[INFO] [stdout] 391 |                     ref type_ann,
[INFO] [stdout]     |                     ^^^^^^^^^^^^ help: try ignoring the field: `type_ann: _`
[INFO] [stdout] 
[INFO] [stdout] 
[INFO] [stdout] warning: unused variable: `span`
[INFO] [stdout]    --> src/generate/type_construction.rs:400:17
[INFO] [stdout]     |
[INFO] [stdout] 400 |                 ref span,
[INFO] [stdout]     |                 ^^^^^^^^ help: try ignoring the field: `span: _`
[INFO] [stdout] 
[INFO] [stdout] 
[INFO] [stdout] warning: unused variable: `type_params`
[INFO] [stdout]    --> src/generate/type_construction.rs:402:17
[INFO] [stdout]     |
[INFO] [stdout] 402 |                 ref type_params,
[INFO] [stdout]     |                 ^^^^^^^^^^^^^^^ help: try ignoring the field: `type_params: _`
[INFO] [stdout] 
[INFO] [stdout] 
[INFO] [stdout] warning: unused variable: `span`
[INFO] [stdout]    --> src/generate/type_construction.rs:445:17
[INFO] [stdout]     |
[INFO] [stdout] 445 |                 ref span,
[INFO] [stdout]     |                 ^^^^^^^^ help: try ignoring the field: `span: _`
[INFO] [stdout] 
[INFO] [stdout] 
[INFO] [stdout] warning: unused variable: `span`
[INFO] [stdout]    --> src/generate/type_construction.rs:453:17
[INFO] [stdout]     |
[INFO] [stdout] 453 |                 ref span,
[INFO] [stdout]     |                 ^^^^^^^^ help: try ignoring the field: `span: _`
[INFO] [stdout] 
[INFO] [stdout] 
[INFO] [stdout] warning: unused variable: `elem_types`
[INFO] [stdout]    --> src/generate/type_construction.rs:454:17
[INFO] [stdout]     |
[INFO] [stdout] 454 |                 ref elem_types,
[INFO] [stdout]     |                 ^^^^^^^^^^^^^^ help: try ignoring the field: `elem_types: _`
[INFO] [stdout] 
[INFO] [stdout] 
[INFO] [stdout] warning: unused variable: `span`
[INFO] [stdout]    --> src/generate/type_construction.rs:470:21
[INFO] [stdout]     |
[INFO] [stdout] 470 |                     ref span,
[INFO] [stdout]     |                     ^^^^^^^^ help: try ignoring the field: `span: _`
[INFO] [stdout] 
[INFO] [stdout] 
[INFO] [stdout] warning: unused variable: `types`
[INFO] [stdout]    --> src/generate/type_construction.rs:471:21
[INFO] [stdout]     |
[INFO] [stdout] 471 |                     ref types,
[INFO] [stdout]     |                     ^^^^^^^^^ help: try ignoring the field: `types: _`
[INFO] [stdout] 
[INFO] [stdout] 
[INFO] [stdout] warning: unused variable: `span`
[INFO] [stdout]    --> src/generate/type_construction.rs:494:17
[INFO] [stdout]     |
[INFO] [stdout] 494 |                 ref span,
[INFO] [stdout]     |                 ^^^^^^^^ help: try ignoring the field: `span: _`
[INFO] [stdout] 
[INFO] [stdout] 
[INFO] [stdout] warning: unused variable: `type_ann`
[INFO] [stdout]    --> src/generate/type_construction.rs:495:17
[INFO] [stdout]     |
[INFO] [stdout] 495 |                 ref type_ann,
[INFO] [stdout]     |                 ^^^^^^^^^^^^ help: try ignoring the field: `type_ann: _`
[INFO] [stdout] 
[INFO] [stdout] 
[INFO] [stdout] warning: unused variable: `span`
[INFO] [stdout]    --> src/generate/type_construction.rs:512:43
[INFO] [stdout]     |
[INFO] [stdout] 512 |             TsType::TsLitType(TsLitType { ref span, ref lit }) => {
[INFO] [stdout]     |                                           ^^^^^^^^ help: try ignoring the field: `span: _`
[INFO] [stdout] 
[INFO] [stdout] 
[INFO] [stdout] warning: unused variable: `lit`
[INFO] [stdout]    --> src/generate/type_construction.rs:512:53
[INFO] [stdout]     |
[INFO] [stdout] 512 |             TsType::TsLitType(TsLitType { ref span, ref lit }) => {
[INFO] [stdout]     |                                                     ^^^^^^^ help: try ignoring the field: `lit: _`
[INFO] [stdout] 
[INFO] [stdout] 
[INFO] [stdout] warning: unused variable: `src`
[INFO] [stdout]    --> src/generate/typify_graph.rs:141:47
[INFO] [stdout]     |
[INFO] [stdout] 141 |             ModuleDecl::ExportAll(ExportAll { ref src, .. }) => Ok(()),
[INFO] [stdout]     |                                               ^^^^^^^ help: try ignoring the field: `src: _`
[INFO] [stdout] 
[INFO] [stdout] 
[INFO] [stdout] warning: unused variable: `src`
[INFO] [stdout]    --> src/generate/typify_graph.rs:199:22
[INFO] [stdout]     |
[INFO] [stdout] 199 |             Some(ref src) => Ok(()),
[INFO] [stdout]     |                      ^^^ help: if this is intentional, prefix it with an underscore: `_src`
[INFO] [stdout] 
[INFO] [stdout] 
[INFO] [stdout] warning: variable does not need to be mutable
[INFO] [stdout]    --> src/generate/bind_init.rs:225:61
[INFO] [stdout]     |
[INFO] [stdout] 225 |     let mut module: Module = parser.parse_module().map_err(|mut e| {
[INFO] [stdout]     |                                                             ----^
[INFO] [stdout]     |                                                             |
[INFO] [stdout]     |                                                             help: remove this `mut`
[INFO] [stdout]     |
[INFO] [stdout]     = note: `#[warn(unused_mut)]` on by default
[INFO] [stdout] 
[INFO] [stdout] 
[INFO] [stdout] warning: variable does not need to be mutable
[INFO] [stdout]    --> src/generate/graph_reduce.rs:536:23
[INFO] [stdout]     |
[INFO] [stdout] 536 |     fn expand_exports(mut self) -> HashMap<CanonPath, Vec<Export>> {
[INFO] [stdout]     |                       ----^^^^
[INFO] [stdout]     |                       |
[INFO] [stdout]     |                       help: remove this `mut`
[INFO] [stdout] 
[INFO] [stdout] 
[INFO] [stdout] warning: 6 warnings emitted
[INFO] [stdout] 
[INFO] [stdout] 
[INFO] [stdout] warning: method `module_instantiated` is never used
[INFO] [stdout]   --> src/generate/bind_graph_init.rs:91:8
[INFO] [stdout]    |
[INFO] [stdout] 91 |     fn module_instantiated(&self, p: &CanonPath) -> bool {
[INFO] [stdout]    |        ^^^^^^^^^^^^^^^^^^^
[INFO] [stdout]    |
[INFO] [stdout]    = note: `#[warn(dead_code)]` on by default
[INFO] [stdout] 
[INFO] [stdout] 
[INFO] [stdout] warning: method `get` is never used
[INFO] [stdout]   --> src/generate/bind_init.rs:20:12
[INFO] [stdout]    |
[INFO] [stdout] 20 |     pub fn get(&self, path: &CanonPath) -> &ModuleData {
[INFO] [stdout]    |            ^^^
[INFO] [stdout] 
[INFO] [stdout] 
[INFO] [stdout] warning: variant `NamespaceImport` is never constructed
[INFO] [stdout]   --> src/generate/error.rs:29:5
[INFO] [stdout]    |
[INFO] [stdout] 28 | pub enum UnsupportedFeature {
[INFO] [stdout]    |          ------------------ variant in this enum
[INFO] [stdout] 29 |     NamespaceImport,
[INFO] [stdout]    |     ^^^^^^^^^^^^^^^
[INFO] [stdout]    |
[INFO] [stdout]    = note: `UnsupportedFeature` has a derived impl for the trait `Debug`, but this is intentionally ignored during dead code analysis
[INFO] [stdout] 
[INFO] [stdout] 
[INFO] [stdout] warning: method `is_sink` is never used
[INFO] [stdout]    --> src/generate/graph_reduce.rs:598:8
[INFO] [stdout]     |
[INFO] [stdout] 598 |     fn is_sink(&self) -> bool {
[INFO] [stdout]     |        ^^^^^^^
[INFO] [stdout] 
[INFO] [stdout] 
[INFO] [stdout] warning: variants `RecursiveType` and `InterfaceType` are never constructed
[INFO] [stdout]   --> src/generate/ts_flavor_compat.rs:5:5
[INFO] [stdout]    |
[INFO] [stdout] 4  | pub enum CompatError {
[INFO] [stdout]    |          ----------- variants in this enum
[INFO] [stdout] 5  |     RecursiveType,
[INFO] [stdout]    |     ^^^^^^^^^^^^^
[INFO] [stdout] ...
[INFO] [stdout] 14 |     InterfaceType,
[INFO] [stdout]    |     ^^^^^^^^^^^^^
[INFO] [stdout]    |
[INFO] [stdout]    = note: `CompatError` has derived impls for the traits `Clone` and `Debug`, but these are intentionally ignored during dead code analysis
[INFO] [stdout] 
[INFO] [stdout] 
[INFO] [stdout] warning: variants `Alias` and `Array` are never constructed
[INFO] [stdout]   --> src/generate/type_structs.rs:23:5
[INFO] [stdout]    |
[INFO] [stdout] 8  | pub enum Type {
[INFO] [stdout]    |          ---- variants in this enum
[INFO] [stdout] ...
[INFO] [stdout] 23 |     Alias {
[INFO] [stdout]    |     ^^^^^
[INFO] [stdout] ...
[INFO] [stdout] 32 |     Array(Box<Type>, usize),
[INFO] [stdout]    |     ^^^^^
[INFO] [stdout]    |
[INFO] [stdout]    = note: `Type` has derived impls for the traits `Clone` and `Debug`, but these are intentionally ignored during dead code analysis
[INFO] [stdout] 
[INFO] [stdout] 
[INFO] [stdout] warning: method `module_instantiated` is never used
[INFO] [stdout]   --> src/generate/typify_graph.rs:47:8
[INFO] [stdout]    |
[INFO] [stdout] 47 |     fn module_instantiated(&self, p: &CanonPath) -> bool {
[INFO] [stdout]    |        ^^^^^^^^^^^^^^^^^^^
[INFO] [stdout] 
[INFO] [stdout] 
[INFO] [stdout] warning: variant `TsCustom` is never constructed
[INFO] [stdout]  --> src/ts.rs:4:5
[INFO] [stdout]   |
[INFO] [stdout] 1 | pub enum TsFlavor {
[INFO] [stdout]   |          -------- variant in this enum
[INFO] [stdout] ...
[INFO] [stdout] 4 |     TsCustom(TsFeatures),
[INFO] [stdout]   |     ^^^^^^^^
[INFO] [stdout] 
[INFO] [stdout] 
[INFO] [stdout] warning: associated function `empty` is never used
[INFO] [stdout]    --> src/ts.rs:113:12
[INFO] [stdout]     |
[INFO] [stdout] 113 |     pub fn empty() -> Self {
[INFO] [stdout]     |            ^^^^^
[INFO] [stdout] 
[INFO] [stdout] 
[INFO] [stdout] warning: 47 warnings emitted
[INFO] [stdout] 
[INFO] [stdout] 
[INFO] [stderr]     Finished test [unoptimized + debuginfo] target(s) in 2.32s
[INFO] running `Command { std: "docker" "inspect" "073a60db6129dc33bf19b9a5f06000c1ef91c3d801c6b2d32a3b3d4d485b24eb", kill_on_drop: false }`
[INFO] running `Command { std: "docker" "rm" "-f" "073a60db6129dc33bf19b9a5f06000c1ef91c3d801c6b2d32a3b3d4d485b24eb", kill_on_drop: false }`
[INFO] [stdout] 073a60db6129dc33bf19b9a5f06000c1ef91c3d801c6b2d32a3b3d4d485b24eb
[INFO] running `Command { std: "docker" "create" "-v" "/var/lib/crater-agent-workspace/builds/worker-1-tc1/target:/opt/rustwide/target:rw,Z" "-v" "/var/lib/crater-agent-workspace/builds/worker-1-tc1/source:/opt/rustwide/workdir:ro,Z" "-v" "/var/lib/crater-agent-workspace/cargo-home:/opt/rustwide/cargo-home:ro,Z" "-v" "/var/lib/crater-agent-workspace/rustup-home:/opt/rustwide/rustup-home:ro,Z" "-e" "SOURCE_DIR=/opt/rustwide/workdir" "-e" "CARGO_TARGET_DIR=/opt/rustwide/target" "-e" "CARGO_INCREMENTAL=0" "-e" "RUST_BACKTRACE=full" "-e" "RUSTFLAGS=--cap-lints=warn" "-e" "RUSTDOCFLAGS=--cap-lints=warn" "-e" "CARGO_HOME=/opt/rustwide/cargo-home" "-e" "RUSTUP_HOME=/opt/rustwide/rustup-home" "-w" "/opt/rustwide/workdir" "-m" "1610612736" "--user" "0:0" "--network" "none" "ghcr.io/rust-lang/crates-build-env/linux@sha256:5ff2268d62e97bff2cde7d5815dd6ed5b47097566f13b8d0ca110b04b60e07ed" "/opt/rustwide/cargo-home/bin/cargo" "+1.69.0" "test" "--frozen", kill_on_drop: false }`
[INFO] [stdout] 51879133bc094701749df8a1bdc12a1b0e0d3b1407f9e28326ff4d78b44c2ade
[INFO] running `Command { std: "docker" "start" "-a" "51879133bc094701749df8a1bdc12a1b0e0d3b1407f9e28326ff4d78b44c2ade", kill_on_drop: false }`
[INFO] [stderr] warning: unused macro definition: `opaque_type`
[INFO] [stderr]   --> src/generate/emit/ts_num_json_emit.rs:65:22
[INFO] [stderr]    |
[INFO] [stderr] 65 |         macro_rules! opaque_type {
[INFO] [stderr]    |                      ^^^^^^^^^^^
[INFO] [stderr]    |
[INFO] [stderr]    = note: `#[warn(unused_macros)]` on by default
[INFO] [stderr] 
[INFO] [stderr] warning: unnecessary braces around block return value
[INFO] [stderr]  --> src/generate/js_pp.rs:9:9
[INFO] [stderr]   |
[INFO] [stderr] 9 |         $b
[INFO] [stderr]   |         ^^
[INFO] [stderr]   |
[INFO] [stderr]   = note: `#[warn(unused_braces)]` on by default
[INFO] [stderr] 
[INFO] [stderr] warning: unused import: `ClassType`
[INFO] [stderr]  --> src/generate/ts_flavor_detector.rs:6:27
[INFO] [stderr]   |
[INFO] [stderr] 6 | use super::type_structs::{ClassType, FnType, Type};
[INFO] [stderr]   |                           ^^^^^^^^^
[INFO] [stderr]   |
[INFO] [stderr]   = note: `#[warn(unused_imports)]` on by default
[INFO] [stderr] 
[INFO] [stderr] warning: unused import: `ModuleNode`
[INFO] [stderr]  --> src/generate/ts_flavor_detector.rs:7:40
[INFO] [stderr]   |
[INFO] [stderr] 7 | use super::typify_graph::{ModuleGraph, ModuleNode};
[INFO] [stderr]   |                                        ^^^^^^^^^^
[INFO] [stderr] 
[INFO] [stderr] warning: unused variable: `cache`
[INFO] [stderr]    --> src/generate/bind_graph_init.rs:118:9
[INFO] [stderr]     |
[INFO] [stderr] 118 |         cache: &ModuleCache,
[INFO] [stderr]     |         ^^^^^ help: if this is intentional, prefix it with an underscore: `_cache`
[INFO] [stderr]     |
[INFO] [stderr]     = note: `#[warn(unused_variables)]` on by default
[INFO] [stderr] 
[INFO] [stderr] warning: unused variable: `occupied`
[INFO] [stderr]    --> src/generate/bind_graph_init.rs:166:41
[INFO] [stderr]     |
[INFO] [stderr] 166 |                 Entry::Occupied(ref mut occupied) => (),
[INFO] [stderr]     |                                         ^^^^^^^^ help: if this is intentional, prefix it with an underscore: `_occupied`
[INFO] [stderr] 
[INFO] [stderr] warning: unused variable: `occupied`
[INFO] [stderr]    --> src/generate/bind_graph_init.rs:173:41
[INFO] [stderr]     |
[INFO] [stderr] 173 |                 Entry::Occupied(ref mut occupied) => (),
[INFO] [stderr]     |                                         ^^^^^^^^ help: if this is intentional, prefix it with an underscore: `_occupied`
[INFO] [stderr] 
[INFO] [stderr] warning: unused variable: `occupied`
[INFO] [stderr]    --> src/generate/bind_graph_init.rs:181:45
[INFO] [stderr]     |
[INFO] [stderr] 181 |                     Entry::Occupied(ref mut occupied) => (),
[INFO] [stderr]     |                                             ^^^^^^^^ help: if this is intentional, prefix it with an underscore: `_occupied`
[INFO] [stderr] 
[INFO] [stderr] warning: unused variable: `occupied`
[INFO] [stderr]    --> src/generate/bind_graph_init.rs:188:45
[INFO] [stderr]     |
[INFO] [stderr] 188 |                     Entry::Occupied(ref mut occupied) => (),
[INFO] [stderr]     |                                             ^^^^^^^^ help: if this is intentional, prefix it with an underscore: `_occupied`
[INFO] [stderr] 
[INFO] [stderr] warning: unused variable: `current_module`
[INFO] [stderr]    --> src/generate/emit/ts_num_js_emit.rs:250:23
[INFO] [stderr]     |
[INFO] [stderr] 250 |     fn finalize(self, current_module: &Path)
[INFO] [stderr]     |                       ^^^^^^^^^^^^^^ help: if this is intentional, prefix it with an underscore: `_current_module`
[INFO] [stderr] 
[INFO] [stderr] warning: unused variable: `options`
[INFO] [stderr]   --> src/generate/emit.rs:82:5
[INFO] [stderr]    |
[INFO] [stderr] 82 |     options: &CompileOpt,
[INFO] [stderr]    |     ^^^^^^^ help: if this is intentional, prefix it with an underscore: `_options`
[INFO] [stderr] 
[INFO] [stderr] warning: unused variable: `root_module_path`
[INFO] [stderr]   --> src/generate/emit.rs:83:5
[INFO] [stderr]    |
[INFO] [stderr] 83 |     root_module_path: &CanonPath,
[INFO] [stderr]    |     ^^^^^^^^^^^^^^^^ help: if this is intentional, prefix it with an underscore: `_root_module_path`
[INFO] [stderr] 
[INFO] [stderr] warning: unused variable: `typed_graph`
[INFO] [stderr]   --> src/generate/emit.rs:84:5
[INFO] [stderr]    |
[INFO] [stderr] 84 |     typed_graph: &ModuleGraph,
[INFO] [stderr]    |     ^^^^^^^^^^^ help: if this is intentional, prefix it with an underscore: `_typed_graph`
[INFO] [stderr] 
[INFO] [stderr] warning: unused variable: `canon_path`
[INFO] [stderr]   --> src/generate/ts_flavor_detector.rs:21:10
[INFO] [stderr]    |
[INFO] [stderr] 21 |     for (canon_path, node) in graph.nodes.iter() {
[INFO] [stderr]    |          ^^^^^^^^^^ help: if this is intentional, prefix it with an underscore: `_canon_path`
[INFO] [stderr] 
[INFO] [stderr] warning: unused variable: `ann_span`
[INFO] [stderr]    --> src/generate/type_construction.rs:327:13
[INFO] [stderr]     |
[INFO] [stderr] 327 |         let ann_span = ann.span;
[INFO] [stderr]     |             ^^^^^^^^ help: if this is intentional, prefix it with an underscore: `_ann_span`
[INFO] [stderr] 
[INFO] [stderr] warning: unused variable: `span`
[INFO] [stderr]    --> src/generate/type_construction.rs:334:51
[INFO] [stderr]     |
[INFO] [stderr] 334 |             TsType::TsKeywordType(TsKeywordType { ref span, ref kind }) => {
[INFO] [stderr]     |                                                   ^^^^^^^^ help: try ignoring the field: `span: _`
[INFO] [stderr] 
[INFO] [stderr] warning: unused variable: `span`
[INFO] [stderr]    --> src/generate/type_construction.rs:353:45
[INFO] [stderr]     |
[INFO] [stderr] 353 |             TsType::TsThisType(TsThisType { ref span }) => {
[INFO] [stderr]     |                                             ^^^^^^^^ help: try ignoring the field: `span: _`
[INFO] [stderr] 
[INFO] [stderr] warning: unused variable: `span`
[INFO] [stderr]    --> src/generate/type_construction.rs:361:17
[INFO] [stderr]     |
[INFO] [stderr] 361 |                 ref span,
[INFO] [stderr]     |                 ^^^^^^^^ help: try ignoring the field: `span: _`
[INFO] [stderr] 
[INFO] [stderr] warning: unused variable: `type_params`
[INFO] [stderr]    --> src/generate/type_construction.rs:363:17
[INFO] [stderr]     |
[INFO] [stderr] 363 |                 ref type_params,
[INFO] [stderr]     |                 ^^^^^^^^^^^^^^^ help: try ignoring the field: `type_params: _`
[INFO] [stderr] 
[INFO] [stderr] warning: unused variable: `span`
[INFO] [stderr]    --> src/generate/type_construction.rs:388:21
[INFO] [stderr]     |
[INFO] [stderr] 388 |                     ref span,
[INFO] [stderr]     |                     ^^^^^^^^ help: try ignoring the field: `span: _`
[INFO] [stderr] 
[INFO] [stderr] warning: unused variable: `params`
[INFO] [stderr]    --> src/generate/type_construction.rs:389:21
[INFO] [stderr]     |
[INFO] [stderr] 389 |                     ref params,
[INFO] [stderr]     |                     ^^^^^^^^^^ help: try ignoring the field: `params: _`
[INFO] [stderr] 
[INFO] [stderr] warning: unused variable: `type_params`
[INFO] [stderr]    --> src/generate/type_construction.rs:390:21
[INFO] [stderr]     |
[INFO] [stderr] 390 |                     ref type_params,
[INFO] [stderr]     |                     ^^^^^^^^^^^^^^^ help: try ignoring the field: `type_params: _`
[INFO] [stderr] 
[INFO] [stderr] warning: unused variable: `type_ann`
[INFO] [stderr]    --> src/generate/type_construction.rs:391:21
[INFO] [stderr]     |
[INFO] [stderr] 391 |                     ref type_ann,
[INFO] [stderr]     |                     ^^^^^^^^^^^^ help: try ignoring the field: `type_ann: _`
[INFO] [stderr] 
[INFO] [stderr] warning: unused variable: `span`
[INFO] [stderr]    --> src/generate/type_construction.rs:400:17
[INFO] [stderr]     |
[INFO] [stderr] 400 |                 ref span,
[INFO] [stderr]     |                 ^^^^^^^^ help: try ignoring the field: `span: _`
[INFO] [stderr] 
[INFO] [stderr] warning: unused variable: `type_params`
[INFO] [stderr]    --> src/generate/type_construction.rs:402:17
[INFO] [stderr]     |
[INFO] [stderr] 402 |                 ref type_params,
[INFO] [stderr]     |                 ^^^^^^^^^^^^^^^ help: try ignoring the field: `type_params: _`
[INFO] [stderr] 
[INFO] [stderr] warning: unused variable: `span`
[INFO] [stderr]    --> src/generate/type_construction.rs:445:17
[INFO] [stderr]     |
[INFO] [stderr] 445 |                 ref span,
[INFO] [stderr]     |                 ^^^^^^^^ help: try ignoring the field: `span: _`
[INFO] [stderr] 
[INFO] [stderr] warning: unused variable: `span`
[INFO] [stderr]    --> src/generate/type_construction.rs:453:17
[INFO] [stderr]     |
[INFO] [stderr] 453 |                 ref span,
[INFO] [stderr]     |                 ^^^^^^^^ help: try ignoring the field: `span: _`
[INFO] [stderr] 
[INFO] [stderr] warning: unused variable: `elem_types`
[INFO] [stderr]    --> src/generate/type_construction.rs:454:17
[INFO] [stderr]     |
[INFO] [stderr] 454 |                 ref elem_types,
[INFO] [stderr]     |                 ^^^^^^^^^^^^^^ help: try ignoring the field: `elem_types: _`
[INFO] [stderr] 
[INFO] [stderr] warning: unused variable: `span`
[INFO] [stderr]    --> src/generate/type_construction.rs:470:21
[INFO] [stderr]     |
[INFO] [stderr] 470 |                     ref span,
[INFO] [stderr]     |                     ^^^^^^^^ help: try ignoring the field: `span: _`
[INFO] [stderr] 
[INFO] [stderr] warning: unused variable: `types`
[INFO] [stderr]    --> src/generate/type_construction.rs:471:21
[INFO] [stderr]     |
[INFO] [stderr] 471 |                     ref types,
[INFO] [stderr]     |                     ^^^^^^^^^ help: try ignoring the field: `types: _`
[INFO] [stderr] 
[INFO] [stderr] warning: unused variable: `span`
[INFO] [stderr]    --> src/generate/type_construction.rs:494:17
[INFO] [stderr]     |
[INFO] [stderr] 494 |                 ref span,
[INFO] [stderr]     |                 ^^^^^^^^ help: try ignoring the field: `span: _`
[INFO] [stderr] 
[INFO] [stderr] warning: unused variable: `type_ann`
[INFO] [stderr]    --> src/generate/type_construction.rs:495:17
[INFO] [stderr]     |
[INFO] [stderr] 495 |                 ref type_ann,
[INFO] [stderr]     |                 ^^^^^^^^^^^^ help: try ignoring the field: `type_ann: _`
[INFO] [stderr] 
[INFO] [stderr] warning: unused variable: `span`
[INFO] [stderr]    --> src/generate/type_construction.rs:512:43
[INFO] [stderr]     |
[INFO] [stderr] 512 |             TsType::TsLitType(TsLitType { ref span, ref lit }) => {
[INFO] [stderr]     |                                           ^^^^^^^^ help: try ignoring the field: `span: _`
[INFO] [stderr] 
[INFO] [stderr] warning: unused variable: `lit`
[INFO] [stderr]    --> src/generate/type_construction.rs:512:53
[INFO] [stderr]     |
[INFO] [stderr] 512 |             TsType::TsLitType(TsLitType { ref span, ref lit }) => {
[INFO] [stderr]     |                                                     ^^^^^^^ help: try ignoring the field: `lit: _`
[INFO] [stderr] 
[INFO] [stderr] warning: unused variable: `src`
[INFO] [stderr]    --> src/generate/typify_graph.rs:141:47
[INFO] [stderr]     |
[INFO] [stderr] 141 |             ModuleDecl::ExportAll(ExportAll { ref src, .. }) => Ok(()),
[INFO] [stderr]     |                                               ^^^^^^^ help: try ignoring the field: `src: _`
[INFO] [stderr] 
[INFO] [stderr] warning: unused variable: `src`
[INFO] [stderr]    --> src/generate/typify_graph.rs:199:22
[INFO] [stderr]     |
[INFO] [stderr] 199 |             Some(ref src) => Ok(()),
[INFO] [stderr]     |                      ^^^ help: if this is intentional, prefix it with an underscore: `_src`
[INFO] [stderr] 
[INFO] [stderr] warning: variable does not need to be mutable
[INFO] [stderr]    --> src/generate/bind_init.rs:225:61
[INFO] [stderr]     |
[INFO] [stderr] 225 |     let mut module: Module = parser.parse_module().map_err(|mut e| {
[INFO] [stderr]     |                                                             ----^
[INFO] [stderr]     |                                                             |
[INFO] [stderr]     |                                                             help: remove this `mut`
[INFO] [stderr]     |
[INFO] [stderr]     = note: `#[warn(unused_mut)]` on by default
[INFO] [stderr] 
[INFO] [stderr] warning: variable does not need to be mutable
[INFO] [stderr]    --> src/generate/graph_reduce.rs:536:23
[INFO] [stderr]     |
[INFO] [stderr] 536 |     fn expand_exports(mut self) -> HashMap<CanonPath, Vec<Export>> {
[INFO] [stderr]     |                       ----^^^^
[INFO] [stderr]     |                       |
[INFO] [stderr]     |                       help: remove this `mut`
[INFO] [stderr] 
[INFO] [stderr] warning: method `module_instantiated` is never used
[INFO] [stderr]   --> src/generate/bind_graph_init.rs:91:8
[INFO] [stderr]    |
[INFO] [stderr] 91 |     fn module_instantiated(&self, p: &CanonPath) -> bool {
[INFO] [stderr]    |        ^^^^^^^^^^^^^^^^^^^
[INFO] [stderr]    |
[INFO] [stderr]    = note: `#[warn(dead_code)]` on by default
[INFO] [stderr] 
[INFO] [stderr] warning: method `get` is never used
[INFO] [stderr]   --> src/generate/bind_init.rs:20:12
[INFO] [stderr]    |
[INFO] [stderr] 20 |     pub fn get(&self, path: &CanonPath) -> &ModuleData {
[INFO] [stderr]    |            ^^^
[INFO] [stderr] 
[INFO] [stderr] warning: variant `NamespaceImport` is never constructed
[INFO] [stderr]   --> src/generate/error.rs:29:5
[INFO] [stderr]    |
[INFO] [stderr] 28 | pub enum UnsupportedFeature {
[INFO] [stderr]    |          ------------------ variant in this enum
[INFO] [stderr] 29 |     NamespaceImport,
[INFO] [stderr]    |     ^^^^^^^^^^^^^^^
[INFO] [stderr]    |
[INFO] [stderr]    = note: `UnsupportedFeature` has a derived impl for the trait `Debug`, but this is intentionally ignored during dead code analysis
[INFO] [stderr] 
[INFO] [stderr] warning: method `is_sink` is never used
[INFO] [stderr]    --> src/generate/graph_reduce.rs:598:8
[INFO] [stderr]     |
[INFO] [stderr] 598 |     fn is_sink(&self) -> bool {
[INFO] [stderr]     |        ^^^^^^^
[INFO] [stderr] 
[INFO] [stderr] warning: variants `RecursiveType` and `InterfaceType` are never constructed
[INFO] [stderr]   --> src/generate/ts_flavor_compat.rs:5:5
[INFO] [stderr]    |
[INFO] [stderr] 4  | pub enum CompatError {
[INFO] [stderr]    |          ----------- variants in this enum
[INFO] [stderr] 5  |     RecursiveType,
[INFO] [stderr]    |     ^^^^^^^^^^^^^
[INFO] [stderr] ...
[INFO] [stderr] 14 |     InterfaceType,
[INFO] [stderr]    |     ^^^^^^^^^^^^^
[INFO] [stderr]    |
[INFO] [stderr]    = note: `CompatError` has derived impls for the traits `Clone` and `Debug`, but these are intentionally ignored during dead code analysis
[INFO] [stderr] 
[INFO] [stderr] warning: variants `Alias` and `Array` are never constructed
[INFO] [stderr]   --> src/generate/type_structs.rs:23:5
[INFO] [stderr]    |
[INFO] [stderr] 8  | pub enum Type {
[INFO] [stderr]    |          ---- variants in this enum
[INFO] [stderr] ...
[INFO] [stderr] 23 |     Alias {
[INFO] [stderr]    |     ^^^^^
[INFO] [stderr] ...
[INFO] [stderr] 32 |     Array(Box<Type>, usize),
[INFO] [stderr]    |     ^^^^^
[INFO] [stderr]    |
[INFO] [stderr]    = note: `Type` has derived impls for the traits `Clone` and `Debug`, but these are intentionally ignored during dead code analysis
[INFO] [stderr] 
[INFO] [stderr] warning: method `module_instantiated` is never used
[INFO] [stderr]   --> src/generate/typify_graph.rs:47:8
[INFO] [stderr]    |
[INFO] [stderr] 47 |     fn module_instantiated(&self, p: &CanonPath) -> bool {
[INFO] [stderr]    |        ^^^^^^^^^^^^^^^^^^^
[INFO] [stderr] 
[INFO] [stderr] warning: variant `TsCustom` is never constructed
[INFO] [stderr]  --> src/ts.rs:4:5
[INFO] [stderr]   |
[INFO] [stderr] 1 | pub enum TsFlavor {
[INFO] [stderr]   |          -------- variant in this enum
[INFO] [stderr] ...
[INFO] [stderr] 4 |     TsCustom(TsFeatures),
[INFO] [stderr]   |     ^^^^^^^^
[INFO] [stderr] 
[INFO] [stderr] warning: associated function `empty` is never used
[INFO] [stderr]    --> src/ts.rs:113:12
[INFO] [stderr]     |
[INFO] [stderr] 113 |     pub fn empty() -> Self {
[INFO] [stderr]     |            ^^^^^
[INFO] [stderr] 
[INFO] [stderr] warning: unused import: `self`
[INFO] [stderr]   --> tests/common.rs:30:20
[INFO] [stderr]    |
[INFO] [stderr] 30 | use std::process::{self, Command};
[INFO] [stderr]    |                    ^^^^
[INFO] [stderr]    |
[INFO] [stderr]    = note: `#[warn(unused_imports)]` on by default
[INFO] [stderr] 
[INFO] [stderr] warning: variable does not need to be mutable
[INFO] [stderr]    --> tests/common.rs:107:17
[INFO] [stderr]     |
[INFO] [stderr] 107 |             let mut pyret_runtime_dir = env::var_os(PYRET_RUNTIME_DIR)
[INFO] [stderr]     |                 ----^^^^^^^^^^^^^^^^^
[INFO] [stderr]     |                 |
[INFO] [stderr]     |                 help: remove this `mut`
[INFO] [stderr]     |
[INFO] [stderr]     = note: `#[warn(unused_mut)]` on by default
[INFO] [stderr] 
[INFO] [stderr] warning: unused macro definition: `binding_file`
[INFO] [stderr]  --> tests/macros.rs:1:14
[INFO] [stderr]   |
[INFO] [stderr] 1 | macro_rules! binding_file {
[INFO] [stderr]   |              ^^^^^^^^^^^^
[INFO] [stderr]   |
[INFO] [stderr]   = note: `#[warn(unused_macros)]` on by default
[INFO] [stderr] 
[INFO] [stderr] warning: unused macro definition: `src_file`
[INFO] [stderr]  --> tests/macros.rs:7:14
[INFO] [stderr]   |
[INFO] [stderr] 7 | macro_rules! src_file {
[INFO] [stderr]   |              ^^^^^^^^
[INFO] [stderr] 
[INFO] [stderr] warning: unused macro definition: `py_compiled_file`
[INFO] [stderr]   --> tests/macros.rs:13:14
[INFO] [stderr]    |
[INFO] [stderr] 13 | macro_rules! py_compiled_file {
[INFO] [stderr]    |              ^^^^^^^^^^^^^^^^
[INFO] [stderr] 
[INFO] [stderr] warning: unused macro definition: `make_test`
[INFO] [stderr]   --> tests/macros.rs:24:14
[INFO] [stderr]    |
[INFO] [stderr] 24 | macro_rules! make_test {
[INFO] [stderr]    |              ^^^^^^^^^
[INFO] [stderr] 
[INFO] [stderr] warning: unused import: `std::env`
[INFO] [stderr]    --> tests/macros.rs:132:21
[INFO] [stderr]     |
[INFO] [stderr] 132 |                   use std::env;
[INFO] [stderr]     |                       ^^^^^^^^
[INFO] [stderr]     |
[INFO] [stderr]    ::: tests/ts_num.rs:7:1
[INFO] [stderr]     |
[INFO] [stderr] 7   | / make_test!(BASIC(basic_ts_num) expects:
[INFO] [stderr] 8   | |     common::line_separated_expected(&["40", "-20", "-55", "99", "9000", "Done"])
[INFO] [stderr] 9   | | );
[INFO] [stderr]     | |_- in this macro invocation
[INFO] [stderr]     |
[INFO] [stderr]     = note: this warning originates in the macro `make_test` (in Nightly builds, run with -Z macro-backtrace for more info)
[INFO] [stderr] 
[INFO] [stderr] warning: unused import: `std::env`
[INFO] [stderr]    --> tests/macros.rs:132:21
[INFO] [stderr]     |
[INFO] [stderr] 132 |                   use std::env;
[INFO] [stderr]     |                       ^^^^^^^^
[INFO] [stderr]     |
[INFO] [stderr]    ::: tests/ts_num.rs:11:1
[INFO] [stderr]     |
[INFO] [stderr] 11  | / make_test!(BASIC(unwrapped_ts_num)
[INFO] [stderr] 12  | |     jetsam-compile: |_, mut c: std::process::Command| {
[INFO] [stderr] 13  | |         c
[INFO] [stderr] 14  | |             .arg("--wrap-top-level-vars")
[INFO] [stderr] ...   |
[INFO] [stderr] 20  | |     => expects: common::line_separated_expected(&["40", "-20", "-55", "99", "9000", "Done"])
[INFO] [stderr] 21  | | );
[INFO] [stderr]     | |_- in this macro invocation
[INFO] [stderr]     |
[INFO] [stderr]     = note: this warning originates in the macro `make_test` (in Nightly builds, run with -Z macro-backtrace for more info)
[INFO] [stderr] 
[INFO] [stderr] warning: unused import: `std::env`
[INFO] [stderr]    --> tests/macros.rs:132:21
[INFO] [stderr]     |
[INFO] [stderr] 132 |                   use std::env;
[INFO] [stderr]     |                       ^^^^^^^^
[INFO] [stderr]     |
[INFO] [stderr]    ::: tests/ts_num.rs:23:1
[INFO] [stderr]     |
[INFO] [stderr] 23  | / make_test!(FULL(test => config_unwrapped_ts_num, data => unwrapped_ts_num)
[INFO] [stderr] 24  | |     jetsam-compile: |env: &common::TestEnv, mut c: std::process::Command| {
[INFO] [stderr] 25  | |         env.create_tmp_file(
[INFO] [stderr] 26  | |             "config.json",
[INFO] [stderr] ...   |
[INFO] [stderr] 38  | |     => expects: common::line_separated_expected(&["40", "-20", "-55", "99", "9000", "Done"])
[INFO] [stderr] 39  | | );
[INFO] [stderr]     | |_- in this macro invocation
[INFO] [stderr]     |
[INFO] [stderr]     = note: this warning originates in the macro `make_test` (in Nightly builds, run with -Z macro-backtrace for more info)
[INFO] [stderr] 
[INFO] [stderr] warning: function `check_aux_bins` is never used
[INFO] [stderr]    --> tests/common.rs:225:8
[INFO] [stderr]     |
[INFO] [stderr] 225 | pub fn check_aux_bins() -> Result<(), String> {
[INFO] [stderr]     |        ^^^^^^^^^^^^^^
[INFO] [stderr]     |
[INFO] [stderr]     = note: `#[warn(dead_code)]` on by default
[INFO] [stderr] 
[INFO] [stderr] warning: `jetsam` (bin "jetsam") generated 47 warnings (run `cargo fix --bin "jetsam"` to apply 36 suggestions)
[INFO] [stderr] warning: `jetsam` (test "common") generated 2 warnings (run `cargo fix --test "common"` to apply 2 suggestions)
[INFO] [stderr] warning: `jetsam` (test "macros") generated 4 warnings
[INFO] [stderr] warning: `jetsam` (bin "jetsam" test) generated 47 warnings (47 duplicates)
[INFO] [stderr] warning: `jetsam` (test "ts_num") generated 6 warnings (2 duplicates) (run `cargo fix --test "ts_num"` to apply 3 suggestions)
[INFO] [stderr]     Finished test [unoptimized + debuginfo] target(s) in 0.18s
[INFO] [stderr]      Running unittests src/main.rs (/opt/rustwide/target/debug/deps/jetsam-6294bb165830a097)
[INFO] [stdout] 
[INFO] [stdout] running 0 tests
[INFO] [stdout] 
[INFO] [stdout] test result: ok. 0 passed; 0 failed; 0 ignored; 0 measured; 0 filtered out; finished in 0.00s
[INFO] [stdout] 
[INFO] [stderr]      Running tests/common.rs (/opt/rustwide/target/debug/deps/common-1e0e3a4a02710623)
[INFO] [stdout] 
[INFO] [stdout] running 0 tests
[INFO] [stdout] 
[INFO] [stdout] test result: ok. 0 passed; 0 failed; 0 ignored; 0 measured; 0 filtered out; finished in 0.00s
[INFO] [stdout] 
[INFO] [stderr]      Running tests/macros.rs (/opt/rustwide/target/debug/deps/macros-574f43483cb4a901)
[INFO] [stderr]      Running tests/ts_num.rs (/opt/rustwide/target/debug/deps/ts_num-926395f89d886e95)
[INFO] [stdout] 
[INFO] [stdout] running 0 tests
[INFO] [stdout] 
[INFO] [stdout] test result: ok. 0 passed; 0 failed; 0 ignored; 0 measured; 0 filtered out; finished in 0.00s
[INFO] [stdout] 
[INFO] [stdout] 
[INFO] [stdout] running 3 tests
[INFO] [stdout] test unwrapped_ts_num ... FAILED
[INFO] [stdout] test config_unwrapped_ts_num ... FAILED
[INFO] [stdout] test basic_ts_num ... FAILED
[INFO] [stdout] 
[INFO] [stdout] failures:
[INFO] [stderr] error: test failed, to rerun pass `--test ts_num`
[INFO] [stdout] 
[INFO] [stdout] ---- unwrapped_ts_num stdout ----
[INFO] [stdout] thread 'unwrapped_ts_num' panicked at 'Missing Pyret compiler path (PYRET_COMPILER_DIR not set)', tests/common.rs:89:63
[INFO] [stdout] stack backtrace:
[INFO] [stdout]    0:     0x5619fd25922a - std::backtrace_rs::backtrace::libunwind::trace::ha9053a9a07ca49cb
[INFO] [stdout]                                at /rustc/84c898d65adf2f39a5a98507f1fe0ce10a2b8dbc/library/std/src/../../backtrace/src/backtrace/libunwind.rs:93:5
[INFO] [stdout]    1:     0x5619fd25922a - std::backtrace_rs::backtrace::trace_unsynchronized::h9c2852a457ad564e
[INFO] [stdout]                                at /rustc/84c898d65adf2f39a5a98507f1fe0ce10a2b8dbc/library/std/src/../../backtrace/src/backtrace/mod.rs:66:5
[INFO] [stdout]    2:     0x5619fd25922a - std::sys_common::backtrace::_print_fmt::h457936fbfaa0070f
[INFO] [stdout]                                at /rustc/84c898d65adf2f39a5a98507f1fe0ce10a2b8dbc/library/std/src/sys_common/backtrace.rs:65:5
[INFO] [stdout]    3:     0x5619fd25922a - <std::sys_common::backtrace::_print::DisplayBacktrace as core::fmt::Display>::fmt::h5779d7bf7f70cb0c
[INFO] [stdout]                                at /rustc/84c898d65adf2f39a5a98507f1fe0ce10a2b8dbc/library/std/src/sys_common/backtrace.rs:44:22
[INFO] [stdout]    4:     0x5619fd27e16e - core::fmt::write::h5a4baaff1bcd3eb5
[INFO] [stdout]                                at /rustc/84c898d65adf2f39a5a98507f1fe0ce10a2b8dbc/library/core/src/fmt/mod.rs:1232:17
[INFO] [stdout]    5:     0x5619fd2563f5 - std::io::Write::write_fmt::h478f79c628ef31d1
[INFO] [stdout]                                at /rustc/84c898d65adf2f39a5a98507f1fe0ce10a2b8dbc/library/std/src/io/mod.rs:1684:15
[INFO] [stdout]    6:     0x5619fd258ff5 - std::sys_common::backtrace::_print::h5fcdc36060f177e8
[INFO] [stdout]                                at /rustc/84c898d65adf2f39a5a98507f1fe0ce10a2b8dbc/library/std/src/sys_common/backtrace.rs:47:5
[INFO] [stdout]    7:     0x5619fd258ff5 - std::sys_common::backtrace::print::h54ca9458b876c8bf
[INFO] [stdout]                                at /rustc/84c898d65adf2f39a5a98507f1fe0ce10a2b8dbc/library/std/src/sys_common/backtrace.rs:34:9
[INFO] [stdout]    8:     0x5619fd25ae3f - std::panicking::default_hook::{{closure}}::hbe471161c7664ed6
[INFO] [stdout]                                at /rustc/84c898d65adf2f39a5a98507f1fe0ce10a2b8dbc/library/std/src/panicking.rs:271:22
[INFO] [stdout]    9:     0x5619fd25aaff - std::panicking::default_hook::ha3500da57aa4ac4f
[INFO] [stdout]                                at /rustc/84c898d65adf2f39a5a98507f1fe0ce10a2b8dbc/library/std/src/panicking.rs:287:9
[INFO] [stdout]   10:     0x5619fd22c5a7 - <alloc::boxed::Box<F,A> as core::ops::function::Fn<Args>>::call::hdf1b89dd137ece34
[INFO] [stdout]                                at /rustc/84c898d65adf2f39a5a98507f1fe0ce10a2b8dbc/library/alloc/src/boxed.rs:2001:9
[INFO] [stdout]   11:     0x5619fd22c5a7 - test::test_main::{{closure}}::h9081a79f20e75698
[INFO] [stdout]                                at /rustc/84c898d65adf2f39a5a98507f1fe0ce10a2b8dbc/library/test/src/lib.rs:135:21
[INFO] [stdout]   12:     0x5619fd25b56d - <alloc::boxed::Box<F,A> as core::ops::function::Fn<Args>>::call::h6507bddc3eebb4a5
[INFO] [stdout]                                at /rustc/84c898d65adf2f39a5a98507f1fe0ce10a2b8dbc/library/alloc/src/boxed.rs:2001:9
[INFO] [stdout]   13:     0x5619fd25b56d - std::panicking::rust_panic_with_hook::h50c09d000dc561d2
[INFO] [stdout]                                at /rustc/84c898d65adf2f39a5a98507f1fe0ce10a2b8dbc/library/std/src/panicking.rs:696:13
[INFO] [stdout]   14:     0x5619fd25b2e9 - std::panicking::begin_panic_handler::{{closure}}::h9e2b2176e00e0d9c
[INFO] [stdout]                                at /rustc/84c898d65adf2f39a5a98507f1fe0ce10a2b8dbc/library/std/src/panicking.rs:583:13
[INFO] [stdout]   15:     0x5619fd259696 - std::sys_common::backtrace::__rust_end_short_backtrace::h5739b8e512c09d02
[INFO] [stdout]                                at /rustc/84c898d65adf2f39a5a98507f1fe0ce10a2b8dbc/library/std/src/sys_common/backtrace.rs:150:18
[INFO] [stdout]   16:     0x5619fd25aff2 - rust_begin_unwind
[INFO] [stdout]                                at /rustc/84c898d65adf2f39a5a98507f1fe0ce10a2b8dbc/library/std/src/panicking.rs:579:5
[INFO] [stdout]   17:     0x5619fd1e5f33 - core::panicking::panic_fmt::hf33a1475b4dc5c3e
[INFO] [stdout]                                at /rustc/84c898d65adf2f39a5a98507f1fe0ce10a2b8dbc/library/core/src/panicking.rs:64:14
[INFO] [stdout]   18:     0x5619fd27cab1 - core::panicking::panic_display::ha103dd28e5023b08
[INFO] [stdout]                                at /rustc/84c898d65adf2f39a5a98507f1fe0ce10a2b8dbc/library/core/src/panicking.rs:147:5
[INFO] [stdout]   19:     0x5619fd27ca5b - core::panicking::panic_str::h940bf021f492dc8c
[INFO] [stdout]                                at /rustc/84c898d65adf2f39a5a98507f1fe0ce10a2b8dbc/library/core/src/panicking.rs:131:5
[INFO] [stdout]   20:     0x5619fd1e5ef6 - core::option::expect_failed::h09b982639336e7ea
[INFO] [stdout]                                at /rustc/84c898d65adf2f39a5a98507f1fe0ce10a2b8dbc/library/core/src/option.rs:2045:5
[INFO] [stdout]   21:     0x5619fd1fb69d - core::option::Option<T>::expect::ha03cde945e0b6954
[INFO] [stdout]                                at /rustc/84c898d65adf2f39a5a98507f1fe0ce10a2b8dbc/library/core/src/option.rs:905:21
[INFO] [stdout]   22:     0x5619fd1f7dd1 - ts_num::common::TestEnv::new::hde54a7d82e69ac07
[INFO] [stdout]                                at /opt/rustwide/workdir/tests/common.rs:89:31
[INFO] [stdout]   23:     0x5619fd1e97fe - ts_num::unwrapped_ts_num::h4b7ec3da1ba1a5da
[INFO] [stdout]                                at /opt/rustwide/workdir/tests/macros.rs:53:28
[INFO] [stdout]   24:     0x5619fd1e9777 - ts_num::unwrapped_ts_num::{{closure}}::h0d7e2a5dd0e57d1f
[INFO] [stdout]                                at /opt/rustwide/workdir/tests/macros.rs:49:25
[INFO] [stdout]   25:     0x5619fd1fa315 - core::ops::function::FnOnce::call_once::ha7cecee14b38866b
[INFO] [stdout]                                at /rustc/84c898d65adf2f39a5a98507f1fe0ce10a2b8dbc/library/core/src/ops/function.rs:250:5
[INFO] [stdout]   26:     0x5619fd23198f - core::ops::function::FnOnce::call_once::h7d969581be7d0075
[INFO] [stdout]                                at /rustc/84c898d65adf2f39a5a98507f1fe0ce10a2b8dbc/library/core/src/ops/function.rs:250:5
[INFO] [stdout]   27:     0x5619fd23198f - test::__rust_begin_short_backtrace::hca25a52684e56655
[INFO] [stdout]                                at /rustc/84c898d65adf2f39a5a98507f1fe0ce10a2b8dbc/library/test/src/lib.rs:656:18
[INFO] [stdout]   28:     0x5619fd202fac - test::run_test::{{closure}}::ha8ac744c4af1a4bb
[INFO] [stdout]                                at /rustc/84c898d65adf2f39a5a98507f1fe0ce10a2b8dbc/library/test/src/lib.rs:647:30
[INFO] [stdout]   29:     0x5619fd202fac - core::ops::function::FnOnce::call_once{{vtable.shim}}::h7b411a9ed45bdecf
[INFO] [stdout]                                at /rustc/84c898d65adf2f39a5a98507f1fe0ce10a2b8dbc/library/core/src/ops/function.rs:250:5
[INFO] [stdout]   30:     0x5619fd230956 - <alloc::boxed::Box<F,A> as core::ops::function::FnOnce<Args>>::call_once::hd05328869a8ed200
[INFO] [stdout]                                at /rustc/84c898d65adf2f39a5a98507f1fe0ce10a2b8dbc/library/alloc/src/boxed.rs:1987:9
[INFO] [stdout]   31:     0x5619fd230956 - <core::panic::unwind_safe::AssertUnwindSafe<F> as core::ops::function::FnOnce<()>>::call_once::h0c601ce20bd5b2be
[INFO] [stdout]                                at /rustc/84c898d65adf2f39a5a98507f1fe0ce10a2b8dbc/library/core/src/panic/unwind_safe.rs:271:9
[INFO] [stdout]   32:     0x5619fd230956 - std::panicking::try::do_call::ha4be5c164fe30854
[INFO] [stdout]                                at /rustc/84c898d65adf2f39a5a98507f1fe0ce10a2b8dbc/library/std/src/panicking.rs:487:40
[INFO] [stdout]   33:     0x5619fd230956 - std::panicking::try::h604546f3609af05f
[INFO] [stdout]                                at /rustc/84c898d65adf2f39a5a98507f1fe0ce10a2b8dbc/library/std/src/panicking.rs:451:19
[INFO] [stdout]   34:     0x5619fd230956 - std::panic::catch_unwind::h5bfa8afe44c9c2f9
[INFO] [stdout]                                at /rustc/84c898d65adf2f39a5a98507f1fe0ce10a2b8dbc/library/std/src/panic.rs:140:14
[INFO] [stdout]   35:     0x5619fd230956 - test::run_test_in_process::hd50dee55dd63e6aa
[INFO] [stdout]                                at /rustc/84c898d65adf2f39a5a98507f1fe0ce10a2b8dbc/library/test/src/lib.rs:679:27
[INFO] [stdout]   36:     0x5619fd230956 - test::run_test::run_test_inner::{{closure}}::h4aa0f433aa85cea8
[INFO] [stdout]                                at /rustc/84c898d65adf2f39a5a98507f1fe0ce10a2b8dbc/library/test/src/lib.rs:573:39
[INFO] [stdout]   37:     0x5619fd1fd621 - test::run_test::run_test_inner::{{closure}}::had56431adf24b4d6
[INFO] [stdout]                                at /rustc/84c898d65adf2f39a5a98507f1fe0ce10a2b8dbc/library/test/src/lib.rs:600:37
[INFO] [stdout]   38:     0x5619fd1fd621 - std::sys_common::backtrace::__rust_begin_short_backtrace::ha8d9890e0c73bf13
[INFO] [stdout]                                at /rustc/84c898d65adf2f39a5a98507f1fe0ce10a2b8dbc/library/std/src/sys_common/backtrace.rs:134:18
[INFO] [stdout]   39:     0x5619fd20303b - std::thread::Builder::spawn_unchecked_::{{closure}}::{{closure}}::h251832bcb4a95327
[INFO] [stdout]                                at /rustc/84c898d65adf2f39a5a98507f1fe0ce10a2b8dbc/library/std/src/thread/mod.rs:560:17
[INFO] [stdout]   40:     0x5619fd20303b - <core::panic::unwind_safe::AssertUnwindSafe<F> as core::ops::function::FnOnce<()>>::call_once::h8fdff598fa414831
[INFO] [stdout]                                at /rustc/84c898d65adf2f39a5a98507f1fe0ce10a2b8dbc/library/core/src/panic/unwind_safe.rs:271:9
[INFO] [stdout]   41:     0x5619fd20303b - std::panicking::try::do_call::h455dd2f7764a950f
[INFO] [stdout]                                at /rustc/84c898d65adf2f39a5a98507f1fe0ce10a2b8dbc/library/std/src/panicking.rs:487:40
[INFO] [stdout]   42:     0x5619fd20303b - std::panicking::try::had6f23b7b73ae72a
[INFO] [stdout]                                at /rustc/84c898d65adf2f39a5a98507f1fe0ce10a2b8dbc/library/std/src/panicking.rs:451:19
[INFO] [stdout]   43:     0x5619fd20303b - std::panic::catch_unwind::ha6a5ca3915b4dad0
[INFO] [stdout]                                at /rustc/84c898d65adf2f39a5a98507f1fe0ce10a2b8dbc/library/std/src/panic.rs:140:14
[INFO] [stdout]   44:     0x5619fd20303b - std::thread::Builder::spawn_unchecked_::{{closure}}::h883b72ef75da6231
[INFO] [stdout]                                at /rustc/84c898d65adf2f39a5a98507f1fe0ce10a2b8dbc/library/std/src/thread/mod.rs:559:30
[INFO] [stdout]   45:     0x5619fd20303b - core::ops::function::FnOnce::call_once{{vtable.shim}}::hb7dff73dc8bd2ccb
[INFO] [stdout]                                at /rustc/84c898d65adf2f39a5a98507f1fe0ce10a2b8dbc/library/core/src/ops/function.rs:250:5
[INFO] [stdout]   46:     0x5619fd260863 - <alloc::boxed::Box<F,A> as core::ops::function::FnOnce<Args>>::call_once::h39990b24eedef2ab
[INFO] [stdout]                                at /rustc/84c898d65adf2f39a5a98507f1fe0ce10a2b8dbc/library/alloc/src/boxed.rs:1987:9
[INFO] [stdout]   47:     0x5619fd260863 - <alloc::boxed::Box<F,A> as core::ops::function::FnOnce<Args>>::call_once::h01a027258444143b
[INFO] [stdout]                                at /rustc/84c898d65adf2f39a5a98507f1fe0ce10a2b8dbc/library/alloc/src/boxed.rs:1987:9
[INFO] [stdout]   48:     0x5619fd260863 - std::sys::unix::thread::Thread::new::thread_start::ha4f1cdd9c25884ba
[INFO] [stdout]                                at /rustc/84c898d65adf2f39a5a98507f1fe0ce10a2b8dbc/library/std/src/sys/unix/thread.rs:108:17
[INFO] [stdout]   49:     0x7f60a1996b43 - <unknown>
[INFO] [stdout]   50:     0x7f60a1a27bb4 - __clone
[INFO] [stdout]   51:                0x0 - <unknown>
[INFO] [stdout] 
[INFO] [stdout] ---- config_unwrapped_ts_num stdout ----
[INFO] [stdout] thread 'config_unwrapped_ts_num' panicked at 'Missing Pyret compiler path (PYRET_COMPILER_DIR not set)', tests/common.rs:89:63
[INFO] [stdout] stack backtrace:
[INFO] [stdout]    0:     0x5619fd25922a - std::backtrace_rs::backtrace::libunwind::trace::ha9053a9a07ca49cb
[INFO] [stdout]                                at /rustc/84c898d65adf2f39a5a98507f1fe0ce10a2b8dbc/library/std/src/../../backtrace/src/backtrace/libunwind.rs:93:5
[INFO] [stdout]    1:     0x5619fd25922a - std::backtrace_rs::backtrace::trace_unsynchronized::h9c2852a457ad564e
[INFO] [stdout]                                at /rustc/84c898d65adf2f39a5a98507f1fe0ce10a2b8dbc/library/std/src/../../backtrace/src/backtrace/mod.rs:66:5
[INFO] [stdout]    2:     0x5619fd25922a - std::sys_common::backtrace::_print_fmt::h457936fbfaa0070f
[INFO] [stdout]                                at /rustc/84c898d65adf2f39a5a98507f1fe0ce10a2b8dbc/library/std/src/sys_common/backtrace.rs:65:5
[INFO] [stdout]    3:     0x5619fd25922a - <std::sys_common::backtrace::_print::DisplayBacktrace as core::fmt::Display>::fmt::h5779d7bf7f70cb0c
[INFO] [stdout]                                at /rustc/84c898d65adf2f39a5a98507f1fe0ce10a2b8dbc/library/std/src/sys_common/backtrace.rs:44:22
[INFO] [stdout]    4:     0x5619fd27e16e - core::fmt::write::h5a4baaff1bcd3eb5
[INFO] [stdout]                                at /rustc/84c898d65adf2f39a5a98507f1fe0ce10a2b8dbc/library/core/src/fmt/mod.rs:1232:17
[INFO] [stdout]    5:     0x5619fd2563f5 - std::io::Write::write_fmt::h478f79c628ef31d1
[INFO] [stdout]                                at /rustc/84c898d65adf2f39a5a98507f1fe0ce10a2b8dbc/library/std/src/io/mod.rs:1684:15
[INFO] [stdout]    6:     0x5619fd258ff5 - std::sys_common::backtrace::_print::h5fcdc36060f177e8
[INFO] [stdout]                                at /rustc/84c898d65adf2f39a5a98507f1fe0ce10a2b8dbc/library/std/src/sys_common/backtrace.rs:47:5
[INFO] [stdout]    7:     0x5619fd258ff5 - std::sys_common::backtrace::print::h54ca9458b876c8bf
[INFO] [stdout]                                at /rustc/84c898d65adf2f39a5a98507f1fe0ce10a2b8dbc/library/std/src/sys_common/backtrace.rs:34:9
[INFO] [stdout]    8:     0x5619fd25ae3f - std::panicking::default_hook::{{closure}}::hbe471161c7664ed6
[INFO] [stdout]                                at /rustc/84c898d65adf2f39a5a98507f1fe0ce10a2b8dbc/library/std/src/panicking.rs:271:22
[INFO] [stdout]    9:     0x5619fd25aaff - std::panicking::default_hook::ha3500da57aa4ac4f
[INFO] [stdout]                                at /rustc/84c898d65adf2f39a5a98507f1fe0ce10a2b8dbc/library/std/src/panicking.rs:287:9
[INFO] [stdout]   10:     0x5619fd22c5a7 - <alloc::boxed::Box<F,A> as core::ops::function::Fn<Args>>::call::hdf1b89dd137ece34
[INFO] [stdout]                                at /rustc/84c898d65adf2f39a5a98507f1fe0ce10a2b8dbc/library/alloc/src/boxed.rs:2001:9
[INFO] [stdout]   11:     0x5619fd22c5a7 - test::test_main::{{closure}}::h9081a79f20e75698
[INFO] [stdout]                                at /rustc/84c898d65adf2f39a5a98507f1fe0ce10a2b8dbc/library/test/src/lib.rs:135:21
[INFO] [stdout]   12:     0x5619fd25b56d - <alloc::boxed::Box<F,A> as core::ops::function::Fn<Args>>::call::h6507bddc3eebb4a5
[INFO] [stdout]                                at /rustc/84c898d65adf2f39a5a98507f1fe0ce10a2b8dbc/library/alloc/src/boxed.rs:2001:9
[INFO] [stdout]   13:     0x5619fd25b56d - std::panicking::rust_panic_with_hook::h50c09d000dc561d2
[INFO] [stdout]                                at /rustc/84c898d65adf2f39a5a98507f1fe0ce10a2b8dbc/library/std/src/panicking.rs:696:13
[INFO] [stdout]   14:     0x5619fd25b2e9 - std::panicking::begin_panic_handler::{{closure}}::h9e2b2176e00e0d9c
[INFO] [stdout]                                at /rustc/84c898d65adf2f39a5a98507f1fe0ce10a2b8dbc/library/std/src/panicking.rs:583:13
[INFO] [stdout]   15:     0x5619fd259696 - std::sys_common::backtrace::__rust_end_short_backtrace::h5739b8e512c09d02
[INFO] [stdout]                                at /rustc/84c898d65adf2f39a5a98507f1fe0ce10a2b8dbc/library/std/src/sys_common/backtrace.rs:150:18
[INFO] [stdout]   16:     0x5619fd25aff2 - rust_begin_unwind
[INFO] [stdout]                                at /rustc/84c898d65adf2f39a5a98507f1fe0ce10a2b8dbc/library/std/src/panicking.rs:579:5
[INFO] [stdout]   17:     0x5619fd1e5f33 - core::panicking::panic_fmt::hf33a1475b4dc5c3e
[INFO] [stdout]                                at /rustc/84c898d65adf2f39a5a98507f1fe0ce10a2b8dbc/library/core/src/panicking.rs:64:14
[INFO] [stdout]   18:     0x5619fd27cab1 - core::panicking::panic_display::ha103dd28e5023b08
[INFO] [stdout]                                at /rustc/84c898d65adf2f39a5a98507f1fe0ce10a2b8dbc/library/core/src/panicking.rs:147:5
[INFO] [stdout]   19:     0x5619fd27ca5b - core::panicking::panic_str::h940bf021f492dc8c
[INFO] [stdout]                                at /rustc/84c898d65adf2f39a5a98507f1fe0ce10a2b8dbc/library/core/src/panicking.rs:131:5
[INFO] [stdout]   20:     0x5619fd1e5ef6 - core::option::expect_failed::h09b982639336e7ea
[INFO] [stdout]                                at /rustc/84c898d65adf2f39a5a98507f1fe0ce10a2b8dbc/library/core/src/option.rs:2045:5
[INFO] [stdout]   21:     0x5619fd1fb69d - core::option::Option<T>::expect::ha03cde945e0b6954
[INFO] [stdout]                                at /rustc/84c898d65adf2f39a5a98507f1fe0ce10a2b8dbc/library/core/src/option.rs:905:21
[INFO] [stdout]   22:     0x5619fd1f7dd1 - ts_num::common::TestEnv::new::hde54a7d82e69ac07
[INFO] [stdout]                                at /opt/rustwide/workdir/tests/common.rs:89:31
[INFO] [stdout]   23:     0x5619fd1ec9ee - ts_num::config_unwrapped_ts_num::he0f0c27fa6708e0c
[INFO] [stdout]                                at /opt/rustwide/workdir/tests/macros.rs:53:28
[INFO] [stdout]   24:     0x5619fd1ec967 - ts_num::config_unwrapped_ts_num::{{closure}}::he98d092336422601
[INFO] [stdout]                                at /opt/rustwide/workdir/tests/macros.rs:49:25
[INFO] [stdout]   25:     0x5619fd1fa255 - core::ops::function::FnOnce::call_once::h4492959d9a866e7f
[INFO] [stdout]                                at /rustc/84c898d65adf2f39a5a98507f1fe0ce10a2b8dbc/library/core/src/ops/function.rs:250:5
[INFO] [stdout]   26:     0x5619fd23198f - core::ops::function::FnOnce::call_once::h7d969581be7d0075
[INFO] [stdout]                                at /rustc/84c898d65adf2f39a5a98507f1fe0ce10a2b8dbc/library/core/src/ops/function.rs:250:5
[INFO] [stdout]   27:     0x5619fd23198f - test::__rust_begin_short_backtrace::hca25a52684e56655
[INFO] [stdout]                                at /rustc/84c898d65adf2f39a5a98507f1fe0ce10a2b8dbc/library/test/src/lib.rs:656:18
[INFO] [stdout]   28:     0x5619fd202fac - test::run_test::{{closure}}::ha8ac744c4af1a4bb
[INFO] [stdout]                                at /rustc/84c898d65adf2f39a5a98507f1fe0ce10a2b8dbc/library/test/src/lib.rs:647:30
[INFO] [stdout]   29:     0x5619fd202fac - core::ops::function::FnOnce::call_once{{vtable.shim}}::h7b411a9ed45bdecf
[INFO] [stdout]                                at /rustc/84c898d65adf2f39a5a98507f1fe0ce10a2b8dbc/library/core/src/ops/function.rs:250:5
[INFO] [stdout]   30:     0x5619fd230956 - <alloc::boxed::Box<F,A> as core::ops::function::FnOnce<Args>>::call_once::hd05328869a8ed200
[INFO] [stdout]                                at /rustc/84c898d65adf2f39a5a98507f1fe0ce10a2b8dbc/library/alloc/src/boxed.rs:1987:9
[INFO] [stdout]   31:     0x5619fd230956 - <core::panic::unwind_safe::AssertUnwindSafe<F> as core::ops::function::FnOnce<()>>::call_once::h0c601ce20bd5b2be
[INFO] [stdout]                                at /rustc/84c898d65adf2f39a5a98507f1fe0ce10a2b8dbc/library/core/src/panic/unwind_safe.rs:271:9
[INFO] [stdout]   32:     0x5619fd230956 - std::panicking::try::do_call::ha4be5c164fe30854
[INFO] [stdout]                                at /rustc/84c898d65adf2f39a5a98507f1fe0ce10a2b8dbc/library/std/src/panicking.rs:487:40
[INFO] [stdout]   33:     0x5619fd230956 - std::panicking::try::h604546f3609af05f
[INFO] [stdout]                                at /rustc/84c898d65adf2f39a5a98507f1fe0ce10a2b8dbc/library/std/src/panicking.rs:451:19
[INFO] [stdout]   34:     0x5619fd230956 - std::panic::catch_unwind::h5bfa8afe44c9c2f9
[INFO] [stdout]                                at /rustc/84c898d65adf2f39a5a98507f1fe0ce10a2b8dbc/library/std/src/panic.rs:140:14
[INFO] [stdout]   35:     0x5619fd230956 - test::run_test_in_process::hd50dee55dd63e6aa
[INFO] [stdout]                                at /rustc/84c898d65adf2f39a5a98507f1fe0ce10a2b8dbc/library/test/src/lib.rs:679:27
[INFO] [stdout]   36:     0x5619fd230956 - test::run_test::run_test_inner::{{closure}}::h4aa0f433aa85cea8
[INFO] [stdout]                                at /rustc/84c898d65adf2f39a5a98507f1fe0ce10a2b8dbc/library/test/src/lib.rs:573:39
[INFO] [stdout]   37:     0x5619fd1fd621 - test::run_test::run_test_inner::{{closure}}::had56431adf24b4d6
[INFO] [stdout]                                at /rustc/84c898d65adf2f39a5a98507f1fe0ce10a2b8dbc/library/test/src/lib.rs:600:37
[INFO] [stdout]   38:     0x5619fd1fd621 - std::sys_common::backtrace::__rust_begin_short_backtrace::ha8d9890e0c73bf13
[INFO] [stdout]                                at /rustc/84c898d65adf2f39a5a98507f1fe0ce10a2b8dbc/library/std/src/sys_common/backtrace.rs:134:18
[INFO] [stdout]   39:     0x5619fd20303b - std::thread::Builder::spawn_unchecked_::{{closure}}::{{closure}}::h251832bcb4a95327
[INFO] [stdout]                                at /rustc/84c898d65adf2f39a5a98507f1fe0ce10a2b8dbc/library/std/src/thread/mod.rs:560:17
[INFO] [stdout]   40:     0x5619fd20303b - <core::panic::unwind_safe::AssertUnwindSafe<F> as core::ops::function::FnOnce<()>>::call_once::h8fdff598fa414831
[INFO] [stdout]                                at /rustc/84c898d65adf2f39a5a98507f1fe0ce10a2b8dbc/library/core/src/panic/unwind_safe.rs:271:9
[INFO] [stdout]   41:     0x5619fd20303b - std::panicking::try::do_call::h455dd2f7764a950f
[INFO] [stdout]                                at /rustc/84c898d65adf2f39a5a98507f1fe0ce10a2b8dbc/library/std/src/panicking.rs:487:40
[INFO] [stdout]   42:     0x5619fd20303b - std::panicking::try::had6f23b7b73ae72a
[INFO] [stdout]                                at /rustc/84c898d65adf2f39a5a98507f1fe0ce10a2b8dbc/library/std/src/panicking.rs:451:19
[INFO] [stdout]   43:     0x5619fd20303b - std::panic::catch_unwind::ha6a5ca3915b4dad0
[INFO] [stdout]                                at /rustc/84c898d65adf2f39a5a98507f1fe0ce10a2b8dbc/library/std/src/panic.rs:140:14
[INFO] [stdout]   44:     0x5619fd20303b - std::thread::Builder::spawn_unchecked_::{{closure}}::h883b72ef75da6231
[INFO] [stdout]                                at /rustc/84c898d65adf2f39a5a98507f1fe0ce10a2b8dbc/library/std/src/thread/mod.rs:559:30
[INFO] [stdout]   45:     0x5619fd20303b - core::ops::function::FnOnce::call_once{{vtable.shim}}::hb7dff73dc8bd2ccb
[INFO] [stdout]                                at /rustc/84c898d65adf2f39a5a98507f1fe0ce10a2b8dbc/library/core/src/ops/function.rs:250:5
[INFO] [stdout]   46:     0x5619fd260863 - <alloc::boxed::Box<F,A> as core::ops::function::FnOnce<Args>>::call_once::h39990b24eedef2ab
[INFO] [stdout]                                at /rustc/84c898d65adf2f39a5a98507f1fe0ce10a2b8dbc/library/alloc/src/boxed.rs:1987:9
[INFO] [stdout]   47:     0x5619fd260863 - <alloc::boxed::Box<F,A> as core::ops::function::FnOnce<Args>>::call_once::h01a027258444143b
[INFO] [stdout]                                at /rustc/84c898d65adf2f39a5a98507f1fe0ce10a2b8dbc/library/alloc/src/boxed.rs:1987:9
[INFO] [stdout]   48:     0x5619fd260863 - std::sys::unix::thread::Thread::new::thread_start::ha4f1cdd9c25884ba
[INFO] [stdout]                                at /rustc/84c898d65adf2f39a5a98507f1fe0ce10a2b8dbc/library/std/src/sys/unix/thread.rs:108:17
[INFO] [stdout]   49:     0x7f60a1996b43 - <unknown>
[INFO] [stdout]   50:     0x7f60a1a27bb4 - __clone
[INFO] [stdout]   51:                0x0 - <unknown>
[INFO] [stdout] 
[INFO] [stdout] ---- basic_ts_num stdout ----
[INFO] [stdout] thread 'basic_ts_num' panicked at 'Missing Pyret compiler path (PYRET_COMPILER_DIR not set)', tests/common.rs:89:63
[INFO] [stdout] stack backtrace:
[INFO] [stdout]    0:     0x5619fd25922a - std::backtrace_rs::backtrace::libunwind::trace::ha9053a9a07ca49cb
[INFO] [stdout]                                at /rustc/84c898d65adf2f39a5a98507f1fe0ce10a2b8dbc/library/std/src/../../backtrace/src/backtrace/libunwind.rs:93:5
[INFO] [stdout]    1:     0x5619fd25922a - std::backtrace_rs::backtrace::trace_unsynchronized::h9c2852a457ad564e
[INFO] [stdout]                                at /rustc/84c898d65adf2f39a5a98507f1fe0ce10a2b8dbc/library/std/src/../../backtrace/src/backtrace/mod.rs:66:5
[INFO] [stdout]    2:     0x5619fd25922a - std::sys_common::backtrace::_print_fmt::h457936fbfaa0070f
[INFO] [stdout]                                at /rustc/84c898d65adf2f39a5a98507f1fe0ce10a2b8dbc/library/std/src/sys_common/backtrace.rs:65:5
[INFO] [stdout]    3:     0x5619fd25922a - <std::sys_common::backtrace::_print::DisplayBacktrace as core::fmt::Display>::fmt::h5779d7bf7f70cb0c
[INFO] [stdout]                                at /rustc/84c898d65adf2f39a5a98507f1fe0ce10a2b8dbc/library/std/src/sys_common/backtrace.rs:44:22
[INFO] [stdout]    4:     0x5619fd27e16e - core::fmt::write::h5a4baaff1bcd3eb5
[INFO] [stdout]                                at /rustc/84c898d65adf2f39a5a98507f1fe0ce10a2b8dbc/library/core/src/fmt/mod.rs:1232:17
[INFO] [stdout]    5:     0x5619fd2563f5 - std::io::Write::write_fmt::h478f79c628ef31d1
[INFO] [stdout]                                at /rustc/84c898d65adf2f39a5a98507f1fe0ce10a2b8dbc/library/std/src/io/mod.rs:1684:15
[INFO] [stdout]    6:     0x5619fd258ff5 - std::sys_common::backtrace::_print::h5fcdc36060f177e8
[INFO] [stdout]                                at /rustc/84c898d65adf2f39a5a98507f1fe0ce10a2b8dbc/library/std/src/sys_common/backtrace.rs:47:5
[INFO] [stdout]    7:     0x5619fd258ff5 - std::sys_common::backtrace::print::h54ca9458b876c8bf
[INFO] [stdout]                                at /rustc/84c898d65adf2f39a5a98507f1fe0ce10a2b8dbc/library/std/src/sys_common/backtrace.rs:34:9
[INFO] [stdout]    8:     0x5619fd25ae3f - std::panicking::default_hook::{{closure}}::hbe471161c7664ed6
[INFO] [stdout]                                at /rustc/84c898d65adf2f39a5a98507f1fe0ce10a2b8dbc/library/std/src/panicking.rs:271:22
[INFO] [stdout]    9:     0x5619fd25aaff - std::panicking::default_hook::ha3500da57aa4ac4f
[INFO] [stdout]                                at /rustc/84c898d65adf2f39a5a98507f1fe0ce10a2b8dbc/library/std/src/panicking.rs:287:9
[INFO] [stdout]   10:     0x5619fd22c5a7 - <alloc::boxed::Box<F,A> as core::ops::function::Fn<Args>>::call::hdf1b89dd137ece34
[INFO] [stdout]                                at /rustc/84c898d65adf2f39a5a98507f1fe0ce10a2b8dbc/library/alloc/src/boxed.rs:2001:9
[INFO] [stdout]   11:     0x5619fd22c5a7 - test::test_main::{{closure}}::h9081a79f20e75698
[INFO] [stdout]                                at /rustc/84c898d65adf2f39a5a98507f1fe0ce10a2b8dbc/library/test/src/lib.rs:135:21
[INFO] [stdout]   12:     0x5619fd25b56d - <alloc::boxed::Box<F,A> as core::ops::function::Fn<Args>>::call::h6507bddc3eebb4a5
[INFO] [stdout]                                at /rustc/84c898d65adf2f39a5a98507f1fe0ce10a2b8dbc/library/alloc/src/boxed.rs:2001:9
[INFO] [stdout]   13:     0x5619fd25b56d - std::panicking::rust_panic_with_hook::h50c09d000dc561d2
[INFO] [stdout]                                at /rustc/84c898d65adf2f39a5a98507f1fe0ce10a2b8dbc/library/std/src/panicking.rs:696:13
[INFO] [stdout]   14:     0x5619fd25b2e9 - std::panicking::begin_panic_handler::{{closure}}::h9e2b2176e00e0d9c
[INFO] [stdout]                                at /rustc/84c898d65adf2f39a5a98507f1fe0ce10a2b8dbc/library/std/src/panicking.rs:583:13
[INFO] [stdout]   15:     0x5619fd259696 - std::sys_common::backtrace::__rust_end_short_backtrace::h5739b8e512c09d02
[INFO] [stdout]                                at /rustc/84c898d65adf2f39a5a98507f1fe0ce10a2b8dbc/library/std/src/sys_common/backtrace.rs:150:18
[INFO] [stdout]   16:     0x5619fd25aff2 - rust_begin_unwind
[INFO] [stdout]                                at /rustc/84c898d65adf2f39a5a98507f1fe0ce10a2b8dbc/library/std/src/panicking.rs:579:5
[INFO] [stdout]   17:     0x5619fd1e5f33 - core::panicking::panic_fmt::hf33a1475b4dc5c3e
[INFO] [stdout]                                at /rustc/84c898d65adf2f39a5a98507f1fe0ce10a2b8dbc/library/core/src/panicking.rs:64:14
[INFO] [stdout]   18:     0x5619fd27cab1 - core::panicking::panic_display::ha103dd28e5023b08
[INFO] [stdout]                                at /rustc/84c898d65adf2f39a5a98507f1fe0ce10a2b8dbc/library/core/src/panicking.rs:147:5
[INFO] [stdout]   19:     0x5619fd27ca5b - core::panicking::panic_str::h940bf021f492dc8c
[INFO] [stdout]                                at /rustc/84c898d65adf2f39a5a98507f1fe0ce10a2b8dbc/library/core/src/panicking.rs:131:5
[INFO] [stdout]   20:     0x5619fd1e5ef6 - core::option::expect_failed::h09b982639336e7ea
[INFO] [stdout]                                at /rustc/84c898d65adf2f39a5a98507f1fe0ce10a2b8dbc/library/core/src/option.rs:2045:5
[INFO] [stdout]   21:     0x5619fd1fb69d - core::option::Option<T>::expect::ha03cde945e0b6954
[INFO] [stdout]                                at /rustc/84c898d65adf2f39a5a98507f1fe0ce10a2b8dbc/library/core/src/option.rs:905:21
[INFO] [stdout]   22:     0x5619fd1f7dd1 - ts_num::common::TestEnv::new::hde54a7d82e69ac07
[INFO] [stdout]                                at /opt/rustwide/workdir/tests/common.rs:89:31
[INFO] [stdout]   23:     0x5619fd1e667e - ts_num::basic_ts_num::hc4c3f8972ebdf457
[INFO] [stdout]                                at /opt/rustwide/workdir/tests/macros.rs:53:28
[INFO] [stdout]   24:     0x5619fd1e65f7 - ts_num::basic_ts_num::{{closure}}::hdfeca4e6cbdf6566
[INFO] [stdout]                                at /opt/rustwide/workdir/tests/macros.rs:49:25
[INFO] [stdout]   25:     0x5619fd1fa1d5 - core::ops::function::FnOnce::call_once::h091a94b5384171c7
[INFO] [stdout]                                at /rustc/84c898d65adf2f39a5a98507f1fe0ce10a2b8dbc/library/core/src/ops/function.rs:250:5
[INFO] [stdout]   26:     0x5619fd23198f - core::ops::function::FnOnce::call_once::h7d969581be7d0075
[INFO] [stdout]                                at /rustc/84c898d65adf2f39a5a98507f1fe0ce10a2b8dbc/library/core/src/ops/function.rs:250:5
[INFO] [stdout]   27:     0x5619fd23198f - test::__rust_begin_short_backtrace::hca25a52684e56655
[INFO] [stdout]                                at /rustc/84c898d65adf2f39a5a98507f1fe0ce10a2b8dbc/library/test/src/lib.rs:656:18
[INFO] [stdout]   28:     0x5619fd202fac - test::run_test::{{closure}}::ha8ac744c4af1a4bb
[INFO] [stdout]                                at /rustc/84c898d65adf2f39a5a98507f1fe0ce10a2b8dbc/library/test/src/lib.rs:647:30
[INFO] [stdout]   29:     0x5619fd202fac - core::ops::function::FnOnce::call_once{{vtable.shim}}::h7b411a9ed45bdecf
[INFO] [stdout]                                at /rustc/84c898d65adf2f39a5a98507f1fe0ce10a2b8dbc/library/core/src/ops/function.rs:250:5
[INFO] [stdout]   30:     0x5619fd230956 - <alloc::boxed::Box<F,A> as core::ops::function::FnOnce<Args>>::call_once::hd05328869a8ed200
[INFO] [stdout]                                at /rustc/84c898d65adf2f39a5a98507f1fe0ce10a2b8dbc/library/alloc/src/boxed.rs:1987:9
[INFO] [stdout]   31:     0x5619fd230956 - <core::panic::unwind_safe::AssertUnwindSafe<F> as core::ops::function::FnOnce<()>>::call_once::h0c601ce20bd5b2be
[INFO] [stdout]                                at /rustc/84c898d65adf2f39a5a98507f1fe0ce10a2b8dbc/library/core/src/panic/unwind_safe.rs:271:9
[INFO] [stdout]   32:     0x5619fd230956 - std::panicking::try::do_call::ha4be5c164fe30854
[INFO] [stdout]                                at /rustc/84c898d65adf2f39a5a98507f1fe0ce10a2b8dbc/library/std/src/panicking.rs:487:40
[INFO] [stdout]   33:     0x5619fd230956 - std::panicking::try::h604546f3609af05f
[INFO] [stdout]                                at /rustc/84c898d65adf2f39a5a98507f1fe0ce10a2b8dbc/library/std/src/panicking.rs:451:19
[INFO] [stdout]   34:     0x5619fd230956 - std::panic::catch_unwind::h5bfa8afe44c9c2f9
[INFO] [stdout]                                at /rustc/84c898d65adf2f39a5a98507f1fe0ce10a2b8dbc/library/std/src/panic.rs:140:14
[INFO] [stdout]   35:     0x5619fd230956 - test::run_test_in_process::hd50dee55dd63e6aa
[INFO] [stdout]                                at /rustc/84c898d65adf2f39a5a98507f1fe0ce10a2b8dbc/library/test/src/lib.rs:679:27
[INFO] [stdout]   36:     0x5619fd230956 - test::run_test::run_test_inner::{{closure}}::h4aa0f433aa85cea8
[INFO] [stdout]                                at /rustc/84c898d65adf2f39a5a98507f1fe0ce10a2b8dbc/library/test/src/lib.rs:573:39
[INFO] [stdout]   37:     0x5619fd1fd621 - test::run_test::run_test_inner::{{closure}}::had56431adf24b4d6
[INFO] [stdout]                                at /rustc/84c898d65adf2f39a5a98507f1fe0ce10a2b8dbc/library/test/src/lib.rs:600:37
[INFO] [stdout]   38:     0x5619fd1fd621 - std::sys_common::backtrace::__rust_begin_short_backtrace::ha8d9890e0c73bf13
[INFO] [stdout]                                at /rustc/84c898d65adf2f39a5a98507f1fe0ce10a2b8dbc/library/std/src/sys_common/backtrace.rs:134:18
[INFO] [stdout]   39:     0x5619fd20303b - std::thread::Builder::spawn_unchecked_::{{closure}}::{{closure}}::h251832bcb4a95327
[INFO] [stdout]                                at /rustc/84c898d65adf2f39a5a98507f1fe0ce10a2b8dbc/library/std/src/thread/mod.rs:560:17
[INFO] [stdout]   40:     0x5619fd20303b - <core::panic::unwind_safe::AssertUnwindSafe<F> as core::ops::function::FnOnce<()>>::call_once::h8fdff598fa414831
[INFO] [stdout]                                at /rustc/84c898d65adf2f39a5a98507f1fe0ce10a2b8dbc/library/core/src/panic/unwind_safe.rs:271:9
[INFO] [stdout]   41:     0x5619fd20303b - std::panicking::try::do_call::h455dd2f7764a950f
[INFO] [stdout]                                at /rustc/84c898d65adf2f39a5a98507f1fe0ce10a2b8dbc/library/std/src/panicking.rs:487:40
[INFO] [stdout]   42:     0x5619fd20303b - std::panicking::try::had6f23b7b73ae72a
[INFO] [stdout]                                at /rustc/84c898d65adf2f39a5a98507f1fe0ce10a2b8dbc/library/std/src/panicking.rs:451:19
[INFO] [stdout]   43:     0x5619fd20303b - std::panic::catch_unwind::ha6a5ca3915b4dad0
[INFO] [stdout]                                at /rustc/84c898d65adf2f39a5a98507f1fe0ce10a2b8dbc/library/std/src/panic.rs:140:14
[INFO] [stdout]   44:     0x5619fd20303b - std::thread::Builder::spawn_unchecked_::{{closure}}::h883b72ef75da6231
[INFO] [stdout]                                at /rustc/84c898d65adf2f39a5a98507f1fe0ce10a2b8dbc/library/std/src/thread/mod.rs:559:30
[INFO] [stdout]   45:     0x5619fd20303b - core::ops::function::FnOnce::call_once{{vtable.shim}}::hb7dff73dc8bd2ccb
[INFO] [stdout]                                at /rustc/84c898d65adf2f39a5a98507f1fe0ce10a2b8dbc/library/core/src/ops/function.rs:250:5
[INFO] [stdout]   46:     0x5619fd260863 - <alloc::boxed::Box<F,A> as core::ops::function::FnOnce<Args>>::call_once::h39990b24eedef2ab
[INFO] [stdout]                                at /rustc/84c898d65adf2f39a5a98507f1fe0ce10a2b8dbc/library/alloc/src/boxed.rs:1987:9
[INFO] [stdout]   47:     0x5619fd260863 - <alloc::boxed::Box<F,A> as core::ops::function::FnOnce<Args>>::call_once::h01a027258444143b
[INFO] [stdout]                                at /rustc/84c898d65adf2f39a5a98507f1fe0ce10a2b8dbc/library/alloc/src/boxed.rs:1987:9
[INFO] [stdout]   48:     0x5619fd260863 - std::sys::unix::thread::Thread::new::thread_start::ha4f1cdd9c25884ba
[INFO] [stdout]                                at /rustc/84c898d65adf2f39a5a98507f1fe0ce10a2b8dbc/library/std/src/sys/unix/thread.rs:108:17
[INFO] [stdout]   49:     0x7f60a1996b43 - <unknown>
[INFO] [stdout]   50:     0x7f60a1a27bb4 - __clone
[INFO] [stdout]   51:                0x0 - <unknown>
[INFO] [stdout] 
[INFO] [stdout] 
[INFO] [stdout] failures:
[INFO] [stdout]     basic_ts_num
[INFO] [stdout]     config_unwrapped_ts_num
[INFO] [stdout]     unwrapped_ts_num
[INFO] [stdout] 
[INFO] [stdout] test result: FAILED. 0 passed; 3 failed; 0 ignored; 0 measured; 0 filtered out; finished in 0.04s
[INFO] [stdout] 
[INFO] running `Command { std: "docker" "inspect" "51879133bc094701749df8a1bdc12a1b0e0d3b1407f9e28326ff4d78b44c2ade", kill_on_drop: false }`
[INFO] running `Command { std: "docker" "rm" "-f" "51879133bc094701749df8a1bdc12a1b0e0d3b1407f9e28326ff4d78b44c2ade", kill_on_drop: false }`
[INFO] [stdout] 51879133bc094701749df8a1bdc12a1b0e0d3b1407f9e28326ff4d78b44c2ade
