[INFO] cloning repository https://github.com/HUST-OS/rustsbi-qemu
[INFO] running `Command { std: "git" "-c" "credential.helper=" "-c" "credential.helper=/workspace/cargo-home/bin/git-credential-null" "clone" "--bare" "https://github.com/HUST-OS/rustsbi-qemu" "/workspace/cache/git-repos/https%3A%2F%2Fgithub.com%2FHUST-OS%2Frustsbi-qemu", kill_on_drop: false }`
[INFO] [stderr] Cloning into bare repository '/workspace/cache/git-repos/https%3A%2F%2Fgithub.com%2FHUST-OS%2Frustsbi-qemu'...
[INFO] running `Command { std: "git" "rev-parse" "HEAD", kill_on_drop: false }`
[INFO] [stdout] a4f0bbe44d9f2f1069a9e5becd09f291e542852c
[INFO] testing HUST-OS/rustsbi-qemu against 1.69.0 for beta-1.70-1
[INFO] running `Command { std: "git" "clone" "/workspace/cache/git-repos/https%3A%2F%2Fgithub.com%2FHUST-OS%2Frustsbi-qemu" "/workspace/builds/worker-3-tc1/source", kill_on_drop: false }`
[INFO] [stderr] Cloning into '/workspace/builds/worker-3-tc1/source'...
[INFO] [stderr] done.
[INFO] validating manifest of git repo https://github.com/HUST-OS/rustsbi-qemu on toolchain 1.69.0
[INFO] running `Command { std: CARGO_HOME="/workspace/cargo-home" RUSTUP_HOME="/workspace/rustup-home" "/workspace/cargo-home/bin/cargo" "+1.69.0" "metadata" "--manifest-path" "Cargo.toml" "--no-deps", kill_on_drop: false }`
[INFO] removed /workspace/builds/worker-3-tc1/source/.cargo/config.toml
[INFO] removed /workspace/builds/worker-3-tc1/source/rust-toolchain.toml
[INFO] started tweaking git repo https://github.com/HUST-OS/rustsbi-qemu
[INFO] finished tweaking git repo https://github.com/HUST-OS/rustsbi-qemu
[INFO] tweaked toml for git repo https://github.com/HUST-OS/rustsbi-qemu written to /workspace/builds/worker-3-tc1/source/Cargo.toml
[INFO] crate git repo https://github.com/HUST-OS/rustsbi-qemu already has a lockfile, it will not be regenerated
[INFO] running `Command { std: CARGO_HOME="/workspace/cargo-home" RUSTUP_HOME="/workspace/rustup-home" "/workspace/cargo-home/bin/cargo" "+1.69.0" "fetch" "--manifest-path" "Cargo.toml", kill_on_drop: false }`
[INFO] [stderr]     Updating git repository `https://github.com/rustsbi/sbi-testing`
[INFO] [stderr]  Downloading crates ...
[INFO] [stderr]   Downloaded rcore-console v0.0.0
[INFO] [stderr]   Downloaded uart_16550 v0.2.18
[INFO] [stderr]   Downloaded dtb-walker v0.2.0-alpha.3
[INFO] [stderr]   Downloaded aclint v0.0.0
[INFO] [stderr]   Downloaded fast-trap v0.0.1
[INFO] [stderr]   Downloaded sbi-rt v0.0.2
[INFO] [stderr]   Downloaded sbi-spec v0.0.4
[INFO] [stderr]   Downloaded sifive-test-device v0.0.0
[INFO] [stderr]   Downloaded os-xtask-utils v0.0.0
[INFO] [stderr]   Downloaded rustsbi v0.3.1
[INFO] running `Command { std: "docker" "create" "-v" "/var/lib/crater-agent-workspace/builds/worker-3-tc1/target:/opt/rustwide/target:rw,Z" "-v" "/var/lib/crater-agent-workspace/builds/worker-3-tc1/source:/opt/rustwide/workdir:ro,Z" "-v" "/var/lib/crater-agent-workspace/cargo-home:/opt/rustwide/cargo-home:ro,Z" "-v" "/var/lib/crater-agent-workspace/rustup-home:/opt/rustwide/rustup-home:ro,Z" "-e" "SOURCE_DIR=/opt/rustwide/workdir" "-e" "CARGO_TARGET_DIR=/opt/rustwide/target" "-e" "CARGO_HOME=/opt/rustwide/cargo-home" "-e" "RUSTUP_HOME=/opt/rustwide/rustup-home" "-w" "/opt/rustwide/workdir" "-m" "1610612736" "--user" "0:0" "--network" "none" "ghcr.io/rust-lang/crates-build-env/linux@sha256:5ff2268d62e97bff2cde7d5815dd6ed5b47097566f13b8d0ca110b04b60e07ed" "/opt/rustwide/cargo-home/bin/cargo" "+1.69.0" "metadata" "--no-deps" "--format-version=1", kill_on_drop: false }`
[INFO] [stdout] de24c72819dfde4489f574fe2d631ddc87a7f5a1a29bca4aa1ca566f195cbf6a
[INFO] running `Command { std: "docker" "start" "-a" "de24c72819dfde4489f574fe2d631ddc87a7f5a1a29bca4aa1ca566f195cbf6a", kill_on_drop: false }`
[INFO] running `Command { std: "docker" "inspect" "de24c72819dfde4489f574fe2d631ddc87a7f5a1a29bca4aa1ca566f195cbf6a", kill_on_drop: false }`
[INFO] running `Command { std: "docker" "rm" "-f" "de24c72819dfde4489f574fe2d631ddc87a7f5a1a29bca4aa1ca566f195cbf6a", kill_on_drop: false }`
[INFO] [stdout] de24c72819dfde4489f574fe2d631ddc87a7f5a1a29bca4aa1ca566f195cbf6a
[INFO] running `Command { std: "docker" "create" "-v" "/var/lib/crater-agent-workspace/builds/worker-3-tc1/target:/opt/rustwide/target:rw,Z" "-v" "/var/lib/crater-agent-workspace/builds/worker-3-tc1/source:/opt/rustwide/workdir:ro,Z" "-v" "/var/lib/crater-agent-workspace/cargo-home:/opt/rustwide/cargo-home:ro,Z" "-v" "/var/lib/crater-agent-workspace/rustup-home:/opt/rustwide/rustup-home:ro,Z" "-e" "SOURCE_DIR=/opt/rustwide/workdir" "-e" "CARGO_TARGET_DIR=/opt/rustwide/target" "-e" "CARGO_INCREMENTAL=0" "-e" "RUST_BACKTRACE=full" "-e" "RUSTFLAGS=--cap-lints=warn" "-e" "RUSTDOCFLAGS=--cap-lints=warn" "-e" "CARGO_HOME=/opt/rustwide/cargo-home" "-e" "RUSTUP_HOME=/opt/rustwide/rustup-home" "-w" "/opt/rustwide/workdir" "-m" "1610612736" "--user" "0:0" "--network" "none" "ghcr.io/rust-lang/crates-build-env/linux@sha256:5ff2268d62e97bff2cde7d5815dd6ed5b47097566f13b8d0ca110b04b60e07ed" "/opt/rustwide/cargo-home/bin/cargo" "+1.69.0" "build" "--frozen" "--message-format=json", kill_on_drop: false }`
[INFO] [stdout] 68d1a54a36aede907bd91ea9ca2a2a2b791c4ac1009cac4346825994672f093d
[INFO] running `Command { std: "docker" "start" "-a" "68d1a54a36aede907bd91ea9ca2a2a2b791c4ac1009cac4346825994672f093d", kill_on_drop: false }`
[INFO] [stderr]    Compiling proc-macro2 v1.0.50
[INFO] [stderr]    Compiling version_check v0.9.4
[INFO] [stderr]    Compiling quote v1.0.23
[INFO] [stderr]    Compiling unicode-ident v1.0.6
[INFO] [stderr]    Compiling libc v0.2.139
[INFO] [stderr]    Compiling syn v1.0.107
[INFO] [stderr]    Compiling io-lifetimes v1.0.4
[INFO] [stderr]    Compiling rustix v0.36.7
[INFO] [stderr]    Compiling linux-raw-sys v0.1.4
[INFO] [stderr]    Compiling once_cell v1.17.0
[INFO] [stderr]    Compiling os_str_bytes v6.4.1
[INFO] [stderr]    Compiling termcolor v1.2.0
[INFO] [stderr]    Compiling os-xtask-utils v0.0.0
[INFO] [stderr]    Compiling clap_lex v0.3.1
[INFO] [stderr]    Compiling proc-macro-error-attr v1.0.4
[INFO] [stderr]    Compiling proc-macro-error v1.0.4
[INFO] [stderr]    Compiling is-terminal v0.4.2
[INFO] [stderr]    Compiling clap_derive v4.1.0
[INFO] [stderr]    Compiling clap v4.1.4
[INFO] [stderr]    Compiling xtask v0.2.0 (/opt/rustwide/workdir/xtask)
[INFO] [stderr]     Finished dev [unoptimized + debuginfo] target(s) in 15.20s
[INFO] running `Command { std: "docker" "inspect" "68d1a54a36aede907bd91ea9ca2a2a2b791c4ac1009cac4346825994672f093d", kill_on_drop: false }`
[INFO] running `Command { std: "docker" "rm" "-f" "68d1a54a36aede907bd91ea9ca2a2a2b791c4ac1009cac4346825994672f093d", kill_on_drop: false }`
[INFO] [stdout] 68d1a54a36aede907bd91ea9ca2a2a2b791c4ac1009cac4346825994672f093d
[INFO] running `Command { std: "docker" "create" "-v" "/var/lib/crater-agent-workspace/builds/worker-3-tc1/target:/opt/rustwide/target:rw,Z" "-v" "/var/lib/crater-agent-workspace/builds/worker-3-tc1/source:/opt/rustwide/workdir:ro,Z" "-v" "/var/lib/crater-agent-workspace/cargo-home:/opt/rustwide/cargo-home:ro,Z" "-v" "/var/lib/crater-agent-workspace/rustup-home:/opt/rustwide/rustup-home:ro,Z" "-e" "SOURCE_DIR=/opt/rustwide/workdir" "-e" "CARGO_TARGET_DIR=/opt/rustwide/target" "-e" "CARGO_INCREMENTAL=0" "-e" "RUST_BACKTRACE=full" "-e" "RUSTFLAGS=--cap-lints=warn" "-e" "RUSTDOCFLAGS=--cap-lints=warn" "-e" "CARGO_HOME=/opt/rustwide/cargo-home" "-e" "RUSTUP_HOME=/opt/rustwide/rustup-home" "-w" "/opt/rustwide/workdir" "-m" "1610612736" "--user" "0:0" "--network" "none" "ghcr.io/rust-lang/crates-build-env/linux@sha256:5ff2268d62e97bff2cde7d5815dd6ed5b47097566f13b8d0ca110b04b60e07ed" "/opt/rustwide/cargo-home/bin/cargo" "+1.69.0" "test" "--frozen" "--no-run" "--message-format=json", kill_on_drop: false }`
[INFO] [stdout] cbd5e09c1a3c79d3de685c4fe7762cb5d8f81abd67f3ad2b02bc3bda50d6db94
[INFO] running `Command { std: "docker" "start" "-a" "cbd5e09c1a3c79d3de685c4fe7762cb5d8f81abd67f3ad2b02bc3bda50d6db94", kill_on_drop: false }`
[INFO] [stderr]    Compiling xtask v0.2.0 (/opt/rustwide/workdir/xtask)
[INFO] [stderr]     Finished test [unoptimized + debuginfo] target(s) in 1.26s
[INFO] running `Command { std: "docker" "inspect" "cbd5e09c1a3c79d3de685c4fe7762cb5d8f81abd67f3ad2b02bc3bda50d6db94", kill_on_drop: false }`
[INFO] running `Command { std: "docker" "rm" "-f" "cbd5e09c1a3c79d3de685c4fe7762cb5d8f81abd67f3ad2b02bc3bda50d6db94", kill_on_drop: false }`
[INFO] [stdout] cbd5e09c1a3c79d3de685c4fe7762cb5d8f81abd67f3ad2b02bc3bda50d6db94
[INFO] running `Command { std: "docker" "create" "-v" "/var/lib/crater-agent-workspace/builds/worker-3-tc1/target:/opt/rustwide/target:rw,Z" "-v" "/var/lib/crater-agent-workspace/builds/worker-3-tc1/source:/opt/rustwide/workdir:ro,Z" "-v" "/var/lib/crater-agent-workspace/cargo-home:/opt/rustwide/cargo-home:ro,Z" "-v" "/var/lib/crater-agent-workspace/rustup-home:/opt/rustwide/rustup-home:ro,Z" "-e" "SOURCE_DIR=/opt/rustwide/workdir" "-e" "CARGO_TARGET_DIR=/opt/rustwide/target" "-e" "CARGO_INCREMENTAL=0" "-e" "RUST_BACKTRACE=full" "-e" "RUSTFLAGS=--cap-lints=warn" "-e" "RUSTDOCFLAGS=--cap-lints=warn" "-e" "CARGO_HOME=/opt/rustwide/cargo-home" "-e" "RUSTUP_HOME=/opt/rustwide/rustup-home" "-w" "/opt/rustwide/workdir" "-m" "1610612736" "--user" "0:0" "--network" "none" "ghcr.io/rust-lang/crates-build-env/linux@sha256:5ff2268d62e97bff2cde7d5815dd6ed5b47097566f13b8d0ca110b04b60e07ed" "/opt/rustwide/cargo-home/bin/cargo" "+1.69.0" "test" "--frozen", kill_on_drop: false }`
[INFO] [stdout] aa24de2c42a368fa18ee3a7a29fd6ee7bd9f07a27f18111dd313a9197b608747
[INFO] running `Command { std: "docker" "start" "-a" "aa24de2c42a368fa18ee3a7a29fd6ee7bd9f07a27f18111dd313a9197b608747", kill_on_drop: false }`
[INFO] [stderr]     Finished test [unoptimized + debuginfo] target(s) in 0.05s
[INFO] [stdout] 
[INFO] [stderr]      Running unittests src/main.rs (/opt/rustwide/target/debug/deps/xtask-53ecdcc9c8bce070)
[INFO] [stdout] running 1 test
[INFO] [stderr]    Compiling autocfg v1.1.0
[INFO] [stderr]    Compiling nb v1.0.0
[INFO] [stderr]    Compiling log v0.4.17
[INFO] [stderr]    Compiling static_assertions v1.1.0
[INFO] [stderr]    Compiling scopeguard v1.1.0
[INFO] [stderr]    Compiling rustversion v1.0.11
[INFO] [stderr]    Compiling void v1.0.2
[INFO] [stderr]    Compiling riscv v0.10.1
[INFO] [stderr]    Compiling cfg-if v1.0.0
[INFO] [stderr]    Compiling critical-section v1.1.1
[INFO] [stderr]    Compiling bit_field v0.10.1
[INFO] [stderr]    Compiling rustsbi-qemu v0.2.0-alpha.2 (/opt/rustwide/workdir/rustsbi-qemu)
[INFO] [stderr]    Compiling bitflags v1.3.2
[INFO] [stderr]    Compiling sifive-test-device v0.0.0
[INFO] [stderr]    Compiling dtb-walker v0.2.0-alpha.3
[INFO] [stderr]    Compiling aclint v0.0.0
[INFO] [stderr] error[E0463]: can't find crate for `core`
[INFO] [stderr]   |
[INFO] [stderr]   = note: the `riscv64imac-unknown-none-elf` target may not be installed
[INFO] [stderr]   = help: consider downloading the target with `rustup target add riscv64imac-unknown-none-elf`
[INFO] [stderr] 
[INFO] [stderr] error[E0463]: can't find crate for `compiler_builtins`
[INFO] [stderr] 
[INFO] [stderr] error[E0463]: can't find crate for `core`
[INFO] [stderr]    --> /opt/rustwide/cargo-home/registry/src/github.com-1ecc6299db9ec823/nb-1.0.0/src/lib.rs:189:5
[INFO] [stderr]     |
[INFO] [stderr] 189 | use core::fmt;
[INFO] [stderr]     |     ^^^^ can't find crate
[INFO] [stderr]     |
[INFO] [stderr]     = note: the `riscv64imac-unknown-none-elf` target may not be installed
[INFO] [stderr]     = help: consider downloading the target with `rustup target add riscv64imac-unknown-none-elf`
[INFO] [stderr] 
[INFO] [stderr] error: cannot find attribute `derive` in this scope
[INFO] [stderr]    --> /opt/rustwide/cargo-home/registry/src/github.com-1ecc6299db9ec823/nb-1.0.0/src/lib.rs:198:3
[INFO] [stderr]     |
[INFO] [stderr] 198 | #[derive(Clone, Copy, PartialEq, Eq, PartialOrd, Ord, Hash)]
[INFO] [stderr]     |   ^^^^^^
[INFO] [stderr] 
[INFO] [stderr] error[E0463]: can't find crate for `core`
[INFO] [stderr]    --> /opt/rustwide/cargo-home/registry/src/github.com-1ecc6299db9ec823/nb-1.0.0/src/lib.rs:192:27
[INFO] [stderr]     |
[INFO] [stderr] 192 | pub type Result<T, E> = ::core::result::Result<T, Error<E>>;
[INFO] [stderr]     |                           ^^^^ can't find crate
[INFO] [stderr]     |
[INFO] [stderr]     = note: the `riscv64imac-unknown-none-elf` target may not be installed
[INFO] [stderr]     = help: consider downloading the target with `rustup target add riscv64imac-unknown-none-elf`
[INFO] [stderr] 
[INFO] [stderr] error[E0405]: cannot find trait `FnOnce` in this scope
[INFO] [stderr]    --> /opt/rustwide/cargo-home/registry/src/github.com-1ecc6299db9ec823/nb-1.0.0/src/lib.rs:223:12
[INFO] [stderr]     |
[INFO] [stderr] 223 |         F: FnOnce(E) -> T,
[INFO] [stderr]     |            ^^^^^^ not found in this scope
[INFO] [stderr] 
[INFO] [stderr] error[E0405]: cannot find trait `From` in this scope
[INFO] [stderr]    --> /opt/rustwide/cargo-home/registry/src/github.com-1ecc6299db9ec823/nb-1.0.0/src/lib.rs:232:9
[INFO] [stderr]     |
[INFO] [stderr] 232 | impl<E> From<E> for Error<E> {
[INFO] [stderr]     |         ^^^^ not found in this scope
[INFO] [stderr] 
[INFO] [stderr] error[E0463]: can't find crate for `core`
[INFO] [stderr]    --> /opt/rustwide/cargo-home/registry/src/github.com-1ecc6299db9ec823/scopeguard-1.1.0/src/lib.rs:192:1
[INFO] [stderr]     |
[INFO] [stderr] 192 | extern crate core as std;
[INFO] [stderr]     | ^^^^^^^^^^^^^^^^^^^^^^^^^ can't find crate
[INFO] [stderr]     |
[INFO] [stderr]     = note: the `riscv64imac-unknown-none-elf` target may not be installed
[INFO] [stderr]     = help: consider downloading the target with `rustup target add riscv64imac-unknown-none-elf`
[INFO] [stderr] 
[INFO] [stderr] error: cannot find macro `stringify` in this scope
[INFO] [stderr]    --> /opt/rustwide/cargo-home/registry/src/github.com-1ecc6299db9ec823/scopeguard-1.1.0/src/lib.rs:470:24
[INFO] [stderr]     |
[INFO] [stderr] 470 |         f.debug_struct(stringify!(ScopeGuard))
[INFO] [stderr]     |                        ^^^^^^^^^
[INFO] [stderr] 
[INFO] [stderr] error: cannot find attribute `derive` in this scope
[INFO] [stderr]    --> /opt/rustwide/cargo-home/registry/src/github.com-1ecc6299db9ec823/scopeguard-1.1.0/src/lib.rs:212:3
[INFO] [stderr]     |
[INFO] [stderr] 212 | #[derive(Debug)]
[INFO] [stderr]     |   ^^^^^^
[INFO] [stderr] 
[INFO] [stderr] Some errors have detailed explanations: E0405, E0463.
[INFO] [stderr] For more information about an error, try `rustc --explain E0405`.
[INFO] [stderr] error: could not compile `nb` due to 7 previous errors
[INFO] [stderr] warning: build failed, waiting for other jobs to finish...
[INFO] [stderr] For more information about this error, try `rustc --explain E0463`.
[INFO] [stderr] error: could not compile `cfg-if` due to 2 previous errors
[INFO] [stderr] error[E0463]: can't find crate for `core`
[INFO] [stderr]  --> /opt/rustwide/cargo-home/registry/src/github.com-1ecc6299db9ec823/aclint-0.0.0/src/lib.rs:5:5
[INFO] [stderr]   |
[INFO] [stderr] 5 | use core::{arch::asm, cell::UnsafeCell, mem::size_of};
[INFO] [stderr]   |     ^^^^ can't find crate
[INFO] [stderr]   |
[INFO] [stderr]   = note: the `riscv64imac-unknown-none-elf` target may not be installed
[INFO] [stderr]   = help: consider downloading the target with `rustup target add riscv64imac-unknown-none-elf`
[INFO] [stderr] 
[INFO] [stderr] error: cannot find attribute `test` in this scope
[INFO] [stderr]    --> /opt/rustwide/cargo-home/registry/src/github.com-1ecc6299db9ec823/aclint-0.0.0/src/lib.rs:203:3
[INFO] [stderr]     |
[INFO] [stderr] 203 | #[test]
[INFO] [stderr]     |   ^^^^
[INFO] [stderr]     |
[INFO] [stderr]     = note: `test` is in scope, but it is a function, not an attribute
[INFO] [stderr] 
[INFO] [stderr] error: cannot find macro `assert_eq` in this scope
[INFO] [stderr]    --> /opt/rustwide/cargo-home/registry/src/github.com-1ecc6299db9ec823/aclint-0.0.0/src/lib.rs:205:5
[INFO] [stderr]     |
[INFO] [stderr] 205 |     assert_eq!(core::mem::size_of::<MSWI>(), 0x3ffc);
[INFO] [stderr]     |     ^^^^^^^^^
[INFO] [stderr] 
[INFO] [stderr] error: cannot find macro `assert_eq` in this scope
[INFO] [stderr]    --> /opt/rustwide/cargo-home/registry/src/github.com-1ecc6299db9ec823/aclint-0.0.0/src/lib.rs:206:5
[INFO] [stderr]     |
[INFO] [stderr] 206 |     assert_eq!(core::mem::size_of::<SSWI>(), 0x3ffc);
[INFO] [stderr]     |     ^^^^^^^^^
[INFO] [stderr] 
[INFO] [stderr] error: cannot find macro `assert_eq` in this scope
[INFO] [stderr]    --> /opt/rustwide/cargo-home/registry/src/github.com-1ecc6299db9ec823/aclint-0.0.0/src/lib.rs:207:5
[INFO] [stderr]     |
[INFO] [stderr] 207 |     assert_eq!(core::mem::size_of::<MTIMER>(), 0x7ff8);
[INFO] [stderr]     |     ^^^^^^^^^
[INFO] [stderr] 
[INFO] [stderr] error: cannot find macro `assert_eq` in this scope
[INFO] [stderr]    --> /opt/rustwide/cargo-home/registry/src/github.com-1ecc6299db9ec823/aclint-0.0.0/src/lib.rs:208:5
[INFO] [stderr]     |
[INFO] [stderr] 208 |     assert_eq!(core::mem::size_of::<SifiveClint>(), 0xc000);
[INFO] [stderr]     |     ^^^^^^^^^
[INFO] [stderr] 
[INFO] [stderr] error: cannot determine resolution for the macro `asm`
[INFO] [stderr]    --> /opt/rustwide/cargo-home/registry/src/github.com-1ecc6299db9ec823/aclint-0.0.0/src/lib.rs:191:13
[INFO] [stderr]     |
[INFO] [stderr] 191 |             asm!(
[INFO] [stderr]     |             ^^^
[INFO] [stderr]     |
[INFO] [stderr]     = note: import resolution is stuck, try simplifying macro imports
[INFO] [stderr] 
[INFO] [stderr] error: cannot determine resolution for the macro `asm`
[INFO] [stderr]    --> /opt/rustwide/cargo-home/registry/src/github.com-1ecc6299db9ec823/aclint-0.0.0/src/lib.rs:176:13
[INFO] [stderr]     |
[INFO] [stderr] 176 |             asm!(
[INFO] [stderr]     |             ^^^
[INFO] [stderr]     |
[INFO] [stderr]     = note: import resolution is stuck, try simplifying macro imports
[INFO] [stderr] 
[INFO] [stderr] error: cannot determine resolution for the macro `asm`
[INFO] [stderr]    --> /opt/rustwide/cargo-home/registry/src/github.com-1ecc6299db9ec823/aclint-0.0.0/src/lib.rs:162:13
[INFO] [stderr]     |
[INFO] [stderr] 162 |             asm!(
[INFO] [stderr]     |             ^^^
[INFO] [stderr]     |
[INFO] [stderr]     = note: import resolution is stuck, try simplifying macro imports
[INFO] [stderr] 
[INFO] [stderr] error: cannot determine resolution for the macro `asm`
[INFO] [stderr]    --> /opt/rustwide/cargo-home/registry/src/github.com-1ecc6299db9ec823/aclint-0.0.0/src/lib.rs:143:13
[INFO] [stderr]     |
[INFO] [stderr] 143 |             asm!(
[INFO] [stderr]     |             ^^^
[INFO] [stderr]     |
[INFO] [stderr]     = note: import resolution is stuck, try simplifying macro imports
[INFO] [stderr] 
[INFO] [stderr] error: cannot determine resolution for the macro `asm`
[INFO] [stderr]    --> /opt/rustwide/cargo-home/registry/src/github.com-1ecc6299db9ec823/aclint-0.0.0/src/lib.rs:124:13
[INFO] [stderr]     |
[INFO] [stderr] 124 |             asm!(
[INFO] [stderr]     |             ^^^
[INFO] [stderr]     |
[INFO] [stderr]     = note: import resolution is stuck, try simplifying macro imports
[INFO] [stderr] 
[INFO] [stderr] error: cannot determine resolution for the macro `asm`
[INFO] [stderr]    --> /opt/rustwide/cargo-home/registry/src/github.com-1ecc6299db9ec823/aclint-0.0.0/src/lib.rs:102:13
[INFO] [stderr]     |
[INFO] [stderr] 102 |             asm!(
[INFO] [stderr]     |             ^^^
[INFO] [stderr]     |
[INFO] [stderr]     = note: import resolution is stuck, try simplifying macro imports
[INFO] [stderr] 
[INFO] [stderr] error: cannot determine resolution for the macro `asm`
[INFO] [stderr]   --> /opt/rustwide/cargo-home/registry/src/github.com-1ecc6299db9ec823/aclint-0.0.0/src/lib.rs:80:13
[INFO] [stderr]    |
[INFO] [stderr] 80 |             asm!(
[INFO] [stderr]    |             ^^^
[INFO] [stderr]    |
[INFO] [stderr]    = note: import resolution is stuck, try simplifying macro imports
[INFO] [stderr] 
[INFO] [stderr] error[E0554]: `#![feature]` may not be used on the stable release channel
[INFO] [stderr]  --> /opt/rustwide/cargo-home/registry/src/github.com-1ecc6299db9ec823/aclint-0.0.0/src/lib.rs:2:1
[INFO] [stderr]   |
[INFO] [stderr] 2 | #![feature(naked_functions, asm_const)]
[INFO] [stderr]   | ^^^^^^^^^^^^^^^^^^^^^^^^^^^^^^^^^^^^^^^
[INFO] [stderr] 
[INFO] [stderr] error[E0463]: can't find crate for `core`
[INFO] [stderr]    --> /opt/rustwide/cargo-home/registry/src/github.com-1ecc6299db9ec823/bitflags-1.3.2/src/lib.rs:282:1
[INFO] [stderr]     |
[INFO] [stderr] 282 | pub extern crate core as _core;
[INFO] [stderr]     | ^^^^^^^^^^^^^^^^^^^^^^^^^^^^^^^ can't find crate
[INFO] [stderr]     |
[INFO] [stderr]     = note: the `riscv64imac-unknown-none-elf` target may not be installed
[INFO] [stderr]     = help: consider downloading the target with `rustup target add riscv64imac-unknown-none-elf`
[INFO] [stderr] 
[INFO] [stderr] error: requires `sized` lang_item
[INFO] [stderr]   --> /opt/rustwide/cargo-home/registry/src/github.com-1ecc6299db9ec823/aclint-0.0.0/src/lib.rs:20:19
[INFO] [stderr]    |
[INFO] [stderr] 20 | pub struct MTIMER([MTIMECMP; 4095]);
[INFO] [stderr]    |                   ^^^^^^^^^^^^^^^^
[INFO] [stderr] 
[INFO] [stderr] error: cannot find macro `assert` in this scope
[INFO] [stderr]    --> /opt/rustwide/cargo-home/registry/src/github.com-1ecc6299db9ec823/bit_field-0.10.1/src/lib.rs:216:17
[INFO] [stderr]     |
[INFO] [stderr] 216 |                 assert!(bit < Self::BIT_LENGTH);
[INFO] [stderr]     |                 ^^^^^^
[INFO] [stderr] ...
[INFO] [stderr] 273 | bitfield_numeric_impl! { u8 u16 u32 u64 u128 usize i8 i16 i32 i64 i128 isize }
[INFO] [stderr]     | ------------------------------------------------------------------------------ in this macro invocation
[INFO] [stderr]     |
[INFO] [stderr]     = note: this error originates in the macro `bitfield_numeric_impl` (in Nightly builds, run with -Z macro-backtrace for more info)
[INFO] [stderr] 
[INFO] [stderr] error: cannot find macro `assert` in this scope
[INFO] [stderr]    --> /opt/rustwide/cargo-home/registry/src/github.com-1ecc6299db9ec823/bit_field-0.10.1/src/lib.rs:225:17
[INFO] [stderr]     |
[INFO] [stderr] 225 |                 assert!(range.start < Self::BIT_LENGTH);
[INFO] [stderr]     |                 ^^^^^^
[INFO] [stderr] ...
[INFO] [stderr] 273 | bitfield_numeric_impl! { u8 u16 u32 u64 u128 usize i8 i16 i32 i64 i128 isize }
[INFO] [stderr]     | ------------------------------------------------------------------------------ in this macro invocation
[INFO] [stderr]     |
[INFO] [stderr]     = note: this error originates in the macro `bitfield_numeric_impl` (in Nightly builds, run with -Z macro-backtrace for more info)
[INFO] [stderr] 
[INFO] [stderr] error: cannot find macro `assert` in this scope
[INFO] [stderr]    --> /opt/rustwide/cargo-home/registry/src/github.com-1ecc6299db9ec823/bit_field-0.10.1/src/lib.rs:226:17
[INFO] [stderr]     |
[INFO] [stderr] 226 |                 assert!(range.end <= Self::BIT_LENGTH);
[INFO] [stderr]     |                 ^^^^^^
[INFO] [stderr] ...
[INFO] [stderr] 273 | bitfield_numeric_impl! { u8 u16 u32 u64 u128 usize i8 i16 i32 i64 i128 isize }
[INFO] [stderr]     | ------------------------------------------------------------------------------ in this macro invocation
[INFO] [stderr]     |
[INFO] [stderr]     = note: this error originates in the macro `bitfield_numeric_impl` (in Nightly builds, run with -Z macro-backtrace for more info)
[INFO] [stderr] 
[INFO] [stderr] error: cannot find macro `assert` in this scope
[INFO] [stderr]    --> /opt/rustwide/cargo-home/registry/src/github.com-1ecc6299db9ec823/bit_field-0.10.1/src/lib.rs:227:17
[INFO] [stderr]     |
[INFO] [stderr] 227 |                 assert!(range.start < range.end);
[INFO] [stderr]     |                 ^^^^^^
[INFO] [stderr] ...
[INFO] [stderr] 273 | bitfield_numeric_impl! { u8 u16 u32 u64 u128 usize i8 i16 i32 i64 i128 isize }
[INFO] [stderr]     | ------------------------------------------------------------------------------ in this macro invocation
[INFO] [stderr]     |
[INFO] [stderr]     = note: this error originates in the macro `bitfield_numeric_impl` (in Nightly builds, run with -Z macro-backtrace for more info)
[INFO] [stderr] 
[INFO] [stderr] error: cannot find macro `assert` in this scope
[INFO] [stderr]    --> /opt/rustwide/cargo-home/registry/src/github.com-1ecc6299db9ec823/bit_field-0.10.1/src/lib.rs:238:17
[INFO] [stderr]     |
[INFO] [stderr] 238 |                 assert!(bit < Self::BIT_LENGTH);
[INFO] [stderr]     |                 ^^^^^^
[INFO] [stderr] ...
[INFO] [stderr] 273 | bitfield_numeric_impl! { u8 u16 u32 u64 u128 usize i8 i16 i32 i64 i128 isize }
[INFO] [stderr]     | ------------------------------------------------------------------------------ in this macro invocation
[INFO] [stderr]     |
[INFO] [stderr]     = note: this error originates in the macro `bitfield_numeric_impl` (in Nightly builds, run with -Z macro-backtrace for more info)
[INFO] [stderr] 
[INFO] [stderr] error: cannot find macro `assert` in this scope
[INFO] [stderr]    --> /opt/rustwide/cargo-home/registry/src/github.com-1ecc6299db9ec823/bit_field-0.10.1/src/lib.rs:253:17
[INFO] [stderr]     |
[INFO] [stderr] 253 |                 assert!(range.start < Self::BIT_LENGTH);
[INFO] [stderr]     |                 ^^^^^^
[INFO] [stderr] ...
[INFO] [stderr] 273 | bitfield_numeric_impl! { u8 u16 u32 u64 u128 usize i8 i16 i32 i64 i128 isize }
[INFO] [stderr]     | ------------------------------------------------------------------------------ in this macro invocation
[INFO] [stderr]     |
[INFO] [stderr]     = note: this error originates in the macro `bitfield_numeric_impl` (in Nightly builds, run with -Z macro-backtrace for more info)
[INFO] [stderr] 
[INFO] [stderr] error: cannot find macro `assert` in this scope
[INFO] [stderr]    --> /opt/rustwide/cargo-home/registry/src/github.com-1ecc6299db9ec823/bit_field-0.10.1/src/lib.rs:254:17
[INFO] [stderr]     |
[INFO] [stderr] 254 |                 assert!(range.end <= Self::BIT_LENGTH);
[INFO] [stderr]     |                 ^^^^^^
[INFO] [stderr] ...
[INFO] [stderr] 273 | bitfield_numeric_impl! { u8 u16 u32 u64 u128 usize i8 i16 i32 i64 i128 isize }
[INFO] [stderr]     | ------------------------------------------------------------------------------ in this macro invocation
[INFO] [stderr]     |
[INFO] [stderr]     = note: this error originates in the macro `bitfield_numeric_impl` (in Nightly builds, run with -Z macro-backtrace for more info)
[INFO] [stderr] 
[INFO] [stderr] error: could not compile `bitflags` due to 3 previous errors
[INFO] [stderr] error: cannot find macro `assert` in this scope
[INFO] [stderr]    --> /opt/rustwide/cargo-home/registry/src/github.com-1ecc6299db9ec823/bit_field-0.10.1/src/lib.rs:255:17
[INFO] [stderr]     |
[INFO] [stderr] 255 |                 assert!(range.start < range.end);
[INFO] [stderr]     |                 ^^^^^^
[INFO] [stderr] ...
[INFO] [stderr] 273 | bitfield_numeric_impl! { u8 u16 u32 u64 u128 usize i8 i16 i32 i64 i128 isize }
[INFO] [stderr]     | ------------------------------------------------------------------------------ in this macro invocation
[INFO] [stderr]     |
[INFO] [stderr]     = note: this error originates in the macro `bitfield_numeric_impl` (in Nightly builds, run with -Z macro-backtrace for more info)
[INFO] [stderr] 
[INFO] [stderr] error: cannot find macro `assert` in this scope
[INFO] [stderr]    --> /opt/rustwide/cargo-home/registry/src/github.com-1ecc6299db9ec823/bit_field-0.10.1/src/lib.rs:256:17
[INFO] [stderr]     |
[INFO] [stderr] 256 |                 assert!(value << (Self::BIT_LENGTH - (range.end - range.start)) >>
[INFO] [stderr]     |                 ^^^^^^
[INFO] [stderr] ...
[INFO] [stderr] 273 | bitfield_numeric_impl! { u8 u16 u32 u64 u128 usize i8 i16 i32 i64 i128 isize }
[INFO] [stderr]     | ------------------------------------------------------------------------------ in this macro invocation
[INFO] [stderr]     |
[INFO] [stderr]     = note: this error originates in the macro `bitfield_numeric_impl` (in Nightly builds, run with -Z macro-backtrace for more info)
[INFO] [stderr] 
[INFO] [stderr] error: cannot find macro `assert` in this scope
[INFO] [stderr]    --> /opt/rustwide/cargo-home/registry/src/github.com-1ecc6299db9ec823/bit_field-0.10.1/src/lib.rs:292:9
[INFO] [stderr]     |
[INFO] [stderr] 292 |         assert!(range.len() <= T::BIT_LENGTH);
[INFO] [stderr]     |         ^^^^^^
[INFO] [stderr] 
[INFO] [stderr] error: cannot find macro `assert` in this scope
[INFO] [stderr]    --> /opt/rustwide/cargo-home/registry/src/github.com-1ecc6299db9ec823/bit_field-0.10.1/src/lib.rs:300:9
[INFO] [stderr]     |
[INFO] [stderr] 300 |         assert!(slice_end - slice_start <= 1);
[INFO] [stderr]     |         ^^^^^^
[INFO] [stderr] 
[INFO] [stderr] error: cannot find macro `assert` in this scope
[INFO] [stderr]    --> /opt/rustwide/cargo-home/registry/src/github.com-1ecc6299db9ec823/bit_field-0.10.1/src/lib.rs:327:9
[INFO] [stderr]     |
[INFO] [stderr] 327 |         assert!(range.len() <= T::BIT_LENGTH);
[INFO] [stderr]     |         ^^^^^^
[INFO] [stderr] 
[INFO] [stderr] error: cannot find macro `assert` in this scope
[INFO] [stderr]    --> /opt/rustwide/cargo-home/registry/src/github.com-1ecc6299db9ec823/bit_field-0.10.1/src/lib.rs:334:9
[INFO] [stderr]     |
[INFO] [stderr] 334 |         assert!(slice_end - slice_start <= 1);
[INFO] [stderr]     |         ^^^^^^
[INFO] [stderr] 
[INFO] [stderr] error[E0463]: can't find crate for `core`
[INFO] [stderr]   --> /opt/rustwide/cargo-home/registry/src/github.com-1ecc6299db9ec823/static_assertions-1.1.0/src/lib.rs:87:1
[INFO] [stderr]    |
[INFO] [stderr] 87 | pub extern crate core as _core;
[INFO] [stderr]    | ^^^^^^^^^^^^^^^^^^^^^^^^^^^^^^^ can't find crate
[INFO] [stderr]    |
[INFO] [stderr]    = note: the `riscv64imac-unknown-none-elf` target may not be installed
[INFO] [stderr]    = help: consider downloading the target with `rustup target add riscv64imac-unknown-none-elf`
[INFO] [stderr] 
[INFO] [stderr] error: requires `sized` lang_item
[INFO] [stderr]   --> /opt/rustwide/cargo-home/registry/src/github.com-1ecc6299db9ec823/aclint-0.0.0/src/lib.rs:23:17
[INFO] [stderr]    |
[INFO] [stderr] 23 | pub struct MSWI([MSIP; 4095]);
[INFO] [stderr]    |                 ^^^^^^^^^^^^
[INFO] [stderr] 
[INFO] [stderr] error: requires `sized` lang_item
[INFO] [stderr]   --> /opt/rustwide/cargo-home/registry/src/github.com-1ecc6299db9ec823/aclint-0.0.0/src/lib.rs:26:17
[INFO] [stderr]    |
[INFO] [stderr] 26 | pub struct SSWI([SETSSIP; 4095]);
[INFO] [stderr]    |                 ^^^^^^^^^^^^^^^
[INFO] [stderr] 
[INFO] [stderr] error: requires `sized` lang_item
[INFO] [stderr] 
[INFO] [stderr] Some errors have detailed explanations: E0463, E0554.
[INFO] [stderr] For more information about an error, try `rustc --explain E0463`.
[INFO] [stderr] error: could not compile `aclint` due to 20 previous errors
[INFO] [stderr] error: could not compile `static_assertions` due to 3 previous errors
[INFO] [stderr] error: could not compile `bit_field` due to 15 previous errors
[INFO] [stderr] error[E0463]: can't find crate for `core`
[INFO] [stderr]   --> /opt/rustwide/cargo-home/registry/src/github.com-1ecc6299db9ec823/void-1.0.2/src/lib.rs:16:5
[INFO] [stderr]    |
[INFO] [stderr] 16 |     extern crate core;
[INFO] [stderr]    |     ^^^^^^^^^^^^^^^^^^ can't find crate
[INFO] [stderr]    |
[INFO] [stderr]    = note: the `riscv64imac-unknown-none-elf` target may not be installed
[INFO] [stderr]    = help: consider downloading the target with `rustup target add riscv64imac-unknown-none-elf`
[INFO] [stderr] 
[INFO] [stderr] error: cannot find attribute `derive` in this scope
[INFO] [stderr]   --> /opt/rustwide/cargo-home/registry/src/github.com-1ecc6299db9ec823/void-1.0.2/src/lib.rs:28:3
[INFO] [stderr]    |
[INFO] [stderr] 28 | #[derive(Copy)]
[INFO] [stderr]    |   ^^^^^^
[INFO] [stderr] 
[INFO] [stderr] error[E0405]: cannot find trait `Clone` in this scope
[INFO] [stderr]   --> /opt/rustwide/cargo-home/registry/src/github.com-1ecc6299db9ec823/void-1.0.2/src/lib.rs:31:6
[INFO] [stderr]    |
[INFO] [stderr] 31 | impl Clone for Void {
[INFO] [stderr]    |      ^^^^^ not found in this scope
[INFO] [stderr] 
[INFO] [stderr] error[E0412]: cannot find type `Option` in this scope
[INFO] [stderr]   --> /opt/rustwide/cargo-home/registry/src/github.com-1ecc6299db9ec823/void-1.0.2/src/lib.rs:56:37
[INFO] [stderr]    |
[INFO] [stderr] 56 |     fn partial_cmp(&self, _: &T) -> Option<cmp::Ordering> {
[INFO] [stderr]    |                                     ^^^^^^ not found in this scope
[INFO] [stderr] 
[INFO] [stderr] error[E0405]: cannot find trait `Sized` in this scope
[INFO] [stderr]   --> /opt/rustwide/cargo-home/registry/src/github.com-1ecc6299db9ec823/void-1.0.2/src/lib.rs:85:29
[INFO] [stderr]    |
[INFO] [stderr] 85 | pub trait ResultVoidExt<T>: Sized {
[INFO] [stderr]    |                             ^^^^^ not found in this scope
[INFO] [stderr] 
[INFO] [stderr] error[E0412]: cannot find type `Result` in this scope
[INFO] [stderr]   --> /opt/rustwide/cargo-home/registry/src/github.com-1ecc6299db9ec823/void-1.0.2/src/lib.rs:90:30
[INFO] [stderr]    |
[INFO] [stderr] 90 | impl<T> ResultVoidExt<T> for Result<T, Void> {
[INFO] [stderr]    |                              ^^^^^^ not found in this scope
[INFO] [stderr] 
[INFO] [stderr] error[E0531]: cannot find tuple struct or tuple variant `Ok` in this scope
[INFO] [stderr]   --> /opt/rustwide/cargo-home/registry/src/github.com-1ecc6299db9ec823/void-1.0.2/src/lib.rs:97:13
[INFO] [stderr]    |
[INFO] [stderr] 97 |             Ok(val) => val,
[INFO] [stderr]    |             ^^ not found in this scope
[INFO] [stderr] 
[INFO] [stderr] error[E0531]: cannot find tuple struct or tuple variant `Err` in this scope
[INFO] [stderr]   --> /opt/rustwide/cargo-home/registry/src/github.com-1ecc6299db9ec823/void-1.0.2/src/lib.rs:98:13
[INFO] [stderr]    |
[INFO] [stderr] 98 |             Err(e) => unreachable(e)
[INFO] [stderr]    |             ^^^ not found in this scope
[INFO] [stderr] 
[INFO] [stderr] error[E0405]: cannot find trait `Sized` in this scope
[INFO] [stderr]    --> /opt/rustwide/cargo-home/registry/src/github.com-1ecc6299db9ec823/void-1.0.2/src/lib.rs:104:32
[INFO] [stderr]     |
[INFO] [stderr] 104 | pub trait ResultVoidErrExt<E>: Sized {
[INFO] [stderr]     |                                ^^^^^ not found in this scope
[INFO] [stderr] 
[INFO] [stderr] error[E0412]: cannot find type `Result` in this scope
[INFO] [stderr]    --> /opt/rustwide/cargo-home/registry/src/github.com-1ecc6299db9ec823/void-1.0.2/src/lib.rs:109:33
[INFO] [stderr]     |
[INFO] [stderr] 109 | impl<E> ResultVoidErrExt<E> for Result<Void, E> {
[INFO] [stderr]     |                                 ^^^^^^ not found in this scope
[INFO] [stderr] 
[INFO] [stderr] error[E0531]: cannot find tuple struct or tuple variant `Ok` in this scope
[INFO] [stderr]    --> /opt/rustwide/cargo-home/registry/src/github.com-1ecc6299db9ec823/void-1.0.2/src/lib.rs:116:13
[INFO] [stderr]     |
[INFO] [stderr] 116 |             Ok(v) => unreachable(v),
[INFO] [stderr]     |             ^^ not found in this scope
[INFO] [stderr] 
[INFO] [stderr] error[E0531]: cannot find tuple struct or tuple variant `Err` in this scope
[INFO] [stderr]    --> /opt/rustwide/cargo-home/registry/src/github.com-1ecc6299db9ec823/void-1.0.2/src/lib.rs:117:13
[INFO] [stderr]     |
[INFO] [stderr] 117 |             Err(e) => e
[INFO] [stderr]     |             ^^^ not found in this scope
[INFO] [stderr] 
[INFO] [stderr] Some errors have detailed explanations: E0405, E0412, E0463, E0531.
[INFO] [stderr] error: could not compile `void` due to 14 previous errors
[INFO] [stderr] error[E0463]: can't find crate for `core`
[INFO] [stderr]  --> /opt/rustwide/cargo-home/registry/src/github.com-1ecc6299db9ec823/critical-section-1.1.1/src/mutex.rs:2:5
[INFO] [stderr]   |
[INFO] [stderr] 2 | use core::cell::{Ref, RefCell, RefMut, UnsafeCell};
[INFO] [stderr]   |     ^^^^ can't find crate
[INFO] [stderr]   |
[INFO] [stderr]   = note: the `riscv64imac-unknown-none-elf` target may not be installed
[INFO] [stderr]   = help: consider downloading the target with `rustup target add riscv64imac-unknown-none-elf`
[INFO] [stderr] 
[INFO] [stderr] error[E0463]: can't find crate for `core`
[INFO] [stderr]  --> /opt/rustwide/cargo-home/registry/src/github.com-1ecc6299db9ec823/critical-section-1.1.1/src/lib.rs:8:5
[INFO] [stderr]   |
[INFO] [stderr] 8 | use core::marker::PhantomData;
[INFO] [stderr]   |     ^^^^ can't find crate
[INFO] [stderr]   |
[INFO] [stderr]   = note: the `riscv64imac-unknown-none-elf` target may not be installed
[INFO] [stderr]   = help: consider downloading the target with `rustup target add riscv64imac-unknown-none-elf`
[INFO] [stderr] 
[INFO] [stderr] error: cannot find attribute `derive` in this scope
[INFO] [stderr]    --> /opt/rustwide/cargo-home/registry/src/github.com-1ecc6299db9ec823/critical-section-1.1.1/src/lib.rs:121:3
[INFO] [stderr]     |
[INFO] [stderr] 121 | #[derive(Clone, Copy, Debug)]
[INFO] [stderr]     |   ^^^^^^
[INFO] [stderr] 
[INFO] [stderr] error: cannot find attribute `derive` in this scope
[INFO] [stderr]   --> /opt/rustwide/cargo-home/registry/src/github.com-1ecc6299db9ec823/critical-section-1.1.1/src/lib.rs:16:3
[INFO] [stderr]    |
[INFO] [stderr] 16 | #[derive(Clone, Copy, Debug)]
[INFO] [stderr]    |   ^^^^^^
[INFO] [stderr] 
[INFO] [stderr] error: cannot find attribute `derive` in this scope
[INFO] [stderr]   --> /opt/rustwide/cargo-home/registry/src/github.com-1ecc6299db9ec823/critical-section-1.1.1/src/mutex.rs:52:3
[INFO] [stderr]    |
[INFO] [stderr] 52 | #[derive(Debug)]
[INFO] [stderr]    |   ^^^^^^
[INFO] [stderr] 
[INFO] [stderr] error: cannot find macro `include_str` in this scope
[INFO] [stderr]  --> /opt/rustwide/cargo-home/registry/src/github.com-1ecc6299db9ec823/critical-section-1.1.1/src/lib.rs:2:10
[INFO] [stderr]   |
[INFO] [stderr] 2 | #![doc = include_str!("../README.md")]
[INFO] [stderr]   |          ^^^^^^^^^^^
[INFO] [stderr] 
[INFO] [stderr] error[E0405]: cannot find trait `FnOnce` in this scope
[INFO] [stderr]    --> /opt/rustwide/cargo-home/registry/src/github.com-1ecc6299db9ec823/critical-section-1.1.1/src/mutex.rs:117:12
[INFO] [stderr]     |
[INFO] [stderr] 117 |         F: FnOnce(&mut T) -> T,
[INFO] [stderr]     |            ^^^^^^ not found in this scope
[INFO] [stderr] 
[INFO] [stderr] error[E0405]: cannot find trait `Default` in this scope
[INFO] [stderr]    --> /opt/rustwide/cargo-home/registry/src/github.com-1ecc6299db9ec823/critical-section-1.1.1/src/mutex.rs:151:9
[INFO] [stderr]     |
[INFO] [stderr] 151 | impl<T: Default> Mutex<RefCell<T>> {
[INFO] [stderr]     |         ^^^^^^^ not found in this scope
[INFO] [stderr] 
[INFO] [stderr] error[E0405]: cannot find trait `Sync` in this scope
[INFO] [stderr]    --> /opt/rustwide/cargo-home/registry/src/github.com-1ecc6299db9ec823/critical-section-1.1.1/src/mutex.rs:170:16
[INFO] [stderr]     |
[INFO] [stderr] 170 | unsafe impl<T> Sync for Mutex<T> where T: Send {}
[INFO] [stderr]     |                ^^^^ not found in this scope
[INFO] [stderr] 
[INFO] [stderr] error[E0463]: can't find crate for `core`
[INFO] [stderr]  --> /opt/rustwide/cargo-home/registry/src/github.com-1ecc6299db9ec823/dtb-walker-0.2.0-alpha.3/src/context.rs:2:5
[INFO] [stderr]   |
[INFO] [stderr] 2 | use core::fmt;
[INFO] [stderr]   |     ^^^^ can't find crate
[INFO] [stderr]   |
[INFO] [stderr]   = note: the `riscv64imac-unknown-none-elf` target may not be installed
[INFO] [stderr]   = help: consider downloading the target with `rustup target add riscv64imac-unknown-none-elf`
[INFO] [stderr] 
[INFO] [stderr] error[E0463]: can't find crate for `core`
[INFO] [stderr]  --> /opt/rustwide/cargo-home/registry/src/github.com-1ecc6299db9ec823/dtb-walker-0.2.0-alpha.3/src/header.rs:2:5
[INFO] [stderr]   |
[INFO] [stderr] 2 | use core::ops::Range;
[INFO] [stderr]   |     ^^^^ can't find crate
[INFO] [stderr]   |
[INFO] [stderr]   = note: the `riscv64imac-unknown-none-elf` target may not be installed
[INFO] [stderr]   = help: consider downloading the target with `rustup target add riscv64imac-unknown-none-elf`
[INFO] [stderr] 
[INFO] [stderr] error[E0463]: can't find crate for `core`
[INFO] [stderr]  --> /opt/rustwide/cargo-home/registry/src/github.com-1ecc6299db9ec823/dtb-walker-0.2.0-alpha.3/src/indent.rs:1:5
[INFO] [stderr]   |
[INFO] [stderr] 1 | use core::fmt;
[INFO] [stderr]   |     ^^^^ can't find crate
[INFO] [stderr]   |
[INFO] [stderr]   = note: the `riscv64imac-unknown-none-elf` target may not be installed
[INFO] [stderr]   = help: consider downloading the target with `rustup target add riscv64imac-unknown-none-elf`
[INFO] [stderr] 
[INFO] [stderr] error[E0463]: can't find crate for `core`
[INFO] [stderr]  --> /opt/rustwide/cargo-home/registry/src/github.com-1ecc6299db9ec823/dtb-walker-0.2.0-alpha.3/src/property/phandle.rs:3:5
[INFO] [stderr]   |
[INFO] [stderr] 3 | use core::fmt;
[INFO] [stderr]   |     ^^^^ can't find crate
[INFO] [stderr]   |
[INFO] [stderr]   = note: the `riscv64imac-unknown-none-elf` target may not be installed
[INFO] [stderr]   = help: consider downloading the target with `rustup target add riscv64imac-unknown-none-elf`
[INFO] [stderr] 
[INFO] [stderr] error[E0463]: can't find crate for `core`
[INFO] [stderr]  --> /opt/rustwide/cargo-home/registry/src/github.com-1ecc6299db9ec823/dtb-walker-0.2.0-alpha.3/src/property/reg.rs:2:5
[INFO] [stderr]   |
[INFO] [stderr] 2 | use core::{fmt, ops::Range};
[INFO] [stderr]   |     ^^^^ can't find crate
[INFO] [stderr]   |
[INFO] [stderr]   = note: the `riscv64imac-unknown-none-elf` target may not be installed
[INFO] [stderr]   = help: consider downloading the target with `rustup target add riscv64imac-unknown-none-elf`
[INFO] [stderr] 
[INFO] [stderr] error[E0463]: can't find crate for `core`
[INFO] [stderr]  --> /opt/rustwide/cargo-home/registry/src/github.com-1ecc6299db9ec823/dtb-walker-0.2.0-alpha.3/src/property/str.rs:5:5
[INFO] [stderr]   |
[INFO] [stderr] 5 | use core::{fmt, slice};
[INFO] [stderr]   |     ^^^^ can't find crate
[INFO] [stderr]   |
[INFO] [stderr]   = note: the `riscv64imac-unknown-none-elf` target may not be installed
[INFO] [stderr]   = help: consider downloading the target with `rustup target add riscv64imac-unknown-none-elf`
[INFO] [stderr] 
[INFO] [stderr] error[E0463]: can't find crate for `core`
[INFO] [stderr]  --> /opt/rustwide/cargo-home/registry/src/github.com-1ecc6299db9ec823/dtb-walker-0.2.0-alpha.3/src/property/mod.rs:8:5
[INFO] [stderr]   |
[INFO] [stderr] 8 | use core::{fmt, slice};
[INFO] [stderr]   |     ^^^^ can't find crate
[INFO] [stderr]   |
[INFO] [stderr]   = note: the `riscv64imac-unknown-none-elf` target may not be installed
[INFO] [stderr]   = help: consider downloading the target with `rustup target add riscv64imac-unknown-none-elf`
[INFO] [stderr] 
[INFO] [stderr] error[E0463]: can't find crate for `core`
[INFO] [stderr]  --> /opt/rustwide/cargo-home/registry/src/github.com-1ecc6299db9ec823/dtb-walker-0.2.0-alpha.3/src/str.rs:1:5
[INFO] [stderr]   |
[INFO] [stderr] 1 | use core::{fmt, str};
[INFO] [stderr]   |     ^^^^ can't find crate
[INFO] [stderr]   |
[INFO] [stderr]   = note: the `riscv64imac-unknown-none-elf` target may not be installed
[INFO] [stderr]   = help: consider downloading the target with `rustup target add riscv64imac-unknown-none-elf`
[INFO] [stderr] 
[INFO] [stderr] error[E0463]: can't find crate for `core`
[INFO] [stderr]   --> /opt/rustwide/cargo-home/registry/src/github.com-1ecc6299db9ec823/dtb-walker-0.2.0-alpha.3/src/lib.rs:37:5
[INFO] [stderr]    |
[INFO] [stderr] 37 | use core::{fmt, mem, slice};
[INFO] [stderr]    |     ^^^^ can't find crate
[INFO] [stderr]    |
[INFO] [stderr]    = note: the `riscv64imac-unknown-none-elf` target may not be installed
[INFO] [stderr]    = help: consider downloading the target with `rustup target add riscv64imac-unknown-none-elf`
[INFO] [stderr] 
[INFO] [stderr] error: cannot find attribute `derive` in this scope
[INFO] [stderr]    --> /opt/rustwide/cargo-home/registry/src/github.com-1ecc6299db9ec823/dtb-walker-0.2.0-alpha.3/src/lib.rs:183:3
[INFO] [stderr]     |
[INFO] [stderr] 183 | #[derive(Clone, Copy, PartialEq, Eq)]
[INFO] [stderr]     |   ^^^^^^
[INFO] [stderr] 
[INFO] [stderr] error[E0405]: cannot find trait `Send` in this scope
[INFO] [stderr]    --> /opt/rustwide/cargo-home/registry/src/github.com-1ecc6299db9ec823/critical-section-1.1.1/src/mutex.rs:170:43
[INFO] [stderr]     |
[INFO] [stderr] 170 | unsafe impl<T> Sync for Mutex<T> where T: Send {}
[INFO] [stderr]     |                                           ^^^^ not found in this scope
[INFO] [stderr] 
[INFO] [stderr] error: cannot find macro `unreachable` in this scope
[INFO] [stderr]    --> /opt/rustwide/cargo-home/registry/src/github.com-1ecc6299db9ec823/dtb-walker-0.2.0-alpha.3/src/walker.rs:109:40
[INFO] [stderr]     |
[INFO] [stderr] 109 |                 Some((_, _)) | None => unreachable!(),
[INFO] [stderr]     |                                        ^^^^^^^^^^^
[INFO] [stderr] 
[INFO] [stderr] error: cannot find macro `assert` in this scope
[INFO] [stderr]   --> /opt/rustwide/cargo-home/registry/src/github.com-1ecc6299db9ec823/dtb-walker-0.2.0-alpha.3/src/walker.rs:59:25
[INFO] [stderr]    |
[INFO] [stderr] 59 |                         assert!(self.walk_inner(f, None));
[INFO] [stderr]    |                         ^^^^^^
[INFO] [stderr] 
[INFO] [stderr] error: cannot find macro `matches` in this scope
[INFO] [stderr]   --> /opt/rustwide/cargo-home/registry/src/github.com-1ecc6299db9ec823/dtb-walker-0.2.0-alpha.3/src/structure_block.rs:39:9
[INFO] [stderr]    |
[INFO] [stderr] 39 |         matches!(self.0 .0.to_ne_bytes(), [_, _, _, 0])
[INFO] [stderr]    |         ^^^^^^^
[INFO] [stderr] 
[INFO] [stderr] error: cannot find attribute `derive` in this scope
[INFO] [stderr]  --> /opt/rustwide/cargo-home/registry/src/github.com-1ecc6299db9ec823/dtb-walker-0.2.0-alpha.3/src/structure_block.rs:7:3
[INFO] [stderr]   |
[INFO] [stderr] 7 | #[derive(Clone, Copy, PartialEq, Eq)]
[INFO] [stderr]   |   ^^^^^^
[INFO] [stderr] 
[INFO] [stderr] error[E0405]: cannot find trait `FnOnce` in this scope
[INFO] [stderr]    --> /opt/rustwide/cargo-home/registry/src/github.com-1ecc6299db9ec823/critical-section-1.1.1/src/lib.rs:210:24
[INFO] [stderr]     |
[INFO] [stderr] 210 | pub fn with<R>(f: impl FnOnce(CriticalSection) -> R) -> R {
[INFO] [stderr]     |                        ^^^^^^ not found in this scope
[INFO] [stderr] 
[INFO] [stderr] error: cannot find attribute `derive` in this scope
[INFO] [stderr]  --> /opt/rustwide/cargo-home/registry/src/github.com-1ecc6299db9ec823/dtb-walker-0.2.0-alpha.3/src/str.rs:4:3
[INFO] [stderr]   |
[INFO] [stderr] 4 | #[derive(Clone, Copy, PartialEq, Eq)]
[INFO] [stderr]   |   ^^^^^^
[INFO] [stderr] 
[INFO] [stderr] error: cannot find macro `write` in this scope
[INFO] [stderr]   --> /opt/rustwide/cargo-home/registry/src/github.com-1ecc6299db9ec823/dtb-walker-0.2.0-alpha.3/src/property/mod.rs:85:25
[INFO] [stderr]    |
[INFO] [stderr] 85 |                         write!(f, ";")
[INFO] [stderr]    |                         ^^^^^
[INFO] [stderr] 
[INFO] [stderr] error: cannot find macro `write` in this scope
[INFO] [stderr]   --> /opt/rustwide/cargo-home/registry/src/github.com-1ecc6299db9ec823/dtb-walker-0.2.0-alpha.3/src/property/mod.rs:82:25
[INFO] [stderr]    |
[INFO] [stderr] 82 |                         write!(f, " = {value:02x?};")
[INFO] [stderr]    |                         ^^^^^
[INFO] [stderr] 
[INFO] [stderr] error: cannot find macro `write` in this scope
[INFO] [stderr]   --> /opt/rustwide/cargo-home/registry/src/github.com-1ecc6299db9ec823/dtb-walker-0.2.0-alpha.3/src/property/mod.rs:79:17
[INFO] [stderr]    |
[INFO] [stderr] 79 |                 write!(f, "{}", unsafe { name.as_str_unchecked() })?;
[INFO] [stderr]    |                 ^^^^^
[INFO] [stderr] 
[INFO] [stderr] error[E0405]: cannot find trait `Drop` in this scope
[INFO] [stderr]    --> /opt/rustwide/cargo-home/registry/src/github.com-1ecc6299db9ec823/critical-section-1.1.1/src/lib.rs:216:10
[INFO] [stderr]     |
[INFO] [stderr] 216 |     impl Drop for Guard {
[INFO] [stderr]     |          ^^^^ not found in this scope
[INFO] [stderr] 
[INFO] [stderr] error: cannot find macro `write` in this scope
[INFO] [stderr]   --> /opt/rustwide/cargo-home/registry/src/github.com-1ecc6299db9ec823/dtb-walker-0.2.0-alpha.3/src/property/mod.rs:77:34
[INFO] [stderr]    |
[INFO] [stderr] 77 |             Self::DmaCoherent => write!(f, "dma-coherent;"),
[INFO] [stderr]    |                                  ^^^^^
[INFO] [stderr] 
[INFO] [stderr] error: cannot find macro `write` in this scope
[INFO] [stderr]   --> /opt/rustwide/cargo-home/registry/src/github.com-1ecc6299db9ec823/dtb-walker-0.2.0-alpha.3/src/property/mod.rs:75:17
[INFO] [stderr]    |
[INFO] [stderr] 75 |                 write!(f, ">;")
[INFO] [stderr]    |                 ^^^^^
[INFO] [stderr] 
[INFO] [stderr] error: cannot find macro `write` in this scope
[INFO] [stderr]   --> /opt/rustwide/cargo-home/registry/src/github.com-1ecc6299db9ec823/dtb-walker-0.2.0-alpha.3/src/property/mod.rs:73:17
[INFO] [stderr]    |
[INFO] [stderr] 73 |                 write!(f, "virtual-reg = <")?;
[INFO] [stderr]    |                 ^^^^^
[INFO] [stderr] 
[INFO] [stderr] error: cannot find macro `write` in this scope
[INFO] [stderr]   --> /opt/rustwide/cargo-home/registry/src/github.com-1ecc6299db9ec823/dtb-walker-0.2.0-alpha.3/src/property/mod.rs:71:37
[INFO] [stderr]    |
[INFO] [stderr] 71 |             Self::Status(status) => write!(f, "status = {status};"),
[INFO] [stderr]    |                                     ^^^^^
[INFO] [stderr] 
[INFO] [stderr] error: cannot find macro `write` in this scope
[INFO] [stderr]   --> /opt/rustwide/cargo-home/registry/src/github.com-1ecc6299db9ec823/dtb-walker-0.2.0-alpha.3/src/property/mod.rs:70:39
[INFO] [stderr]    |
[INFO] [stderr] 70 |             Self::PHandle(phandle) => write!(f, "phandle = {phandle:?};"),
[INFO] [stderr]    |                                       ^^^^^
[INFO] [stderr] 
[INFO] [stderr] error: cannot find macro `write` in this scope
[INFO] [stderr]   --> /opt/rustwide/cargo-home/registry/src/github.com-1ecc6299db9ec823/dtb-walker-0.2.0-alpha.3/src/property/mod.rs:69:31
[INFO] [stderr]    |
[INFO] [stderr] 69 |             Self::Reg(reg) => write!(f, "reg = {reg:#x?};"),
[INFO] [stderr]    |                               ^^^^^
[INFO] [stderr] 
[INFO] [stderr] error: cannot find macro `write` in this scope
[INFO] [stderr]   --> /opt/rustwide/cargo-home/registry/src/github.com-1ecc6299db9ec823/dtb-walker-0.2.0-alpha.3/src/property/mod.rs:68:35
[INFO] [stderr]    |
[INFO] [stderr] 68 |             Self::Model(model) => write!(f, "model = {model};"),
[INFO] [stderr]    |                                   ^^^^^
[INFO] [stderr] 
[INFO] [stderr] error: cannot find macro `write` in this scope
[INFO] [stderr]   --> /opt/rustwide/cargo-home/registry/src/github.com-1ecc6299db9ec823/dtb-walker-0.2.0-alpha.3/src/property/mod.rs:67:45
[INFO] [stderr]    |
[INFO] [stderr] 67 |             Self::Compatible(compatible) => write!(f, "compatible = {compatible};"),
[INFO] [stderr]    |                                             ^^^^^
[INFO] [stderr] 
[INFO] [stderr] error: cannot find attribute `derive` in this scope
[INFO] [stderr]   --> /opt/rustwide/cargo-home/registry/src/github.com-1ecc6299db9ec823/dtb-walker-0.2.0-alpha.3/src/property/str.rs:20:3
[INFO] [stderr]    |
[INFO] [stderr] 20 | #[derive(Clone)]
[INFO] [stderr]    |   ^^^^^^
[INFO] [stderr] 
[INFO] [stderr] error: cannot find attribute `derive` in this scope
[INFO] [stderr]   --> /opt/rustwide/cargo-home/registry/src/github.com-1ecc6299db9ec823/dtb-walker-0.2.0-alpha.3/src/property/reg.rs:51:3
[INFO] [stderr]    |
[INFO] [stderr] 51 | #[derive(Clone, Copy)]
[INFO] [stderr]    |   ^^^^^^
[INFO] [stderr] 
[INFO] [stderr] error: cannot find macro `write` in this scope
[INFO] [stderr]   --> /opt/rustwide/cargo-home/registry/src/github.com-1ecc6299db9ec823/dtb-walker-0.2.0-alpha.3/src/property/reg.rs:47:9
[INFO] [stderr]    |
[INFO] [stderr] 47 |         write!(f, "]")
[INFO] [stderr]    |         ^^^^^
[INFO] [stderr] 
[INFO] [stderr] error: cannot find macro `write` in this scope
[INFO] [stderr]   --> /opt/rustwide/cargo-home/registry/src/github.com-1ecc6299db9ec823/dtb-walker-0.2.0-alpha.3/src/property/reg.rs:43:17
[INFO] [stderr]    |
[INFO] [stderr] 43 |                 write!(f, ", ")?;
[INFO] [stderr]    |                 ^^^^^
[INFO] [stderr] 
[INFO] [stderr] error[E0463]: can't find crate for `core`
[INFO] [stderr]  --> /opt/rustwide/cargo-home/registry/src/github.com-1ecc6299db9ec823/sifive-test-device-0.0.0/src/lib.rs:6:5
[INFO] [stderr]   |
[INFO] [stderr] 6 | use core::cell::UnsafeCell;
[INFO] [stderr]   |     ^^^^ can't find crate
[INFO] [stderr]   |
[INFO] [stderr]   = note: the `riscv64imac-unknown-none-elf` target may not be installed
[INFO] [stderr]   = help: consider downloading the target with `rustup target add riscv64imac-unknown-none-elf`
[INFO] [stderr] 
[INFO] [stderr] error: could not compile `critical-section` due to 14 previous errors
[INFO] [stderr] error: cannot find macro `unreachable` in this scope
[INFO] [stderr]   --> /opt/rustwide/cargo-home/registry/src/github.com-1ecc6299db9ec823/sifive-test-device-0.0.0/src/lib.rs:38:9
[INFO] [stderr]    |
[INFO] [stderr] 38 |         unreachable!()
[INFO] [stderr]    |         ^^^^^^^^^^^
[INFO] [stderr] 
[INFO] [stderr] error: could not compile `sifive-test-device` due to 5 previous errors
[INFO] [stderr] error: cannot find macro `write` in this scope
[INFO] [stderr]   --> /opt/rustwide/cargo-home/registry/src/github.com-1ecc6299db9ec823/dtb-walker-0.2.0-alpha.3/src/property/reg.rs:39:9
[INFO] [stderr]    |
[INFO] [stderr] 39 |         write!(f, "[")?;
[INFO] [stderr]    |         ^^^^^
[INFO] [stderr] 
[INFO] [stderr] error: cannot find attribute `derive` in this scope
[INFO] [stderr]  --> /opt/rustwide/cargo-home/registry/src/github.com-1ecc6299db9ec823/dtb-walker-0.2.0-alpha.3/src/property/reg.rs:5:3
[INFO] [stderr]   |
[INFO] [stderr] 5 | #[derive(Clone)]
[INFO] [stderr]   |   ^^^^^^
[INFO] [stderr] 
[INFO] [stderr] error: cannot find macro `write` in this scope
[INFO] [stderr]   --> /opt/rustwide/cargo-home/registry/src/github.com-1ecc6299db9ec823/dtb-walker-0.2.0-alpha.3/src/property/phandle.rs:20:9
[INFO] [stderr]    |
[INFO] [stderr] 20 |         write!(f, ">")
[INFO] [stderr]    |         ^^^^^
[INFO] [stderr] 
[INFO] [stderr] error: cannot find macro `write` in this scope
[INFO] [stderr]   --> /opt/rustwide/cargo-home/registry/src/github.com-1ecc6299db9ec823/dtb-walker-0.2.0-alpha.3/src/property/phandle.rs:18:9
[INFO] [stderr]    |
[INFO] [stderr] 18 |         write!(f, "<")?;
[INFO] [stderr]    |         ^^^^^
[INFO] [stderr] 
[INFO] [stderr] error: cannot find attribute `derive` in this scope
[INFO] [stderr]   --> /opt/rustwide/cargo-home/registry/src/github.com-1ecc6299db9ec823/dtb-walker-0.2.0-alpha.3/src/header.rs:19:3
[INFO] [stderr]    |
[INFO] [stderr] 19 | #[derive(Clone, PartialEq, Eq, Debug)]
[INFO] [stderr]    |   ^^^^^^
[INFO] [stderr] 
[INFO] [stderr] error: cannot find attribute `derive` in this scope
[INFO] [stderr]   --> /opt/rustwide/cargo-home/registry/src/github.com-1ecc6299db9ec823/dtb-walker-0.2.0-alpha.3/src/context.rs:80:3
[INFO] [stderr]    |
[INFO] [stderr] 80 | #[derive(Clone, Copy)]
[INFO] [stderr]    |   ^^^^^^
[INFO] [stderr] 
[INFO] [stderr] error[E0463]: can't find crate for `core`
[INFO] [stderr]   --> /opt/rustwide/cargo-home/registry/src/github.com-1ecc6299db9ec823/dtb-walker-0.2.0-alpha.3/src/header.rs:83:25
[INFO] [stderr]    |
[INFO] [stderr] 83 | const LEN_HEADER: u32 = core::mem::size_of::<FdtHeader>() as _;
[INFO] [stderr]    |                         ^^^^ can't find crate
[INFO] [stderr]    |
[INFO] [stderr]    = note: the `riscv64imac-unknown-none-elf` target may not be installed
[INFO] [stderr]    = help: consider downloading the target with `rustup target add riscv64imac-unknown-none-elf`
[INFO] [stderr] 
[INFO] [stderr] error[E0463]: can't find crate for `core`
[INFO] [stderr]    --> /opt/rustwide/cargo-home/registry/src/github.com-1ecc6299db9ec823/dtb-walker-0.2.0-alpha.3/src/header.rs:155:19
[INFO] [stderr]     |
[INFO] [stderr] 155 |             match core::slice::from_raw_parts(
[INFO] [stderr]     |                   ^^^^ can't find crate
[INFO] [stderr]     |
[INFO] [stderr]     = note: the `riscv64imac-unknown-none-elf` target may not be installed
[INFO] [stderr]     = help: consider downloading the target with `rustup target add riscv64imac-unknown-none-elf`
[INFO] [stderr] 
[INFO] [stderr] error[E0463]: can't find crate for `core`
[INFO] [stderr]   --> /opt/rustwide/cargo-home/registry/src/github.com-1ecc6299db9ec823/dtb-walker-0.2.0-alpha.3/src/property/mod.rs:42:18
[INFO] [stderr]    |
[INFO] [stderr] 42 | type Result<T> = core::result::Result<T, Error>;
[INFO] [stderr]    |                  ^^^^ can't find crate
[INFO] [stderr]    |
[INFO] [stderr]    = note: the `riscv64imac-unknown-none-elf` target may not be installed
[INFO] [stderr]    = help: consider downloading the target with `rustup target add riscv64imac-unknown-none-elf`
[INFO] [stderr] 
[INFO] [stderr] error[E0463]: can't find crate for `core`
[INFO] [stderr]   --> /opt/rustwide/cargo-home/registry/src/github.com-1ecc6299db9ec823/dtb-walker-0.2.0-alpha.3/src/structure_block.rs:12:28
[INFO] [stderr]    |
[INFO] [stderr] 12 |     pub const LEN: usize = core::mem::size_of::<Self>();
[INFO] [stderr]    |                            ^^^^ can't find crate
[INFO] [stderr]    |
[INFO] [stderr]    = note: the `riscv64imac-unknown-none-elf` target may not be installed
[INFO] [stderr]    = help: consider downloading the target with `rustup target add riscv64imac-unknown-none-elf`
[INFO] [stderr] 
[INFO] [stderr] error[E0463]: can't find crate for `core`
[INFO] [stderr]   --> /opt/rustwide/cargo-home/registry/src/github.com-1ecc6299db9ec823/dtb-walker-0.2.0-alpha.3/src/walker.rs:40:29
[INFO] [stderr]    |
[INFO] [stderr] 40 | ...                   core::slice::from_raw_parts(
[INFO] [stderr]    |                       ^^^^ can't find crate
[INFO] [stderr]    |
[INFO] [stderr]    = note: the `riscv64imac-unknown-none-elf` target may not be installed
[INFO] [stderr]    = help: consider downloading the target with `rustup target add riscv64imac-unknown-none-elf`
[INFO] [stderr] 
[INFO] [stderr] error[E0408]: variable `None` is not bound in all patterns
[INFO] [stderr]    --> /opt/rustwide/cargo-home/registry/src/github.com-1ecc6299db9ec823/dtb-walker-0.2.0-alpha.3/src/walker.rs:109:17
[INFO] [stderr]     |
[INFO] [stderr] 109 |                 Some((_, _)) | None => unreachable!(),
[INFO] [stderr]     |                 ^^^^^^^^^^^^   ---- variable not in all patterns
[INFO] [stderr]     |                 |
[INFO] [stderr]     |                 pattern doesn't bind `None`
[INFO] [stderr]     |
[INFO] [stderr] help: if you meant to match on a variant or a `const` item, consider making the path in the pattern qualified: `path::to::ModOrType::None`
[INFO] [stderr]    --> /opt/rustwide/cargo-home/registry/src/github.com-1ecc6299db9ec823/dtb-walker-0.2.0-alpha.3/src/walker.rs:109:32
[INFO] [stderr]     |
[INFO] [stderr] 109 |                 Some((_, _)) | None => unreachable!(),
[INFO] [stderr]     |                                ^^^^
[INFO] [stderr] 
[INFO] [stderr] error[E0412]: cannot find type `Result` in this scope
[INFO] [stderr]   --> /opt/rustwide/cargo-home/registry/src/github.com-1ecc6299db9ec823/dtb-walker-0.2.0-alpha.3/src/context.rs:45:47
[INFO] [stderr]    |
[INFO] [stderr] 45 |     pub fn fmt_path(&self, buf: &mut [u8]) -> Result<usize, usize> {
[INFO] [stderr]    |                                               ^^^^^^ not found in this scope
[INFO] [stderr]    |
[INFO] [stderr] note: type alias `crate::property::Result` exists but is inaccessible
[INFO] [stderr]   --> /opt/rustwide/cargo-home/registry/src/github.com-1ecc6299db9ec823/dtb-walker-0.2.0-alpha.3/src/property/mod.rs:42:1
[INFO] [stderr]    |
[INFO] [stderr] 42 | type Result<T> = core::result::Result<T, Error>;
[INFO] [stderr]    | ^^^^^^^^^^^^^^^^^^^^^^^^^^^^^^^^^^^^^^^^^^^^^^^^ not accessible
[INFO] [stderr] 
[INFO] [stderr] error[E0405]: cannot find trait `Fn` in this scope
[INFO] [stderr]   --> /opt/rustwide/cargo-home/registry/src/github.com-1ecc6299db9ec823/dtb-walker-0.2.0-alpha.3/src/header.rs:86:39
[INFO] [stderr]    |
[INFO] [stderr] 86 |     pub fn verify(&self, filter: impl Fn(&HeaderError) -> bool) -> Result<(), HeaderError> {
[INFO] [stderr]    |                                       ^^ not found in this scope
[INFO] [stderr] 
[INFO] [stderr] error[E0412]: cannot find type `Result` in this scope
[INFO] [stderr]   --> /opt/rustwide/cargo-home/registry/src/github.com-1ecc6299db9ec823/dtb-walker-0.2.0-alpha.3/src/header.rs:86:68
[INFO] [stderr]    |
[INFO] [stderr] 86 |     pub fn verify(&self, filter: impl Fn(&HeaderError) -> bool) -> Result<(), HeaderError> {
[INFO] [stderr]    |                                                                    ^^^^^^ not found in this scope
[INFO] [stderr]    |
[INFO] [stderr] note: type alias `crate::property::Result` exists but is inaccessible
[INFO] [stderr]   --> /opt/rustwide/cargo-home/registry/src/github.com-1ecc6299db9ec823/dtb-walker-0.2.0-alpha.3/src/property/mod.rs:42:1
[INFO] [stderr]    |
[INFO] [stderr] 42 | type Result<T> = core::result::Result<T, Error>;
[INFO] [stderr]    | ^^^^^^^^^^^^^^^^^^^^^^^^^^^^^^^^^^^^^^^^^^^^^^^^ not accessible
[INFO] [stderr] 
[INFO] [stderr] error[E0405]: cannot find trait `Fn` in this scope
[INFO] [stderr]    --> /opt/rustwide/cargo-home/registry/src/github.com-1ecc6299db9ec823/dtb-walker-0.2.0-alpha.3/src/header.rs:197:23
[INFO] [stderr]     |
[INFO] [stderr] 197 | fn check(filter: impl Fn(&HeaderError) -> bool, err: HeaderError) -> Result<(), HeaderError> {
[INFO] [stderr]     |                       ^^ not found in this scope
[INFO] [stderr] 
[INFO] [stderr] error[E0412]: cannot find type `Result` in this scope
[INFO] [stderr]    --> /opt/rustwide/cargo-home/registry/src/github.com-1ecc6299db9ec823/dtb-walker-0.2.0-alpha.3/src/header.rs:197:70
[INFO] [stderr]     |
[INFO] [stderr] 197 | fn check(filter: impl Fn(&HeaderError) -> bool, err: HeaderError) -> Result<(), HeaderError> {
[INFO] [stderr]     |                                                                      ^^^^^^ not found in this scope
[INFO] [stderr]     |
[INFO] [stderr] note: type alias `crate::property::Result` exists but is inaccessible
[INFO] [stderr]    --> /opt/rustwide/cargo-home/registry/src/github.com-1ecc6299db9ec823/dtb-walker-0.2.0-alpha.3/src/property/mod.rs:42:1
[INFO] [stderr]     |
[INFO] [stderr] 42  | type Result<T> = core::result::Result<T, Error>;
[INFO] [stderr]     | ^^^^^^^^^^^^^^^^^^^^^^^^^^^^^^^^^^^^^^^^^^^^^^^^ not accessible
[INFO] [stderr] 
[INFO] [stderr] error[E0405]: cannot find trait `Iterator` in this scope
[INFO] [stderr]   --> /opt/rustwide/cargo-home/registry/src/github.com-1ecc6299db9ec823/dtb-walker-0.2.0-alpha.3/src/property/reg.rs:11:6
[INFO] [stderr]    |
[INFO] [stderr] 11 | impl Iterator for Reg<'_> {
[INFO] [stderr]    |      ^^^^^^^^ not found in this scope
[INFO] [stderr] 
[INFO] [stderr] error[E0412]: cannot find type `Option` in this scope
[INFO] [stderr]   --> /opt/rustwide/cargo-home/registry/src/github.com-1ecc6299db9ec823/dtb-walker-0.2.0-alpha.3/src/property/reg.rs:14:27
[INFO] [stderr]    |
[INFO] [stderr] 14 |     fn next(&mut self) -> Option<Self::Item> {
[INFO] [stderr]    |                           ^^^^^^ not found in this scope
[INFO] [stderr] 
[INFO] [stderr] error[E0425]: cannot find value `None` in this scope
[INFO] [stderr]   --> /opt/rustwide/cargo-home/registry/src/github.com-1ecc6299db9ec823/dtb-walker-0.2.0-alpha.3/src/property/reg.rs:16:20
[INFO] [stderr]    |
[INFO] [stderr] 16 |             return None;
[INFO] [stderr]    |                    ^^^^ not found in this scope
[INFO] [stderr] 
[INFO] [stderr] error[E0531]: cannot find tuple struct or tuple variant `Some` in this scope
[INFO] [stderr]   --> /opt/rustwide/cargo-home/registry/src/github.com-1ecc6299db9ec823/dtb-walker-0.2.0-alpha.3/src/property/reg.rs:40:16
[INFO] [stderr]    |
[INFO] [stderr] 40 |         if let Some(first) = iter.next() {
[INFO] [stderr]    |                ^^^^ not found in this scope
[INFO] [stderr] 
[INFO] [stderr] error[E0531]: cannot find tuple struct or tuple variant `Some` in this scope
[INFO] [stderr]   --> /opt/rustwide/cargo-home/registry/src/github.com-1ecc6299db9ec823/dtb-walker-0.2.0-alpha.3/src/property/str.rs:11:16
[INFO] [stderr]    |
[INFO] [stderr] 11 |         if let Some(b'\0') = buf.last().copied() {
[INFO] [stderr]    |                ^^^^ not found in this scope
[INFO] [stderr] 
[INFO] [stderr] error[E0531]: cannot find tuple struct or tuple variant `Some` in this scope
[INFO] [stderr]   --> /opt/rustwide/cargo-home/registry/src/github.com-1ecc6299db9ec823/dtb-walker-0.2.0-alpha.3/src/property/str.rs:27:16
[INFO] [stderr]    |
[INFO] [stderr] 27 |         if let Some(b'\0') = buf.last().copied() {
[INFO] [stderr]    |                ^^^^ not found in this scope
[INFO] [stderr] 
[INFO] [stderr] error[E0405]: cannot find trait `Iterator` in this scope
[INFO] [stderr]   --> /opt/rustwide/cargo-home/registry/src/github.com-1ecc6299db9ec823/dtb-walker-0.2.0-alpha.3/src/property/str.rs:35:10
[INFO] [stderr]    |
[INFO] [stderr] 35 | impl<'a> Iterator for StrList<'a> {
[INFO] [stderr]    |          ^^^^^^^^ not found in this scope
[INFO] [stderr] 
[INFO] [stderr] error[E0412]: cannot find type `Option` in this scope
[INFO] [stderr]   --> /opt/rustwide/cargo-home/registry/src/github.com-1ecc6299db9ec823/dtb-walker-0.2.0-alpha.3/src/property/str.rs:38:27
[INFO] [stderr]    |
[INFO] [stderr] 38 |     fn next(&mut self) -> Option<Self::Item> {
[INFO] [stderr]    |                           ^^^^^^ not found in this scope
[INFO] [stderr] 
[INFO] [stderr] error[E0425]: cannot find value `None` in this scope
[INFO] [stderr]   --> /opt/rustwide/cargo-home/registry/src/github.com-1ecc6299db9ec823/dtb-walker-0.2.0-alpha.3/src/property/str.rs:40:20
[INFO] [stderr]    |
[INFO] [stderr] 40 |             return None;
[INFO] [stderr]    |                    ^^^^ not found in this scope
[INFO] [stderr] 
[INFO] [stderr] error[E0531]: cannot find tuple struct or tuple variant `Some` in this scope
[INFO] [stderr]   --> /opt/rustwide/cargo-home/registry/src/github.com-1ecc6299db9ec823/dtb-walker-0.2.0-alpha.3/src/property/str.rs:54:16
[INFO] [stderr]    |
[INFO] [stderr] 54 |         if let Some(first) = iter.next() {
[INFO] [stderr]    |                ^^^^ not found in this scope
[INFO] [stderr] 
[INFO] [stderr] error[E0412]: cannot find type `Result` in this scope
[INFO] [stderr]   --> /opt/rustwide/cargo-home/registry/src/github.com-1ecc6299db9ec823/dtb-walker-0.2.0-alpha.3/src/str.rs:16:29
[INFO] [stderr]    |
[INFO] [stderr] 16 |     pub fn as_str(&self) -> Result<&str, str::Utf8Error> {
[INFO] [stderr]    |                             ^^^^^^ not found in this scope
[INFO] [stderr]    |
[INFO] [stderr] note: type alias `crate::property::Result` exists but is inaccessible
[INFO] [stderr]   --> /opt/rustwide/cargo-home/registry/src/github.com-1ecc6299db9ec823/dtb-walker-0.2.0-alpha.3/src/property/mod.rs:42:1
[INFO] [stderr]    |
[INFO] [stderr] 42 | type Result<T> = core::result::Result<T, Error>;
[INFO] [stderr]    | ^^^^^^^^^^^^^^^^^^^^^^^^^^^^^^^^^^^^^^^^^^^^^^^^ not accessible
[INFO] [stderr] 
[INFO] [stderr] error[E0405]: cannot find trait `From` in this scope
[INFO] [stderr]   --> /opt/rustwide/cargo-home/registry/src/github.com-1ecc6299db9ec823/dtb-walker-0.2.0-alpha.3/src/str.rs:37:10
[INFO] [stderr]    |
[INFO] [stderr] 37 | impl<'a> From<&'a str> for Str<'a> {
[INFO] [stderr]    |          ^^^^ not found in this scope
[INFO] [stderr] 
[INFO] [stderr] error[E0412]: cannot find type `Option` in this scope
[INFO] [stderr]  --> /opt/rustwide/cargo-home/registry/src/github.com-1ecc6299db9ec823/dtb-walker-0.2.0-alpha.3/src/tree_on_stack.rs:4:17
[INFO] [stderr]   |
[INFO] [stderr] 4 |     pub parent: Option<&'a Self>,
[INFO] [stderr]   |                 ^^^^^^ not found in this scope
[INFO] [stderr] 
[INFO] [stderr] error[E0425]: cannot find value `None` in this scope
[INFO] [stderr]   --> /opt/rustwide/cargo-home/registry/src/github.com-1ecc6299db9ec823/dtb-walker-0.2.0-alpha.3/src/tree_on_stack.rs:11:30
[INFO] [stderr]    |
[INFO] [stderr] 11 |         Node { data, parent: None }
[INFO] [stderr]    |                              ^^^^ not found in this scope
[INFO] [stderr] 
[INFO] [stderr] error[E0405]: cannot find trait `FnMut` in this scope
[INFO] [stderr]   --> /opt/rustwide/cargo-home/registry/src/github.com-1ecc6299db9ec823/dtb-walker-0.2.0-alpha.3/src/tree_on_stack.rs:28:51
[INFO] [stderr]    |
[INFO] [stderr] 28 |     pub fn fold<A, E>(&self, init: A, mut f: impl FnMut(A, &T) -> Result<A, E>) -> Result<A, E> {
[INFO] [stderr]    |                                                   ^^^^^ not found in this scope
[INFO] [stderr] 
[INFO] [stderr] error[E0412]: cannot find type `Result` in this scope
[INFO] [stderr]   --> /opt/rustwide/cargo-home/registry/src/github.com-1ecc6299db9ec823/dtb-walker-0.2.0-alpha.3/src/tree_on_stack.rs:28:67
[INFO] [stderr]    |
[INFO] [stderr] 28 |     pub fn fold<A, E>(&self, init: A, mut f: impl FnMut(A, &T) -> Result<A, E>) -> Result<A, E> {
[INFO] [stderr]    |                                                                   ^^^^^^ not found in this scope
[INFO] [stderr]    |
[INFO] [stderr] note: type alias `crate::property::Result` exists but is inaccessible
[INFO] [stderr]   --> /opt/rustwide/cargo-home/registry/src/github.com-1ecc6299db9ec823/dtb-walker-0.2.0-alpha.3/src/property/mod.rs:42:1
[INFO] [stderr]    |
[INFO] [stderr] 42 | type Result<T> = core::result::Result<T, Error>;
[INFO] [stderr]    | ^^^^^^^^^^^^^^^^^^^^^^^^^^^^^^^^^^^^^^^^^^^^^^^^ not accessible
[INFO] [stderr] 
[INFO] [stderr] error[E0412]: cannot find type `Result` in this scope
[INFO] [stderr]   --> /opt/rustwide/cargo-home/registry/src/github.com-1ecc6299db9ec823/dtb-walker-0.2.0-alpha.3/src/tree_on_stack.rs:28:84
[INFO] [stderr]    |
[INFO] [stderr] 28 |     pub fn fold<A, E>(&self, init: A, mut f: impl FnMut(A, &T) -> Result<A, E>) -> Result<A, E> {
[INFO] [stderr]    |                                                                                    ^^^^^^ not found in this scope
[INFO] [stderr]    |
[INFO] [stderr] note: type alias `crate::property::Result` exists but is inaccessible
[INFO] [stderr]   --> /opt/rustwide/cargo-home/registry/src/github.com-1ecc6299db9ec823/dtb-walker-0.2.0-alpha.3/src/property/mod.rs:42:1
[INFO] [stderr]    |
[INFO] [stderr] 42 | type Result<T> = core::result::Result<T, Error>;
[INFO] [stderr]    | ^^^^^^^^^^^^^^^^^^^^^^^^^^^^^^^^^^^^^^^^^^^^^^^^ not accessible
[INFO] [stderr] 
[INFO] [stderr] error[E0405]: cannot find trait `FnMut` in this scope
[INFO] [stderr]   --> /opt/rustwide/cargo-home/registry/src/github.com-1ecc6299db9ec823/dtb-walker-0.2.0-alpha.3/src/tree_on_stack.rs:35:53
[INFO] [stderr]    |
[INFO] [stderr] 35 |     pub fn fold_r<A, E>(&self, init: A, mut f: impl FnMut(A, &T) -> Result<A, E>) -> Result<A, E> {
[INFO] [stderr]    |                                                     ^^^^^ not found in this scope
[INFO] [stderr] 
[INFO] [stderr] error[E0412]: cannot find type `Result` in this scope
[INFO] [stderr]   --> /opt/rustwide/cargo-home/registry/src/github.com-1ecc6299db9ec823/dtb-walker-0.2.0-alpha.3/src/tree_on_stack.rs:35:69
[INFO] [stderr]    |
[INFO] [stderr] 35 |     pub fn fold_r<A, E>(&self, init: A, mut f: impl FnMut(A, &T) -> Result<A, E>) -> Result<A, E> {
[INFO] [stderr]    |                                                                     ^^^^^^ not found in this scope
[INFO] [stderr]    |
[INFO] [stderr] note: type alias `crate::property::Result` exists but is inaccessible
[INFO] [stderr]   --> /opt/rustwide/cargo-home/registry/src/github.com-1ecc6299db9ec823/dtb-walker-0.2.0-alpha.3/src/property/mod.rs:42:1
[INFO] [stderr]    |
[INFO] [stderr] 42 | type Result<T> = core::result::Result<T, Error>;
[INFO] [stderr]    | ^^^^^^^^^^^^^^^^^^^^^^^^^^^^^^^^^^^^^^^^^^^^^^^^ not accessible
[INFO] [stderr] 
[INFO] [stderr] error[E0412]: cannot find type `Result` in this scope
[INFO] [stderr]   --> /opt/rustwide/cargo-home/registry/src/github.com-1ecc6299db9ec823/dtb-walker-0.2.0-alpha.3/src/tree_on_stack.rs:35:86
[INFO] [stderr]    |
[INFO] [stderr] 35 |     pub fn fold_r<A, E>(&self, init: A, mut f: impl FnMut(A, &T) -> Result<A, E>) -> Result<A, E> {
[INFO] [stderr]    |                                                                                      ^^^^^^ not found in this scope
[INFO] [stderr]    |
[INFO] [stderr] note: type alias `crate::property::Result` exists but is inaccessible
[INFO] [stderr]   --> /opt/rustwide/cargo-home/registry/src/github.com-1ecc6299db9ec823/dtb-walker-0.2.0-alpha.3/src/property/mod.rs:42:1
[INFO] [stderr]    |
[INFO] [stderr] 42 | type Result<T> = core::result::Result<T, Error>;
[INFO] [stderr]    | ^^^^^^^^^^^^^^^^^^^^^^^^^^^^^^^^^^^^^^^^^^^^^^^^ not accessible
[INFO] [stderr] 
[INFO] [stderr] error[E0405]: cannot find trait `FnMut` in this scope
[INFO] [stderr]   --> /opt/rustwide/cargo-home/registry/src/github.com-1ecc6299db9ec823/dtb-walker-0.2.0-alpha.3/src/tree_on_stack.rs:39:54
[INFO] [stderr]    |
[INFO] [stderr] 39 |     fn fold_inner<A, E>(&self, init: A, f: &mut impl FnMut(A, &T) -> Result<A, E>) -> Result<A, E> {
[INFO] [stderr]    |                                                      ^^^^^ not found in this scope
[INFO] [stderr] 
[INFO] [stderr] error[E0412]: cannot find type `Result` in this scope
[INFO] [stderr]   --> /opt/rustwide/cargo-home/registry/src/github.com-1ecc6299db9ec823/dtb-walker-0.2.0-alpha.3/src/tree_on_stack.rs:39:70
[INFO] [stderr]    |
[INFO] [stderr] 39 |     fn fold_inner<A, E>(&self, init: A, f: &mut impl FnMut(A, &T) -> Result<A, E>) -> Result<A, E> {
[INFO] [stderr]    |                                                                      ^^^^^^ not found in this scope
[INFO] [stderr]    |
[INFO] [stderr] note: type alias `crate::property::Result` exists but is inaccessible
[INFO] [stderr]   --> /opt/rustwide/cargo-home/registry/src/github.com-1ecc6299db9ec823/dtb-walker-0.2.0-alpha.3/src/property/mod.rs:42:1
[INFO] [stderr]    |
[INFO] [stderr] 42 | type Result<T> = core::result::Result<T, Error>;
[INFO] [stderr]    | ^^^^^^^^^^^^^^^^^^^^^^^^^^^^^^^^^^^^^^^^^^^^^^^^ not accessible
[INFO] [stderr] 
[INFO] [stderr] error[E0412]: cannot find type `Result` in this scope
[INFO] [stderr]   --> /opt/rustwide/cargo-home/registry/src/github.com-1ecc6299db9ec823/dtb-walker-0.2.0-alpha.3/src/tree_on_stack.rs:39:87
[INFO] [stderr]    |
[INFO] [stderr] 39 |     fn fold_inner<A, E>(&self, init: A, f: &mut impl FnMut(A, &T) -> Result<A, E>) -> Result<A, E> {
[INFO] [stderr]    |                                                                                       ^^^^^^ not found in this scope
[INFO] [stderr]    |
[INFO] [stderr] note: type alias `crate::property::Result` exists but is inaccessible
[INFO] [stderr]   --> /opt/rustwide/cargo-home/registry/src/github.com-1ecc6299db9ec823/dtb-walker-0.2.0-alpha.3/src/property/mod.rs:42:1
[INFO] [stderr]    |
[INFO] [stderr] 42 | type Result<T> = core::result::Result<T, Error>;
[INFO] [stderr]    | ^^^^^^^^^^^^^^^^^^^^^^^^^^^^^^^^^^^^^^^^^^^^^^^^ not accessible
[INFO] [stderr] 
[INFO] [stderr] error[E0531]: cannot find tuple struct or tuple variant `Some` in this scope
[INFO] [stderr]   --> /opt/rustwide/cargo-home/registry/src/github.com-1ecc6299db9ec823/dtb-walker-0.2.0-alpha.3/src/tree_on_stack.rs:41:13
[INFO] [stderr]    |
[INFO] [stderr] 41 |             Some(parent) => {
[INFO] [stderr]    |             ^^^^ not found in this scope
[INFO] [stderr] 
[INFO] [stderr] error[E0405]: cannot find trait `FnMut` in this scope
[INFO] [stderr]   --> /opt/rustwide/cargo-home/registry/src/github.com-1ecc6299db9ec823/dtb-walker-0.2.0-alpha.3/src/tree_on_stack.rs:52:22
[INFO] [stderr]    |
[INFO] [stderr] 52 |         f: &mut impl FnMut(A, &T) -> Result<A, E>,
[INFO] [stderr]    |                      ^^^^^ not found in this scope
[INFO] [stderr] 
[INFO] [stderr] error[E0412]: cannot find type `Result` in this scope
[INFO] [stderr]   --> /opt/rustwide/cargo-home/registry/src/github.com-1ecc6299db9ec823/dtb-walker-0.2.0-alpha.3/src/tree_on_stack.rs:52:38
[INFO] [stderr]    |
[INFO] [stderr] 52 |         f: &mut impl FnMut(A, &T) -> Result<A, E>,
[INFO] [stderr]    |                                      ^^^^^^ not found in this scope
[INFO] [stderr]    |
[INFO] [stderr] note: type alias `crate::property::Result` exists but is inaccessible
[INFO] [stderr]   --> /opt/rustwide/cargo-home/registry/src/github.com-1ecc6299db9ec823/dtb-walker-0.2.0-alpha.3/src/property/mod.rs:42:1
[INFO] [stderr]    |
[INFO] [stderr] 42 | type Result<T> = core::result::Result<T, Error>;
[INFO] [stderr]    | ^^^^^^^^^^^^^^^^^^^^^^^^^^^^^^^^^^^^^^^^^^^^^^^^ not accessible
[INFO] [stderr] 
[INFO] [stderr] error[E0412]: cannot find type `Result` in this scope
[INFO] [stderr]   --> /opt/rustwide/cargo-home/registry/src/github.com-1ecc6299db9ec823/dtb-walker-0.2.0-alpha.3/src/tree_on_stack.rs:53:10
[INFO] [stderr]    |
[INFO] [stderr] 53 |     ) -> Result<A, E> {
[INFO] [stderr]    |          ^^^^^^ not found in this scope
[INFO] [stderr]    |
[INFO] [stderr] note: type alias `crate::property::Result` exists but is inaccessible
[INFO] [stderr]   --> /opt/rustwide/cargo-home/registry/src/github.com-1ecc6299db9ec823/dtb-walker-0.2.0-alpha.3/src/property/mod.rs:42:1
[INFO] [stderr]    |
[INFO] [stderr] 42 | type Result<T> = core::result::Result<T, Error>;
[INFO] [stderr]    | ^^^^^^^^^^^^^^^^^^^^^^^^^^^^^^^^^^^^^^^^^^^^^^^^ not accessible
[INFO] [stderr] 
[INFO] [stderr] error[E0531]: cannot find tuple struct or tuple variant `Some` in this scope
[INFO] [stderr]   --> /opt/rustwide/cargo-home/registry/src/github.com-1ecc6299db9ec823/dtb-walker-0.2.0-alpha.3/src/tree_on_stack.rs:56:13
[INFO] [stderr]    |
[INFO] [stderr] 56 |             Some(parent) => parent.fold_r_inner(a, f),
[INFO] [stderr]    |             ^^^^ not found in this scope
[INFO] [stderr] 
[INFO] [stderr] error[E0405]: cannot find trait `AsRef` in this scope
[INFO] [stderr]   --> /opt/rustwide/cargo-home/registry/src/github.com-1ecc6299db9ec823/dtb-walker-0.2.0-alpha.3/src/tree_on_stack.rs:62:9
[INFO] [stderr]    |
[INFO] [stderr] 62 | impl<T> AsRef<T> for Node<'_, T> {
[INFO] [stderr]    |         ^^^^^ not found in this scope
[INFO] [stderr] 
[INFO] [stderr] error[E0405]: cannot find trait `FnMut` in this scope
[INFO] [stderr]   --> /opt/rustwide/cargo-home/registry/src/github.com-1ecc6299db9ec823/dtb-walker-0.2.0-alpha.3/src/walker.rs:23:22
[INFO] [stderr]    |
[INFO] [stderr] 23 |         f: &mut impl FnMut(&Context<'_>, DtbObj) -> WalkOperation,
[INFO] [stderr]    |                      ^^^^^ not found in this scope
[INFO] [stderr] 
[INFO] [stderr] error[E0412]: cannot find type `Option` in this scope
[INFO] [stderr]   --> /opt/rustwide/cargo-home/registry/src/github.com-1ecc6299db9ec823/dtb-walker-0.2.0-alpha.3/src/walker.rs:24:18
[INFO] [stderr]    |
[INFO] [stderr] 24 |         mut ctx: Option<Context>,
[INFO] [stderr]    |                  ^^^^^^ not found in this scope
[INFO] [stderr] 
[INFO] [stderr] error[E0531]: cannot find tuple struct or tuple variant `Some` in this scope
[INFO] [stderr]   --> /opt/rustwide/cargo-home/registry/src/github.com-1ecc6299db9ec823/dtb-walker-0.2.0-alpha.3/src/walker.rs:32:17
[INFO] [stderr]    |
[INFO] [stderr] 32 |                 Some((&Blk::NODE_BEGIN, tail)) => {
[INFO] [stderr]    |                 ^^^^ not found in this scope
[INFO] [stderr] 
[INFO] [stderr] error[E0531]: cannot find tuple struct or tuple variant `Some` in this scope
[INFO] [stderr]   --> /opt/rustwide/cargo-home/registry/src/github.com-1ecc6299db9ec823/dtb-walker-0.2.0-alpha.3/src/walker.rs:37:28
[INFO] [stderr]    |
[INFO] [stderr] 37 |                     if let Some(ctx_) = ctx.as_ref() {
[INFO] [stderr]    |                            ^^^^ not found in this scope
[INFO] [stderr] 
[INFO] [stderr] error[E0425]: cannot find value `None` in this scope
[INFO] [stderr]   --> /opt/rustwide/cargo-home/registry/src/github.com-1ecc6299db9ec823/dtb-walker-0.2.0-alpha.3/src/walker.rs:47:41
[INFO] [stderr]    |
[INFO] [stderr] 47 | ...                   StepOver => None,
[INFO] [stderr]    |                                   ^^^^ not found in this scope
[INFO] [stderr] 
[INFO] [stderr] error[E0425]: cannot find value `None` in this scope
[INFO] [stderr]   --> /opt/rustwide/cargo-home/registry/src/github.com-1ecc6299db9ec823/dtb-walker-0.2.0-alpha.3/src/walker.rs:49:39
[INFO] [stderr]    |
[INFO] [stderr] 49 | ...                   ctx = None;
[INFO] [stderr]    |                             ^^^^ not found in this scope
[INFO] [stderr] 
[INFO] [stderr] error[E0425]: cannot find value `None` in this scope
[INFO] [stderr]   --> /opt/rustwide/cargo-home/registry/src/github.com-1ecc6299db9ec823/dtb-walker-0.2.0-alpha.3/src/walker.rs:50:33
[INFO] [stderr]    |
[INFO] [stderr] 50 | ...                   None
[INFO] [stderr]    |                       ^^^^ not found in this scope
[INFO] [stderr] 
[INFO] [stderr] error[E0531]: cannot find tuple struct or tuple variant `Some` in this scope
[INFO] [stderr]   --> /opt/rustwide/cargo-home/registry/src/github.com-1ecc6299db9ec823/dtb-walker-0.2.0-alpha.3/src/walker.rs:63:17
[INFO] [stderr]    |
[INFO] [stderr] 63 |                 Some((&Blk::NODE_END, tail)) => {
[INFO] [stderr]    |                 ^^^^ not found in this scope
[INFO] [stderr] 
[INFO] [stderr] error[E0531]: cannot find tuple struct or tuple variant `Some` in this scope
[INFO] [stderr]   --> /opt/rustwide/cargo-home/registry/src/github.com-1ecc6299db9ec823/dtb-walker-0.2.0-alpha.3/src/walker.rs:68:17
[INFO] [stderr]    |
[INFO] [stderr] 68 |                 Some((&Blk::PROP, [len, nameoff, tail @ ..])) => {
[INFO] [stderr]    |                 ^^^^ not found in this scope
[INFO] [stderr] 
[INFO] [stderr] error[E0531]: cannot find tuple struct or tuple variant `Some` in this scope
[INFO] [stderr]   --> /opt/rustwide/cargo-home/registry/src/github.com-1ecc6299db9ec823/dtb-walker-0.2.0-alpha.3/src/walker.rs:73:28
[INFO] [stderr]    |
[INFO] [stderr] 73 |                     if let Some(ctx_) = ctx.as_ref() {
[INFO] [stderr]    |                            ^^^^ not found in this scope
[INFO] [stderr] 
[INFO] [stderr] error[E0425]: cannot find value `None` in this scope
[INFO] [stderr]    --> /opt/rustwide/cargo-home/registry/src/github.com-1ecc6299db9ec823/dtb-walker-0.2.0-alpha.3/src/walker.rs:101:46
[INFO] [stderr]     |
[INFO] [stderr] 101 | ...                   StepOut => ctx = None,
[INFO] [stderr]     |                                        ^^^^ not found in this scope
[INFO] [stderr] 
[INFO] [stderr] error[E0531]: cannot find tuple struct or tuple variant `Some` in this scope
[INFO] [stderr]    --> /opt/rustwide/cargo-home/registry/src/github.com-1ecc6299db9ec823/dtb-walker-0.2.0-alpha.3/src/walker.rs:108:17
[INFO] [stderr]     |
[INFO] [stderr] 108 |                 Some((&Blk::NOP, tail)) => self.tail = tail,
[INFO] [stderr]     |                 ^^^^ not found in this scope
[INFO] [stderr] 
[INFO] [stderr] error[E0531]: cannot find tuple struct or tuple variant `Some` in this scope
[INFO] [stderr]    --> /opt/rustwide/cargo-home/registry/src/github.com-1ecc6299db9ec823/dtb-walker-0.2.0-alpha.3/src/walker.rs:109:17
[INFO] [stderr]     |
[INFO] [stderr] 109 |                 Some((_, _)) | None => unreachable!(),
[INFO] [stderr]     |                 ^^^^ not found in this scope
[INFO] [stderr] 
[INFO] [stderr] error[E0412]: cannot find type `Result` in this scope
[INFO] [stderr]   --> /opt/rustwide/cargo-home/registry/src/github.com-1ecc6299db9ec823/dtb-walker-0.2.0-alpha.3/src/lib.rs:53:53
[INFO] [stderr]    |
[INFO] [stderr] 53 |     pub unsafe fn from_raw_parts(ptr: *const u8) -> Result<Self, HeaderError> {
[INFO] [stderr]    |                                                     ^^^^^^ not found in this scope
[INFO] [stderr]    |
[INFO] [stderr] note: type alias `crate::property::Result` exists but is inaccessible
[INFO] [stderr]   --> /opt/rustwide/cargo-home/registry/src/github.com-1ecc6299db9ec823/dtb-walker-0.2.0-alpha.3/src/property/mod.rs:42:1
[INFO] [stderr]    |
[INFO] [stderr] 42 | type Result<T> = core::result::Result<T, Error>;
[INFO] [stderr]    | ^^^^^^^^^^^^^^^^^^^^^^^^^^^^^^^^^^^^^^^^^^^^^^^^ not accessible
[INFO] [stderr] 
[INFO] [stderr] error[E0405]: cannot find trait `Fn` in this scope
[INFO] [stderr]   --> /opt/rustwide/cargo-home/registry/src/github.com-1ecc6299db9ec823/dtb-walker-0.2.0-alpha.3/src/lib.rs:66:17
[INFO] [stderr]    |
[INFO] [stderr] 66 |         f: impl Fn(&HeaderError) -> bool,
[INFO] [stderr]    |                 ^^ not found in this scope
[INFO] [stderr] 
[INFO] [stderr] error[E0412]: cannot find type `Result` in this scope
[INFO] [stderr]   --> /opt/rustwide/cargo-home/registry/src/github.com-1ecc6299db9ec823/dtb-walker-0.2.0-alpha.3/src/lib.rs:67:10
[INFO] [stderr]    |
[INFO] [stderr] 67 |     ) -> Result<Self, HeaderError> {
[INFO] [stderr]    |          ^^^^^^ not found in this scope
[INFO] [stderr]    |
[INFO] [stderr] note: type alias `crate::property::Result` exists but is inaccessible
[INFO] [stderr]   --> /opt/rustwide/cargo-home/registry/src/github.com-1ecc6299db9ec823/dtb-walker-0.2.0-alpha.3/src/property/mod.rs:42:1
[INFO] [stderr]    |
[INFO] [stderr] 42 | type Result<T> = core::result::Result<T, Error>;
[INFO] [stderr]    | ^^^^^^^^^^^^^^^^^^^^^^^^^^^^^^^^^^^^^^^^^^^^^^^^ not accessible
[INFO] [stderr] 
[INFO] [stderr] error[E0405]: cannot find trait `Fn` in this scope
[INFO] [stderr]   --> /opt/rustwide/cargo-home/registry/src/github.com-1ecc6299db9ec823/dtb-walker-0.2.0-alpha.3/src/lib.rs:98:17
[INFO] [stderr]    |
[INFO] [stderr] 98 |         f: impl Fn(&HeaderError) -> bool,
[INFO] [stderr]    |                 ^^ not found in this scope
[INFO] [stderr] 
[INFO] [stderr] error[E0412]: cannot find type `Result` in this scope
[INFO] [stderr]   --> /opt/rustwide/cargo-home/registry/src/github.com-1ecc6299db9ec823/dtb-walker-0.2.0-alpha.3/src/lib.rs:99:10
[INFO] [stderr]    |
[INFO] [stderr] 99 |     ) -> Result<Self, ConvertError> {
[INFO] [stderr]    |          ^^^^^^ not found in this scope
[INFO] [stderr]    |
[INFO] [stderr] note: type alias `crate::property::Result` exists but is inaccessible
[INFO] [stderr]   --> /opt/rustwide/cargo-home/registry/src/github.com-1ecc6299db9ec823/dtb-walker-0.2.0-alpha.3/src/property/mod.rs:42:1
[INFO] [stderr]    |
[INFO] [stderr] 42 | type Result<T> = core::result::Result<T, Error>;
[INFO] [stderr]    | ^^^^^^^^^^^^^^^^^^^^^^^^^^^^^^^^^^^^^^^^^^^^^^^^ not accessible
[INFO] [stderr] 
[INFO] [stderr] error[E0531]: cannot find tuple struct or tuple variant `Ok` in this scope
[INFO] [stderr]    --> /opt/rustwide/cargo-home/registry/src/github.com-1ecc6299db9ec823/dtb-walker-0.2.0-alpha.3/src/lib.rs:105:13
[INFO] [stderr]     |
[INFO] [stderr] 105 |             Ok(()) => {
[INFO] [stderr]     |             ^^ not found in this scope
[INFO] [stderr] 
[INFO] [stderr] error[E0531]: cannot find tuple struct or tuple variant `Err` in this scope
[INFO] [stderr]    --> /opt/rustwide/cargo-home/registry/src/github.com-1ecc6299db9ec823/dtb-walker-0.2.0-alpha.3/src/lib.rs:113:13
[INFO] [stderr]     |
[INFO] [stderr] 113 |             Err(e) => Err(ConvertError::Header(e)),
[INFO] [stderr]     |             ^^^ not found in this scope
[INFO] [stderr] 
[INFO] [stderr] error[E0412]: cannot find type `Result` in this scope
[INFO] [stderr]    --> /opt/rustwide/cargo-home/registry/src/github.com-1ecc6299db9ec823/dtb-walker-0.2.0-alpha.3/src/lib.rs:119:43
[INFO] [stderr]     |
[INFO] [stderr] 119 |     pub fn from_slice(slice: &'a [u8]) -> Result<Self, ConvertError> {
[INFO] [stderr]     |                                           ^^^^^^ not found in this scope
[INFO] [stderr]     |
[INFO] [stderr] note: type alias `crate::property::Result` exists but is inaccessible
[INFO] [stderr]    --> /opt/rustwide/cargo-home/registry/src/github.com-1ecc6299db9ec823/dtb-walker-0.2.0-alpha.3/src/property/mod.rs:42:1
[INFO] [stderr]     |
[INFO] [stderr] 42  | type Result<T> = core::result::Result<T, Error>;
[INFO] [stderr]     | ^^^^^^^^^^^^^^^^^^^^^^^^^^^^^^^^^^^^^^^^^^^^^^^^ not accessible
[INFO] [stderr] 
[INFO] [stderr] error[E0405]: cannot find trait `FnMut` in this scope
[INFO] [stderr]    --> /opt/rustwide/cargo-home/registry/src/github.com-1ecc6299db9ec823/dtb-walker-0.2.0-alpha.3/src/lib.rs:132:36
[INFO] [stderr]     |
[INFO] [stderr] 132 |     pub fn walk(&self, mut f: impl FnMut(&Context<'_>, DtbObj) -> WalkOperation) {
[INFO] [stderr]     |                                    ^^^^^ not found in this scope
[INFO] [stderr] 
[INFO] [stderr] error[E0425]: cannot find function, tuple struct or tuple variant `Err` in this scope
[INFO] [stderr]   --> /opt/rustwide/cargo-home/registry/src/github.com-1ecc6299db9ec823/dtb-walker-0.2.0-alpha.3/src/context.rs:47:18
[INFO] [stderr]    |
[INFO] [stderr] 47 |             0 => Err(buf.len()),
[INFO] [stderr]    |                  ^^^ not found in this scope
[INFO] [stderr] 
[INFO] [stderr] error[E0425]: cannot find function, tuple struct or tuple variant `Err` in this scope
[INFO] [stderr]   --> /opt/rustwide/cargo-home/registry/src/github.com-1ecc6299db9ec823/dtb-walker-0.2.0-alpha.3/src/context.rs:54:21
[INFO] [stderr]    |
[INFO] [stderr] 54 |                     Err(buf.len())
[INFO] [stderr]    |                     ^^^ not found in this scope
[INFO] [stderr] 
[INFO] [stderr] error[E0425]: cannot find function, tuple struct or tuple variant `Ok` in this scope
[INFO] [stderr]   --> /opt/rustwide/cargo-home/registry/src/github.com-1ecc6299db9ec823/dtb-walker-0.2.0-alpha.3/src/context.rs:57:21
[INFO] [stderr]    |
[INFO] [stderr] 57 |                     Ok(len + bytes.len() + 1)
[INFO] [stderr]    |                     ^^ not found in this scope
[INFO] [stderr] 
[INFO] [stderr] error[E0425]: cannot find function, tuple struct or tuple variant `Ok` in this scope
[INFO] [stderr]    --> /opt/rustwide/cargo-home/registry/src/github.com-1ecc6299db9ec823/dtb-walker-0.2.0-alpha.3/src/header.rs:187:9
[INFO] [stderr]     |
[INFO] [stderr] 187 |         Ok(())
[INFO] [stderr]     |         ^^ not found in this scope
[INFO] [stderr] 
[INFO] [stderr] error[E0425]: cannot find function, tuple struct or tuple variant `Ok` in this scope
[INFO] [stderr]    --> /opt/rustwide/cargo-home/registry/src/github.com-1ecc6299db9ec823/dtb-walker-0.2.0-alpha.3/src/header.rs:199:9
[INFO] [stderr]     |
[INFO] [stderr] 199 |         Ok(())
[INFO] [stderr]     |         ^^ not found in this scope
[INFO] [stderr] 
[INFO] [stderr] error[E0425]: cannot find function, tuple struct or tuple variant `Err` in this scope
[INFO] [stderr]    --> /opt/rustwide/cargo-home/registry/src/github.com-1ecc6299db9ec823/dtb-walker-0.2.0-alpha.3/src/header.rs:201:9
[INFO] [stderr]     |
[INFO] [stderr] 201 |         Err(err)
[INFO] [stderr]     |         ^^^ help: a local variable with a similar name exists: `err`
[INFO] [stderr] 
[INFO] [stderr] error[E0425]: cannot find function, tuple struct or tuple variant `Ok` in this scope
[INFO] [stderr]   --> /opt/rustwide/cargo-home/registry/src/github.com-1ecc6299db9ec823/dtb-walker-0.2.0-alpha.3/src/indent.rs:21:9
[INFO] [stderr]    |
[INFO] [stderr] 21 |         Ok(())
[INFO] [stderr]    |         ^^ not found in this scope
[INFO] [stderr] 
[INFO] [stderr] error[E0425]: cannot find function, tuple struct or tuple variant `Some` in this scope
[INFO] [stderr]   --> /opt/rustwide/cargo-home/registry/src/github.com-1ecc6299db9ec823/dtb-walker-0.2.0-alpha.3/src/property/reg.rs:32:9
[INFO] [stderr]    |
[INFO] [stderr] 32 |         Some(base..base + size)
[INFO] [stderr]    |         ^^^^ not found in this scope
[INFO] [stderr] 
[INFO] [stderr] error[E0425]: cannot find function, tuple struct or tuple variant `Ok` in this scope
[INFO] [stderr]   --> /opt/rustwide/cargo-home/registry/src/github.com-1ecc6299db9ec823/dtb-walker-0.2.0-alpha.3/src/property/str.rs:12:13
[INFO] [stderr]    |
[INFO] [stderr] 12 |             Ok(Self(&buf[..buf.len() - 1]))
[INFO] [stderr]    |             ^^ not found in this scope
[INFO] [stderr] 
[INFO] [stderr] error[E0425]: cannot find function, tuple struct or tuple variant `Err` in this scope
[INFO] [stderr]   --> /opt/rustwide/cargo-home/registry/src/github.com-1ecc6299db9ec823/dtb-walker-0.2.0-alpha.3/src/property/str.rs:14:13
[INFO] [stderr]    |
[INFO] [stderr] 14 |             Err(Error)
[INFO] [stderr]    |             ^^^ not found in this scope
[INFO] [stderr] 
[INFO] [stderr] error[E0425]: cannot find function, tuple struct or tuple variant `Ok` in this scope
[INFO] [stderr]   --> /opt/rustwide/cargo-home/registry/src/github.com-1ecc6299db9ec823/dtb-walker-0.2.0-alpha.3/src/property/str.rs:28:13
[INFO] [stderr]    |
[INFO] [stderr] 28 |             Ok(Self(buf))
[INFO] [stderr]    |             ^^ not found in this scope
[INFO] [stderr] 
[INFO] [stderr] error[E0425]: cannot find function, tuple struct or tuple variant `Err` in this scope
[INFO] [stderr]   --> /opt/rustwide/cargo-home/registry/src/github.com-1ecc6299db9ec823/dtb-walker-0.2.0-alpha.3/src/property/str.rs:30:13
[INFO] [stderr]    |
[INFO] [stderr] 30 |             Err(Error)
[INFO] [stderr]    |             ^^^ not found in this scope
[INFO] [stderr] 
[INFO] [stderr] error[E0425]: cannot find function, tuple struct or tuple variant `Some` in this scope
[INFO] [stderr]   --> /opt/rustwide/cargo-home/registry/src/github.com-1ecc6299db9ec823/dtb-walker-0.2.0-alpha.3/src/property/str.rs:46:9
[INFO] [stderr]    |
[INFO] [stderr] 46 |         Some(Str(head))
[INFO] [stderr]    |         ^^^^ not found in this scope
[INFO] [stderr] 
[INFO] [stderr] error[E0425]: cannot find function, tuple struct or tuple variant `Ok` in this scope
[INFO] [stderr]   --> /opt/rustwide/cargo-home/registry/src/github.com-1ecc6299db9ec823/dtb-walker-0.2.0-alpha.3/src/property/mod.rs:96:18
[INFO] [stderr]    |
[INFO] [stderr] 96 |         [blk] => Ok(blk.into_u32()),
[INFO] [stderr]    |                  ^^ not found in this scope
[INFO] [stderr] 
[INFO] [stderr] error[E0425]: cannot find function, tuple struct or tuple variant `Err` in this scope
[INFO] [stderr]   --> /opt/rustwide/cargo-home/registry/src/github.com-1ecc6299db9ec823/dtb-walker-0.2.0-alpha.3/src/property/mod.rs:97:14
[INFO] [stderr]    |
[INFO] [stderr] 97 |         _ => Err(Error),
[INFO] [stderr]    |              ^^^ not found in this scope
[INFO] [stderr] 
[INFO] [stderr] error[E0425]: cannot find function, tuple struct or tuple variant `Ok` in this scope
[INFO] [stderr]   --> /opt/rustwide/cargo-home/registry/src/github.com-1ecc6299db9ec823/dtb-walker-0.2.0-alpha.3/src/tree_on_stack.rs:45:21
[INFO] [stderr]    |
[INFO] [stderr] 45 |             None => Ok(init),
[INFO] [stderr]    |                     ^^ not found in this scope
[INFO] [stderr] 
[INFO] [stderr] error[E0425]: cannot find function, tuple struct or tuple variant `Ok` in this scope
[INFO] [stderr]   --> /opt/rustwide/cargo-home/registry/src/github.com-1ecc6299db9ec823/dtb-walker-0.2.0-alpha.3/src/tree_on_stack.rs:57:21
[INFO] [stderr]    |
[INFO] [stderr] 57 |             None => Ok(a),
[INFO] [stderr]    |                     ^^ not found in this scope
[INFO] [stderr] 
[INFO] [stderr] error[E0425]: cannot find function, tuple struct or tuple variant `Some` in this scope
[INFO] [stderr]   --> /opt/rustwide/cargo-home/registry/src/github.com-1ecc6299db9ec823/dtb-walker-0.2.0-alpha.3/src/tree_on_stack.rs:75:21
[INFO] [stderr]    |
[INFO] [stderr] 75 |             parent: Some(self),
[INFO] [stderr]    |                     ^^^^------
[INFO] [stderr]    |                     |
[INFO] [stderr]    |                     help: try calling `Some` as a method: `self.Some()`
[INFO] [stderr] 
[INFO] [stderr] error[E0425]: cannot find function, tuple struct or tuple variant `Some` in this scope
[INFO] [stderr]   --> /opt/rustwide/cargo-home/registry/src/github.com-1ecc6299db9ec823/dtb-walker-0.2.0-alpha.3/src/walker.rs:46:41
[INFO] [stderr]    |
[INFO] [stderr] 46 | ...                   StepInto => Some(ctx_.grow(name, cells)),
[INFO] [stderr]    |                                   ^^^^ not found in this scope
[INFO] [stderr] 
[INFO] [stderr] error[E0425]: cannot find function, tuple struct or tuple variant `Ok` in this scope
[INFO] [stderr]   --> /opt/rustwide/cargo-home/registry/src/github.com-1ecc6299db9ec823/dtb-walker-0.2.0-alpha.3/src/lib.rs:55:9
[INFO] [stderr]    |
[INFO] [stderr] 55 |         Ok(Self::from_raw_parts_unchecked(ptr))
[INFO] [stderr]    |         ^^ not found in this scope
[INFO] [stderr] 
[INFO] [stderr] error[E0425]: cannot find function, tuple struct or tuple variant `Ok` in this scope
[INFO] [stderr]   --> /opt/rustwide/cargo-home/registry/src/github.com-1ecc6299db9ec823/dtb-walker-0.2.0-alpha.3/src/lib.rs:69:9
[INFO] [stderr]    |
[INFO] [stderr] 69 |         Ok(Self::from_raw_parts_unchecked(ptr))
[INFO] [stderr]    |         ^^ not found in this scope
[INFO] [stderr] 
[INFO] [stderr] error[E0425]: cannot find function, tuple struct or tuple variant `Err` in this scope
[INFO] [stderr]    --> /opt/rustwide/cargo-home/registry/src/github.com-1ecc6299db9ec823/dtb-walker-0.2.0-alpha.3/src/lib.rs:101:20
[INFO] [stderr]     |
[INFO] [stderr] 101 |             return Err(ConvertError::Truncated);
[INFO] [stderr]     |                    ^^^ not found in this scope
[INFO] [stderr] 
[INFO] [stderr] error[E0425]: cannot find function, tuple struct or tuple variant `Ok` in this scope
[INFO] [stderr]    --> /opt/rustwide/cargo-home/registry/src/github.com-1ecc6299db9ec823/dtb-walker-0.2.0-alpha.3/src/lib.rs:108:21
[INFO] [stderr]     |
[INFO] [stderr] 108 |                     Ok(Self(&slice[..len]))
[INFO] [stderr]     |                     ^^ not found in this scope
[INFO] [stderr] 
[INFO] [stderr] error[E0425]: cannot find function, tuple struct or tuple variant `Err` in this scope
[INFO] [stderr]    --> /opt/rustwide/cargo-home/registry/src/github.com-1ecc6299db9ec823/dtb-walker-0.2.0-alpha.3/src/lib.rs:110:21
[INFO] [stderr]     |
[INFO] [stderr] 110 |                     Err(ConvertError::Truncated)
[INFO] [stderr]     |                     ^^^ not found in this scope
[INFO] [stderr] 
[INFO] [stderr] error[E0425]: cannot find function, tuple struct or tuple variant `Err` in this scope
[INFO] [stderr]    --> /opt/rustwide/cargo-home/registry/src/github.com-1ecc6299db9ec823/dtb-walker-0.2.0-alpha.3/src/lib.rs:113:23
[INFO] [stderr]     |
[INFO] [stderr] 113 |             Err(e) => Err(ConvertError::Header(e)),
[INFO] [stderr]     |                       ^^^ not found in this scope
[INFO] [stderr] 
[INFO] [stderr] error[E0425]: cannot find function, tuple struct or tuple variant `Some` in this scope
[INFO] [stderr]    --> /opt/rustwide/cargo-home/registry/src/github.com-1ecc6299db9ec823/dtb-walker-0.2.0-alpha.3/src/lib.rs:150:29
[INFO] [stderr]     |
[INFO] [stderr] 150 |         .walk_inner(&mut f, Some(Context::ROOT));
[INFO] [stderr]     |                             ^^^^ not found in this scope
[INFO] [stderr] 
[INFO] [stderr] Some errors have detailed explanations: E0405, E0408, E0412, E0425, E0463, E0531.
[INFO] [stderr] error: could not compile `dtb-walker` due to 126 previous errors
[INFO] [stderr] error[E0405]: cannot find trait `FnOnce` in this scope
[INFO] [stderr]    --> /opt/rustwide/cargo-home/registry/src/github.com-1ecc6299db9ec823/scopeguard-1.1.0/src/lib.rs:299:14
[INFO] [stderr]     |
[INFO] [stderr] 299 |     where F: FnOnce(T),
[INFO] [stderr]     |              ^^^^^^ not found in this scope
[INFO] [stderr] 
[INFO] [stderr] error[E0405]: cannot find trait `FnOnce` in this scope
[INFO] [stderr]    --> /opt/rustwide/cargo-home/registry/src/github.com-1ecc6299db9ec823/scopeguard-1.1.0/src/lib.rs:309:14
[INFO] [stderr]     |
[INFO] [stderr] 309 |     where F: FnOnce(T),
[INFO] [stderr]     |              ^^^^^^ not found in this scope
[INFO] [stderr] 
[INFO] [stderr] error[E0405]: cannot find trait `FnOnce` in this scope
[INFO] [stderr]    --> /opt/rustwide/cargo-home/registry/src/github.com-1ecc6299db9ec823/scopeguard-1.1.0/src/lib.rs:368:14
[INFO] [stderr]     |
[INFO] [stderr] 368 |     where F: FnOnce(T)
[INFO] [stderr]     |              ^^^^^^ not found in this scope
[INFO] [stderr] 
[INFO] [stderr] error[E0405]: cannot find trait `Sync` in this scope
[INFO] [stderr]    --> /opt/rustwide/cargo-home/registry/src/github.com-1ecc6299db9ec823/scopeguard-1.1.0/src/lib.rs:422:22
[INFO] [stderr]     |
[INFO] [stderr] 422 | unsafe impl<T, F, S> Sync for ScopeGuard<T, F, S>
[INFO] [stderr]     |                      ^^^^ not found in this scope
[INFO] [stderr] 
[INFO] [stderr] error[E0405]: cannot find trait `Sync` in this scope
[INFO] [stderr]    --> /opt/rustwide/cargo-home/registry/src/github.com-1ecc6299db9ec823/scopeguard-1.1.0/src/lib.rs:423:14
[INFO] [stderr]     |
[INFO] [stderr] 423 |     where T: Sync,
[INFO] [stderr]     |              ^^^^ not found in this scope
[INFO] [stderr] 
[INFO] [stderr] error[E0405]: cannot find trait `FnOnce` in this scope
[INFO] [stderr]    --> /opt/rustwide/cargo-home/registry/src/github.com-1ecc6299db9ec823/scopeguard-1.1.0/src/lib.rs:424:14
[INFO] [stderr]     |
[INFO] [stderr] 424 |           F: FnOnce(T),
[INFO] [stderr]     |              ^^^^^^ not found in this scope
[INFO] [stderr] 
[INFO] [stderr] error[E0405]: cannot find trait `FnOnce` in this scope
[INFO] [stderr]    --> /opt/rustwide/cargo-home/registry/src/github.com-1ecc6299db9ec823/scopeguard-1.1.0/src/lib.rs:429:14
[INFO] [stderr]     |
[INFO] [stderr] 429 |     where F: FnOnce(T),
[INFO] [stderr]     |              ^^^^^^ not found in this scope
[INFO] [stderr] 
[INFO] [stderr] error[E0405]: cannot find trait `FnOnce` in this scope
[INFO] [stderr]    --> /opt/rustwide/cargo-home/registry/src/github.com-1ecc6299db9ec823/scopeguard-1.1.0/src/lib.rs:440:14
[INFO] [stderr]     |
[INFO] [stderr] 440 |     where F: FnOnce(T),
[INFO] [stderr]     |              ^^^^^^ not found in this scope
[INFO] [stderr] 
[INFO] [stderr] error[E0405]: cannot find trait `Drop` in this scope
[INFO] [stderr]    --> /opt/rustwide/cargo-home/registry/src/github.com-1ecc6299db9ec823/scopeguard-1.1.0/src/lib.rs:448:15
[INFO] [stderr]     |
[INFO] [stderr] 448 | impl<T, F, S> Drop for ScopeGuard<T, F, S>
[INFO] [stderr]     |               ^^^^ not found in this scope
[INFO] [stderr] 
[INFO] [stderr] error[E0405]: cannot find trait `FnOnce` in this scope
[INFO] [stderr]    --> /opt/rustwide/cargo-home/registry/src/github.com-1ecc6299db9ec823/scopeguard-1.1.0/src/lib.rs:449:14
[INFO] [stderr]     |
[INFO] [stderr] 449 |     where F: FnOnce(T),
[INFO] [stderr]     |              ^^^^^^ not found in this scope
[INFO] [stderr] 
[INFO] [stderr] error[E0405]: cannot find trait `FnOnce` in this scope
[INFO] [stderr]    --> /opt/rustwide/cargo-home/registry/src/github.com-1ecc6299db9ec823/scopeguard-1.1.0/src/lib.rs:466:14
[INFO] [stderr]     |
[INFO] [stderr] 466 |           F: FnOnce(T),
[INFO] [stderr]     |              ^^^^^^ not found in this scope
[INFO] [stderr] 
[INFO] [stderr] error: could not compile `scopeguard` due to 16 previous errors
[INFO] [stdout] test test ... FAILED
[INFO] [stdout] 
[INFO] [stdout] failures:
[INFO] [stdout] 
[INFO] [stdout] ---- test stdout ----
[INFO] [stdout] thread 'test' panicked at 'Failed with code 101: "cargo build --package rustsbi-qemu --release --target riscv64imac-unknown-none-elf"', /opt/rustwide/cargo-home/registry/src/github.com-1ecc6299db9ec823/os-xtask-utils-0.0.0/src/lib.rs:110:13
[INFO] [stdout] stack backtrace:
[INFO] [stdout]    0:     0x56397407bcca - std::backtrace_rs::backtrace::libunwind::trace::ha9053a9a07ca49cb
[INFO] [stdout]                                at /rustc/84c898d65adf2f39a5a98507f1fe0ce10a2b8dbc/library/std/src/../../backtrace/src/backtrace/libunwind.rs:93:5
[INFO] [stdout]    1:     0x56397407bcca - std::backtrace_rs::backtrace::trace_unsynchronized::h9c2852a457ad564e
[INFO] [stdout]                                at /rustc/84c898d65adf2f39a5a98507f1fe0ce10a2b8dbc/library/std/src/../../backtrace/src/backtrace/mod.rs:66:5
[INFO] [stdout]    2:     0x56397407bcca - std::sys_common::backtrace::_print_fmt::h457936fbfaa0070f
[INFO] [stdout]                                at /rustc/84c898d65adf2f39a5a98507f1fe0ce10a2b8dbc/library/std/src/sys_common/backtrace.rs:65:5
[INFO] [stdout]    3:     0x56397407bcca - <std::sys_common::backtrace::_print::DisplayBacktrace as core::fmt::Display>::fmt::h5779d7bf7f70cb0c
[INFO] [stdout]                                at /rustc/84c898d65adf2f39a5a98507f1fe0ce10a2b8dbc/library/std/src/sys_common/backtrace.rs:44:22
[INFO] [stdout]    4:     0x56397409fbee - core::fmt::write::h5a4baaff1bcd3eb5
[INFO] [stdout]                                at /rustc/84c898d65adf2f39a5a98507f1fe0ce10a2b8dbc/library/core/src/fmt/mod.rs:1232:17
[INFO] [stdout]    5:     0x5639740789f5 - std::io::Write::write_fmt::h478f79c628ef31d1
[INFO] [stdout]                                at /rustc/84c898d65adf2f39a5a98507f1fe0ce10a2b8dbc/library/std/src/io/mod.rs:1684:15
[INFO] [stdout]    6:     0x56397407ba95 - std::sys_common::backtrace::_print::h5fcdc36060f177e8
[INFO] [stdout]                                at /rustc/84c898d65adf2f39a5a98507f1fe0ce10a2b8dbc/library/std/src/sys_common/backtrace.rs:47:5
[INFO] [stdout]    7:     0x56397407ba95 - std::sys_common::backtrace::print::h54ca9458b876c8bf
[INFO] [stdout]                                at /rustc/84c898d65adf2f39a5a98507f1fe0ce10a2b8dbc/library/std/src/sys_common/backtrace.rs:34:9
[INFO] [stdout]    8:     0x56397407d89f - std::panicking::default_hook::{{closure}}::hbe471161c7664ed6
[INFO] [stdout]                                at /rustc/84c898d65adf2f39a5a98507f1fe0ce10a2b8dbc/library/std/src/panicking.rs:271:22
[INFO] [stdout]    9:     0x56397407d55f - std::panicking::default_hook::ha3500da57aa4ac4f
[INFO] [stdout]                                at /rustc/84c898d65adf2f39a5a98507f1fe0ce10a2b8dbc/library/std/src/panicking.rs:287:9
[INFO] [stdout]   10:     0x56397403c617 - <alloc::boxed::Box<F,A> as core::ops::function::Fn<Args>>::call::hdf1b89dd137ece34
[INFO] [stdout]                                at /rustc/84c898d65adf2f39a5a98507f1fe0ce10a2b8dbc/library/alloc/src/boxed.rs:2001:9
[INFO] [stdout]   11:     0x56397403c617 - test::test_main::{{closure}}::h9081a79f20e75698
[INFO] [stdout]                                at /rustc/84c898d65adf2f39a5a98507f1fe0ce10a2b8dbc/library/test/src/lib.rs:135:21
[INFO] [stdout]   12:     0x56397407dfcd - <alloc::boxed::Box<F,A> as core::ops::function::Fn<Args>>::call::h6507bddc3eebb4a5
[INFO] [stdout]                                at /rustc/84c898d65adf2f39a5a98507f1fe0ce10a2b8dbc/library/alloc/src/boxed.rs:2001:9
[INFO] [stdout]   13:     0x56397407dfcd - std::panicking::rust_panic_with_hook::h50c09d000dc561d2
[INFO] [stdout]                                at /rustc/84c898d65adf2f39a5a98507f1fe0ce10a2b8dbc/library/std/src/panicking.rs:696:13
[INFO] [stdout]   14:     0x56397407dd49 - std::panicking::begin_panic_handler::{{closure}}::h9e2b2176e00e0d9c
[INFO] [stdout]                                at /rustc/84c898d65adf2f39a5a98507f1fe0ce10a2b8dbc/library/std/src/panicking.rs:583:13
[INFO] [stdout]   15:     0x56397407c136 - std::sys_common::backtrace::__rust_end_short_backtrace::h5739b8e512c09d02
[INFO] [stdout]                                at /rustc/84c898d65adf2f39a5a98507f1fe0ce10a2b8dbc/library/std/src/sys_common/backtrace.rs:150:18
[INFO] [stdout]   16:     0x56397407da52 - rust_begin_unwind
[INFO] [stdout]                                at /rustc/84c898d65adf2f39a5a98507f1fe0ce10a2b8dbc/library/std/src/panicking.rs:579:5
[INFO] [stdout]   17:     0x563974004b83 - core::panicking::panic_fmt::hf33a1475b4dc5c3e
[INFO] [stdout]                                at /rustc/84c898d65adf2f39a5a98507f1fe0ce10a2b8dbc/library/core/src/panicking.rs:64:14
[INFO] [stdout]   18:     0x5639740064bf - os_xtask_utils::CommandExt::invoke::hcf1a3536d73f080f
[INFO] [stdout]                                at /opt/rustwide/cargo-home/registry/src/github.com-1ecc6299db9ec823/os-xtask-utils-0.0.0/src/lib.rs:110:13
[INFO] [stdout]   19:     0x563974009abe - xtask::BuildArgs::make::h1e2afdb8bda49ea6
[INFO] [stdout]                                at /opt/rustwide/workdir/xtask/src/main.rs:61:9
[INFO] [stdout]   20:     0x56397400a19d - xtask::QemuArgs::run::ha993ae781294818b
[INFO] [stdout]                                at /opt/rustwide/workdir/xtask/src/main.rs:136:35
[INFO] [stdout]   21:     0x56397400af64 - xtask::test::hd27c6da65c949329
[INFO] [stdout]                                at /opt/rustwide/workdir/xtask/src/main.rs:187:5
[INFO] [stdout]   22:     0x56397400af37 - xtask::test::{{closure}}::h52c1bccdda944859
[INFO] [stdout]                                at /opt/rustwide/workdir/xtask/src/main.rs:186:11
[INFO] [stdout]   23:     0x563974008935 - core::ops::function::FnOnce::call_once::h1b80374d6e55a83a
[INFO] [stdout]                                at /rustc/84c898d65adf2f39a5a98507f1fe0ce10a2b8dbc/library/core/src/ops/function.rs:250:5
[INFO] [stdout]   24:     0x5639740419ff - core::ops::function::FnOnce::call_once::h7d969581be7d0075
[INFO] [stdout]                                at /rustc/84c898d65adf2f39a5a98507f1fe0ce10a2b8dbc/library/core/src/ops/function.rs:250:5
[INFO] [stdout]   25:     0x5639740419ff - test::__rust_begin_short_backtrace::hca25a52684e56655
[INFO] [stdout]                                at /rustc/84c898d65adf2f39a5a98507f1fe0ce10a2b8dbc/library/test/src/lib.rs:656:18
[INFO] [stdout]   26:     0x56397401301c - test::run_test::{{closure}}::ha8ac744c4af1a4bb
[INFO] [stdout]                                at /rustc/84c898d65adf2f39a5a98507f1fe0ce10a2b8dbc/library/test/src/lib.rs:647:30
[INFO] [stdout]   27:     0x56397401301c - core::ops::function::FnOnce::call_once{{vtable.shim}}::h7b411a9ed45bdecf
[INFO] [stdout]                                at /rustc/84c898d65adf2f39a5a98507f1fe0ce10a2b8dbc/library/core/src/ops/function.rs:250:5
[INFO] [stdout]   28:     0x5639740409c6 - <alloc::boxed::Box<F,A> as core::ops::function::FnOnce<Args>>::call_once::hd05328869a8ed200
[INFO] [stdout]                                at /rustc/84c898d65adf2f39a5a98507f1fe0ce10a2b8dbc/library/alloc/src/boxed.rs:1987:9
[INFO] [stdout]   29:     0x5639740409c6 - <core::panic::unwind_safe::AssertUnwindSafe<F> as core::ops::function::FnOnce<()>>::call_once::h0c601ce20bd5b2be
[INFO] [stdout]                                at /rustc/84c898d65adf2f39a5a98507f1fe0ce10a2b8dbc/library/core/src/panic/unwind_safe.rs:271:9
[INFO] [stdout]   30:     0x5639740409c6 - std::panicking::try::do_call::ha4be5c164fe30854
[INFO] [stdout]                                at /rustc/84c898d65adf2f39a5a98507f1fe0ce10a2b8dbc/library/std/src/panicking.rs:487:40
[INFO] [stdout]   31:     0x5639740409c6 - std::panicking::try::h604546f3609af05f
[INFO] [stdout]                                at /rustc/84c898d65adf2f39a5a98507f1fe0ce10a2b8dbc/library/std/src/panicking.rs:451:19
[INFO] [stdout]   32:     0x5639740409c6 - std::panic::catch_unwind::h5bfa8afe44c9c2f9
[INFO] [stdout]                                at /rustc/84c898d65adf2f39a5a98507f1fe0ce10a2b8dbc/library/std/src/panic.rs:140:14
[INFO] [stdout]   33:     0x5639740409c6 - test::run_test_in_process::hd50dee55dd63e6aa
[INFO] [stdout]                                at /rustc/84c898d65adf2f39a5a98507f1fe0ce10a2b8dbc/library/test/src/lib.rs:679:27
[INFO] [stdout]   34:     0x5639740409c6 - test::run_test::run_test_inner::{{closure}}::h4aa0f433aa85cea8
[INFO] [stdout]                                at /rustc/84c898d65adf2f39a5a98507f1fe0ce10a2b8dbc/library/test/src/lib.rs:573:39
[INFO] [stdout]   35:     0x56397400d691 - test::run_test::run_test_inner::{{closure}}::had56431adf24b4d6
[INFO] [stdout]                                at /rustc/84c898d65adf2f39a5a98507f1fe0ce10a2b8dbc/library/test/src/lib.rs:600:37
[INFO] [stdout]   36:     0x56397400d691 - std::sys_common::backtrace::__rust_begin_short_backtrace::ha8d9890e0c73bf13
[INFO] [stdout]                                at /rustc/84c898d65adf2f39a5a98507f1fe0ce10a2b8dbc/library/std/src/sys_common/backtrace.rs:134:18
[INFO] [stdout]   37:     0x5639740130ab - std::thread::Builder::spawn_unchecked_::{{closure}}::{{closure}}::h251832bcb4a95327
[INFO] [stdout]                                at /rustc/84c898d65adf2f39a5a98507f1fe0ce10a2b8dbc/library/std/src/thread/mod.rs:560:17
[INFO] [stdout]   38:     0x5639740130ab - <core::panic::unwind_safe::AssertUnwindSafe<F> as core::ops::function::FnOnce<()>>::call_once::h8fdff598fa414831
[INFO] [stdout]                                at /rustc/84c898d65adf2f39a5a98507f1fe0ce10a2b8dbc/library/core/src/panic/unwind_safe.rs:271:9
[INFO] [stdout]   39:     0x5639740130ab - std::panicking::try::do_call::h455dd2f7764a950f
[INFO] [stdout]                                at /rustc/84c898d65adf2f39a5a98507f1fe0ce10a2b8dbc/library/std/src/panicking.rs:487:40
[INFO] [stdout]   40:     0x5639740130ab - std::panicking::try::had6f23b7b73ae72a
[INFO] [stdout]                                at /rustc/84c898d65adf2f39a5a98507f1fe0ce10a2b8dbc/library/std/src/panicking.rs:451:19
[INFO] [stdout]   41:     0x5639740130ab - std::panic::catch_unwind::ha6a5ca3915b4dad0
[INFO] [stdout]                                at /rustc/84c898d65adf2f39a5a98507f1fe0ce10a2b8dbc/library/std/src/panic.rs:140:14
[INFO] [stdout]   42:     0x5639740130ab - std::thread::Builder::spawn_unchecked_::{{closure}}::h883b72ef75da6231
[INFO] [stdout]                                at /rustc/84c898d65adf2f39a5a98507f1fe0ce10a2b8dbc/library/std/src/thread/mod.rs:559:30
[INFO] [stdout]   43:     0x5639740130ab - core::ops::function::FnOnce::call_once{{vtable.shim}}::hb7dff73dc8bd2ccb
[INFO] [stdout]                                at /rustc/84c898d65adf2f39a5a98507f1fe0ce10a2b8dbc/library/core/src/ops/function.rs:250:5
[INFO] [stdout]   44:     0x5639740824b3 - <alloc::boxed::Box<F,A> as core::ops::function::FnOnce<Args>>::call_once::h39990b24eedef2ab
[INFO] [stdout]                                at /rustc/84c898d65adf2f39a5a98507f1fe0ce10a2b8dbc/library/alloc/src/boxed.rs:1987:9
[INFO] [stdout]   45:     0x5639740824b3 - <alloc::boxed::Box<F,A> as core::ops::function::FnOnce<Args>>::call_once::h01a027258444143b
[INFO] [stdout]                                at /rustc/84c898d65adf2f39a5a98507f1fe0ce10a2b8dbc/library/alloc/src/boxed.rs:1987:9
[INFO] [stdout]   46:     0x5639740824b3 - std::sys::unix::thread::Thread::new::thread_start::ha4f1cdd9c25884ba
[INFO] [stdout]                                at /rustc/84c898d65adf2f39a5a98507f1fe0ce10a2b8dbc/library/std/src/sys/unix/thread.rs:108:17
[INFO] [stdout]   47:     0x7fe229ed9b43 - <unknown>
[INFO] [stdout]   48:     0x7fe229f6abb4 - __clone
[INFO] [stdout]   49:                0x0 - <unknown>
[INFO] [stdout] 
[INFO] [stdout] 
[INFO] [stdout] failures:
[INFO] [stdout]     test
[INFO] [stdout] 
[INFO] [stdout] test result: FAILED. 0 passed; 1 failed; 0 ignored; 0 measured; 0 filtered out; finished in 1.37s
[INFO] [stdout] 
[INFO] [stderr] error: test failed, to rerun pass `--bin xtask`
[INFO] running `Command { std: "docker" "inspect" "aa24de2c42a368fa18ee3a7a29fd6ee7bd9f07a27f18111dd313a9197b608747", kill_on_drop: false }`
[INFO] running `Command { std: "docker" "rm" "-f" "aa24de2c42a368fa18ee3a7a29fd6ee7bd9f07a27f18111dd313a9197b608747", kill_on_drop: false }`
[INFO] [stdout] aa24de2c42a368fa18ee3a7a29fd6ee7bd9f07a27f18111dd313a9197b608747
